124.253.193.125 - - [11/Sep/2023:16:25:58 +0000] "GET /wp-content/uploads/2023/08/cheema-haveli-sirhind-fatehgarh-sahib-restaurants-3abdfme-300x169.jpg HTTP/1.1" 200 13906 "https://cheemahaveli.com/wp-admin/post.php?post=23&action=edit" "Mozilla/5.0 (Windows NT 10.0; Win64; x64) AppleWebKit/537.36 (KHTML, like Gecko) Chrome/116.0.0.0 Safari/537.36"
124.253.193.125 - - [11/Sep/2023:16:25:58 +0000] "GET /wp-content/uploads/2023/08/cheema-haveli-sirhind-fatehgarh-sahib-restaurants-116x7j0-300x169.jpg HTTP/1.1" 200 15095 "https://cheemahaveli.com/wp-admin/post.php?post=23&action=edit" "Mozilla/5.0 (Windows NT 10.0; Win64; x64) AppleWebKit/537.36 (KHTML, like Gecko) Chrome/116.0.0.0 Safari/537.36"
124.253.193.125 - - [11/Sep/2023:16:25:58 +0000] "GET /wp-content/uploads/2023/08/cheema-haveli-sirhind-fatehgarh-sahib-restaurants-26skehs-300x169.jpg HTTP/1.1" 200 12652 "https://cheemahaveli.com/wp-admin/post.php?post=23&action=edit" "Mozilla/5.0 (Windows NT 10.0; Win64; x64) AppleWebKit/537.36 (KHTML, like Gecko) Chrome/116.0.0.0 Safari/537.36"
124.253.193.125 - - [11/Sep/2023:16:25:58 +0000] "GET /wp-content/uploads/2023/08/haveli-img-300x233.jpg HTTP/1.1" 200 16700 "https://cheemahaveli.com/wp-admin/post.php?post=23&action=edit" "Mozilla/5.0 (Windows NT 10.0; Win64; x64) AppleWebKit/537.36 (KHTML, like Gecko) Chrome/116.0.0.0 Safari/537.36"
124.253.193.125 - - [11/Sep/2023:16:25:58 +0000] "GET /wp-content/uploads/2023/08/about-300x300.jpg HTTP/1.1" 200 18061 "https://cheemahaveli.com/wp-admin/post.php?post=23&action=edit" "Mozilla/5.0 (Windows NT 10.0; Win64; x64) AppleWebKit/537.36 (KHTML, like Gecko) Chrome/116.0.0.0 Safari/537.36"
124.253.193.125 - - [11/Sep/2023:16:25:58 +0000] "GET /wp-content/uploads/2023/08/menu2-225x300.jpg HTTP/1.1" 200 17923 "https://cheemahaveli.com/wp-admin/post.php?post=23&action=edit" "Mozilla/5.0 (Windows NT 10.0; Win64; x64) AppleWebKit/537.36 (KHTML, like Gecko) Chrome/116.0.0.0 Safari/537.36"
124.253.193.125 - - [11/Sep/2023:16:25:58 +0000] "GET /wp-content/uploads/2023/08/menu3-216x300.jpg HTTP/1.1" 200 14728 "https://cheemahaveli.com/wp-admin/post.php?post=23&action=edit" "Mozilla/5.0 (Windows NT 10.0; Win64; x64) AppleWebKit/537.36 (KHTML, like Gecko) Chrome/116.0.0.0 Safari/537.36"
124.253.193.125 - - [11/Sep/2023:16:25:58 +0000] "GET /wp-content/uploads/2023/08/cheema-haveli-sirhind-fatehgarh-sahib-restaurants-3sqgyiw-300x225.jpg HTTP/1.1" 200 20716 "https://cheemahaveli.com/wp-admin/post.php?post=23&action=edit" "Mozilla/5.0 (Windows NT 10.0; Win64; x64) AppleWebKit/537.36 (KHTML, like Gecko) Chrome/116.0.0.0 Safari/537.36"
124.253.193.125 - - [11/Sep/2023:16:25:58 +0000] "GET /wp-content/uploads/2023/08/cheema-haveli-sirhind-fatehgarh-sahib-restaurants-2dqscq6-300x169.jpg HTTP/1.1" 200 11494 "https://cheemahaveli.com/wp-admin/post.php?post=23&action=edit" "Mozilla/5.0 (Windows NT 10.0; Win64; x64) AppleWebKit/537.36 (KHTML, like Gecko) Chrome/116.0.0.0 Safari/537.36"
124.253.193.125 - - [11/Sep/2023:16:25:58 +0000] "GET /wp-content/uploads/2023/08/cheema-haveli-sirhind-fatehgarh-sahib-restaurants-2lc5ojf-169x300.jpg HTTP/1.1" 200 14819 "https://cheemahaveli.com/wp-admin/post.php?post=23&action=edit" "Mozilla/5.0 (Windows NT 10.0; Win64; x64) AppleWebKit/537.36 (KHTML, like Gecko) Chrome/116.0.0.0 Safari/537.36"
124.253.193.125 - - [11/Sep/2023:16:25:58 +0000] "GET /wp-content/uploads/2023/08/cheema-haveli-sirhind-fatehgarh-sahib-restaurants-2hnnlfm-300x169.jpg HTTP/1.1" 200 14381 "https://cheemahaveli.com/wp-admin/post.php?post=23&action=edit" "Mozilla/5.0 (Windows NT 10.0; Win64; x64) AppleWebKit/537.36 (KHTML, like Gecko) Chrome/116.0.0.0 Safari/537.36"
124.253.193.125 - - [11/Sep/2023:16:25:58 +0000] "GET /wp-content/uploads/2023/08/cheema-haveli-sirhind-fatehgarh-sahib-restaurants-1phbvzw-300x169.jpg HTTP/1.1" 200 15123 "https://cheemahaveli.com/wp-admin/post.php?post=23&action=edit" "Mozilla/5.0 (Windows NT 10.0; Win64; x64) AppleWebKit/537.36 (KHTML, like Gecko) Chrome/116.0.0.0 Safari/537.36"
124.253.193.125 - - [11/Sep/2023:16:25:58 +0000] "GET /wp-content/uploads/2023/08/cheema-haveli-sirhind-fatehgarh-sahib-restaurants-1nuvss2-300x225.jpg HTTP/1.1" 200 18807 "https://cheemahaveli.com/wp-admin/post.php?post=23&action=edit" "Mozilla/5.0 (Windows NT 10.0; Win64; x64) AppleWebKit/537.36 (KHTML, like Gecko) Chrome/116.0.0.0 Safari/537.36"
124.253.193.125 - - [11/Sep/2023:16:25:58 +0000] "GET /wp-content/uploads/2023/08/cheema-haveli-sirhind-fatehgarh-sahib-restaurants-1b1oa9i-300x169.jpg HTTP/1.1" 200 14626 "https://cheemahaveli.com/wp-admin/post.php?post=23&action=edit" "Mozilla/5.0 (Windows NT 10.0; Win64; x64) AppleWebKit/537.36 (KHTML, like Gecko) Chrome/116.0.0.0 Safari/537.36"
124.253.193.125 - - [11/Sep/2023:16:25:58 +0000] "GET /wp-content/uploads/2023/08/cheema-haveli-sirhind-fatehgarh-sahib-multicuisine-restaurants-gf3mcftkxg-300x215.jpg HTTP/1.1" 200 13934 "https://cheemahaveli.com/wp-admin/post.php?post=23&action=edit" "Mozilla/5.0 (Windows NT 10.0; Win64; x64) AppleWebKit/537.36 (KHTML, like Gecko) Chrome/116.0.0.0 Safari/537.36"
124.253.193.125 - - [11/Sep/2023:16:25:58 +0000] "GET /wp-content/uploads/2023/08/cheema-haveli-sirhind-fatehgarh-sahib-multicuisine-restaurants-r5xgfsk15l-300x169.jpg HTTP/1.1" 200 14228 "https://cheemahaveli.com/wp-admin/post.php?post=23&action=edit" "Mozilla/5.0 (Windows NT 10.0; Win64; x64) AppleWebKit/537.36 (KHTML, like Gecko) Chrome/116.0.0.0 Safari/537.36"
124.253.193.125 - - [11/Sep/2023:16:25:58 +0000] "GET /wp-content/uploads/2023/08/cheema-haveli-sirhind-fatehgarh-sahib-multicuisine-restaurants-ufafjobmpy-300x169.jpg HTTP/1.1" 200 11517 "https://cheemahaveli.com/wp-admin/post.php?post=23&action=edit" "Mozilla/5.0 (Windows NT 10.0; Win64; x64) AppleWebKit/537.36 (KHTML, like Gecko) Chrome/116.0.0.0 Safari/537.36"
124.253.193.125 - - [11/Sep/2023:16:25:58 +0000] "GET /wp-content/uploads/2023/08/cheema-haveli-sirhind-fatehgarh-sahib-2-300x169.jpg HTTP/1.1" 200 14049 "https://cheemahaveli.com/wp-admin/post.php?post=23&action=edit" "Mozilla/5.0 (Windows NT 10.0; Win64; x64) AppleWebKit/537.36 (KHTML, like Gecko) Chrome/116.0.0.0 Safari/537.36"
124.253.193.125 - - [11/Sep/2023:16:25:58 +0000] "GET /wp-content/uploads/2023/08/cheema-haveli-sirhind-fatehgarh-sahib-300x224.jpg HTTP/1.1" 200 13658 "https://cheemahaveli.com/wp-admin/post.php?post=23&action=edit" "Mozilla/5.0 (Windows NT 10.0; Win64; x64) AppleWebKit/537.36 (KHTML, like Gecko) Chrome/116.0.0.0 Safari/537.36"
124.253.193.125 - - [11/Sep/2023:16:25:58 +0000] "GET /wp-content/uploads/2023/07/restaurant-room-2-300x200.jpg HTTP/1.1" 200 14668 "https://cheemahaveli.com/wp-admin/post.php?post=23&action=edit" "Mozilla/5.0 (Windows NT 10.0; Win64; x64) AppleWebKit/537.36 (KHTML, like Gecko) Chrome/116.0.0.0 Safari/537.36"
124.253.193.125 - - [11/Sep/2023:16:25:58 +0000] "GET /wp-content/uploads/2023/07/restaurant-room-1-300x135.jpg HTTP/1.1" 200 9938 "https://cheemahaveli.com/wp-admin/post.php?post=23&action=edit" "Mozilla/5.0 (Windows NT 10.0; Win64; x64) AppleWebKit/537.36 (KHTML, like Gecko) Chrome/116.0.0.0 Safari/537.36"
124.253.193.125 - - [11/Sep/2023:16:25:58 +0000] "GET /wp-content/uploads/2023/07/shape-bg1-1-300x12.png HTTP/1.1" 200 3168 "https://cheemahaveli.com/wp-admin/post.php?post=23&action=edit" "Mozilla/5.0 (Windows NT 10.0; Win64; x64) AppleWebKit/537.36 (KHTML, like Gecko) Chrome/116.0.0.0 Safari/537.36"
124.253.193.125 - - [11/Sep/2023:16:25:58 +0000] "GET /wp-content/uploads/2023/07/restaurant-room-3-300x200.webp HTTP/1.1" 200 19760 "https://cheemahaveli.com/wp-admin/post.php?post=23&action=edit" "Mozilla/5.0 (Windows NT 10.0; Win64; x64) AppleWebKit/537.36 (KHTML, like Gecko) Chrome/116.0.0.0 Safari/537.36"
124.253.193.125 - - [11/Sep/2023:16:25:58 +0000] "GET /wp-content/uploads/2023/07/restaurant-room-5-300x200.jpg HTTP/1.1" 200 14365 "https://cheemahaveli.com/wp-admin/post.php?post=23&action=edit" "Mozilla/5.0 (Windows NT 10.0; Win64; x64) AppleWebKit/537.36 (KHTML, like Gecko) Chrome/116.0.0.0 Safari/537.36"
124.253.193.125 - - [11/Sep/2023:16:25:58 +0000] "GET /wp-content/uploads/2023/07/restaurant-room-4-300x180.jpg HTTP/1.1" 200 18088 "https://cheemahaveli.com/wp-admin/post.php?post=23&action=edit" "Mozilla/5.0 (Windows NT 10.0; Win64; x64) AppleWebKit/537.36 (KHTML, like Gecko) Chrome/116.0.0.0 Safari/537.36"
124.253.193.125 - - [11/Sep/2023:16:25:58 +0000] "GET /wp-content/uploads/2023/07/restaurant-room-6-300x180.jpg HTTP/1.1" 200 18617 "https://cheemahaveli.com/wp-admin/post.php?post=23&action=edit" "Mozilla/5.0 (Windows NT 10.0; Win64; x64) AppleWebKit/537.36 (KHTML, like Gecko) Chrome/116.0.0.0 Safari/537.36"
124.253.193.125 - - [11/Sep/2023:16:25:58 +0000] "GET /wp-content/uploads/2023/07/restaurant-room-3-300x200.jpg HTTP/1.1" 200 20198 "https://cheemahaveli.com/wp-admin/post.php?post=23&action=edit" "Mozilla/5.0 (Windows NT 10.0; Win64; x64) AppleWebKit/537.36 (KHTML, like Gecko) Chrome/116.0.0.0 Safari/537.36"
124.253.193.125 - - [11/Sep/2023:16:25:58 +0000] "GET /wp-content/uploads/2023/07/restaurant-party-1-300x188.jpg HTTP/1.1" 200 20464 "https://cheemahaveli.com/wp-admin/post.php?post=23&action=edit" "Mozilla/5.0 (Windows NT 10.0; Win64; x64) AppleWebKit/537.36 (KHTML, like Gecko) Chrome/116.0.0.0 Safari/537.36"
124.253.193.125 - - [11/Sep/2023:16:25:58 +0000] "GET /wp-content/uploads/2023/07/restaurant-party-3-300x169.webp HTTP/1.1" 200 10436 "https://cheemahaveli.com/wp-admin/post.php?post=23&action=edit" "Mozilla/5.0 (Windows NT 10.0; Win64; x64) AppleWebKit/537.36 (KHTML, like Gecko) Chrome/116.0.0.0 Safari/537.36"
124.253.193.125 - - [11/Sep/2023:16:25:58 +0000] "GET /wp-content/uploads/2023/07/restaurant-party-2-300x157.jpg HTTP/1.1" 200 18414 "https://cheemahaveli.com/wp-admin/post.php?post=23&action=edit" "Mozilla/5.0 (Windows NT 10.0; Win64; x64) AppleWebKit/537.36 (KHTML, like Gecko) Chrome/116.0.0.0 Safari/537.36"
124.253.193.125 - - [11/Sep/2023:16:25:58 +0000] "GET /wp-content/uploads/2023/07/restaurant-party-4-1-300x200.jpg HTTP/1.1" 200 16899 "https://cheemahaveli.com/wp-admin/post.php?post=23&action=edit" "Mozilla/5.0 (Windows NT 10.0; Win64; x64) AppleWebKit/537.36 (KHTML, like Gecko) Chrome/116.0.0.0 Safari/537.36"
124.253.193.125 - - [11/Sep/2023:16:25:58 +0000] "GET /wp-content/uploads/2023/07/restaurant-party-4.jpg HTTP/1.1" 200 53565 "https://cheemahaveli.com/wp-admin/post.php?post=23&action=edit" "Mozilla/5.0 (Windows NT 10.0; Win64; x64) AppleWebKit/537.36 (KHTML, like Gecko) Chrome/116.0.0.0 Safari/537.36"
124.253.193.125 - - [11/Sep/2023:16:25:58 +0000] "GET /wp-content/uploads/2023/07/restaurant-party-3-300x169.jpg HTTP/1.1" 200 12086 "https://cheemahaveli.com/wp-admin/post.php?post=23&action=edit" "Mozilla/5.0 (Windows NT 10.0; Win64; x64) AppleWebKit/537.36 (KHTML, like Gecko) Chrome/116.0.0.0 Safari/537.36"
124.253.193.125 - - [11/Sep/2023:16:25:59 +0000] "GET /wp-content/uploads/2023/07/restaurant-party-5-300x169.jpg HTTP/1.1" 200 19632 "https://cheemahaveli.com/wp-admin/post.php?post=23&action=edit" "Mozilla/5.0 (Windows NT 10.0; Win64; x64) AppleWebKit/537.36 (KHTML, like Gecko) Chrome/116.0.0.0 Safari/537.36"
124.253.193.125 - - [11/Sep/2023:16:25:59 +0000] "GET /wp-content/uploads/2023/07/restaurant-party-6-300x146.webp HTTP/1.1" 200 16920 "https://cheemahaveli.com/wp-admin/post.php?post=23&action=edit" "Mozilla/5.0 (Windows NT 10.0; Win64; x64) AppleWebKit/537.36 (KHTML, like Gecko) Chrome/116.0.0.0 Safari/537.36"
124.253.193.125 - - [11/Sep/2023:16:25:59 +0000] "GET /wp-content/uploads/2023/07/restaurant-7-300x200.jpg HTTP/1.1" 200 22078 "https://cheemahaveli.com/wp-admin/post.php?post=23&action=edit" "Mozilla/5.0 (Windows NT 10.0; Win64; x64) AppleWebKit/537.36 (KHTML, like Gecko) Chrome/116.0.0.0 Safari/537.36"
124.253.193.125 - - [11/Sep/2023:16:25:59 +0000] "GET /wp-content/uploads/2023/07/restaurant-8-300x230.jpg HTTP/1.1" 200 14296 "https://cheemahaveli.com/wp-admin/post.php?post=23&action=edit" "Mozilla/5.0 (Windows NT 10.0; Win64; x64) AppleWebKit/537.36 (KHTML, like Gecko) Chrome/116.0.0.0 Safari/537.36"
124.253.193.125 - - [11/Sep/2023:16:25:59 +0000] "GET /wp-content/uploads/2023/07/restaurant-9-300x169.webp HTTP/1.1" 200 13274 "https://cheemahaveli.com/wp-admin/post.php?post=23&action=edit" "Mozilla/5.0 (Windows NT 10.0; Win64; x64) AppleWebKit/537.36 (KHTML, like Gecko) Chrome/116.0.0.0 Safari/537.36"
124.253.193.125 - - [11/Sep/2023:16:25:59 +0000] "GET /wp-content/uploads/2023/07/restaurant-9-300x169.jpg HTTP/1.1" 200 14779 "https://cheemahaveli.com/wp-admin/post.php?post=23&action=edit" "Mozilla/5.0 (Windows NT 10.0; Win64; x64) AppleWebKit/537.36 (KHTML, like Gecko) Chrome/116.0.0.0 Safari/537.36"
124.253.193.125 - - [11/Sep/2023:16:25:59 +0000] "GET /wp-content/uploads/2023/07/restaurant-3-300x184.jpg HTTP/1.1" 200 21064 "https://cheemahaveli.com/wp-admin/post.php?post=23&action=edit" "Mozilla/5.0 (Windows NT 10.0; Win64; x64) AppleWebKit/537.36 (KHTML, like Gecko) Chrome/116.0.0.0 Safari/537.36"
124.253.193.125 - - [11/Sep/2023:16:25:59 +0000] "GET /wp-content/uploads/2023/07/restaurant-2-300x200.jpeg HTTP/1.1" 200 20952 "https://cheemahaveli.com/wp-admin/post.php?post=23&action=edit" "Mozilla/5.0 (Windows NT 10.0; Win64; x64) AppleWebKit/537.36 (KHTML, like Gecko) Chrome/116.0.0.0 Safari/537.36"
124.253.193.125 - - [11/Sep/2023:16:25:59 +0000] "GET /wp-content/uploads/2023/07/restaurant-4-300x169.webp HTTP/1.1" 200 18648 "https://cheemahaveli.com/wp-admin/post.php?post=23&action=edit" "Mozilla/5.0 (Windows NT 10.0; Win64; x64) AppleWebKit/537.36 (KHTML, like Gecko) Chrome/116.0.0.0 Safari/537.36"
124.253.193.125 - - [11/Sep/2023:16:25:59 +0000] "GET /wp-content/uploads/2023/07/restaurant-5-300x225.jpg HTTP/1.1" 200 24154 "https://cheemahaveli.com/wp-admin/post.php?post=23&action=edit" "Mozilla/5.0 (Windows NT 10.0; Win64; x64) AppleWebKit/537.36 (KHTML, like Gecko) Chrome/116.0.0.0 Safari/537.36"
124.253.193.125 - - [11/Sep/2023:16:25:59 +0000] "GET /wp-content/uploads/2023/07/restaurant-6-300x158.jpg HTTP/1.1" 200 15470 "https://cheemahaveli.com/wp-admin/post.php?post=23&action=edit" "Mozilla/5.0 (Windows NT 10.0; Win64; x64) AppleWebKit/537.36 (KHTML, like Gecko) Chrome/116.0.0.0 Safari/537.36"
124.253.193.125 - - [11/Sep/2023:16:25:59 +0000] "GET /wp-content/uploads/2023/07/male-150x150.jpg HTTP/1.1" 200 3616 "https://cheemahaveli.com/wp-admin/post.php?post=23&action=edit" "Mozilla/5.0 (Windows NT 10.0; Win64; x64) AppleWebKit/537.36 (KHTML, like Gecko) Chrome/116.0.0.0 Safari/537.36"
124.253.193.125 - - [11/Sep/2023:16:25:59 +0000] "GET /wp-content/uploads/2023/07/slider-shape-300x32.png HTTP/1.1" 200 3568 "https://cheemahaveli.com/wp-admin/post.php?post=23&action=edit" "Mozilla/5.0 (Windows NT 10.0; Win64; x64) AppleWebKit/537.36 (KHTML, like Gecko) Chrome/116.0.0.0 Safari/537.36"
124.253.193.125 - - [11/Sep/2023:16:25:59 +0000] "GET /wp-content/uploads/2023/07/shape-bg2-300x12.png HTTP/1.1" 200 3231 "https://cheemahaveli.com/wp-admin/post.php?post=23&action=edit" "Mozilla/5.0 (Windows NT 10.0; Win64; x64) AppleWebKit/537.36 (KHTML, like Gecko) Chrome/116.0.0.0 Safari/537.36"
124.253.193.125 - - [11/Sep/2023:16:25:59 +0000] "GET /wp-content/uploads/2023/07/shape-bg1-300x12.png HTTP/1.1" 200 3168 "https://cheemahaveli.com/wp-admin/post.php?post=23&action=edit" "Mozilla/5.0 (Windows NT 10.0; Win64; x64) AppleWebKit/537.36 (KHTML, like Gecko) Chrome/116.0.0.0 Safari/537.36"
124.253.193.125 - - [11/Sep/2023:16:25:59 +0000] "GET /wp-content/uploads/2023/07/services-06-300x233.jpg HTTP/1.1" 200 21691 "https://cheemahaveli.com/wp-admin/post.php?post=23&action=edit" "Mozilla/5.0 (Windows NT 10.0; Win64; x64) AppleWebKit/537.36 (KHTML, like Gecko) Chrome/116.0.0.0 Safari/537.36"
124.253.193.125 - - [11/Sep/2023:16:26:17 +0000] "GET /wp-admin/theme-editor.php HTTP/1.1" 200 20715 "https://cheemahaveli.com/wp-admin/post.php?post=23&action=edit" "Mozilla/5.0 (Windows NT 10.0; Win64; x64) AppleWebKit/537.36 (KHTML, like Gecko) Chrome/116.0.0.0 Safari/537.36"
124.253.193.125 - - [11/Sep/2023:16:26:17 +0000] "POST /wp-admin/admin-ajax.php HTTP/1.1" 200 940 "https://cheemahaveli.com/wp-admin/post.php?post=23&action=edit" "Mozilla/5.0 (Windows NT 10.0; Win64; x64) AppleWebKit/537.36 (KHTML, like Gecko) Chrome/116.0.0.0 Safari/537.36"
124.253.193.125 - - [11/Sep/2023:16:26:18 +0000] "GET /wp-admin/load-styles.php?c=0&dir=ltr&load%5Bchunk_0%5D=dashicons,admin-bar,code-editor,common,forms,admin-menu,dashboard,list-tables,edit,revisions,media,themes,about,nav-menus,wp-poi&load%5Bchunk_1%5D=nter,widgets,site-icon,l10n,buttons,wp-auth-check&ver=6.2.2 HTTP/1.1" 200 99788 "https://cheemahaveli.com/wp-admin/theme-editor.php" "Mozilla/5.0 (Windows NT 10.0; Win64; x64) AppleWebKit/537.36 (KHTML, like Gecko) Chrome/116.0.0.0 Safari/537.36"
124.253.193.125 - - [11/Sep/2023:16:26:18 +0000] "GET /wp-includes/js/codemirror/codemirror.min.css?ver=5.29.1-alpha-ee20357 HTTP/1.1" 200 4691 "https://cheemahaveli.com/wp-admin/theme-editor.php" "Mozilla/5.0 (Windows NT 10.0; Win64; x64) AppleWebKit/537.36 (KHTML, like Gecko) Chrome/116.0.0.0 Safari/537.36"
124.253.193.125 - - [11/Sep/2023:16:26:18 +0000] "GET /wp-admin/js/code-editor.min.js?ver=6.2.2 HTTP/1.1" 200 1996 "https://cheemahaveli.com/wp-admin/theme-editor.php" "Mozilla/5.0 (Windows NT 10.0; Win64; x64) AppleWebKit/537.36 (KHTML, like Gecko) Chrome/116.0.0.0 Safari/537.36"
124.253.193.125 - - [11/Sep/2023:16:26:18 +0000] "GET /wp-admin/js/theme-plugin-editor.min.js?ver=6.2.2 HTTP/1.1" 200 8371 "https://cheemahaveli.com/wp-admin/theme-editor.php" "Mozilla/5.0 (Windows NT 10.0; Win64; x64) AppleWebKit/537.36 (KHTML, like Gecko) Chrome/116.0.0.0 Safari/537.36"
124.253.193.125 - - [11/Sep/2023:16:26:18 +0000] "GET /wp-admin/load-scripts.php?c=0&load%5Bchunk_0%5D=jquery-core,jquery-migrate,utils,wp-codemirror,underscore&ver=6.2.2 HTTP/1.1" 200 225422 "https://cheemahaveli.com/wp-admin/theme-editor.php" "Mozilla/5.0 (Windows NT 10.0; Win64; x64) AppleWebKit/537.36 (KHTML, like Gecko) Chrome/116.0.0.0 Safari/537.36"
124.253.193.125 - - [11/Sep/2023:16:26:29 +0000] "GET /wp-admin/theme-editor.php?file=home.php&theme=cheema-child HTTP/1.1" 200 13068 "https://cheemahaveli.com/wp-admin/theme-editor.php" "Mozilla/5.0 (Windows NT 10.0; Win64; x64) AppleWebKit/537.36 (KHTML, like Gecko) Chrome/116.0.0.0 Safari/537.36"
178.128.240.227 - - [11/Sep/2023:16:26:47 +0000] "GET /wp-login.php HTTP/1.1" 200 6446 "-" "Mozilla/5.0 (X11; Fedora; Linux x86_64; rv:94.0) Gecko/20100101 Firefox/95.0"
178.128.240.227 - - [11/Sep/2023:16:26:48 +0000] "POST /wp-login.php HTTP/1.1" 200 6565 "-" "Mozilla/5.0 (X11; Fedora; Linux x86_64; rv:94.0) Gecko/20100101 Firefox/95.0"
82.102.23.139 - - [11/Sep/2023:16:27:05 +0000] "POST /xmlrpc.php HTTP/1.1" 200 4920 "-" "Mozilla/5.0 (Windows NT 10.0; Win64; x64) AppleWebKit/537.36 (KHTML, like Gecko) Chrome/100.0.4896.127 Safari/537.36"
124.253.193.125 - - [11/Sep/2023:16:27:29 +0000] "POST /wp-admin/admin-ajax.php HTTP/1.1" 200 4959 "https://cheemahaveli.com/wp-admin/theme-editor.php?file=home.php&theme=cheema-child" "Mozilla/5.0 (Windows NT 10.0; Win64; x64) AppleWebKit/537.36 (KHTML, like Gecko) Chrome/116.0.0.0 Safari/537.36"
124.253.193.125 - - [11/Sep/2023:16:28:29 +0000] "POST /wp-admin/admin-ajax.php HTTP/1.1" 200 993 "https://cheemahaveli.com/wp-admin/theme-editor.php?file=home.php&theme=cheema-child" "Mozilla/5.0 (Windows NT 10.0; Win64; x64) AppleWebKit/537.36 (KHTML, like Gecko) Chrome/116.0.0.0 Safari/537.36"
124.253.193.125 - - [11/Sep/2023:16:28:30 +0000] "GET /wp-admin/edit.php?post_type=acf-field-group HTTP/1.1" 200 12343 "https://cheemahaveli.com/wp-admin/theme-editor.php?file=home.php&theme=cheema-child" "Mozilla/5.0 (Windows NT 10.0; Win64; x64) AppleWebKit/537.36 (KHTML, like Gecko) Chrome/116.0.0.0 Safari/537.36"
124.253.193.125 - - [11/Sep/2023:16:28:31 +0000] "POST /wp-admin/admin-ajax.php HTTP/1.1" 200 669 "https://cheemahaveli.com/wp-admin/edit.php?post_type=acf-field-group" "Mozilla/5.0 (Windows NT 10.0; Win64; x64) AppleWebKit/537.36 (KHTML, like Gecko) Chrome/116.0.0.0 Safari/537.36"
124.253.193.125 - - [11/Sep/2023:16:28:34 +0000] "GET /wp-admin/post.php?post=52&action=edit HTTP/1.1" 200 24502 "https://cheemahaveli.com/wp-admin/edit.php?post_type=acf-field-group" "Mozilla/5.0 (Windows NT 10.0; Win64; x64) AppleWebKit/537.36 (KHTML, like Gecko) Chrome/116.0.0.0 Safari/537.36"
124.253.193.125 - - [11/Sep/2023:16:28:35 +0000] "GET /wp-admin/load-styles.php?c=0&dir=ltr&load%5Bchunk_0%5D=dashicons,admin-bar,common,forms,admin-menu,dashboard,list-tables,edit,revisions,media,themes,about,nav-menus,wp-pointer,widgets&load%5Bchunk_1%5D=,site-icon,l10n,buttons,wp-auth-check,wp-color-picker&ver=6.2.2 HTTP/1.1" 200 100320 "https://cheemahaveli.com/wp-admin/post.php?post=52&action=edit" "Mozilla/5.0 (Windows NT 10.0; Win64; x64) AppleWebKit/537.36 (KHTML, like Gecko) Chrome/116.0.0.0 Safari/537.36"
124.253.193.125 - - [11/Sep/2023:16:28:35 +0000] "GET /wp-content/plugins/advanced-custom-fields-pro/assets/build/css/acf-field-group.css?ver=5.10.2 HTTP/1.1" 200 2649 "https://cheemahaveli.com/wp-admin/post.php?post=52&action=edit" "Mozilla/5.0 (Windows NT 10.0; Win64; x64) AppleWebKit/537.36 (KHTML, like Gecko) Chrome/116.0.0.0 Safari/537.36"
124.253.193.125 - - [11/Sep/2023:16:28:35 +0000] "GET /wp-content/plugins/advanced-custom-fields-pro/assets/build/css/pro/acf-pro-field-group.css?ver=5.10.2 HTTP/1.1" 200 1139 "https://cheemahaveli.com/wp-admin/post.php?post=52&action=edit" "Mozilla/5.0 (Windows NT 10.0; Win64; x64) AppleWebKit/537.36 (KHTML, like Gecko) Chrome/116.0.0.0 Safari/537.36"
124.253.193.125 - - [11/Sep/2023:16:28:35 +0000] "GET /wp-content/plugins/advanced-custom-fields-pro/assets/build/js/pro/acf-pro-field-group.min.js?ver=5.10.2 HTTP/1.1" 200 2149 "https://cheemahaveli.com/wp-admin/post.php?post=52&action=edit" "Mozilla/5.0 (Windows NT 10.0; Win64; x64) AppleWebKit/537.36 (KHTML, like Gecko) Chrome/116.0.0.0 Safari/537.36"
124.253.193.125 - - [11/Sep/2023:16:28:35 +0000] "GET /wp-content/plugins/advanced-custom-fields-pro/assets/build/js/acf-field-group.min.js?ver=5.10.2 HTTP/1.1" 200 7349 "https://cheemahaveli.com/wp-admin/post.php?post=52&action=edit" "Mozilla/5.0 (Windows NT 10.0; Win64; x64) AppleWebKit/537.36 (KHTML, like Gecko) Chrome/116.0.0.0 Safari/537.36"
124.253.193.125 - - [11/Sep/2023:16:29:03 +0000] "POST /wp-admin/admin-ajax.php HTTP/1.1" 200 940 "https://cheemahaveli.com/wp-admin/post.php?post=52&action=edit" "Mozilla/5.0 (Windows NT 10.0; Win64; x64) AppleWebKit/537.36 (KHTML, like Gecko) Chrome/116.0.0.0 Safari/537.36"
141.98.101.133 - - [11/Sep/2023:16:29:18 +0000] "POST /xmlrpc.php HTTP/1.1" 200 4921 "-" "Mozilla/5.0 (Windows NT 10.0; Win64; x64) AppleWebKit/537.36 (KHTML, like Gecko) Chrome/100.0.4896.127 Safari/537.36"
124.253.193.125 - - [11/Sep/2023:16:33:37 +0000] "GET / HTTP/1.1" 200 19900 "https://www.google.com/" "Mozilla/5.0 (Windows NT 10.0; Win64; x64) AppleWebKit/537.36 (KHTML, like Gecko) Chrome/116.0.0.0 Safari/537.36"
124.253.193.125 - - [11/Sep/2023:16:33:38 +0000] "GET /wp-json/contact-form-7/v1/contact-forms/94/feedback/schema HTTP/1.1" 200 951 "https://cheemahaveli.com/" "Mozilla/5.0 (Windows NT 10.0; Win64; x64) AppleWebKit/537.36 (KHTML, like Gecko) Chrome/116.0.0.0 Safari/537.36"
124.253.193.125 - - [11/Sep/2023:16:33:43 +0000] "GET /wp-admin/ HTTP/1.1" 200 19374 "-" "Mozilla/5.0 (Windows NT 10.0; Win64; x64) AppleWebKit/537.36 (KHTML, like Gecko) Chrome/116.0.0.0 Safari/537.36"
124.253.193.125 - - [11/Sep/2023:16:33:45 +0000] "GET /wp-admin/ HTTP/1.1" 200 19051 "-" "Mozilla/5.0 (Windows NT 10.0; Win64; x64) AppleWebKit/537.36 (KHTML, like Gecko) Chrome/116.0.0.0 Safari/537.36"
124.253.193.125 - - [11/Sep/2023:16:33:48 +0000] "GET /wp-admin/edit.php?post_type=acf-field-group HTTP/1.1" 200 12342 "https://cheemahaveli.com/wp-admin/" "Mozilla/5.0 (Windows NT 10.0; Win64; x64) AppleWebKit/537.36 (KHTML, like Gecko) Chrome/116.0.0.0 Safari/537.36"
124.253.193.125 - - [11/Sep/2023:16:33:49 +0000] "POST /wp-admin/admin-ajax.php HTTP/1.1" 200 669 "https://cheemahaveli.com/wp-admin/edit.php?post_type=acf-field-group" "Mozilla/5.0 (Windows NT 10.0; Win64; x64) AppleWebKit/537.36 (KHTML, like Gecko) Chrome/116.0.0.0 Safari/537.36"
124.253.193.125 - - [11/Sep/2023:16:34:04 +0000] "POST /wp-admin/admin-ajax.php HTTP/1.1" 200 993 "https://cheemahaveli.com/wp-admin/edit.php?post_type=acf-field-group" "Mozilla/5.0 (Windows NT 10.0; Win64; x64) AppleWebKit/537.36 (KHTML, like Gecko) Chrome/116.0.0.0 Safari/537.36"
124.253.193.125 - - [11/Sep/2023:16:34:19 +0000] "POST /wp-admin/admin-ajax.php HTTP/1.1" 200 993 "https://cheemahaveli.com/wp-admin/edit.php?post_type=acf-field-group" "Mozilla/5.0 (Windows NT 10.0; Win64; x64) AppleWebKit/537.36 (KHTML, like Gecko) Chrome/116.0.0.0 Safari/537.36"
124.253.193.125 - - [11/Sep/2023:16:34:34 +0000] "POST /wp-admin/admin-ajax.php HTTP/1.1" 200 993 "https://cheemahaveli.com/wp-admin/edit.php?post_type=acf-field-group" "Mozilla/5.0 (Windows NT 10.0; Win64; x64) AppleWebKit/537.36 (KHTML, like Gecko) Chrome/116.0.0.0 Safari/537.36"
124.253.193.125 - - [11/Sep/2023:16:35:17 +0000] "POST /wp-admin/admin-ajax.php HTTP/1.1" 200 993 "https://cheemahaveli.com/wp-admin/edit.php?post_type=acf-field-group" "Mozilla/5.0 (Windows NT 10.0; Win64; x64) AppleWebKit/537.36 (KHTML, like Gecko) Chrome/116.0.0.0 Safari/537.36"
124.253.193.125 - - [11/Sep/2023:16:35:32 +0000] "POST /wp-admin/admin-ajax.php HTTP/1.1" 200 993 "https://cheemahaveli.com/wp-admin/edit.php?post_type=acf-field-group" "Mozilla/5.0 (Windows NT 10.0; Win64; x64) AppleWebKit/537.36 (KHTML, like Gecko) Chrome/116.0.0.0 Safari/537.36"
67.205.12.218 - - [11/Sep/2023:16:35:41 +0000] "GET /wp-login.php HTTP/1.1" 200 6430 "-" "Mozilla/5.0 (X11; Fedora; Linux x86_64; rv:94.0) Gecko/20100101 Firefox/95.0"
67.205.12.218 - - [11/Sep/2023:16:35:41 +0000] "POST /wp-login.php HTTP/1.1" 200 6551 "-" "Mozilla/5.0 (X11; Fedora; Linux x86_64; rv:94.0) Gecko/20100101 Firefox/95.0"
124.253.193.125 - - [11/Sep/2023:16:35:46 +0000] "GET / HTTP/1.1" 200 15933 "-" "Mozilla/5.0 (Windows NT 10.0; Win64; x64) AppleWebKit/537.36 (KHTML, like Gecko) Chrome/116.0.0.0 Safari/537.36"
124.253.193.125 - - [11/Sep/2023:16:35:47 +0000] "GET /wp-json/contact-form-7/v1/contact-forms/94/feedback/schema HTTP/1.1" 200 951 "https://cheemahaveli.com/" "Mozilla/5.0 (Windows NT 10.0; Win64; x64) AppleWebKit/537.36 (KHTML, like Gecko) Chrome/116.0.0.0 Safari/537.36"
150.95.25.52 - - [11/Sep/2023:16:40:35 +0000] "GET /wp-login.php HTTP/1.1" 301 564 "-" "Mozilla/5.0 (X11; Ubuntu; Linux x86_64; rv:62.0) Gecko/20100101 Firefox/62.0"
150.95.25.52 - - [11/Sep/2023:16:40:36 +0000] "GET /wp-login.php HTTP/1.1" 200 6445 "http://cheemahaveli.com/wp-login.php" "Mozilla/5.0 (X11; Ubuntu; Linux x86_64; rv:62.0) Gecko/20100101 Firefox/62.0"
150.95.25.52 - - [11/Sep/2023:16:40:37 +0000] "GET ///?author=1 HTTP/1.1" 301 558 "-" "Mozilla/5.0 (X11; Ubuntu; Linux x86_64; rv:62.0) Gecko/20100101 Firefox/62.0"
150.95.25.52 - - [11/Sep/2023:16:40:37 +0000] "GET /?author=1 HTTP/1.1" 301 4403 "http://cheemahaveli.com///?author=1" "Mozilla/5.0 (X11; Ubuntu; Linux x86_64; rv:62.0) Gecko/20100101 Firefox/62.0"
150.95.25.52 - - [11/Sep/2023:16:40:38 +0000] "GET /author/cheema/ HTTP/1.1" 200 14279 "https://cheemahaveli.com/?author=1" "Mozilla/5.0 (X11; Ubuntu; Linux x86_64; rv:62.0) Gecko/20100101 Firefox/62.0"
150.95.25.52 - - [11/Sep/2023:16:40:39 +0000] "GET ///wp-json/wp/v2/users/ HTTP/1.1" 301 580 "-" "Mozilla/5.0 (X11; Ubuntu; Linux x86_64; rv:62.0) Gecko/20100101 Firefox/62.0"
150.95.25.52 - - [11/Sep/2023:16:40:40 +0000] "GET /wp-json/wp/v2/users/ HTTP/1.1" 200 4910 "http://cheemahaveli.com///wp-json/wp/v2/users/" "Mozilla/5.0 (X11; Ubuntu; Linux x86_64; rv:62.0) Gecko/20100101 Firefox/62.0"
150.95.25.52 - - [11/Sep/2023:16:40:40 +0000] "GET ///?author=2 HTTP/1.1" 301 558 "-" "Mozilla/5.0 (X11; Ubuntu; Linux x86_64; rv:62.0) Gecko/20100101 Firefox/62.0"
150.95.25.52 - - [11/Sep/2023:16:40:41 +0000] "GET /?author=2 HTTP/1.1" 404 14080 "http://cheemahaveli.com///?author=2" "Mozilla/5.0 (X11; Ubuntu; Linux x86_64; rv:62.0) Gecko/20100101 Firefox/62.0"
141.98.101.133 - - [11/Sep/2023:16:40:43 +0000] "POST /xmlrpc.php HTTP/1.1" 200 4921 "-" "Mozilla/5.0 (Windows NT 10.0; Win64; x64) AppleWebKit/537.36 (KHTML, like Gecko) Chrome/100.0.4896.127 Safari/537.36"
103.216.188.102 - - [11/Sep/2023:16:45:06 +0000] "GET /wp-login.php HTTP/1.1" 200 6447 "-" "Mozilla/5.0 (X11; Fedora; Linux x86_64; rv:94.0) Gecko/20100101 Firefox/95.0"
103.216.188.102 - - [11/Sep/2023:16:45:07 +0000] "POST /wp-login.php HTTP/1.1" 200 6566 "-" "Mozilla/5.0 (X11; Fedora; Linux x86_64; rv:94.0) Gecko/20100101 Firefox/95.0"
124.253.193.125 - - [11/Sep/2023:16:45:22 +0000] "GET /wp-admin/ HTTP/1.1" 200 23342 "-" "Mozilla/5.0 (Windows NT 10.0; Win64; x64) AppleWebKit/537.36 (KHTML, like Gecko) Chrome/116.0.0.0 Safari/537.36"
124.253.193.125 - - [11/Sep/2023:16:45:23 +0000] "GET /wp-admin/ HTTP/1.1" 200 19050 "-" "Mozilla/5.0 (Windows NT 10.0; Win64; x64) AppleWebKit/537.36 (KHTML, like Gecko) Chrome/116.0.0.0 Safari/537.36"
124.253.193.125 - - [11/Sep/2023:16:45:29 +0000] "GET /wp-admin/edit.php?post_type=acf-field-group HTTP/1.1" 200 12667 "https://cheemahaveli.com/wp-admin/" "Mozilla/5.0 (Windows NT 10.0; Win64; x64) AppleWebKit/537.36 (KHTML, like Gecko) Chrome/116.0.0.0 Safari/537.36"
124.253.193.125 - - [11/Sep/2023:16:45:30 +0000] "POST /wp-admin/admin-ajax.php HTTP/1.1" 200 669 "https://cheemahaveli.com/wp-admin/edit.php?post_type=acf-field-group" "Mozilla/5.0 (Windows NT 10.0; Win64; x64) AppleWebKit/537.36 (KHTML, like Gecko) Chrome/116.0.0.0 Safari/537.36"
124.253.193.125 - - [11/Sep/2023:16:45:33 +0000] "GET /wp-admin/post.php?post=123&action=edit HTTP/1.1" 200 20727 "https://cheemahaveli.com/wp-admin/edit.php?post_type=acf-field-group" "Mozilla/5.0 (Windows NT 10.0; Win64; x64) AppleWebKit/537.36 (KHTML, like Gecko) Chrome/116.0.0.0 Safari/537.36"
124.253.193.125 - - [11/Sep/2023:16:46:34 +0000] "POST /wp-admin/admin-ajax.php HTTP/1.1" 200 993 "https://cheemahaveli.com/wp-admin/post.php?post=123&action=edit" "Mozilla/5.0 (Windows NT 10.0; Win64; x64) AppleWebKit/537.36 (KHTML, like Gecko) Chrome/116.0.0.0 Safari/537.36"
124.253.193.125 - - [11/Sep/2023:16:48:35 +0000] "POST /wp-admin/admin-ajax.php HTTP/1.1" 200 4960 "https://cheemahaveli.com/wp-admin/post.php?post=123&action=edit" "Mozilla/5.0 (Windows NT 10.0; Win64; x64) AppleWebKit/537.36 (KHTML, like Gecko) Chrome/116.0.0.0 Safari/537.36"
124.253.193.125 - - [11/Sep/2023:16:50:36 +0000] "POST /wp-admin/admin-ajax.php HTTP/1.1" 200 993 "https://cheemahaveli.com/wp-admin/post.php?post=123&action=edit" "Mozilla/5.0 (Windows NT 10.0; Win64; x64) AppleWebKit/537.36 (KHTML, like Gecko) Chrome/116.0.0.0 Safari/537.36"
124.253.193.125 - - [11/Sep/2023:16:52:37 +0000] "POST /wp-admin/admin-ajax.php HTTP/1.1" 200 4960 "https://cheemahaveli.com/wp-admin/post.php?post=123&action=edit" "Mozilla/5.0 (Windows NT 10.0; Win64; x64) AppleWebKit/537.36 (KHTML, like Gecko) Chrome/116.0.0.0 Safari/537.36"
121.36.241.28 - - [11/Sep/2023:16:54:05 +0000] "GET /wp-login.php HTTP/1.1" 200 6446 "-" "Mozilla/5.0 (X11; Fedora; Linux x86_64; rv:94.0) Gecko/20100101 Firefox/95.0"
121.36.241.28 - - [11/Sep/2023:16:54:07 +0000] "POST /wp-login.php HTTP/1.1" 200 6567 "-" "Mozilla/5.0 (X11; Fedora; Linux x86_64; rv:94.0) Gecko/20100101 Firefox/95.0"
124.253.193.125 - - [11/Sep/2023:16:54:38 +0000] "POST /wp-admin/admin-ajax.php HTTP/1.1" 200 4960 "https://cheemahaveli.com/wp-admin/post.php?post=123&action=edit" "Mozilla/5.0 (Windows NT 10.0; Win64; x64) AppleWebKit/537.36 (KHTML, like Gecko) Chrome/116.0.0.0 Safari/537.36"
124.253.193.125 - - [11/Sep/2023:16:56:13 +0000] "POST /wp-admin/admin-ajax.php HTTP/1.1" 200 993 "https://cheemahaveli.com/wp-admin/post.php?post=123&action=edit" "Mozilla/5.0 (Windows NT 10.0; Win64; x64) AppleWebKit/537.36 (KHTML, like Gecko) Chrome/116.0.0.0 Safari/537.36"
124.253.193.125 - - [11/Sep/2023:16:57:13 +0000] "POST /wp-admin/admin-ajax.php HTTP/1.1" 200 4960 "https://cheemahaveli.com/wp-admin/post.php?post=123&action=edit" "Mozilla/5.0 (Windows NT 10.0; Win64; x64) AppleWebKit/537.36 (KHTML, like Gecko) Chrome/116.0.0.0 Safari/537.36"
124.253.193.125 - - [11/Sep/2023:16:58:32 +0000] "POST /wp-admin/admin-ajax.php HTTP/1.1" 200 993 "https://cheemahaveli.com/wp-admin/post.php?post=123&action=edit" "Mozilla/5.0 (Windows NT 10.0; Win64; x64) AppleWebKit/537.36 (KHTML, like Gecko) Chrome/116.0.0.0 Safari/537.36"
124.253.193.125 - - [11/Sep/2023:16:58:33 +0000] "POST /wp-admin/admin-ajax.php HTTP/1.1" 200 940 "https://cheemahaveli.com/wp-admin/post.php?post=123&action=edit" "Mozilla/5.0 (Windows NT 10.0; Win64; x64) AppleWebKit/537.36 (KHTML, like Gecko) Chrome/116.0.0.0 Safari/537.36"
69.163.225.126 - - [11/Sep/2023:17:02:37 +0000] "GET /wp-login.php HTTP/1.1" 200 6429 "-" "Mozilla/5.0 (X11; Fedora; Linux x86_64; rv:94.0) Gecko/20100101 Firefox/95.0"
69.163.225.126 - - [11/Sep/2023:17:02:38 +0000] "POST /wp-login.php HTTP/1.1" 200 6550 "-" "Mozilla/5.0 (X11; Fedora; Linux x86_64; rv:94.0) Gecko/20100101 Firefox/95.0"
185.156.175.51 - - [11/Sep/2023:17:03:09 +0000] "POST /xmlrpc.php HTTP/1.1" 200 4921 "-" "Mozilla/5.0 (Windows NT 10.0; Win64; x64) AppleWebKit/537.36 (KHTML, like Gecko) Chrome/100.0.4896.127 Safari/537.36"
202.67.13.123 - - [11/Sep/2023:17:10:40 +0000] "GET /wp-login.php HTTP/1.1" 200 6429 "-" "Mozilla/5.0 (X11; Fedora; Linux x86_64; rv:94.0) Gecko/20100101 Firefox/95.0"
202.67.13.123 - - [11/Sep/2023:17:10:46 +0000] "POST /wp-login.php HTTP/1.1" 200 6549 "-" "Mozilla/5.0 (X11; Fedora; Linux x86_64; rv:94.0) Gecko/20100101 Firefox/95.0"
213.152.162.5 - - [11/Sep/2023:17:17:40 +0000] "POST /xmlrpc.php HTTP/1.1" 200 4921 "-" "Mozilla/5.0 (Windows NT 10.0; Win64; x64) AppleWebKit/537.36 (KHTML, like Gecko) Chrome/100.0.4896.127 Safari/537.36"
51.255.64.58 - - [11/Sep/2023:17:22:25 +0000] "POST /xmlrpc.php HTTP/1.1" 200 4514 "-" "Mozilla/5.0 (X11; Fedora; Linux x86_64; rv:94.0) Gecko/20100101 Firefox/95.0"
136.243.92.189 - - [11/Sep/2023:17:25:59 +0000] "POST /wp-cron.php?doing_wp_cron=1694453158.9279720783233642578125 HTTP/1.1" 200 4655 "-" "WordPress/6.2.2; https://cheemahaveli.com"
46.37.169.187 - - [11/Sep/2023:17:25:58 +0000] "POST /xmlrpc.php HTTP/1.1" 200 4515 "-" "Mozilla/5.0 (X11; Fedora; Linux x86_64; rv:94.0) Gecko/20100101 Firefox/95.0"
209.58.173.138 - - [11/Sep/2023:17:26:15 +0000] "POST /xmlrpc.php HTTP/1.1" 200 4921 "-" "Mozilla/5.0 (Windows NT 10.0; Win64; x64) AppleWebKit/537.36 (KHTML, like Gecko) Chrome/100.0.4896.127 Safari/537.36"
66.147.239.79 - - [11/Sep/2023:17:30:08 +0000] "POST /xmlrpc.php HTTP/1.1" 200 4514 "-" "Mozilla/5.0 (X11; Fedora; Linux x86_64; rv:94.0) Gecko/20100101 Firefox/95.0"
213.152.161.30 - - [11/Sep/2023:17:31:12 +0000] "POST /xmlrpc.php HTTP/1.1" 200 4920 "-" "Mozilla/5.0 (Windows NT 10.0; Win64; x64) AppleWebKit/537.36 (KHTML, like Gecko) Chrome/100.0.4896.127 Safari/537.36"
173.236.152.119 - - [11/Sep/2023:17:34:19 +0000] "POST /xmlrpc.php HTTP/1.1" 200 4515 "-" "Mozilla/5.0 (X11; Fedora; Linux x86_64; rv:94.0) Gecko/20100101 Firefox/95.0"
104.248.241.28 - - [11/Sep/2023:17:38:27 +0000] "POST /xmlrpc.php HTTP/1.1" 200 4515 "-" "Mozilla/5.0 (X11; Fedora; Linux x86_64; rv:94.0) Gecko/20100101 Firefox/95.0"
161.35.167.190 - - [11/Sep/2023:17:42:43 +0000] "POST /xmlrpc.php HTTP/1.1" 200 4514 "-" "Mozilla/5.0 (X11; Fedora; Linux x86_64; rv:94.0) Gecko/20100101 Firefox/95.0"
94.45.6.108 - - [11/Sep/2023:17:44:03 +0000] "GET /wp-content/plugins/Cache/Cache.php HTTP/1.1" 404 14329 "-" "Mozilla/4.0 (compatible; MSIE 6.0; Windows NT 5.1; SV1)"
192.30.89.51 - - [11/Sep/2023:17:45:35 +0000] "POST /xmlrpc.php HTTP/1.1" 200 4920 "-" "Mozilla/5.0 (Windows NT 10.0; Win64; x64) AppleWebKit/537.36 (KHTML, like Gecko) Chrome/100.0.4896.127 Safari/537.36"
178.128.240.227 - - [11/Sep/2023:17:47:01 +0000] "POST /xmlrpc.php HTTP/1.1" 200 4514 "-" "Mozilla/5.0 (X11; Fedora; Linux x86_64; rv:94.0) Gecko/20100101 Firefox/95.0"
125.212.218.5 - - [11/Sep/2023:17:51:03 +0000] "POST /xmlrpc.php HTTP/1.1" 200 4499 "-" "Mozilla/5.0 (X11; Fedora; Linux x86_64; rv:94.0) Gecko/20100101 Firefox/95.0"
35.226.196.179 - - [11/Sep/2023:17:55:32 +0000] "POST /xmlrpc.php HTTP/1.1" 200 4515 "-" "Mozilla/5.0 (X11; Fedora; Linux x86_64; rv:94.0) Gecko/20100101 Firefox/95.0"
199.249.230.2 - - [11/Sep/2023:17:57:54 +0000] "POST /xmlrpc.php HTTP/1.1" 200 4921 "-" "Mozilla/5.0 (Windows NT 10.0; Win64; x64) AppleWebKit/537.36 (KHTML, like Gecko) Chrome/100.0.4896.127 Safari/537.36"
27.34.74.210 - - [11/Sep/2023:17:59:55 +0000] "POST /xmlrpc.php HTTP/1.1" 200 4514 "-" "Mozilla/5.0 (X11; Fedora; Linux x86_64; rv:94.0) Gecko/20100101 Firefox/95.0"
93.113.96.210 - - [11/Sep/2023:18:00:09 +0000] "GET /wp-login.php HTTP/1.1" 301 564 "-" "Mozilla/5.0 (X11; Ubuntu; Linux x86_64; rv:62.0) Gecko/20100101 Firefox/62.0"
93.113.96.210 - - [11/Sep/2023:18:00:09 +0000] "GET /wp-login.php HTTP/1.1" 200 6446 "http://cheemahaveli.com/wp-login.php" "Mozilla/5.0 (X11; Ubuntu; Linux x86_64; rv:62.0) Gecko/20100101 Firefox/62.0"
93.113.96.210 - - [11/Sep/2023:18:00:10 +0000] "GET ///?author=1 HTTP/1.1" 301 558 "-" "Mozilla/5.0 (X11; Ubuntu; Linux x86_64; rv:62.0) Gecko/20100101 Firefox/62.0"
93.113.96.210 - - [11/Sep/2023:18:00:10 +0000] "GET /?author=1 HTTP/1.1" 301 4401 "http://cheemahaveli.com///?author=1" "Mozilla/5.0 (X11; Ubuntu; Linux x86_64; rv:62.0) Gecko/20100101 Firefox/62.0"
93.113.96.210 - - [11/Sep/2023:18:00:11 +0000] "GET /author/cheema/ HTTP/1.1" 200 14277 "https://cheemahaveli.com/?author=1" "Mozilla/5.0 (X11; Ubuntu; Linux x86_64; rv:62.0) Gecko/20100101 Firefox/62.0"
93.113.96.210 - - [11/Sep/2023:18:00:11 +0000] "GET ///wp-json/wp/v2/users/ HTTP/1.1" 301 580 "-" "Mozilla/5.0 (X11; Ubuntu; Linux x86_64; rv:62.0) Gecko/20100101 Firefox/62.0"
93.113.96.210 - - [11/Sep/2023:18:00:12 +0000] "GET /wp-json/wp/v2/users/ HTTP/1.1" 200 4909 "http://cheemahaveli.com///wp-json/wp/v2/users/" "Mozilla/5.0 (X11; Ubuntu; Linux x86_64; rv:62.0) Gecko/20100101 Firefox/62.0"
93.113.96.210 - - [11/Sep/2023:18:00:12 +0000] "GET ///?author=2 HTTP/1.1" 301 558 "-" "Mozilla/5.0 (X11; Ubuntu; Linux x86_64; rv:62.0) Gecko/20100101 Firefox/62.0"
93.113.96.210 - - [11/Sep/2023:18:00:13 +0000] "GET /?author=2 HTTP/1.1" 404 14078 "http://cheemahaveli.com///?author=2" "Mozilla/5.0 (X11; Ubuntu; Linux x86_64; rv:62.0) Gecko/20100101 Firefox/62.0"
199.249.230.2 - - [11/Sep/2023:18:03:09 +0000] "POST /xmlrpc.php HTTP/1.1" 200 4921 "-" "Mozilla/5.0 (Windows NT 10.0; Win64; x64) AppleWebKit/537.36 (KHTML, like Gecko) Chrome/100.0.4896.127 Safari/537.36"
161.97.86.172 - - [11/Sep/2023:18:04:11 +0000] "POST /xmlrpc.php HTTP/1.1" 200 4515 "-" "Mozilla/5.0 (X11; Fedora; Linux x86_64; rv:94.0) Gecko/20100101 Firefox/95.0"
185.123.204.86 - - [11/Sep/2023:18:08:44 +0000] "POST /xmlrpc.php HTTP/1.1" 200 4515 "-" "Mozilla/5.0 (X11; Fedora; Linux x86_64; rv:94.0) Gecko/20100101 Firefox/95.0"
67.205.12.218 - - [11/Sep/2023:18:13:02 +0000] "POST /xmlrpc.php HTTP/1.1" 200 4498 "-" "Mozilla/5.0 (X11; Fedora; Linux x86_64; rv:94.0) Gecko/20100101 Firefox/95.0"
195.201.26.13 - - [11/Sep/2023:18:17:32 +0000] "POST /xmlrpc.php HTTP/1.1" 200 4516 "-" "Mozilla/5.0 (X11; Fedora; Linux x86_64; rv:94.0) Gecko/20100101 Firefox/95.0"
162.254.205.82 - - [11/Sep/2023:18:22:03 +0000] "POST /xmlrpc.php HTTP/1.1" 200 4514 "-" "Mozilla/5.0 (X11; Fedora; Linux x86_64; rv:94.0) Gecko/20100101 Firefox/95.0"
136.243.93.174 - - [11/Sep/2023:18:26:31 +0000] "POST /xmlrpc.php HTTP/1.1" 200 4515 "-" "Mozilla/5.0 (X11; Fedora; Linux x86_64; rv:94.0) Gecko/20100101 Firefox/95.0"
136.243.92.189 - - [11/Sep/2023:18:26:32 +0000] "POST /wp-cron.php?doing_wp_cron=1694456791.6436529159545898437500 HTTP/1.1" 200 4654 "-" "WordPress/6.2.2; https://cheemahaveli.com"
103.186.185.205 - - [11/Sep/2023:18:31:17 +0000] "POST /xmlrpc.php HTTP/1.1" 200 4514 "-" "Mozilla/5.0 (X11; Fedora; Linux x86_64; rv:94.0) Gecko/20100101 Firefox/95.0"
139.59.20.111 - - [11/Sep/2023:18:39:56 +0000] "GET /wp-login.php HTTP/1.1" 200 6445 "-" "Mozilla/5.0 (X11; Fedora; Linux x86_64; rv:94.0) Gecko/20100101 Firefox/95.0"
139.59.20.111 - - [11/Sep/2023:18:39:57 +0000] "POST /wp-login.php HTTP/1.1" 200 6595 "-" "Mozilla/5.0 (X11; Fedora; Linux x86_64; rv:94.0) Gecko/20100101 Firefox/95.0"
185.200.116.219 - - [11/Sep/2023:18:46:29 +0000] "POST /xmlrpc.php HTTP/1.1" 200 4920 "-" "Mozilla/5.0 (Windows NT 10.0; Win64; x64) AppleWebKit/537.36 (KHTML, like Gecko) Chrome/100.0.4896.127 Safari/537.36"
34.140.169.180 - - [11/Sep/2023:18:49:08 +0000] "GET /wp-login.php HTTP/1.1" 200 6446 "-" "Mozilla/5.0 (X11; Fedora; Linux x86_64; rv:94.0) Gecko/20100101 Firefox/95.0"
34.140.169.180 - - [11/Sep/2023:18:49:09 +0000] "POST /wp-login.php HTTP/1.1" 200 6595 "-" "Mozilla/5.0 (X11; Fedora; Linux x86_64; rv:94.0) Gecko/20100101 Firefox/95.0"
82.221.129.44 - - [11/Sep/2023:19:01:39 +0000] "POST /xmlrpc.php HTTP/1.1" 200 4515 "-" "Mozilla/5.0 (X11; Fedora; Linux x86_64; rv:94.0) Gecko/20100101 Firefox/95.0"
173.82.78.214 - - [11/Sep/2023:19:06:51 +0000] "POST /xmlrpc.php HTTP/1.1" 200 4515 "-" "Mozilla/5.0 (X11; Fedora; Linux x86_64; rv:94.0) Gecko/20100101 Firefox/95.0"
136.243.92.189 - - [11/Sep/2023:19:32:04 +0000] "POST /wp-cron.php?doing_wp_cron=1694460724.0972619056701660156250 HTTP/1.1" 200 4654 "-" "WordPress/6.2.2; https://cheemahaveli.com"
213.152.162.104 - - [11/Sep/2023:19:32:03 +0000] "POST /xmlrpc.php HTTP/1.1" 200 4920 "-" "Mozilla/5.0 (Windows NT 10.0; Win64; x64) AppleWebKit/537.36 (KHTML, like Gecko) Chrome/100.0.4896.127 Safari/537.36"
92.119.178.3 - - [11/Sep/2023:19:48:36 +0000] "POST /xmlrpc.php HTTP/1.1" 200 4920 "-" "Mozilla/5.0 (Windows NT 10.0; Win64; x64) AppleWebKit/537.36 (KHTML, like Gecko) Chrome/100.0.4896.127 Safari/537.36"
134.19.179.203 - - [11/Sep/2023:20:12:30 +0000] "POST /xmlrpc.php HTTP/1.1" 200 4920 "-" "Mozilla/5.0 (Windows NT 10.0; Win64; x64) AppleWebKit/537.36 (KHTML, like Gecko) Chrome/100.0.4896.127 Safari/537.36"
134.19.179.203 - - [11/Sep/2023:20:22:25 +0000] "POST /xmlrpc.php HTTP/1.1" 200 4922 "-" "Mozilla/5.0 (Windows NT 10.0; Win64; x64) AppleWebKit/537.36 (KHTML, like Gecko) Chrome/100.0.4896.127 Safari/537.36"
136.243.92.189 - - [11/Sep/2023:20:25:47 +0000] "POST /wp-cron.php?doing_wp_cron=1694463947.0266039371490478515625 HTTP/1.1" 200 4656 "-" "WordPress/6.2.2; https://cheemahaveli.com"
202.134.19.110 - - [11/Sep/2023:20:25:46 +0000] "POST /wp-login.php HTTP/1.1" 200 6813 "-" "Mozilla/5.0 (Windows NT 6.1) AppleWebKit/537.36 (KHTML, like Gecko) Chrome/70.0.3538.102 Safari/537.36"
64.42.179.51 - - [11/Sep/2023:20:41:24 +0000] "POST /xmlrpc.php HTTP/1.1" 200 4920 "-" "Mozilla/5.0 (Windows NT 10.0; Win64; x64) AppleWebKit/537.36 (KHTML, like Gecko) Chrome/100.0.4896.127 Safari/537.36"
213.152.187.230 - - [11/Sep/2023:20:47:23 +0000] "POST /xmlrpc.php HTTP/1.1" 200 4921 "-" "Mozilla/5.0 (Windows NT 10.0; Win64; x64) AppleWebKit/537.36 (KHTML, like Gecko) Chrome/100.0.4896.127 Safari/537.36"
141.98.102.179 - - [11/Sep/2023:21:43:56 +0000] "POST /xmlrpc.php HTTP/1.1" 200 4921 "-" "Mozilla/5.0 (Windows NT 10.0; Win64; x64) AppleWebKit/537.36 (KHTML, like Gecko) Chrome/100.0.4896.127 Safari/537.36"
136.243.92.189 - - [11/Sep/2023:21:43:57 +0000] "POST /wp-cron.php?doing_wp_cron=1694468636.4326920509338378906250 HTTP/1.1" 200 4654 "-" "WordPress/6.2.2; https://cheemahaveli.com"
94.45.6.108 - - [11/Sep/2023:21:46:00 +0000] "GET /wp-content/themes/pridmag/db.php?u HTTP/1.1" 404 14331 "-" "Mozilla/4.0 (compatible; MSIE 6.0; Windows NT 5.1; SV1)"
34.75.65.218 - - [11/Sep/2023:21:51:46 +0000] "POST /wp-login.php HTTP/1.1" 200 6813 "-" "Mozilla/5.0 (Windows NT 6.1; Win64; x64) AppleWebKit/537.36 (KHTML, like Gecko) Chrome/81.0.4044.122 Safari/537.36"
141.98.102.179 - - [11/Sep/2023:21:55:06 +0000] "POST /xmlrpc.php HTTP/1.1" 200 4922 "-" "Mozilla/5.0 (Windows NT 10.0; Win64; x64) AppleWebKit/537.36 (KHTML, like Gecko) Chrome/100.0.4896.127 Safari/537.36"
137.63.71.51 - - [11/Sep/2023:22:00:48 +0000] "POST /xmlrpc.php HTTP/1.1" 200 4921 "-" "Mozilla/5.0 (Windows NT 10.0; Win64; x64) AppleWebKit/537.36 (KHTML, like Gecko) Chrome/100.0.4896.127 Safari/537.36"
136.243.92.189 - - [11/Sep/2023:22:37:29 +0000] "POST /wp-cron.php?doing_wp_cron=1694471849.6774458885192871093750 HTTP/1.1" 200 4654 "-" "WordPress/6.2.2; https://cheemahaveli.com"
62.102.148.185 - - [11/Sep/2023:22:37:29 +0000] "POST /xmlrpc.php HTTP/1.1" 200 4921 "-" "Mozilla/5.0 (Windows NT 10.0; Win64; x64) AppleWebKit/537.36 (KHTML, like Gecko) Chrome/100.0.4896.127 Safari/537.36"
134.19.179.187 - - [11/Sep/2023:22:40:29 +0000] "POST /xmlrpc.php HTTP/1.1" 200 4921 "-" "Mozilla/5.0 (Windows NT 10.0; Win64; x64) AppleWebKit/537.36 (KHTML, like Gecko) Chrome/100.0.4896.127 Safari/537.36"
37.120.132.83 - - [11/Sep/2023:23:04:54 +0000] "POST /xmlrpc.php HTTP/1.1" 200 4921 "-" "Mozilla/5.0 (Windows NT 10.0; Win64; x64) AppleWebKit/537.36 (KHTML, like Gecko) Chrome/100.0.4896.127 Safari/537.36"
31.170.160.101 - - [11/Sep/2023:23:18:08 +0000] "POST /wp-login.php HTTP/1.1" 200 6813 "-" "Mozilla/5.0 (Windows NT 6.1; Win64; x64) AppleWebKit/537.36 (KHTML, like Gecko) Chrome/80.0.3987.163 Safari/537.36"
197.17.27.169 - - [11/Sep/2023:23:55:27 +0000] "GET /administrator/ HTTP/1.1" 301 549 "-" "Mozilla/5.0 (Windows NT 6.0; rv:34.0) Gecko/20100101 Firefox/34.0"
136.243.92.189 - - [11/Sep/2023:23:55:28 +0000] "POST /wp-cron.php?doing_wp_cron=1694476528.6421389579772949218750 HTTP/1.1" 200 4655 "-" "WordPress/6.2.2; https://cheemahaveli.com"
197.17.27.169 - - [11/Sep/2023:23:55:28 +0000] "GET /administrator/ HTTP/1.1" 404 14109 "-" "Mozilla/5.0 (Windows NT 6.0; rv:34.0) Gecko/20100101 Firefox/34.0"
197.17.27.169 - - [11/Sep/2023:23:55:29 +0000] "GET /administrator/index.php HTTP/1.1" 301 567 "https://cheemahaveli.com/administrator/" "Mozilla/5.0 (Windows NT 6.0; rv:34.0) Gecko/20100101 Firefox/34.0"
197.17.27.169 - - [11/Sep/2023:23:55:29 +0000] "GET /administrator/index.php HTTP/1.1" 301 429 "https://cheemahaveli.com/administrator/" "Mozilla/5.0 (Windows NT 6.0; rv:34.0) Gecko/20100101 Firefox/34.0"
197.17.27.169 - - [11/Sep/2023:23:55:29 +0000] "GET /administrator/ HTTP/1.1" 404 10013 "https://cheemahaveli.com/administrator/" "Mozilla/5.0 (Windows NT 6.0; rv:34.0) Gecko/20100101 Firefox/34.0"
213.152.161.25 - - [11/Sep/2023:23:57:00 +0000] "POST /xmlrpc.php HTTP/1.1" 200 4921 "-" "Mozilla/5.0 (Windows NT 10.0; Win64; x64) AppleWebKit/537.36 (KHTML, like Gecko) Chrome/100.0.4896.127 Safari/537.36"
197.17.27.169 - - [11/Sep/2023:23:58:36 +0000] "GET /wp-login.php HTTP/1.1" 301 545 "-" "Mozilla/5.0 (Windows NT 6.0; rv:34.0) Gecko/20100101 Firefox/34.0"
197.17.27.169 - - [11/Sep/2023:23:58:37 +0000] "GET /wp-login.php HTTP/1.1" 200 6474 "-" "Mozilla/5.0 (Windows NT 6.0; rv:34.0) Gecko/20100101 Firefox/34.0"
213.152.161.25 - - [11/Sep/2023:23:59:18 +0000] "POST /xmlrpc.php HTTP/1.1" 200 4921 "-" "Mozilla/5.0 (Windows NT 10.0; Win64; x64) AppleWebKit/537.36 (KHTML, like Gecko) Chrome/100.0.4896.127 Safari/537.36"
87.236.209.164 - - [12/Sep/2023:00:01:45 +0000] "GET /wp-login.php HTTP/1.1" 301 564 "-" "Mozilla/5.0 (X11; Fedora; Linux x86_64; rv:94.0) Gecko/20100101 Firefox/95.0"
87.236.209.164 - - [12/Sep/2023:00:01:51 +0000] "GET /wp-login.php HTTP/1.1" 200 6448 "http://cheemahaveli.com/wp-login.php" "Mozilla/5.0 (X11; Fedora; Linux x86_64; rv:94.0) Gecko/20100101 Firefox/95.0"
87.236.209.164 - - [12/Sep/2023:00:01:52 +0000] "GET ///?author=1 HTTP/1.1" 301 558 "-" "Mozilla/5.0 (X11; Fedora; Linux x86_64; rv:94.0) Gecko/20100101 Firefox/95.0"
87.236.209.164 - - [12/Sep/2023:00:01:59 +0000] "GET /?author=1 HTTP/1.1" 301 4402 "http://cheemahaveli.com///?author=1" "Mozilla/5.0 (X11; Fedora; Linux x86_64; rv:94.0) Gecko/20100101 Firefox/95.0"
87.236.209.164 - - [12/Sep/2023:00:02:05 +0000] "GET /author/cheema/ HTTP/1.1" 200 14278 "https://cheemahaveli.com/?author=1" "Mozilla/5.0 (X11; Fedora; Linux x86_64; rv:94.0) Gecko/20100101 Firefox/95.0"
87.236.209.164 - - [12/Sep/2023:00:02:05 +0000] "GET ///wp-json/wp/v2/users/ HTTP/1.1" 301 580 "-" "Mozilla/5.0 (X11; Fedora; Linux x86_64; rv:94.0) Gecko/20100101 Firefox/95.0"
87.236.209.164 - - [12/Sep/2023:00:02:06 +0000] "GET /wp-json/wp/v2/users/ HTTP/1.1" 200 4908 "http://cheemahaveli.com///wp-json/wp/v2/users/" "Mozilla/5.0 (X11; Fedora; Linux x86_64; rv:94.0) Gecko/20100101 Firefox/95.0"
87.236.209.164 - - [12/Sep/2023:00:02:31 +0000] "GET ///?author=2 HTTP/1.1" 301 558 "-" "Mozilla/5.0 (X11; Fedora; Linux x86_64; rv:94.0) Gecko/20100101 Firefox/95.0"
66.249.79.67 - - [12/Sep/2023:00:22:04 +0000] "GET /wp-content/uploads/2023/07/logo.png HTTP/1.1" 200 111330 "-" "Googlebot-Image/1.0"
136.243.92.189 - - [12/Sep/2023:00:30:10 +0000] "POST /wp-cron.php?doing_wp_cron=1694478610.5513620376586914062500 HTTP/1.1" 200 4656 "-" "WordPress/6.2.2; https://cheemahaveli.com"
213.152.161.30 - - [12/Sep/2023:00:30:10 +0000] "POST /xmlrpc.php HTTP/1.1" 200 4921 "-" "Mozilla/5.0 (Windows NT 10.0; Win64; x64) AppleWebKit/537.36 (KHTML, like Gecko) Chrome/100.0.4896.127 Safari/537.36"
106.15.38.206 - - [12/Sep/2023:00:36:00 +0000] "POST /wp-login.php HTTP/1.1" 200 6812 "-" "Mozilla/5.0 (Windows NT 6.1) AppleWebKit/537.36 (KHTML, like Gecko) Chrome/65.0.3325.181 Safari/537.36"
83.143.245.51 - - [12/Sep/2023:00:41:07 +0000] "POST /xmlrpc.php HTTP/1.1" 200 4922 "-" "Mozilla/5.0 (Windows NT 10.0; Win64; x64) AppleWebKit/537.36 (KHTML, like Gecko) Chrome/100.0.4896.127 Safari/537.36"
61.19.50.141 - - [12/Sep/2023:00:56:28 +0000] "GET /inputs.php HTTP/1.1" 301 560 "cheemahaveli.com" "Mozilla/5.1 (Windows NT 6.0; WOW64) AppleWebKit/537.37 (KHTML, like Gecko) Chrome/58.0.1145.75 Safari/537.37"
61.19.50.141 - - [12/Sep/2023:00:56:29 +0000] "GET /inputs.php HTTP/1.1" 404 46896 "cheemahaveli.com" "Mozilla/5.1 (Windows NT 6.0; WOW64) AppleWebKit/537.37 (KHTML, like Gecko) Chrome/58.0.1145.75 Safari/537.37"
