124.253.67.94 - - [30/Aug/2023:10:26:00 +0000] "GET /wp-content/uploads/2023/08/cheema-haveli-sirhind-fatehgarh-sahib-restaurants-346hmie.jpg HTTP/1.1" 200 114687 "https://cheemahaveli.com/" "Mozilla/5.0 (Linux; Android 6.0; Nexus 5 Build/MRA58N) AppleWebKit/537.36 (KHTML, like Gecko) Chrome/116.0.0.0 Mobile Safari/537.36"
124.253.67.94 - - [30/Aug/2023:10:26:00 +0000] "GET /wp-content/themes/cheema/images/about-01.png HTTP/1.1" 200 3997 "https://cheemahaveli.com/" "Mozilla/5.0 (Linux; Android 6.0; Nexus 5 Build/MRA58N) AppleWebKit/537.36 (KHTML, like Gecko) Chrome/116.0.0.0 Mobile Safari/537.36"
124.253.67.94 - - [30/Aug/2023:10:26:00 +0000] "GET /wp-content/themes/cheema/images/about-02.png HTTP/1.1" 200 6558 "https://cheemahaveli.com/" "Mozilla/5.0 (Linux; Android 6.0; Nexus 5 Build/MRA58N) AppleWebKit/537.36 (KHTML, like Gecko) Chrome/116.0.0.0 Mobile Safari/537.36"
124.253.67.94 - - [30/Aug/2023:10:26:00 +0000] "GET /wp-content/themes/cheema/images/about-03.png HTTP/1.1" 200 179035 "https://cheemahaveli.com/" "Mozilla/5.0 (Linux; Android 6.0; Nexus 5 Build/MRA58N) AppleWebKit/537.36 (KHTML, like Gecko) Chrome/116.0.0.0 Mobile Safari/537.36"
124.253.67.94 - - [30/Aug/2023:10:26:00 +0000] "GET /wp-content/uploads/2023/08/cheema-haveli.jpg HTTP/1.1" 200 94944 "https://cheemahaveli.com/" "Mozilla/5.0 (Linux; Android 6.0; Nexus 5 Build/MRA58N) AppleWebKit/537.36 (KHTML, like Gecko) Chrome/116.0.0.0 Mobile Safari/537.36"
124.253.67.94 - - [30/Aug/2023:10:26:00 +0000] "GET /wp-content/themes/cheema/images/img-04.jpg HTTP/1.1" 200 318699 "https://cheemahaveli.com/" "Mozilla/5.0 (Linux; Android 6.0; Nexus 5 Build/MRA58N) AppleWebKit/537.36 (KHTML, like Gecko) Chrome/116.0.0.0 Mobile Safari/537.36"
124.253.67.94 - - [30/Aug/2023:10:26:00 +0000] "GET /wp-content/uploads/2023/08/cheema-haveli4.jpg HTTP/1.1" 200 78718 "https://cheemahaveli.com/" "Mozilla/5.0 (Linux; Android 6.0; Nexus 5 Build/MRA58N) AppleWebKit/537.36 (KHTML, like Gecko) Chrome/116.0.0.0 Mobile Safari/537.36"
124.253.67.94 - - [30/Aug/2023:10:26:00 +0000] "GET /wp-content/uploads/2023/07/services-04.jpg HTTP/1.1" 200 139062 "https://cheemahaveli.com/" "Mozilla/5.0 (Linux; Android 6.0; Nexus 5 Build/MRA58N) AppleWebKit/537.36 (KHTML, like Gecko) Chrome/116.0.0.0 Mobile Safari/537.36"
124.253.67.94 - - [30/Aug/2023:10:26:00 +0000] "GET /wp-content/uploads/2023/07/services-05.jpg HTTP/1.1" 200 416303 "https://cheemahaveli.com/" "Mozilla/5.0 (Linux; Android 6.0; Nexus 5 Build/MRA58N) AppleWebKit/537.36 (KHTML, like Gecko) Chrome/116.0.0.0 Mobile Safari/537.36"
124.253.67.94 - - [30/Aug/2023:10:26:00 +0000] "GET /wp-json/contact-form-7/v1/contact-forms/94/feedback/schema HTTP/1.1" 200 858 "https://cheemahaveli.com/" "Mozilla/5.0 (Linux; Android 6.0; Nexus 5 Build/MRA58N) AppleWebKit/537.36 (KHTML, like Gecko) Chrome/116.0.0.0 Mobile Safari/537.36"
124.253.67.94 - - [30/Aug/2023:10:26:00 +0000] "GET /wp-content/uploads/2023/07/services-01.jpg HTTP/1.1" 200 463541 "https://cheemahaveli.com/" "Mozilla/5.0 (Linux; Android 6.0; Nexus 5 Build/MRA58N) AppleWebKit/537.36 (KHTML, like Gecko) Chrome/116.0.0.0 Mobile Safari/537.36"
124.253.67.94 - - [30/Aug/2023:10:26:00 +0000] "GET /wp-content/uploads/2023/08/cheema-haveli5.jpg HTTP/1.1" 200 142046 "https://cheemahaveli.com/" "Mozilla/5.0 (Linux; Android 6.0; Nexus 5 Build/MRA58N) AppleWebKit/537.36 (KHTML, like Gecko) Chrome/116.0.0.0 Mobile Safari/537.36"
124.253.67.94 - - [30/Aug/2023:10:26:00 +0000] "GET /wp-content/themes/cheema/images/logo.png HTTP/1.1" 200 107053 "https://cheemahaveli.com/" "Mozilla/5.0 (Linux; Android 6.0; Nexus 5 Build/MRA58N) AppleWebKit/537.36 (KHTML, like Gecko) Chrome/116.0.0.0 Mobile Safari/537.36"
124.253.67.94 - - [30/Aug/2023:10:26:00 +0000] "GET /wp-content/themes/cheema/images/img-05.jpg HTTP/1.1" 200 154381 "https://cheemahaveli.com/" "Mozilla/5.0 (Linux; Android 6.0; Nexus 5 Build/MRA58N) AppleWebKit/537.36 (KHTML, like Gecko) Chrome/116.0.0.0 Mobile Safari/537.36"
124.253.67.94 - - [30/Aug/2023:10:26:00 +0000] "GET /wp-content/uploads/2023/07/services-03.jpg HTTP/1.1" 200 382333 "https://cheemahaveli.com/" "Mozilla/5.0 (Linux; Android 6.0; Nexus 5 Build/MRA58N) AppleWebKit/537.36 (KHTML, like Gecko) Chrome/116.0.0.0 Mobile Safari/537.36"
124.253.67.94 - - [30/Aug/2023:10:26:00 +0000] "GET /wp-content/uploads/2023/07/services-02.jpg HTTP/1.1" 200 469170 "https://cheemahaveli.com/" "Mozilla/5.0 (Linux; Android 6.0; Nexus 5 Build/MRA58N) AppleWebKit/537.36 (KHTML, like Gecko) Chrome/116.0.0.0 Mobile Safari/537.36"
124.253.67.94 - - [30/Aug/2023:10:26:00 +0000] "GET /wp-content/uploads/2023/08/haveli.jpg HTTP/1.1" 200 118239 "https://cheemahaveli.com/" "Mozilla/5.0 (Linux; Android 6.0; Nexus 5 Build/MRA58N) AppleWebKit/537.36 (KHTML, like Gecko) Chrome/116.0.0.0 Mobile Safari/537.36"
124.253.67.94 - - [30/Aug/2023:10:26:01 +0000] "GET /wp-content/uploads/2023/07/services-07.jpg HTTP/1.1" 200 191363 "https://cheemahaveli.com/" "Mozilla/5.0 (Linux; Android 6.0; Nexus 5 Build/MRA58N) AppleWebKit/537.36 (KHTML, like Gecko) Chrome/116.0.0.0 Mobile Safari/537.36"
124.253.67.94 - - [30/Aug/2023:10:26:01 +0000] "GET /wp-content/uploads/2023/07/img-05.jpg HTTP/1.1" 200 154381 "https://cheemahaveli.com/" "Mozilla/5.0 (Linux; Android 6.0; Nexus 5 Build/MRA58N) AppleWebKit/537.36 (KHTML, like Gecko) Chrome/116.0.0.0 Mobile Safari/537.36"
124.253.67.94 - - [30/Aug/2023:10:26:01 +0000] "GET /wp-content/uploads/2023/07/female.jpg HTTP/1.1" 200 8078 "https://cheemahaveli.com/" "Mozilla/5.0 (Linux; Android 6.0; Nexus 5 Build/MRA58N) AppleWebKit/537.36 (KHTML, like Gecko) Chrome/116.0.0.0 Mobile Safari/537.36"
124.253.67.94 - - [30/Aug/2023:10:26:01 +0000] "GET /wp-includes/js/wp-emoji-release.min.js?ver=6.2.2 HTTP/1.1" 200 5412 "https://cheemahaveli.com/" "Mozilla/5.0 (Linux; Android 6.0; Nexus 5 Build/MRA58N) AppleWebKit/537.36 (KHTML, like Gecko) Chrome/116.0.0.0 Mobile Safari/537.36"
124.253.67.94 - - [30/Aug/2023:10:26:01 +0000] "GET /wp-content/uploads/2023/07/male.jpg HTTP/1.1" 200 6092 "https://cheemahaveli.com/" "Mozilla/5.0 (Linux; Android 6.0; Nexus 5 Build/MRA58N) AppleWebKit/537.36 (KHTML, like Gecko) Chrome/116.0.0.0 Mobile Safari/537.36"
124.253.67.94 - - [30/Aug/2023:10:26:01 +0000] "GET /wp-content/themes/cheema/assets/css/print.css?ver=1.0.0 HTTP/1.1" 200 1442 "https://cheemahaveli.com/" "Mozilla/5.0 (Linux; Android 6.0; Nexus 5 Build/MRA58N) AppleWebKit/537.36 (KHTML, like Gecko) Chrome/116.0.0.0 Mobile Safari/537.36"
124.253.67.94 - - [30/Aug/2023:10:26:26 +0000] "POST /wp-admin/admin-ajax.php HTTP/1.1" 200 993 "https://cheemahaveli.com/wp-admin/admin.php?page=wp-smtp%2Fwp-smtp.php" "Mozilla/5.0 (Windows NT 10.0; Win64; x64) AppleWebKit/537.36 (KHTML, like Gecko) Chrome/116.0.0.0 Safari/537.36"
124.253.67.94 - - [30/Aug/2023:10:26:26 +0000] "GET /favicon.ico HTTP/1.1" 302 794 "https://cheemahaveli.com/" "Mozilla/5.0 (Linux; Android 6.0; Nexus 5 Build/MRA58N) AppleWebKit/537.36 (KHTML, like Gecko) Chrome/116.0.0.0 Mobile Safari/537.36"
124.253.67.94 - - [30/Aug/2023:10:26:26 +0000] "GET /wp-includes/images/w-logo-blue-white-bg.png HTTP/1.1" 200 4427 "https://cheemahaveli.com/" "Mozilla/5.0 (Linux; Android 6.0; Nexus 5 Build/MRA58N) AppleWebKit/537.36 (KHTML, like Gecko) Chrome/116.0.0.0 Mobile Safari/537.36"
124.253.67.94 - - [30/Aug/2023:10:26:40 +0000] "GET / HTTP/1.1" 200 14267 "https://cheemahaveli.com/contact-us/" "Mozilla/5.0 (Linux; Android 6.0; Nexus 5 Build/MRA58N) AppleWebKit/537.36 (KHTML, like Gecko) Chrome/116.0.0.0 Mobile Safari/537.36"
124.253.67.94 - - [30/Aug/2023:10:26:41 +0000] "GET /wp-content/themes/cheema/css/bootstrap.min.css HTTP/1.1" 200 20522 "https://cheemahaveli.com/" "Mozilla/5.0 (Linux; Android 6.0; Nexus 5 Build/MRA58N) AppleWebKit/537.36 (KHTML, like Gecko) Chrome/116.0.0.0 Mobile Safari/537.36"
124.253.67.94 - - [30/Aug/2023:10:26:41 +0000] "GET /wp-content/themes/cheema/css/bootstrap-theme.min.css HTTP/1.1" 200 3135 "https://cheemahaveli.com/" "Mozilla/5.0 (Linux; Android 6.0; Nexus 5 Build/MRA58N) AppleWebKit/537.36 (KHTML, like Gecko) Chrome/116.0.0.0 Mobile Safari/537.36"
124.253.67.94 - - [30/Aug/2023:10:26:41 +0000] "GET /wp-content/themes/cheema/css/grid.min.css HTTP/1.1" 200 6384 "https://cheemahaveli.com/" "Mozilla/5.0 (Linux; Android 6.0; Nexus 5 Build/MRA58N) AppleWebKit/537.36 (KHTML, like Gecko) Chrome/116.0.0.0 Mobile Safari/537.36"
124.253.67.94 - - [30/Aug/2023:10:26:41 +0000] "GET /wp-content/themes/cheema/dist/aos.css HTTP/1.1" 200 2919 "https://cheemahaveli.com/" "Mozilla/5.0 (Linux; Android 6.0; Nexus 5 Build/MRA58N) AppleWebKit/537.36 (KHTML, like Gecko) Chrome/116.0.0.0 Mobile Safari/537.36"
124.253.67.94 - - [30/Aug/2023:10:26:41 +0000] "GET /wp-content/themes/cheema-child/style.css HTTP/1.1" 200 10600 "https://cheemahaveli.com/" "Mozilla/5.0 (Linux; Android 6.0; Nexus 5 Build/MRA58N) AppleWebKit/537.36 (KHTML, like Gecko) Chrome/116.0.0.0 Mobile Safari/537.36"
124.253.67.94 - - [30/Aug/2023:10:26:41 +0000] "GET /wp-content/themes/cheema/css/owl.carousel.css HTTP/1.1" 200 5768 "https://cheemahaveli.com/" "Mozilla/5.0 (Linux; Android 6.0; Nexus 5 Build/MRA58N) AppleWebKit/537.36 (KHTML, like Gecko) Chrome/116.0.0.0 Mobile Safari/537.36"
124.253.67.94 - - [30/Aug/2023:10:26:41 +0000] "GET /wp-content/themes/cheema/css/owl.theme.css HTTP/1.1" 200 5253 "https://cheemahaveli.com/" "Mozilla/5.0 (Linux; Android 6.0; Nexus 5 Build/MRA58N) AppleWebKit/537.36 (KHTML, like Gecko) Chrome/116.0.0.0 Mobile Safari/537.36"
124.253.67.94 - - [30/Aug/2023:10:26:41 +0000] "GET /wp-content/themes/cheema/font-awesome/css/font-awesome.min.css HTTP/1.1" 200 7411 "https://cheemahaveli.com/" "Mozilla/5.0 (Linux; Android 6.0; Nexus 5 Build/MRA58N) AppleWebKit/537.36 (KHTML, like Gecko) Chrome/116.0.0.0 Mobile Safari/537.36"
124.253.67.94 - - [30/Aug/2023:10:26:41 +0000] "GET /wp-includes/css/dist/block-library/style.min.css?ver=6.2.2 HTTP/1.1" 200 13163 "https://cheemahaveli.com/" "Mozilla/5.0 (Linux; Android 6.0; Nexus 5 Build/MRA58N) AppleWebKit/537.36 (KHTML, like Gecko) Chrome/116.0.0.0 Mobile Safari/537.36"
124.253.67.94 - - [30/Aug/2023:10:26:41 +0000] "GET /wp-includes/css/classic-themes.min.css?ver=6.2.2 HTTP/1.1" 200 567 "https://cheemahaveli.com/" "Mozilla/5.0 (Linux; Android 6.0; Nexus 5 Build/MRA58N) AppleWebKit/537.36 (KHTML, like Gecko) Chrome/116.0.0.0 Mobile Safari/537.36"
124.253.67.94 - - [30/Aug/2023:10:26:41 +0000] "GET /wp-content/plugins/contact-form-7/includes/css/styles.css?ver=5.7.7 HTTP/1.1" 200 1362 "https://cheemahaveli.com/" "Mozilla/5.0 (Linux; Android 6.0; Nexus 5 Build/MRA58N) AppleWebKit/537.36 (KHTML, like Gecko) Chrome/116.0.0.0 Mobile Safari/537.36"
124.253.67.94 - - [30/Aug/2023:10:26:41 +0000] "GET /wp-content/themes/cheema/style.css?ver=1.0.0 HTTP/1.1" 200 1019 "https://cheemahaveli.com/" "Mozilla/5.0 (Linux; Android 6.0; Nexus 5 Build/MRA58N) AppleWebKit/537.36 (KHTML, like Gecko) Chrome/116.0.0.0 Mobile Safari/537.36"
124.253.67.94 - - [30/Aug/2023:10:26:41 +0000] "GET /wp-content/uploads/2023/07/logo.png HTTP/1.1" 200 107053 "https://cheemahaveli.com/" "Mozilla/5.0 (Linux; Android 6.0; Nexus 5 Build/MRA58N) AppleWebKit/537.36 (KHTML, like Gecko) Chrome/116.0.0.0 Mobile Safari/537.36"
124.253.67.94 - - [30/Aug/2023:10:26:42 +0000] "GET /wp-content/themes/cheema/js/bootstrap.min.js HTTP/1.1" 200 10272 "https://cheemahaveli.com/" "Mozilla/5.0 (Linux; Android 6.0; Nexus 5 Build/MRA58N) AppleWebKit/537.36 (KHTML, like Gecko) Chrome/116.0.0.0 Mobile Safari/537.36"
124.253.67.94 - - [30/Aug/2023:10:26:42 +0000] "GET /wp-content/themes/cheema/font-awesome/fonts/fontawesome-webfont.woff2?v=4.7.0 HTTP/1.1" 200 77669 "https://cheemahaveli.com/wp-content/themes/cheema/font-awesome/css/font-awesome.min.css" "Mozilla/5.0 (Linux; Android 6.0; Nexus 5 Build/MRA58N) AppleWebKit/537.36 (KHTML, like Gecko) Chrome/116.0.0.0 Mobile Safari/537.36"
124.253.67.94 - - [30/Aug/2023:10:26:42 +0000] "GET /wp-content/themes/cheema/images/slider-03.jpg HTTP/1.1" 200 761311 "https://cheemahaveli.com/" "Mozilla/5.0 (Linux; Android 6.0; Nexus 5 Build/MRA58N) AppleWebKit/537.36 (KHTML, like Gecko) Chrome/116.0.0.0 Mobile Safari/537.36"
124.253.67.94 - - [30/Aug/2023:10:26:42 +0000] "GET /wp-content/themes/cheema/js/script.js HTTP/1.1" 200 4816 "https://cheemahaveli.com/" "Mozilla/5.0 (Linux; Android 6.0; Nexus 5 Build/MRA58N) AppleWebKit/537.36 (KHTML, like Gecko) Chrome/116.0.0.0 Mobile Safari/537.36"
124.253.67.94 - - [30/Aug/2023:10:26:41 +0000] "GET /wp-content/themes/cheema/images/slider-01.jpg HTTP/1.1" 200 1609846 "https://cheemahaveli.com/" "Mozilla/5.0 (Linux; Android 6.0; Nexus 5 Build/MRA58N) AppleWebKit/537.36 (KHTML, like Gecko) Chrome/116.0.0.0 Mobile Safari/537.36"
124.253.67.94 - - [30/Aug/2023:10:26:42 +0000] "GET /wp-content/themes/cheema/images/slider-04.jpg HTTP/1.1" 200 779445 "https://cheemahaveli.com/" "Mozilla/5.0 (Linux; Android 6.0; Nexus 5 Build/MRA58N) AppleWebKit/537.36 (KHTML, like Gecko) Chrome/116.0.0.0 Mobile Safari/537.36"
124.253.67.94 - - [30/Aug/2023:10:26:42 +0000] "GET /wp-content/themes/cheema/images/slider-02.jpg HTTP/1.1" 200 857504 "https://cheemahaveli.com/" "Mozilla/5.0 (Linux; Android 6.0; Nexus 5 Build/MRA58N) AppleWebKit/537.36 (KHTML, like Gecko) Chrome/116.0.0.0 Mobile Safari/537.36"
124.253.67.94 - - [30/Aug/2023:10:26:42 +0000] "GET /wp-content/themes/cheema/js/owl.carousel.js HTTP/1.1" 200 8684 "https://cheemahaveli.com/" "Mozilla/5.0 (Linux; Android 6.0; Nexus 5 Build/MRA58N) AppleWebKit/537.36 (KHTML, like Gecko) Chrome/116.0.0.0 Mobile Safari/537.36"
124.253.67.94 - - [30/Aug/2023:10:26:42 +0000] "GET /wp-content/themes/cheema/dist/aos.js HTTP/1.1" 200 4876 "https://cheemahaveli.com/" "Mozilla/5.0 (Linux; Android 6.0; Nexus 5 Build/MRA58N) AppleWebKit/537.36 (KHTML, like Gecko) Chrome/116.0.0.0 Mobile Safari/537.36"
124.253.67.94 - - [30/Aug/2023:10:26:43 +0000] "GET /wp-content/plugins/contact-form-7/includes/swv/js/index.js?ver=5.7.7 HTTP/1.1" 200 3383 "https://cheemahaveli.com/" "Mozilla/5.0 (Linux; Android 6.0; Nexus 5 Build/MRA58N) AppleWebKit/537.36 (KHTML, like Gecko) Chrome/116.0.0.0 Mobile Safari/537.36"
124.253.67.94 - - [30/Aug/2023:10:26:43 +0000] "GET /wp-content/plugins/contact-form-7/includes/js/index.js?ver=5.7.7 HTTP/1.1" 200 4555 "https://cheemahaveli.com/" "Mozilla/5.0 (Linux; Android 6.0; Nexus 5 Build/MRA58N) AppleWebKit/537.36 (KHTML, like Gecko) Chrome/116.0.0.0 Mobile Safari/537.36"
124.253.67.94 - - [30/Aug/2023:10:26:43 +0000] "GET /wp-content/themes/cheema/assets/js/primary-navigation.js?ver=1.0.0 HTTP/1.1" 200 2223 "https://cheemahaveli.com/" "Mozilla/5.0 (Linux; Android 6.0; Nexus 5 Build/MRA58N) AppleWebKit/537.36 (KHTML, like Gecko) Chrome/116.0.0.0 Mobile Safari/537.36"
124.253.67.94 - - [30/Aug/2023:10:26:42 +0000] "GET /wp-content/themes/cheema/css/bootstrap-grid.min.css.map HTTP/1.1" 404 10011 "-" "Mozilla/5.0 (Windows NT 10.0; Win64; x64) AppleWebKit/537.36 (KHTML, like Gecko) Chrome/116.0.0.0 Safari/537.36"
124.253.67.94 - - [30/Aug/2023:10:26:43 +0000] "GET /wp-content/themes/cheema/assets/js/responsive-embeds.js?ver=1.0.0 HTTP/1.1" 200 916 "https://cheemahaveli.com/" "Mozilla/5.0 (Linux; Android 6.0; Nexus 5 Build/MRA58N) AppleWebKit/537.36 (KHTML, like Gecko) Chrome/116.0.0.0 Mobile Safari/537.36"
124.253.67.94 - - [30/Aug/2023:10:26:43 +0000] "GET /wp-content/uploads/2023/08/cheema-haveli-sirhind-fatehgarh-sahib-restaurants-2kefzxg.jpg HTTP/1.1" 200 123610 "https://cheemahaveli.com/" "Mozilla/5.0 (Linux; Android 6.0; Nexus 5 Build/MRA58N) AppleWebKit/537.36 (KHTML, like Gecko) Chrome/116.0.0.0 Mobile Safari/537.36"
124.253.67.94 - - [30/Aug/2023:10:26:43 +0000] "GET /wp-content/themes/cheema/images/about-01.png HTTP/1.1" 200 3997 "https://cheemahaveli.com/" "Mozilla/5.0 (Linux; Android 6.0; Nexus 5 Build/MRA58N) AppleWebKit/537.36 (KHTML, like Gecko) Chrome/116.0.0.0 Mobile Safari/537.36"
124.253.67.94 - - [30/Aug/2023:10:26:43 +0000] "GET /wp-content/themes/cheema/images/about-03.png HTTP/1.1" 200 179035 "https://cheemahaveli.com/" "Mozilla/5.0 (Linux; Android 6.0; Nexus 5 Build/MRA58N) AppleWebKit/537.36 (KHTML, like Gecko) Chrome/116.0.0.0 Mobile Safari/537.36"
124.253.67.94 - - [30/Aug/2023:10:26:43 +0000] "GET /wp-content/uploads/2023/08/cheema-haveli.jpg HTTP/1.1" 200 94944 "https://cheemahaveli.com/" "Mozilla/5.0 (Linux; Android 6.0; Nexus 5 Build/MRA58N) AppleWebKit/537.36 (KHTML, like Gecko) Chrome/116.0.0.0 Mobile Safari/537.36"
124.253.67.94 - - [30/Aug/2023:10:26:43 +0000] "GET /wp-content/uploads/2023/07/img-02.jpg HTTP/1.1" 200 239090 "https://cheemahaveli.com/" "Mozilla/5.0 (Linux; Android 6.0; Nexus 5 Build/MRA58N) AppleWebKit/537.36 (KHTML, like Gecko) Chrome/116.0.0.0 Mobile Safari/537.36"
124.253.67.94 - - [30/Aug/2023:10:26:43 +0000] "GET /wp-content/uploads/2023/08/cheema-haveli-sirhind-fatehgarh-sahib-restaurants-346hmie.jpg HTTP/1.1" 200 114687 "https://cheemahaveli.com/" "Mozilla/5.0 (Linux; Android 6.0; Nexus 5 Build/MRA58N) AppleWebKit/537.36 (KHTML, like Gecko) Chrome/116.0.0.0 Mobile Safari/537.36"
124.253.67.94 - - [30/Aug/2023:10:26:43 +0000] "GET /wp-content/themes/cheema/images/about-02.png HTTP/1.1" 200 6558 "https://cheemahaveli.com/" "Mozilla/5.0 (Linux; Android 6.0; Nexus 5 Build/MRA58N) AppleWebKit/537.36 (KHTML, like Gecko) Chrome/116.0.0.0 Mobile Safari/537.36"
124.253.67.94 - - [30/Aug/2023:10:26:43 +0000] "GET /wp-content/themes/cheema/images/img-04.jpg HTTP/1.1" 200 318699 "https://cheemahaveli.com/" "Mozilla/5.0 (Linux; Android 6.0; Nexus 5 Build/MRA58N) AppleWebKit/537.36 (KHTML, like Gecko) Chrome/116.0.0.0 Mobile Safari/537.36"
124.253.67.94 - - [30/Aug/2023:10:26:43 +0000] "GET /wp-content/uploads/2023/07/services-05.jpg HTTP/1.1" 200 416303 "https://cheemahaveli.com/" "Mozilla/5.0 (Linux; Android 6.0; Nexus 5 Build/MRA58N) AppleWebKit/537.36 (KHTML, like Gecko) Chrome/116.0.0.0 Mobile Safari/537.36"
124.253.67.94 - - [30/Aug/2023:10:26:43 +0000] "GET /wp-content/uploads/2023/07/services-04.jpg HTTP/1.1" 200 139062 "https://cheemahaveli.com/" "Mozilla/5.0 (Linux; Android 6.0; Nexus 5 Build/MRA58N) AppleWebKit/537.36 (KHTML, like Gecko) Chrome/116.0.0.0 Mobile Safari/537.36"
124.253.67.94 - - [30/Aug/2023:10:26:43 +0000] "GET /wp-content/uploads/2023/08/cheema-haveli4.jpg HTTP/1.1" 200 78718 "https://cheemahaveli.com/" "Mozilla/5.0 (Linux; Android 6.0; Nexus 5 Build/MRA58N) AppleWebKit/537.36 (KHTML, like Gecko) Chrome/116.0.0.0 Mobile Safari/537.36"
124.253.67.94 - - [30/Aug/2023:10:26:43 +0000] "GET /wp-content/uploads/2023/07/services-01.jpg HTTP/1.1" 200 463541 "https://cheemahaveli.com/" "Mozilla/5.0 (Linux; Android 6.0; Nexus 5 Build/MRA58N) AppleWebKit/537.36 (KHTML, like Gecko) Chrome/116.0.0.0 Mobile Safari/537.36"
124.253.67.94 - - [30/Aug/2023:10:26:43 +0000] "GET /wp-content/themes/cheema/images/logo.png HTTP/1.1" 200 107053 "https://cheemahaveli.com/" "Mozilla/5.0 (Linux; Android 6.0; Nexus 5 Build/MRA58N) AppleWebKit/537.36 (KHTML, like Gecko) Chrome/116.0.0.0 Mobile Safari/537.36"
124.253.67.94 - - [30/Aug/2023:10:26:43 +0000] "GET /wp-content/uploads/2023/08/cheema-haveli5.jpg HTTP/1.1" 200 142046 "https://cheemahaveli.com/" "Mozilla/5.0 (Linux; Android 6.0; Nexus 5 Build/MRA58N) AppleWebKit/537.36 (KHTML, like Gecko) Chrome/116.0.0.0 Mobile Safari/537.36"
124.253.67.94 - - [30/Aug/2023:10:26:43 +0000] "GET /wp-json/contact-form-7/v1/contact-forms/94/feedback/schema HTTP/1.1" 200 858 "https://cheemahaveli.com/" "Mozilla/5.0 (Linux; Android 6.0; Nexus 5 Build/MRA58N) AppleWebKit/537.36 (KHTML, like Gecko) Chrome/116.0.0.0 Mobile Safari/537.36"
124.253.67.94 - - [30/Aug/2023:10:26:43 +0000] "GET /wp-content/themes/cheema/images/img-05.jpg HTTP/1.1" 200 154381 "https://cheemahaveli.com/" "Mozilla/5.0 (Linux; Android 6.0; Nexus 5 Build/MRA58N) AppleWebKit/537.36 (KHTML, like Gecko) Chrome/116.0.0.0 Mobile Safari/537.36"
124.253.67.94 - - [30/Aug/2023:10:26:43 +0000] "GET /wp-content/uploads/2023/07/services-02.jpg HTTP/1.1" 200 469170 "https://cheemahaveli.com/" "Mozilla/5.0 (Linux; Android 6.0; Nexus 5 Build/MRA58N) AppleWebKit/537.36 (KHTML, like Gecko) Chrome/116.0.0.0 Mobile Safari/537.36"
124.253.67.94 - - [30/Aug/2023:10:26:43 +0000] "GET /wp-content/uploads/2023/07/services-03.jpg HTTP/1.1" 200 382333 "https://cheemahaveli.com/" "Mozilla/5.0 (Linux; Android 6.0; Nexus 5 Build/MRA58N) AppleWebKit/537.36 (KHTML, like Gecko) Chrome/116.0.0.0 Mobile Safari/537.36"
124.253.67.94 - - [30/Aug/2023:10:26:43 +0000] "GET /wp-content/uploads/2023/07/services-07.jpg HTTP/1.1" 200 191363 "https://cheemahaveli.com/" "Mozilla/5.0 (Linux; Android 6.0; Nexus 5 Build/MRA58N) AppleWebKit/537.36 (KHTML, like Gecko) Chrome/116.0.0.0 Mobile Safari/537.36"
124.253.67.94 - - [30/Aug/2023:10:26:43 +0000] "GET /wp-content/uploads/2023/07/img-05.jpg HTTP/1.1" 200 154381 "https://cheemahaveli.com/" "Mozilla/5.0 (Linux; Android 6.0; Nexus 5 Build/MRA58N) AppleWebKit/537.36 (KHTML, like Gecko) Chrome/116.0.0.0 Mobile Safari/537.36"
124.253.67.94 - - [30/Aug/2023:10:26:43 +0000] "GET /wp-content/uploads/2023/08/haveli.jpg HTTP/1.1" 200 118239 "https://cheemahaveli.com/" "Mozilla/5.0 (Linux; Android 6.0; Nexus 5 Build/MRA58N) AppleWebKit/537.36 (KHTML, like Gecko) Chrome/116.0.0.0 Mobile Safari/537.36"
124.253.67.94 - - [30/Aug/2023:10:26:43 +0000] "GET /wp-content/uploads/2023/07/female.jpg HTTP/1.1" 200 8078 "https://cheemahaveli.com/" "Mozilla/5.0 (Linux; Android 6.0; Nexus 5 Build/MRA58N) AppleWebKit/537.36 (KHTML, like Gecko) Chrome/116.0.0.0 Mobile Safari/537.36"
124.253.67.94 - - [30/Aug/2023:10:26:43 +0000] "GET /wp-content/uploads/2023/07/male.jpg HTTP/1.1" 200 6092 "https://cheemahaveli.com/" "Mozilla/5.0 (Linux; Android 6.0; Nexus 5 Build/MRA58N) AppleWebKit/537.36 (KHTML, like Gecko) Chrome/116.0.0.0 Mobile Safari/537.36"
124.253.67.94 - - [30/Aug/2023:10:26:44 +0000] "GET /wp-includes/js/wp-emoji-release.min.js?ver=6.2.2 HTTP/1.1" 200 5412 "https://cheemahaveli.com/" "Mozilla/5.0 (Linux; Android 6.0; Nexus 5 Build/MRA58N) AppleWebKit/537.36 (KHTML, like Gecko) Chrome/116.0.0.0 Mobile Safari/537.36"
124.253.67.94 - - [30/Aug/2023:10:26:44 +0000] "GET /wp-content/themes/cheema/assets/css/print.css?ver=1.0.0 HTTP/1.1" 200 1442 "https://cheemahaveli.com/" "Mozilla/5.0 (Linux; Android 6.0; Nexus 5 Build/MRA58N) AppleWebKit/537.36 (KHTML, like Gecko) Chrome/116.0.0.0 Mobile Safari/537.36"
124.253.67.94 - - [30/Aug/2023:10:26:44 +0000] "GET /favicon.ico HTTP/1.1" 302 470 "https://cheemahaveli.com/" "Mozilla/5.0 (Linux; Android 6.0; Nexus 5 Build/MRA58N) AppleWebKit/537.36 (KHTML, like Gecko) Chrome/116.0.0.0 Mobile Safari/537.36"
124.253.67.94 - - [30/Aug/2023:10:26:45 +0000] "GET /wp-includes/images/w-logo-blue-white-bg.png HTTP/1.1" 200 4427 "https://cheemahaveli.com/" "Mozilla/5.0 (Linux; Android 6.0; Nexus 5 Build/MRA58N) AppleWebKit/537.36 (KHTML, like Gecko) Chrome/116.0.0.0 Mobile Safari/537.36"
124.253.67.94 - - [30/Aug/2023:10:27:27 +0000] "POST /wp-admin/admin-ajax.php HTTP/1.1" 200 4961 "https://cheemahaveli.com/wp-admin/admin.php?page=wp-smtp%2Fwp-smtp.php" "Mozilla/5.0 (Windows NT 10.0; Win64; x64) AppleWebKit/537.36 (KHTML, like Gecko) Chrome/116.0.0.0 Safari/537.36"
124.253.67.94 - - [30/Aug/2023:10:28:48 +0000] "POST /wp-admin/admin-ajax.php HTTP/1.1" 200 4961 "https://cheemahaveli.com/wp-admin/admin.php?page=wp-smtp%2Fwp-smtp.php" "Mozilla/5.0 (Windows NT 10.0; Win64; x64) AppleWebKit/537.36 (KHTML, like Gecko) Chrome/116.0.0.0 Safari/537.36"
124.253.67.94 - - [30/Aug/2023:10:29:48 +0000] "POST /wp-admin/admin-ajax.php HTTP/1.1" 200 4924 "https://cheemahaveli.com/wp-admin/admin.php?page=wp-smtp%2Fwp-smtp.php" "Mozilla/5.0 (Windows NT 10.0; Win64; x64) AppleWebKit/537.36 (KHTML, like Gecko) Chrome/116.0.0.0 Safari/537.36"
124.253.67.94 - - [30/Aug/2023:10:30:25 +0000] "POST /wp-admin/admin.php?page=wp-smtp%2Fwp-smtp.php HTTP/1.1" 200 11684 "https://cheemahaveli.com/wp-admin/admin.php?page=wp-smtp%2Fwp-smtp.php" "Mozilla/5.0 (Windows NT 10.0; Win64; x64) AppleWebKit/537.36 (KHTML, like Gecko) Chrome/116.0.0.0 Safari/537.36"
124.253.67.94 - - [30/Aug/2023:10:30:46 +0000] "GET /wp-admin/admin.php?page=wp-smtp%2Fwp-smtp.php HTTP/1.1" 200 11691 "https://cheemahaveli.com/wp-admin/admin.php?page=wp-smtp%2Fwp-smtp.php" "Mozilla/5.0 (Windows NT 10.0; Win64; x64) AppleWebKit/537.36 (KHTML, like Gecko) Chrome/116.0.0.0 Safari/537.36"
124.253.67.94 - - [30/Aug/2023:10:30:47 +0000] "GET /favicon.ico HTTP/1.1" 302 563 "https://cheemahaveli.com/wp-admin/admin.php?page=wp-smtp%2Fwp-smtp.php" "Mozilla/5.0 (Windows NT 10.0; Win64; x64) AppleWebKit/537.36 (KHTML, like Gecko) Chrome/116.0.0.0 Safari/537.36"
124.253.67.94 - - [30/Aug/2023:10:31:11 +0000] "POST /wp-admin/admin.php?page=wp-smtp%2Fwp-smtp.php HTTP/1.1" 200 11490 "https://cheemahaveli.com/wp-admin/admin.php?page=wp-smtp%2Fwp-smtp.php" "Mozilla/5.0 (Windows NT 10.0; Win64; x64) AppleWebKit/537.36 (KHTML, like Gecko) Chrome/116.0.0.0 Safari/537.36"
124.253.67.94 - - [30/Aug/2023:10:31:56 +0000] "POST /wp-admin/admin.php?page=wp-smtp%2Fwp-smtp.php HTTP/1.1" 200 7728 "https://cheemahaveli.com/wp-admin/admin.php?page=wp-smtp%2Fwp-smtp.php" "Mozilla/5.0 (Windows NT 10.0; Win64; x64) AppleWebKit/537.36 (KHTML, like Gecko) Chrome/116.0.0.0 Safari/537.36"
124.253.67.94 - - [30/Aug/2023:10:32:06 +0000] "POST /wp-admin/admin.php?page=wp-smtp%2Fwp-smtp.php HTTP/1.1" 200 7754 "https://cheemahaveli.com/wp-admin/admin.php?page=wp-smtp%2Fwp-smtp.php" "Mozilla/5.0 (Windows NT 10.0; Win64; x64) AppleWebKit/537.36 (KHTML, like Gecko) Chrome/116.0.0.0 Safari/537.36"
124.253.67.94 - - [30/Aug/2023:10:32:11 +0000] "POST /wp-admin/admin.php?page=wp-smtp%2Fwp-smtp.php HTTP/1.1" 200 7524 "https://cheemahaveli.com/wp-admin/admin.php?page=wp-smtp%2Fwp-smtp.php" "Mozilla/5.0 (Windows NT 10.0; Win64; x64) AppleWebKit/537.36 (KHTML, like Gecko) Chrome/116.0.0.0 Safari/537.36"
124.253.67.94 - - [30/Aug/2023:10:32:17 +0000] "POST /wp-admin/admin.php?page=wp-smtp%2Fwp-smtp.php HTTP/1.1" 200 7754 "https://cheemahaveli.com/wp-admin/admin.php?page=wp-smtp%2Fwp-smtp.php" "Mozilla/5.0 (Windows NT 10.0; Win64; x64) AppleWebKit/537.36 (KHTML, like Gecko) Chrome/116.0.0.0 Safari/537.36"
124.253.67.94 - - [30/Aug/2023:10:33:20 +0000] "POST /wp-admin/admin-ajax.php HTTP/1.1" 200 4961 "https://cheemahaveli.com/wp-admin/admin.php?page=wp-smtp%2Fwp-smtp.php" "Mozilla/5.0 (Windows NT 10.0; Win64; x64) AppleWebKit/537.36 (KHTML, like Gecko) Chrome/116.0.0.0 Safari/537.36"
124.253.67.94 - - [30/Aug/2023:10:34:20 +0000] "POST /wp-admin/admin-ajax.php HTTP/1.1" 200 993 "https://cheemahaveli.com/wp-admin/admin.php?page=wp-smtp%2Fwp-smtp.php" "Mozilla/5.0 (Windows NT 10.0; Win64; x64) AppleWebKit/537.36 (KHTML, like Gecko) Chrome/116.0.0.0 Safari/537.36"
124.253.67.94 - - [30/Aug/2023:10:34:35 +0000] "POST /wp-admin/admin.php?page=wp-smtp%2Fwp-smtp.php HTTP/1.1" 200 7536 "https://cheemahaveli.com/wp-admin/admin.php?page=wp-smtp%2Fwp-smtp.php" "Mozilla/5.0 (Windows NT 10.0; Win64; x64) AppleWebKit/537.36 (KHTML, like Gecko) Chrome/116.0.0.0 Safari/537.36"
124.253.67.94 - - [30/Aug/2023:10:34:48 +0000] "POST /wp-admin/admin.php?page=wp-smtp%2Fwp-smtp.php HTTP/1.1" 200 7545 "https://cheemahaveli.com/wp-admin/admin.php?page=wp-smtp%2Fwp-smtp.php" "Mozilla/5.0 (Windows NT 10.0; Win64; x64) AppleWebKit/537.36 (KHTML, like Gecko) Chrome/116.0.0.0 Safari/537.36"
124.253.67.94 - - [30/Aug/2023:10:35:08 +0000] "GET / HTTP/1.1" 200 15879 "https://cheemahaveli.com/wp-admin/admin.php?page=wp-smtp%2Fwp-smtp.php" "Mozilla/5.0 (Windows NT 10.0; Win64; x64) AppleWebKit/537.36 (KHTML, like Gecko) Chrome/116.0.0.0 Safari/537.36"
124.253.67.94 - - [30/Aug/2023:10:35:09 +0000] "GET /wp-json/contact-form-7/v1/contact-forms/94/feedback/schema HTTP/1.1" 200 951 "https://cheemahaveli.com/" "Mozilla/5.0 (Windows NT 10.0; Win64; x64) AppleWebKit/537.36 (KHTML, like Gecko) Chrome/116.0.0.0 Safari/537.36"
124.253.67.94 - - [30/Aug/2023:10:35:17 +0000] "GET /wp-admin/ HTTP/1.1" 200 19168 "https://cheemahaveli.com/" "Mozilla/5.0 (Windows NT 10.0; Win64; x64) AppleWebKit/537.36 (KHTML, like Gecko) Chrome/116.0.0.0 Safari/537.36"
124.253.67.94 - - [30/Aug/2023:10:35:19 +0000] "GET /wp-admin/admin.php?page=wp-smtp/wp-smtp.php HTTP/1.1" 200 7180 "https://cheemahaveli.com/wp-admin/" "Mozilla/5.0 (Windows NT 10.0; Win64; x64) AppleWebKit/537.36 (KHTML, like Gecko) Chrome/116.0.0.0 Safari/537.36"
124.253.67.94 - - [30/Aug/2023:10:35:56 +0000] "GET / HTTP/1.1" 200 15879 "https://cheemahaveli.com/wp-admin/admin.php?page=wp-smtp%2Fwp-smtp.php" "Mozilla/5.0 (Windows NT 10.0; Win64; x64) AppleWebKit/537.36 (KHTML, like Gecko) Chrome/116.0.0.0 Safari/537.36"
124.253.67.94 - - [30/Aug/2023:10:35:57 +0000] "GET /wp-json/contact-form-7/v1/contact-forms/94/feedback/schema HTTP/1.1" 200 951 "https://cheemahaveli.com/" "Mozilla/5.0 (Windows NT 10.0; Win64; x64) AppleWebKit/537.36 (KHTML, like Gecko) Chrome/116.0.0.0 Safari/537.36"
223.187.104.152 - - [30/Aug/2023:10:41:51 +0000] "GET /wp-admin HTTP/1.1" 301 4908 "-" "Mozilla/5.0 (Windows NT 10.0; Win64; x64) AppleWebKit/537.36 (KHTML, like Gecko) Chrome/116.0.0.0 Safari/537.36"
223.187.104.152 - - [30/Aug/2023:10:41:52 +0000] "GET /wp-admin/ HTTP/1.1" 302 529 "-" "Mozilla/5.0 (Windows NT 10.0; Win64; x64) AppleWebKit/537.36 (KHTML, like Gecko) Chrome/116.0.0.0 Safari/537.36"
223.187.104.152 - - [30/Aug/2023:10:41:52 +0000] "GET /wp-login.php?redirect_to=https%3A%2F%2Fcheemahaveli.com%2Fwp-admin%2F&reauth=1 HTTP/1.1" 200 4488 "-" "Mozilla/5.0 (Windows NT 10.0; Win64; x64) AppleWebKit/537.36 (KHTML, like Gecko) Chrome/116.0.0.0 Safari/537.36"
202.133.51.69 - - [30/Aug/2023:10:41:53 +0000] "GET /wp-admin HTTP/1.1" 301 4856 "https://www.google.com/" "Mozilla/5.0 (Windows NT 10.0; Win64; x64) AppleWebKit/537.36 (KHTML, like Gecko) Chrome/115.0.0.0 Safari/537.36"
223.187.104.152 - - [30/Aug/2023:10:41:53 +0000] "GET /asset-manifest.json HTTP/1.1" 404 10011 "https://cheemahaveli.com/wp-login.php?redirect_to=https%3A%2F%2Fcheemahaveli.com%2Fwp-admin%2F&reauth=1" "Mozilla/5.0 (Windows NT 10.0; Win64; x64) AppleWebKit/537.36 (KHTML, like Gecko) Chrome/116.0.0.0 Safari/537.36"
223.187.104.152 - - [30/Aug/2023:10:41:53 +0000] "GET /favicon.ico HTTP/1.1" 302 4761 "https://cheemahaveli.com/wp-login.php?redirect_to=https%3A%2F%2Fcheemahaveli.com%2Fwp-admin%2F&reauth=1" "Mozilla/5.0 (Windows NT 10.0; Win64; x64) AppleWebKit/537.36 (KHTML, like Gecko) Chrome/116.0.0.0 Safari/537.36"
223.187.104.152 - - [30/Aug/2023:10:41:53 +0000] "GET /wp-includes/images/w-logo-blue-white-bg.png HTTP/1.1" 200 4427 "https://cheemahaveli.com/wp-login.php?redirect_to=https%3A%2F%2Fcheemahaveli.com%2Fwp-admin%2F&reauth=1" "Mozilla/5.0 (Windows NT 10.0; Win64; x64) AppleWebKit/537.36 (KHTML, like Gecko) Chrome/116.0.0.0 Safari/537.36"
223.187.104.152 - - [30/Aug/2023:10:41:53 +0000] "GET /asset-manifest.json HTTP/1.1" 404 10011 "https://cheemahaveli.com/wp-login.php?redirect_to=https%3A%2F%2Fcheemahaveli.com%2Fwp-admin%2F&reauth=1" "Mozilla/5.0 (Windows NT 10.0; Win64; x64) AppleWebKit/537.36 (KHTML, like Gecko) Chrome/116.0.0.0 Safari/537.36"
115.69.254.5 - - [30/Aug/2023:10:41:54 +0000] "GET /wp-admin/ HTTP/1.1" 302 4769 "https://www.google.com/" "Mozilla/5.0 (Windows NT 10.0; Win64; x64) AppleWebKit/537.36 (KHTML, like Gecko) Chrome/115.0.0.0 Safari/537.36"
202.133.51.69 - - [30/Aug/2023:10:41:54 +0000] "GET /wp-admin/ HTTP/1.1" 302 4769 "https://www.google.com/" "Mozilla/5.0 (Windows NT 10.0; Win64; x64) AppleWebKit/537.36 (KHTML, like Gecko) Chrome/115.0.0.0 Safari/537.36"
223.187.104.152 - - [30/Aug/2023:10:41:55 +0000] "POST /wp-login.php HTTP/1.1" 302 1249 "https://cheemahaveli.com/wp-login.php?redirect_to=https%3A%2F%2Fcheemahaveli.com%2Fwp-admin%2F&reauth=1" "Mozilla/5.0 (Windows NT 10.0; Win64; x64) AppleWebKit/537.36 (KHTML, like Gecko) Chrome/116.0.0.0 Safari/537.36"
223.187.104.152 - - [30/Aug/2023:10:41:55 +0000] "GET /wp-admin/ HTTP/1.1" 200 18800 "https://cheemahaveli.com/wp-login.php?redirect_to=https%3A%2F%2Fcheemahaveli.com%2Fwp-admin%2F&reauth=1" "Mozilla/5.0 (Windows NT 10.0; Win64; x64) AppleWebKit/537.36 (KHTML, like Gecko) Chrome/116.0.0.0 Safari/537.36"
115.69.254.5 - - [30/Aug/2023:10:41:56 +0000] "GET /wp-login.php?redirect_to=https%3A%2F%2Fcheemahaveli.com%2Fwp-admin%2F&reauth=1 HTTP/1.1" 200 8726 "https://www.google.com/" "Mozilla/5.0 (Windows NT 10.0; Win64; x64) AppleWebKit/537.36 (KHTML, like Gecko) Chrome/115.0.0.0 Safari/537.36"
202.133.51.69 - - [30/Aug/2023:10:41:56 +0000] "GET /wp-login.php?redirect_to=https%3A%2F%2Fcheemahaveli.com%2Fwp-admin%2F&reauth=1 HTTP/1.1" 200 8728 "https://www.google.com/" "Mozilla/5.0 (Windows NT 10.0; Win64; x64) AppleWebKit/537.36 (KHTML, like Gecko) Chrome/115.0.0.0 Safari/537.36"
223.187.104.152 - - [30/Aug/2023:10:41:56 +0000] "GET /asset-manifest.json HTTP/1.1" 404 11552 "https://cheemahaveli.com/wp-admin/" "Mozilla/5.0 (Windows NT 10.0; Win64; x64) AppleWebKit/537.36 (KHTML, like Gecko) Chrome/116.0.0.0 Safari/537.36"
223.187.104.152 - - [30/Aug/2023:10:41:56 +0000] "POST /wp-admin/admin-ajax.php HTTP/1.1" 200 715 "https://cheemahaveli.com/wp-admin/" "Mozilla/5.0 (Windows NT 10.0; Win64; x64) AppleWebKit/537.36 (KHTML, like Gecko) Chrome/116.0.0.0 Safari/537.36"
223.187.104.152 - - [30/Aug/2023:10:41:57 +0000] "GET /asset-manifest.json HTTP/1.1" 404 11876 "https://cheemahaveli.com/wp-admin/" "Mozilla/5.0 (Windows NT 10.0; Win64; x64) AppleWebKit/537.36 (KHTML, like Gecko) Chrome/116.0.0.0 Safari/537.36"
115.69.254.5 - - [30/Aug/2023:10:41:58 +0000] "GET /wp-admin/css/l10n.min.css?ver=6.2.2 HTTP/1.1" 200 5283 "https://cheemahaveli.com/wp-login.php?redirect_to=https%3A%2F%2Fcheemahaveli.com%2Fwp-admin%2F&reauth=1" "Mozilla/5.0 (Windows NT 10.0; Win64; x64) AppleWebKit/537.36 (KHTML, like Gecko) Chrome/115.0.0.0 Safari/537.36"
115.69.254.5 - - [30/Aug/2023:10:41:58 +0000] "GET /wp-includes/css/dashicons.min.css?ver=6.2.2 HTTP/1.1" 200 40461 "https://cheemahaveli.com/wp-login.php?redirect_to=https%3A%2F%2Fcheemahaveli.com%2Fwp-admin%2F&reauth=1" "Mozilla/5.0 (Windows NT 10.0; Win64; x64) AppleWebKit/537.36 (KHTML, like Gecko) Chrome/115.0.0.0 Safari/537.36"
115.69.254.5 - - [30/Aug/2023:10:41:58 +0000] "GET /wp-includes/css/buttons.min.css?ver=6.2.2 HTTP/1.1" 200 6051 "https://cheemahaveli.com/wp-login.php?redirect_to=https%3A%2F%2Fcheemahaveli.com%2Fwp-admin%2F&reauth=1" "Mozilla/5.0 (Windows NT 10.0; Win64; x64) AppleWebKit/537.36 (KHTML, like Gecko) Chrome/115.0.0.0 Safari/537.36"
115.69.254.5 - - [30/Aug/2023:10:41:58 +0000] "GET /wp-admin/css/login.min.css?ver=6.2.2 HTTP/1.1" 200 6756 "https://cheemahaveli.com/wp-login.php?redirect_to=https%3A%2F%2Fcheemahaveli.com%2Fwp-admin%2F&reauth=1" "Mozilla/5.0 (Windows NT 10.0; Win64; x64) AppleWebKit/537.36 (KHTML, like Gecko) Chrome/115.0.0.0 Safari/537.36"
115.69.254.5 - - [30/Aug/2023:10:41:58 +0000] "GET /wp-admin/css/forms.min.css?ver=6.2.2 HTTP/1.1" 200 10991 "https://cheemahaveli.com/wp-login.php?redirect_to=https%3A%2F%2Fcheemahaveli.com%2Fwp-admin%2F&reauth=1" "Mozilla/5.0 (Windows NT 10.0; Win64; x64) AppleWebKit/537.36 (KHTML, like Gecko) Chrome/115.0.0.0 Safari/537.36"
202.133.51.69 - - [30/Aug/2023:10:41:58 +0000] "GET /wp-includes/css/dashicons.min.css?ver=6.2.2 HTTP/1.1" 200 40460 "https://cheemahaveli.com/wp-login.php?redirect_to=https%3A%2F%2Fcheemahaveli.com%2Fwp-admin%2F&reauth=1" "Mozilla/5.0 (Windows NT 10.0; Win64; x64) AppleWebKit/537.36 (KHTML, like Gecko) Chrome/115.0.0.0 Safari/537.36"
202.133.51.69 - - [30/Aug/2023:10:41:58 +0000] "GET /wp-admin/css/login.min.css?ver=6.2.2 HTTP/1.1" 200 6756 "https://cheemahaveli.com/wp-login.php?redirect_to=https%3A%2F%2Fcheemahaveli.com%2Fwp-admin%2F&reauth=1" "Mozilla/5.0 (Windows NT 10.0; Win64; x64) AppleWebKit/537.36 (KHTML, like Gecko) Chrome/115.0.0.0 Safari/537.36"
202.133.51.69 - - [30/Aug/2023:10:41:58 +0000] "GET /wp-admin/css/l10n.min.css?ver=6.2.2 HTTP/1.1" 200 5283 "https://cheemahaveli.com/wp-login.php?redirect_to=https%3A%2F%2Fcheemahaveli.com%2Fwp-admin%2F&reauth=1" "Mozilla/5.0 (Windows NT 10.0; Win64; x64) AppleWebKit/537.36 (KHTML, like Gecko) Chrome/115.0.0.0 Safari/537.36"
115.69.254.5 - - [30/Aug/2023:10:42:00 +0000] "GET /wp-includes/js/jquery/jquery-migrate.min.js?ver=3.4.0 HTTP/1.1" 200 9407 "https://cheemahaveli.com/wp-login.php?redirect_to=https%3A%2F%2Fcheemahaveli.com%2Fwp-admin%2F&reauth=1" "Mozilla/5.0 (Windows NT 10.0; Win64; x64) AppleWebKit/537.36 (KHTML, like Gecko) Chrome/115.0.0.0 Safari/537.36"
115.69.254.5 - - [30/Aug/2023:10:42:00 +0000] "GET /wp-includes/js/dist/vendor/wp-polyfill-inert.min.js?ver=3.1.2 HTTP/1.1" 200 7096 "https://cheemahaveli.com/wp-login.php?redirect_to=https%3A%2F%2Fcheemahaveli.com%2Fwp-admin%2F&reauth=1" "Mozilla/5.0 (Windows NT 10.0; Win64; x64) AppleWebKit/537.36 (KHTML, like Gecko) Chrome/115.0.0.0 Safari/537.36"
115.69.254.5 - - [30/Aug/2023:10:42:00 +0000] "GET /wp-includes/js/dist/vendor/wp-polyfill.min.js?ver=3.15.0 HTTP/1.1" 200 11143 "https://cheemahaveli.com/wp-login.php?redirect_to=https%3A%2F%2Fcheemahaveli.com%2Fwp-admin%2F&reauth=1" "Mozilla/5.0 (Windows NT 10.0; Win64; x64) AppleWebKit/537.36 (KHTML, like Gecko) Chrome/115.0.0.0 Safari/537.36"
223.187.104.152 - - [30/Aug/2023:10:42:00 +0000] "GET /wp-admin/admin.php?page=wpcf7 HTTP/1.1" 200 10247 "https://cheemahaveli.com/wp-admin/" "Mozilla/5.0 (Windows NT 10.0; Win64; x64) AppleWebKit/537.36 (KHTML, like Gecko) Chrome/116.0.0.0 Safari/537.36"
202.133.51.69 - - [30/Aug/2023:10:42:00 +0000] "GET /wp-includes/js/zxcvbn-async.min.js?ver=1.0 HTTP/1.1" 200 4865 "https://cheemahaveli.com/wp-login.php?redirect_to=https%3A%2F%2Fcheemahaveli.com%2Fwp-admin%2F&reauth=1" "Mozilla/5.0 (Windows NT 10.0; Win64; x64) AppleWebKit/537.36 (KHTML, like Gecko) Chrome/115.0.0.0 Safari/537.36"
115.69.254.5 - - [30/Aug/2023:10:42:00 +0000] "GET /wp-includes/js/jquery/jquery.min.js?ver=3.6.4 HTTP/1.1" 200 35774 "https://cheemahaveli.com/wp-login.php?redirect_to=https%3A%2F%2Fcheemahaveli.com%2Fwp-admin%2F&reauth=1" "Mozilla/5.0 (Windows NT 10.0; Win64; x64) AppleWebKit/537.36 (KHTML, like Gecko) Chrome/115.0.0.0 Safari/537.36"
202.133.51.69 - - [30/Aug/2023:10:42:00 +0000] "GET /wp-includes/js/dist/vendor/regenerator-runtime.min.js?ver=0.13.11 HTTP/1.1" 200 7110 "https://cheemahaveli.com/wp-login.php?redirect_to=https%3A%2F%2Fcheemahaveli.com%2Fwp-admin%2F&reauth=1" "Mozilla/5.0 (Windows NT 10.0; Win64; x64) AppleWebKit/537.36 (KHTML, like Gecko) Chrome/115.0.0.0 Safari/537.36"
223.187.104.152 - - [30/Aug/2023:10:42:00 +0000] "GET /wp-content/plugins/contact-form-7/admin/css/styles.css?ver=5.7.7 HTTP/1.1" 200 2652 "https://cheemahaveli.com/wp-admin/admin.php?page=wpcf7" "Mozilla/5.0 (Windows NT 10.0; Win64; x64) AppleWebKit/537.36 (KHTML, like Gecko) Chrome/116.0.0.0 Safari/537.36"
223.187.104.152 - - [30/Aug/2023:10:42:00 +0000] "GET /wp-includes/js/jquery/ui/tabs.min.js?ver=1.13.2 HTTP/1.1" 200 4288 "https://cheemahaveli.com/wp-admin/admin.php?page=wpcf7" "Mozilla/5.0 (Windows NT 10.0; Win64; x64) AppleWebKit/537.36 (KHTML, like Gecko) Chrome/116.0.0.0 Safari/537.36"
223.187.104.152 - - [30/Aug/2023:10:42:00 +0000] "GET /wp-content/plugins/contact-form-7/admin/js/scripts.js?ver=5.7.7 HTTP/1.1" 200 2817 "https://cheemahaveli.com/wp-admin/admin.php?page=wpcf7" "Mozilla/5.0 (Windows NT 10.0; Win64; x64) AppleWebKit/537.36 (KHTML, like Gecko) Chrome/116.0.0.0 Safari/537.36"
202.133.51.69 - - [30/Aug/2023:10:42:00 +0000] "GET /wp-admin/css/forms.min.css?ver=6.2.2 HTTP/1.1" 200 10992 "https://cheemahaveli.com/wp-login.php?redirect_to=https%3A%2F%2Fcheemahaveli.com%2Fwp-admin%2F&reauth=1" "Mozilla/5.0 (Windows NT 10.0; Win64; x64) AppleWebKit/537.36 (KHTML, like Gecko) Chrome/115.0.0.0 Safari/537.36"
202.133.51.69 - - [30/Aug/2023:10:42:01 +0000] "GET /wp-includes/js/jquery/jquery.min.js?ver=3.6.4 HTTP/1.1" 200 35773 "https://cheemahaveli.com/wp-login.php?redirect_to=https%3A%2F%2Fcheemahaveli.com%2Fwp-admin%2F&reauth=1" "Mozilla/5.0 (Windows NT 10.0; Win64; x64) AppleWebKit/537.36 (KHTML, like Gecko) Chrome/115.0.0.0 Safari/537.36"
223.187.104.152 - - [30/Aug/2023:10:42:01 +0000] "GET /wp-content/plugins/contact-form-7/admin/js/tag-generator.js?ver=5.7.7 HTTP/1.1" 200 2040 "https://cheemahaveli.com/wp-admin/admin.php?page=wpcf7" "Mozilla/5.0 (Windows NT 10.0; Win64; x64) AppleWebKit/537.36 (KHTML, like Gecko) Chrome/116.0.0.0 Safari/537.36"
223.187.104.152 - - [30/Aug/2023:10:42:02 +0000] "GET /asset-manifest.json HTTP/1.1" 404 15843 "https://cheemahaveli.com/wp-admin/admin.php?page=wpcf7" "Mozilla/5.0 (Windows NT 10.0; Win64; x64) AppleWebKit/537.36 (KHTML, like Gecko) Chrome/116.0.0.0 Safari/537.36"
202.133.51.69 - - [30/Aug/2023:10:42:02 +0000] "GET /wp-includes/js/underscore.min.js?ver=1.13.4 HTTP/1.1" 200 11924 "https://cheemahaveli.com/wp-login.php?redirect_to=https%3A%2F%2Fcheemahaveli.com%2Fwp-admin%2F&reauth=1" "Mozilla/5.0 (Windows NT 10.0; Win64; x64) AppleWebKit/537.36 (KHTML, like Gecko) Chrome/115.0.0.0 Safari/537.36"
202.133.51.69 - - [30/Aug/2023:10:42:02 +0000] "GET /wp-admin/js/password-strength-meter.min.js?ver=6.2.2 HTTP/1.1" 200 5230 "https://cheemahaveli.com/wp-login.php?redirect_to=https%3A%2F%2Fcheemahaveli.com%2Fwp-admin%2F&reauth=1" "Mozilla/5.0 (Windows NT 10.0; Win64; x64) AppleWebKit/537.36 (KHTML, like Gecko) Chrome/115.0.0.0 Safari/537.36"
223.187.104.152 - - [30/Aug/2023:10:42:02 +0000] "GET /asset-manifest.json HTTP/1.1" 404 15842 "https://cheemahaveli.com/wp-admin/admin.php?page=wpcf7" "Mozilla/5.0 (Windows NT 10.0; Win64; x64) AppleWebKit/537.36 (KHTML, like Gecko) Chrome/116.0.0.0 Safari/537.36"
115.69.254.5 - - [30/Aug/2023:10:42:03 +0000] "GET /wp-includes/js/wp-util.min.js?ver=6.2.2 HTTP/1.1" 200 5366 "https://cheemahaveli.com/wp-login.php?redirect_to=https%3A%2F%2Fcheemahaveli.com%2Fwp-admin%2F&reauth=1" "Mozilla/5.0 (Windows NT 10.0; Win64; x64) AppleWebKit/537.36 (KHTML, like Gecko) Chrome/115.0.0.0 Safari/537.36"
115.69.254.5 - - [30/Aug/2023:10:42:03 +0000] "GET /wp-admin/js/user-profile.min.js?ver=6.2.2 HTTP/1.1" 200 6938 "https://cheemahaveli.com/wp-login.php?redirect_to=https%3A%2F%2Fcheemahaveli.com%2Fwp-admin%2F&reauth=1" "Mozilla/5.0 (Windows NT 10.0; Win64; x64) AppleWebKit/537.36 (KHTML, like Gecko) Chrome/115.0.0.0 Safari/537.36"
223.187.104.152 - - [30/Aug/2023:10:42:03 +0000] "GET /wp-admin/admin.php?page=wpcf7&post=89&action=edit HTTP/1.1" 200 14651 "https://cheemahaveli.com/wp-admin/admin.php?page=wpcf7" "Mozilla/5.0 (Windows NT 10.0; Win64; x64) AppleWebKit/537.36 (KHTML, like Gecko) Chrome/116.0.0.0 Safari/537.36"
223.187.104.152 - - [30/Aug/2023:10:42:04 +0000] "GET /asset-manifest.json HTTP/1.1" 404 11552 "https://cheemahaveli.com/wp-admin/admin.php?page=wpcf7&post=89&action=edit" "Mozilla/5.0 (Windows NT 10.0; Win64; x64) AppleWebKit/537.36 (KHTML, like Gecko) Chrome/116.0.0.0 Safari/537.36"
223.187.104.152 - - [30/Aug/2023:10:42:04 +0000] "GET /asset-manifest.json HTTP/1.1" 404 11552 "https://cheemahaveli.com/wp-admin/admin.php?page=wpcf7&post=89&action=edit" "Mozilla/5.0 (Windows NT 10.0; Win64; x64) AppleWebKit/537.36 (KHTML, like Gecko) Chrome/116.0.0.0 Safari/537.36"
202.133.51.69 - - [30/Aug/2023:10:42:05 +0000] "GET /wp-includes/js/wp-util.min.js?ver=6.2.2 HTTP/1.1" 200 5366 "https://cheemahaveli.com/wp-login.php?redirect_to=https%3A%2F%2Fcheemahaveli.com%2Fwp-admin%2F&reauth=1" "Mozilla/5.0 (Windows NT 10.0; Win64; x64) AppleWebKit/537.36 (KHTML, like Gecko) Chrome/115.0.0.0 Safari/537.36"
202.133.51.69 - - [30/Aug/2023:10:42:05 +0000] "GET /wp-admin/js/user-profile.min.js?ver=6.2.2 HTTP/1.1" 200 6938 "https://cheemahaveli.com/wp-login.php?redirect_to=https%3A%2F%2Fcheemahaveli.com%2Fwp-admin%2F&reauth=1" "Mozilla/5.0 (Windows NT 10.0; Win64; x64) AppleWebKit/537.36 (KHTML, like Gecko) Chrome/115.0.0.0 Safari/537.36"
223.187.104.152 - - [30/Aug/2023:10:42:07 +0000] "GET /wp-admin/admin.php?page=wpcf7&post=91&action=edit HTTP/1.1" 200 14876 "https://cheemahaveli.com/wp-admin/admin.php?page=wpcf7" "Mozilla/5.0 (Windows NT 10.0; Win64; x64) AppleWebKit/537.36 (KHTML, like Gecko) Chrome/116.0.0.0 Safari/537.36"
223.187.104.152 - - [30/Aug/2023:10:42:08 +0000] "GET /asset-manifest.json HTTP/1.1" 404 11552 "https://cheemahaveli.com/wp-admin/admin.php?page=wpcf7&post=91&action=edit" "Mozilla/5.0 (Windows NT 10.0; Win64; x64) AppleWebKit/537.36 (KHTML, like Gecko) Chrome/116.0.0.0 Safari/537.36"
223.187.104.152 - - [30/Aug/2023:10:42:08 +0000] "GET /asset-manifest.json HTTP/1.1" 404 11552 "https://cheemahaveli.com/wp-admin/admin.php?page=wpcf7&post=91&action=edit" "Mozilla/5.0 (Windows NT 10.0; Win64; x64) AppleWebKit/537.36 (KHTML, like Gecko) Chrome/116.0.0.0 Safari/537.36"
223.187.104.152 - - [30/Aug/2023:10:42:26 +0000] "GET /wp-admin/admin.php?page=wpcf7&post=94&action=edit HTTP/1.1" 200 15415 "https://cheemahaveli.com/wp-admin/admin.php?page=wpcf7" "Mozilla/5.0 (Windows NT 10.0; Win64; x64) AppleWebKit/537.36 (KHTML, like Gecko) Chrome/116.0.0.0 Safari/537.36"
223.187.104.152 - - [30/Aug/2023:10:42:27 +0000] "GET /asset-manifest.json HTTP/1.1" 404 11552 "https://cheemahaveli.com/wp-admin/admin.php?page=wpcf7&post=94&action=edit" "Mozilla/5.0 (Windows NT 10.0; Win64; x64) AppleWebKit/537.36 (KHTML, like Gecko) Chrome/116.0.0.0 Safari/537.36"
223.187.104.152 - - [30/Aug/2023:10:42:28 +0000] "GET /asset-manifest.json HTTP/1.1" 404 11876 "https://cheemahaveli.com/wp-admin/admin.php?page=wpcf7&post=94&action=edit" "Mozilla/5.0 (Windows NT 10.0; Win64; x64) AppleWebKit/537.36 (KHTML, like Gecko) Chrome/116.0.0.0 Safari/537.36"
115.69.254.5 - - [30/Aug/2023:10:42:53 +0000] "GET /wp-admin/images/wordpress-logo.svg?ver=20131107 HTTP/1.1" 200 6072 "https://cheemahaveli.com/wp-admin/css/login.min.css?ver=6.2.2" "Mozilla/5.0 (Windows NT 10.0; Win64; x64) AppleWebKit/537.36 (KHTML, like Gecko) Chrome/115.0.0.0 Safari/537.36"
202.133.51.69 - - [30/Aug/2023:10:42:53 +0000] "GET /wp-admin/images/wordpress-logo.svg?ver=20131107 HTTP/1.1" 200 6071 "https://cheemahaveli.com/wp-admin/css/login.min.css?ver=6.2.2" "Mozilla/5.0 (Windows NT 10.0; Win64; x64) AppleWebKit/537.36 (KHTML, like Gecko) Chrome/115.0.0.0 Safari/537.36"
202.133.51.69 - - [30/Aug/2023:10:42:54 +0000] "GET /wp-includes/js/zxcvbn.min.js HTTP/1.1" 200 406333 "https://cheemahaveli.com/wp-login.php?redirect_to=https%3A%2F%2Fcheemahaveli.com%2Fwp-admin%2F&reauth=1" "Mozilla/5.0 (Windows NT 10.0; Win64; x64) AppleWebKit/537.36 (KHTML, like Gecko) Chrome/115.0.0.0 Safari/537.36"
64.233.173.20 - - [30/Aug/2023:11:11:25 +0000] "GET /wp-content/themes/cheema/images/slider-01.jpg HTTP/1.1" 200 1614122 "-" "Mozilla/5.0 (Windows NT 5.1; rv:11.0) Gecko Firefox/11.0 (via ggpht.com GoogleImageProxy)"
129.146.142.22 - - [30/Aug/2023:11:21:33 +0000] "GET / HTTP/1.1" 301 577 "-" "Mozilla/5.0 (Windows NT 10.0; Win64; x64) AppleWebKit/537.36 (KHTML, like Gecko) Chrome/88.0.4240.193 Safari/537.36"
129.146.142.22 - - [30/Aug/2023:11:21:34 +0000] "GET / HTTP/1.1" 200 67704 "-" "Mozilla/5.0 (Windows NT 10.0; Win64; x64) AppleWebKit/537.36 (KHTML, like Gecko) Chrome/88.0.4240.193 Safari/537.36"
129.146.142.22 - - [30/Aug/2023:11:21:34 +0000] "GET //wp-includes/wlwmanifest.xml HTTP/1.1" 200 1388 "-" "Mozilla/5.0 (Windows NT 10.0; Win64; x64) AppleWebKit/537.36 (KHTML, like Gecko) Chrome/88.0.4240.193 Safari/537.36"
129.146.142.22 - - [30/Aug/2023:11:21:34 +0000] "GET //wp-login.php HTTP/1.1" 200 6069 "-" "Mozilla/5.0 (Windows NT 10.0; Win64; x64) AppleWebKit/537.36 (KHTML, like Gecko) Chrome/88.0.4240.193 Safari/537.36"
129.146.142.22 - - [30/Aug/2023:11:21:35 +0000] "GET //?author=1 HTTP/1.1" 301 323 "-" "Mozilla/5.0 (Windows NT 10.0; Win64; x64) AppleWebKit/537.36 (KHTML, like Gecko) Chrome/88.0.4240.193 Safari/537.36"
129.146.142.22 - - [30/Aug/2023:11:21:35 +0000] "GET //?author=2 HTTP/1.1" 301 411 "-" "Mozilla/5.0 (Windows NT 10.0; Win64; x64) AppleWebKit/537.36 (KHTML, like Gecko) Chrome/88.0.4240.193 Safari/537.36"
129.146.142.22 - - [30/Aug/2023:11:21:35 +0000] "GET //?author=3 HTTP/1.1" 301 411 "-" "Mozilla/5.0 (Windows NT 10.0; Win64; x64) AppleWebKit/537.36 (KHTML, like Gecko) Chrome/88.0.4240.193 Safari/537.36"
129.146.142.22 - - [30/Aug/2023:11:21:36 +0000] "GET //wp-json/wp/v2/users/ HTTP/1.1" 200 1212 "-" "Mozilla/5.0 (Windows NT 10.0; Win64; x64) AppleWebKit/537.36 (KHTML, like Gecko) Chrome/88.0.4240.193 Safari/537.36"
129.146.142.22 - - [30/Aug/2023:11:21:36 +0000] "POST //xmlrpc.php HTTP/1.1" 200 622 "-" "Mozilla/5.0 (Windows NT 10.0; Win64; x64) AppleWebKit/537.36 (KHTML, like Gecko) Chrome/88.0.4240.193 Safari/537.36"
129.146.142.22 - - [30/Aug/2023:11:21:37 +0000] "POST //xmlrpc.php HTTP/1.1" 200 4700 "-" "Mozilla/5.0 (Windows NT 10.0; Win64; x64) AppleWebKit/537.36 (KHTML, like Gecko) Chrome/88.0.4240.193 Safari/537.36"
129.146.142.22 - - [30/Aug/2023:11:21:37 +0000] "POST //xmlrpc.php HTTP/1.1" 200 4702 "-" "Mozilla/5.0 (Windows NT 10.0; Win64; x64) AppleWebKit/537.36 (KHTML, like Gecko) Chrome/88.0.4240.193 Safari/537.36"
129.146.142.22 - - [30/Aug/2023:11:21:38 +0000] "POST //xmlrpc.php HTTP/1.1" 200 4701 "-" "Mozilla/5.0 (Windows NT 10.0; Win64; x64) AppleWebKit/537.36 (KHTML, like Gecko) Chrome/88.0.4240.193 Safari/537.36"
129.146.142.22 - - [30/Aug/2023:11:21:39 +0000] "POST //xmlrpc.php HTTP/1.1" 200 4700 "-" "Mozilla/5.0 (Windows NT 10.0; Win64; x64) AppleWebKit/537.36 (KHTML, like Gecko) Chrome/88.0.4240.193 Safari/537.36"
129.146.142.22 - - [30/Aug/2023:11:21:40 +0000] "POST //xmlrpc.php HTTP/1.1" 200 4699 "-" "Mozilla/5.0 (Windows NT 10.0; Win64; x64) AppleWebKit/537.36 (KHTML, like Gecko) Chrome/88.0.4240.193 Safari/537.36"
129.146.142.22 - - [30/Aug/2023:11:21:41 +0000] "POST //xmlrpc.php HTTP/1.1" 200 4700 "-" "Mozilla/5.0 (Windows NT 10.0; Win64; x64) AppleWebKit/537.36 (KHTML, like Gecko) Chrome/88.0.4240.193 Safari/537.36"
129.146.142.22 - - [30/Aug/2023:11:21:42 +0000] "POST //xmlrpc.php HTTP/1.1" 200 4700 "-" "Mozilla/5.0 (Windows NT 10.0; Win64; x64) AppleWebKit/537.36 (KHTML, like Gecko) Chrome/88.0.4240.193 Safari/537.36"
