188.166.226.156 - - [05/Sep/2023:19:29:40 +0000] "POST //xmlrpc.php HTTP/1.1" 200 4701 "-" "Mozilla/5.0 (Windows NT 10.0; Win64; x64) AppleWebKit/537.36 (KHTML, like Gecko) Chrome/78.0.3904.108 Safari/537.36"
188.166.226.156 - - [05/Sep/2023:19:29:41 +0000] "POST //xmlrpc.php HTTP/1.1" 200 4700 "-" "Mozilla/5.0 (Windows NT 10.0; Win64; x64) AppleWebKit/537.36 (KHTML, like Gecko) Chrome/78.0.3904.108 Safari/537.36"
188.166.226.156 - - [05/Sep/2023:19:29:42 +0000] "POST //xmlrpc.php HTTP/1.1" 200 4700 "-" "Mozilla/5.0 (Windows NT 10.0; Win64; x64) AppleWebKit/537.36 (KHTML, like Gecko) Chrome/78.0.3904.108 Safari/537.36"
188.166.226.156 - - [05/Sep/2023:19:29:43 +0000] "POST //xmlrpc.php HTTP/1.1" 200 4700 "-" "Mozilla/5.0 (Windows NT 10.0; Win64; x64) AppleWebKit/537.36 (KHTML, like Gecko) Chrome/78.0.3904.108 Safari/537.36"
188.166.226.156 - - [05/Sep/2023:19:29:44 +0000] "POST //xmlrpc.php HTTP/1.1" 200 4700 "-" "Mozilla/5.0 (Windows NT 10.0; Win64; x64) AppleWebKit/537.36 (KHTML, like Gecko) Chrome/78.0.3904.108 Safari/537.36"
188.166.226.156 - - [05/Sep/2023:19:29:45 +0000] "POST //xmlrpc.php HTTP/1.1" 200 4700 "-" "Mozilla/5.0 (Windows NT 10.0; Win64; x64) AppleWebKit/537.36 (KHTML, like Gecko) Chrome/78.0.3904.108 Safari/537.36"
188.166.226.156 - - [05/Sep/2023:19:29:46 +0000] "POST //xmlrpc.php HTTP/1.1" 200 4699 "-" "Mozilla/5.0 (Windows NT 10.0; Win64; x64) AppleWebKit/537.36 (KHTML, like Gecko) Chrome/78.0.3904.108 Safari/537.36"
188.166.226.156 - - [05/Sep/2023:19:29:47 +0000] "POST //xmlrpc.php HTTP/1.1" 200 4701 "-" "Mozilla/5.0 (Windows NT 10.0; Win64; x64) AppleWebKit/537.36 (KHTML, like Gecko) Chrome/78.0.3904.108 Safari/537.36"
188.166.226.156 - - [05/Sep/2023:19:29:48 +0000] "POST //xmlrpc.php HTTP/1.1" 200 4700 "-" "Mozilla/5.0 (Windows NT 10.0; Win64; x64) AppleWebKit/537.36 (KHTML, like Gecko) Chrome/78.0.3904.108 Safari/537.36"
188.166.226.156 - - [05/Sep/2023:19:29:49 +0000] "POST //xmlrpc.php HTTP/1.1" 200 4700 "-" "Mozilla/5.0 (Windows NT 10.0; Win64; x64) AppleWebKit/537.36 (KHTML, like Gecko) Chrome/78.0.3904.108 Safari/537.36"
188.166.226.156 - - [05/Sep/2023:19:29:50 +0000] "POST //xmlrpc.php HTTP/1.1" 200 4699 "-" "Mozilla/5.0 (Windows NT 10.0; Win64; x64) AppleWebKit/537.36 (KHTML, like Gecko) Chrome/78.0.3904.108 Safari/537.36"
188.166.226.156 - - [05/Sep/2023:19:29:51 +0000] "POST //xmlrpc.php HTTP/1.1" 200 4700 "-" "Mozilla/5.0 (Windows NT 10.0; Win64; x64) AppleWebKit/537.36 (KHTML, like Gecko) Chrome/78.0.3904.108 Safari/537.36"
188.166.226.156 - - [05/Sep/2023:19:29:52 +0000] "POST //xmlrpc.php HTTP/1.1" 200 4700 "-" "Mozilla/5.0 (Windows NT 10.0; Win64; x64) AppleWebKit/537.36 (KHTML, like Gecko) Chrome/78.0.3904.108 Safari/537.36"
188.166.226.156 - - [05/Sep/2023:19:29:52 +0000] "POST //xmlrpc.php HTTP/1.1" 200 4700 "-" "Mozilla/5.0 (Windows NT 10.0; Win64; x64) AppleWebKit/537.36 (KHTML, like Gecko) Chrome/78.0.3904.108 Safari/537.36"
188.166.226.156 - - [05/Sep/2023:19:29:53 +0000] "POST //xmlrpc.php HTTP/1.1" 200 4700 "-" "Mozilla/5.0 (Windows NT 10.0; Win64; x64) AppleWebKit/537.36 (KHTML, like Gecko) Chrome/78.0.3904.108 Safari/537.36"
188.166.226.156 - - [05/Sep/2023:19:29:54 +0000] "POST //xmlrpc.php HTTP/1.1" 200 4699 "-" "Mozilla/5.0 (Windows NT 10.0; Win64; x64) AppleWebKit/537.36 (KHTML, like Gecko) Chrome/78.0.3904.108 Safari/537.36"
188.166.226.156 - - [05/Sep/2023:19:29:55 +0000] "POST //xmlrpc.php HTTP/1.1" 200 4699 "-" "Mozilla/5.0 (Windows NT 10.0; Win64; x64) AppleWebKit/537.36 (KHTML, like Gecko) Chrome/78.0.3904.108 Safari/537.36"
188.166.226.156 - - [05/Sep/2023:19:29:56 +0000] "POST //xmlrpc.php HTTP/1.1" 200 4700 "-" "Mozilla/5.0 (Windows NT 10.0; Win64; x64) AppleWebKit/537.36 (KHTML, like Gecko) Chrome/78.0.3904.108 Safari/537.36"
188.166.226.156 - - [05/Sep/2023:19:29:57 +0000] "POST //xmlrpc.php HTTP/1.1" 200 4700 "-" "Mozilla/5.0 (Windows NT 10.0; Win64; x64) AppleWebKit/537.36 (KHTML, like Gecko) Chrome/78.0.3904.108 Safari/537.36"
188.166.226.156 - - [05/Sep/2023:19:29:58 +0000] "POST //xmlrpc.php HTTP/1.1" 200 4700 "-" "Mozilla/5.0 (Windows NT 10.0; Win64; x64) AppleWebKit/537.36 (KHTML, like Gecko) Chrome/78.0.3904.108 Safari/537.36"
188.166.226.156 - - [05/Sep/2023:19:29:59 +0000] "POST //xmlrpc.php HTTP/1.1" 200 4700 "-" "Mozilla/5.0 (Windows NT 10.0; Win64; x64) AppleWebKit/537.36 (KHTML, like Gecko) Chrome/78.0.3904.108 Safari/537.36"
188.166.226.156 - - [05/Sep/2023:19:30:00 +0000] "POST //xmlrpc.php HTTP/1.1" 200 4700 "-" "Mozilla/5.0 (Windows NT 10.0; Win64; x64) AppleWebKit/537.36 (KHTML, like Gecko) Chrome/78.0.3904.108 Safari/537.36"
89.249.74.218 - - [05/Sep/2023:19:31:20 +0000] "POST /xmlrpc.php HTTP/1.1" 200 4920 "-" "Mozilla/5.0 (Windows NT 10.0; Win64; x64) AppleWebKit/537.36 (KHTML, like Gecko) Chrome/100.0.4896.127 Safari/537.36"
83.143.245.51 - - [05/Sep/2023:20:04:02 +0000] "POST /xmlrpc.php HTTP/1.1" 200 4920 "-" "Mozilla/5.0 (Windows NT 10.0; Win64; x64) AppleWebKit/537.36 (KHTML, like Gecko) Chrome/100.0.4896.127 Safari/537.36"
107.167.244.67 - - [05/Sep/2023:20:13:13 +0000] "POST /xmlrpc.php HTTP/1.1" 200 4922 "-" "Mozilla/5.0 (Windows NT 10.0; Win64; x64) AppleWebKit/537.36 (KHTML, like Gecko) Chrome/100.0.4896.127 Safari/537.36"
136.243.92.189 - - [05/Sep/2023:20:25:53 +0000] "POST /wp-cron.php?doing_wp_cron=1693945553.6049621105194091796875 HTTP/1.1" 200 4655 "-" "WordPress/6.2.2; https://cheemahaveli.com"
213.152.161.249 - - [05/Sep/2023:20:25:53 +0000] "POST /xmlrpc.php HTTP/1.1" 200 4920 "-" "Mozilla/5.0 (Windows NT 10.0; Win64; x64) AppleWebKit/537.36 (KHTML, like Gecko) Chrome/100.0.4896.127 Safari/537.36"
31.220.93.201 - - [05/Sep/2023:20:49:31 +0000] "POST /xmlrpc.php HTTP/1.1" 200 4718 "-" "Mozilla/5.0 (Windows NT 10.0; Win64; x64) AppleWebKit/537.36 (KHTML, like Gecko) Chrome/85.0.4183.121 Safari/537.36"
31.220.93.201 - - [05/Sep/2023:20:49:31 +0000] "POST /xmlrpc.php HTTP/1.1" 200 4718 "-" "Mozilla/5.0 (Windows NT 10.0; Win64; x64) AppleWebKit/537.36 (KHTML, like Gecko) Chrome/85.0.4183.121 Safari/537.36"
31.220.93.201 - - [05/Sep/2023:20:49:32 +0000] "POST /xmlrpc.php HTTP/1.1" 200 4717 "-" "Mozilla/5.0 (Windows NT 10.0; Win64; x64) AppleWebKit/537.36 (KHTML, like Gecko) Chrome/85.0.4183.121 Safari/537.36"
31.220.93.201 - - [05/Sep/2023:20:49:33 +0000] "POST /xmlrpc.php HTTP/1.1" 200 4718 "-" "Mozilla/5.0 (Windows NT 10.0; Win64; x64) AppleWebKit/537.36 (KHTML, like Gecko) Chrome/85.0.4183.121 Safari/537.36"
31.220.93.201 - - [05/Sep/2023:20:49:33 +0000] "POST /xmlrpc.php HTTP/1.1" 200 4717 "-" "Mozilla/5.0 (Windows NT 10.0; Win64; x64) AppleWebKit/537.36 (KHTML, like Gecko) Chrome/85.0.4183.121 Safari/537.36"
194.187.251.115 - - [05/Sep/2023:20:55:37 +0000] "POST /xmlrpc.php HTTP/1.1" 200 4921 "-" "Mozilla/5.0 (Windows NT 10.0; Win64; x64) AppleWebKit/537.36 (KHTML, like Gecko) Chrome/100.0.4896.127 Safari/537.36"
213.152.161.138 - - [05/Sep/2023:21:12:26 +0000] "POST /xmlrpc.php HTTP/1.1" 200 4921 "-" "Mozilla/5.0 (Windows NT 10.0; Win64; x64) AppleWebKit/537.36 (KHTML, like Gecko) Chrome/100.0.4896.127 Safari/537.36"
213.152.161.211 - - [05/Sep/2023:21:14:07 +0000] "POST /xmlrpc.php HTTP/1.1" 200 4922 "-" "Mozilla/5.0 (Windows NT 10.0; Win64; x64) AppleWebKit/537.36 (KHTML, like Gecko) Chrome/100.0.4896.127 Safari/537.36"
213.152.161.138 - - [05/Sep/2023:21:18:06 +0000] "POST /xmlrpc.php HTTP/1.1" 200 4921 "-" "Mozilla/5.0 (Windows NT 10.0; Win64; x64) AppleWebKit/537.36 (KHTML, like Gecko) Chrome/100.0.4896.127 Safari/537.36"
136.243.92.189 - - [05/Sep/2023:21:44:24 +0000] "POST /wp-cron.php?doing_wp_cron=1693950264.4477150440216064453125 HTTP/1.1" 200 4656 "-" "WordPress/6.2.2; https://cheemahaveli.com"
92.119.178.3 - - [05/Sep/2023:21:44:24 +0000] "POST /xmlrpc.php HTTP/1.1" 200 4922 "-" "Mozilla/5.0 (Windows NT 10.0; Win64; x64) AppleWebKit/537.36 (KHTML, like Gecko) Chrome/100.0.4896.127 Safari/537.36"
185.156.174.115 - - [05/Sep/2023:21:47:14 +0000] "POST /xmlrpc.php HTTP/1.1" 200 4921 "-" "Mozilla/5.0 (Windows NT 10.0; Win64; x64) AppleWebKit/537.36 (KHTML, like Gecko) Chrome/100.0.4896.127 Safari/537.36"
213.152.162.149 - - [05/Sep/2023:21:50:45 +0000] "POST /xmlrpc.php HTTP/1.1" 200 4921 "-" "Mozilla/5.0 (Windows NT 10.0; Win64; x64) AppleWebKit/537.36 (KHTML, like Gecko) Chrome/100.0.4896.127 Safari/537.36"
213.152.162.149 - - [05/Sep/2023:22:02:22 +0000] "POST /xmlrpc.php HTTP/1.1" 200 4922 "-" "Mozilla/5.0 (Windows NT 10.0; Win64; x64) AppleWebKit/537.36 (KHTML, like Gecko) Chrome/100.0.4896.127 Safari/537.36"
64.42.179.59 - - [05/Sep/2023:22:05:27 +0000] "POST /xmlrpc.php HTTP/1.1" 200 4921 "-" "Mozilla/5.0 (Windows NT 10.0; Win64; x64) AppleWebKit/537.36 (KHTML, like Gecko) Chrome/100.0.4896.127 Safari/537.36"
141.98.102.243 - - [05/Sep/2023:22:23:33 +0000] "POST /xmlrpc.php HTTP/1.1" 200 4921 "-" "Mozilla/5.0 (Windows NT 10.0; Win64; x64) AppleWebKit/537.36 (KHTML, like Gecko) Chrome/100.0.4896.127 Safari/537.36"
136.243.92.189 - - [05/Sep/2023:22:31:02 +0000] "POST /wp-cron.php?doing_wp_cron=1693953062.3522689342498779296875 HTTP/1.1" 200 4656 "-" "WordPress/6.2.2; https://cheemahaveli.com"
173.44.55.179 - - [05/Sep/2023:22:31:01 +0000] "POST /xmlrpc.php HTTP/1.1" 200 4922 "-" "Mozilla/5.0 (Windows NT 10.0; Win64; x64) AppleWebKit/537.36 (KHTML, like Gecko) Chrome/100.0.4896.127 Safari/537.36"
64.42.179.51 - - [05/Sep/2023:22:40:21 +0000] "POST /xmlrpc.php HTTP/1.1" 200 4921 "-" "Mozilla/5.0 (Windows NT 10.0; Win64; x64) AppleWebKit/537.36 (KHTML, like Gecko) Chrome/100.0.4896.127 Safari/537.36"
136.243.92.189 - - [05/Sep/2023:23:34:35 +0000] "POST /wp-cron.php?doing_wp_cron=1693956875.5932800769805908203125 HTTP/1.1" 200 4655 "-" "WordPress/6.2.2; https://cheemahaveli.com"
37.120.132.91 - - [05/Sep/2023:23:34:35 +0000] "POST /xmlrpc.php HTTP/1.1" 200 4921 "-" "Mozilla/5.0 (Windows NT 10.0; Win64; x64) AppleWebKit/537.36 (KHTML, like Gecko) Chrome/100.0.4896.127 Safari/537.36"
165.232.78.206 - - [05/Sep/2023:23:35:35 +0000] "GET /wp-login.php HTTP/1.1" 301 564 "-" "Mozilla/5.0 (X11; Fedora; Linux x86_64; rv:94.0) Gecko/20100101 Firefox/95.0"
165.232.78.206 - - [05/Sep/2023:23:35:35 +0000] "GET /wp-login.php HTTP/1.1" 200 6447 "http://cheemahaveli.com/wp-login.php" "Mozilla/5.0 (X11; Fedora; Linux x86_64; rv:94.0) Gecko/20100101 Firefox/95.0"
165.232.78.206 - - [05/Sep/2023:23:35:35 +0000] "GET ///?author=1 HTTP/1.1" 301 558 "-" "Mozilla/5.0 (X11; Fedora; Linux x86_64; rv:94.0) Gecko/20100101 Firefox/95.0"
165.232.78.206 - - [05/Sep/2023:23:35:35 +0000] "GET /?author=1 HTTP/1.1" 301 4402 "http://cheemahaveli.com///?author=1" "Mozilla/5.0 (X11; Fedora; Linux x86_64; rv:94.0) Gecko/20100101 Firefox/95.0"
165.232.78.206 - - [05/Sep/2023:23:35:35 +0000] "GET /author/cheema/ HTTP/1.1" 200 14278 "https://cheemahaveli.com/?author=1" "Mozilla/5.0 (X11; Fedora; Linux x86_64; rv:94.0) Gecko/20100101 Firefox/95.0"
165.232.78.206 - - [05/Sep/2023:23:35:36 +0000] "GET ///wp-json/wp/v2/users/ HTTP/1.1" 301 580 "-" "Mozilla/5.0 (X11; Fedora; Linux x86_64; rv:94.0) Gecko/20100101 Firefox/95.0"
165.232.78.206 - - [05/Sep/2023:23:35:36 +0000] "GET /wp-json/wp/v2/users/ HTTP/1.1" 200 4908 "http://cheemahaveli.com///wp-json/wp/v2/users/" "Mozilla/5.0 (X11; Fedora; Linux x86_64; rv:94.0) Gecko/20100101 Firefox/95.0"
165.232.78.206 - - [05/Sep/2023:23:35:37 +0000] "GET ///?author=2 HTTP/1.1" 301 558 "-" "Mozilla/5.0 (X11; Fedora; Linux x86_64; rv:94.0) Gecko/20100101 Firefox/95.0"
165.232.78.206 - - [05/Sep/2023:23:35:37 +0000] "GET /?author=2 HTTP/1.1" 404 14078 "http://cheemahaveli.com///?author=2" "Mozilla/5.0 (X11; Fedora; Linux x86_64; rv:94.0) Gecko/20100101 Firefox/95.0"
146.70.61.139 - - [06/Sep/2023:00:08:59 +0000] "POST /xmlrpc.php HTTP/1.1" 200 4922 "-" "Mozilla/5.0 (Windows NT 10.0; Win64; x64) AppleWebKit/537.36 (KHTML, like Gecko) Chrome/100.0.4896.127 Safari/537.36"
146.70.61.139 - - [06/Sep/2023:00:14:03 +0000] "POST /xmlrpc.php HTTP/1.1" 200 4921 "-" "Mozilla/5.0 (Windows NT 10.0; Win64; x64) AppleWebKit/537.36 (KHTML, like Gecko) Chrome/100.0.4896.127 Safari/537.36"
162.247.74.216 - - [06/Sep/2023:00:15:13 +0000] "POST /xmlrpc.php HTTP/1.1" 200 4718 "-" "Mozilla/5.0 (Macintosh; Intel Mac OS X 10_11_6) AppleWebKit/601.7.7 (KHTML, like Gecko) Version/9.1.2 Safari/601.7.7"
162.247.74.216 - - [06/Sep/2023:00:15:15 +0000] "POST /xmlrpc.php HTTP/1.1" 200 4718 "-" "Mozilla/5.0 (Macintosh; Intel Mac OS X 10_11_6) AppleWebKit/601.7.7 (KHTML, like Gecko) Version/9.1.2 Safari/601.7.7"
162.247.74.216 - - [06/Sep/2023:00:15:17 +0000] "POST /xmlrpc.php HTTP/1.1" 200 4717 "-" "Mozilla/5.0 (Macintosh; Intel Mac OS X 10_11_6) AppleWebKit/601.7.7 (KHTML, like Gecko) Version/9.1.2 Safari/601.7.7"
136.243.92.189 - - [06/Sep/2023:00:29:51 +0000] "POST /wp-cron.php?doing_wp_cron=1693960191.7059080600738525390625 HTTP/1.1" 200 4656 "-" "WordPress/6.2.2; https://cheemahaveli.com"
213.152.162.74 - - [06/Sep/2023:00:29:51 +0000] "POST /xmlrpc.php HTTP/1.1" 200 4921 "-" "Mozilla/5.0 (Windows NT 10.0; Win64; x64) AppleWebKit/537.36 (KHTML, like Gecko) Chrome/100.0.4896.127 Safari/537.36"
159.223.216.162 - - [06/Sep/2023:00:44:19 +0000] "GET / HTTP/1.1" 301 521 "-" "Mozilla/5.0 (X11; Linux x86_64) AppleWebKit/537.36 (KHTML, like Gecko) Chrome/108.0.0.0 Safari/537.36"
159.223.216.162 - - [06/Sep/2023:00:44:19 +0000] "GET / HTTP/1.1" 200 18213 "-" "Mozilla/5.0 (X11; Linux x86_64) AppleWebKit/537.36 (KHTML, like Gecko) Chrome/108.0.0.0 Safari/537.36"
213.152.162.154 - - [06/Sep/2023:00:44:30 +0000] "POST /xmlrpc.php HTTP/1.1" 200 4921 "-" "Mozilla/5.0 (Windows NT 10.0; Win64; x64) AppleWebKit/537.36 (KHTML, like Gecko) Chrome/100.0.4896.127 Safari/537.36"
213.152.162.154 - - [06/Sep/2023:00:44:52 +0000] "POST /xmlrpc.php HTTP/1.1" 200 4921 "-" "Mozilla/5.0 (Windows NT 10.0; Win64; x64) AppleWebKit/537.36 (KHTML, like Gecko) Chrome/100.0.4896.127 Safari/537.36"
213.152.161.10 - - [06/Sep/2023:00:55:18 +0000] "POST /xmlrpc.php HTTP/1.1" 200 4920 "-" "Mozilla/5.0 (Windows NT 10.0; Win64; x64) AppleWebKit/537.36 (KHTML, like Gecko) Chrome/100.0.4896.127 Safari/537.36"
136.243.92.189 - - [06/Sep/2023:01:40:44 +0000] "POST /wp-cron.php?doing_wp_cron=1693964444.1238210201263427734375 HTTP/1.1" 200 4656 "-" "WordPress/6.2.2; https://cheemahaveli.com"
217.138.195.19 - - [06/Sep/2023:01:40:43 +0000] "POST /xmlrpc.php HTTP/1.1" 200 4922 "-" "Mozilla/5.0 (Windows NT 10.0; Win64; x64) AppleWebKit/537.36 (KHTML, like Gecko) Chrome/100.0.4896.127 Safari/537.36"
213.152.161.149 - - [06/Sep/2023:01:52:50 +0000] "POST /xmlrpc.php HTTP/1.1" 200 4920 "-" "Mozilla/5.0 (Windows NT 10.0; Win64; x64) AppleWebKit/537.36 (KHTML, like Gecko) Chrome/100.0.4896.127 Safari/537.36"
213.152.161.149 - - [06/Sep/2023:02:03:20 +0000] "POST /xmlrpc.php HTTP/1.1" 200 4921 "-" "Mozilla/5.0 (Windows NT 10.0; Win64; x64) AppleWebKit/537.36 (KHTML, like Gecko) Chrome/100.0.4896.127 Safari/537.36"
199.249.230.7 - - [06/Sep/2023:02:22:29 +0000] "POST /xmlrpc.php HTTP/1.1" 200 4921 "-" "Mozilla/5.0 (Windows NT 10.0; Win64; x64) AppleWebKit/537.36 (KHTML, like Gecko) Chrome/100.0.4896.127 Safari/537.36"
136.243.92.189 - - [06/Sep/2023:02:30:44 +0000] "POST /wp-cron.php?doing_wp_cron=1693967444.6934289932250976562500 HTTP/1.1" 200 4656 "-" "WordPress/6.2.2; https://cheemahaveli.com"
193.37.254.35 - - [06/Sep/2023:02:30:44 +0000] "POST /xmlrpc.php HTTP/1.1" 200 4922 "-" "Mozilla/5.0 (Windows NT 10.0; Win64; x64) AppleWebKit/537.36 (KHTML, like Gecko) Chrome/100.0.4896.127 Safari/537.36"
173.249.44.248 - - [06/Sep/2023:02:45:12 +0000] "GET /.env HTTP/1.1" 301 585 "-" "Mozilla/5.0 (X11; Linux x86_64) AppleWebKit/537.36 (KHTML, like Gecko) Chrome/81.0.4044.129 Safari/537.36"
173.249.44.248 - - [06/Sep/2023:02:45:12 +0000] "POST / HTTP/1.1" 301 577 "-" "Mozilla/5.0 (X11; Linux x86_64) AppleWebKit/537.36 (KHTML, like Gecko) Chrome/81.0.4044.129 Safari/537.36"
173.249.44.248 - - [06/Sep/2023:02:45:14 +0000] "GET /sendgrid/.env HTTP/1.1" 301 603 "-" "Mozilla/5.0 (X11; Linux x86_64) AppleWebKit/537.36 (KHTML, like Gecko) Chrome/81.0.4044.129 Safari/537.36"
173.249.44.248 - - [06/Sep/2023:02:45:14 +0000] "POST / HTTP/1.1" 301 577 "-" "Mozilla/5.0 (X11; Linux x86_64) AppleWebKit/537.36 (KHTML, like Gecko) Chrome/81.0.4044.129 Safari/537.36"
213.152.161.20 - - [06/Sep/2023:02:53:21 +0000] "POST /xmlrpc.php HTTP/1.1" 200 4920 "-" "Mozilla/5.0 (Windows NT 10.0; Win64; x64) AppleWebKit/537.36 (KHTML, like Gecko) Chrome/100.0.4896.127 Safari/537.36"
213.152.187.210 - - [06/Sep/2023:02:55:16 +0000] "POST /xmlrpc.php HTTP/1.1" 200 4920 "-" "Mozilla/5.0 (Windows NT 10.0; Win64; x64) AppleWebKit/537.36 (KHTML, like Gecko) Chrome/100.0.4896.127 Safari/537.36"
213.152.187.210 - - [06/Sep/2023:02:58:02 +0000] "POST /xmlrpc.php HTTP/1.1" 200 4920 "-" "Mozilla/5.0 (Windows NT 10.0; Win64; x64) AppleWebKit/537.36 (KHTML, like Gecko) Chrome/100.0.4896.127 Safari/537.36"
54.36.54.1 - - [06/Sep/2023:03:05:35 +0000] "GET /wp-admin.php HTTP/1.1" 301 564 "cheemahaveli.com" "Mozilla/5.0 (Windows NT 6.1; Win64; x64) AppleWebKit/537.36 (KHTML, like Gecko) Chrome/186.0.4240.111 Safari/537.36supermantmvw2vgveHe7UP1S"
54.36.54.1 - - [06/Sep/2023:03:05:35 +0000] "GET /wp-admin.php HTTP/1.1" 404 46897 "cheemahaveli.com" "Mozilla/5.0 (Windows NT 6.1; Win64; x64) AppleWebKit/537.36 (KHTML, like Gecko) Chrome/186.0.4240.111 Safari/537.36supermantmvw2vgveHe7UP1S"
134.19.179.187 - - [06/Sep/2023:03:06:56 +0000] "POST /xmlrpc.php HTTP/1.1" 200 4920 "-" "Mozilla/5.0 (Windows NT 10.0; Win64; x64) AppleWebKit/537.36 (KHTML, like Gecko) Chrome/100.0.4896.127 Safari/537.36"
67.231.26.219 - - [06/Sep/2023:03:07:41 +0000] "GET /wp-admin.php HTTP/1.1" 301 564 "cheemahaveli.com" "Mozilla/5.0 (Windows NT 10.0; Win64; x64) AppleWebKit/537.36 (KHTML, like Gecko) Chrome/96.0.4664.110 Safari/537.36 DTLIMftYh9jiVYwT"
67.231.26.219 - - [06/Sep/2023:03:07:42 +0000] "GET /wp-admin.php HTTP/1.1" 404 47354 "cheemahaveli.com" "Mozilla/5.0 (Windows NT 10.0; Win64; x64) AppleWebKit/537.36 (KHTML, like Gecko) Chrome/96.0.4664.110 Safari/537.36 DTLIMftYh9jiVYwT"
136.243.92.189 - - [06/Sep/2023:03:42:49 +0000] "GET / HTTP/1.1" 200 18247 "-" "WordPress/6.2.2; https://cheemahaveli.com"
185.246.188.74 - - [06/Sep/2023:03:42:48 +0000] "POST /xmlrpc.php HTTP/1.1" 200 4717 "-" "Mozilla/5.0 (Windows NT 10.0; Win64; x64) AppleWebKit/537.36 (KHTML, like Gecko) Chrome/68.0.3440.106 Safari/537.36"
185.246.188.74 - - [06/Sep/2023:03:42:51 +0000] "POST /xmlrpc.php HTTP/1.1" 200 4717 "-" "Mozilla/5.0 (Windows NT 10.0; Win64; x64) AppleWebKit/537.36 (KHTML, like Gecko) Chrome/68.0.3440.106 Safari/537.36"
136.243.92.189 - - [06/Sep/2023:03:42:49 +0000] "POST /wp-cron.php?doing_wp_cron=1693971768.9911539554595947265625 HTTP/1.1" 200 4655 "-" "WordPress/6.2.2; https://cheemahaveli.com"
185.246.188.74 - - [06/Sep/2023:03:42:52 +0000] "POST /xmlrpc.php HTTP/1.1" 200 4718 "-" "Mozilla/5.0 (Windows NT 10.0; Win64; x64) AppleWebKit/537.36 (KHTML, like Gecko) Chrome/68.0.3440.106 Safari/537.36"
185.246.188.74 - - [06/Sep/2023:03:42:53 +0000] "POST /xmlrpc.php HTTP/1.1" 200 4718 "-" "Mozilla/5.0 (Windows NT 10.0; Win64; x64) AppleWebKit/537.36 (KHTML, like Gecko) Chrome/68.0.3440.106 Safari/537.36"
185.246.188.74 - - [06/Sep/2023:03:42:55 +0000] "POST /xmlrpc.php HTTP/1.1" 200 4717 "-" "Mozilla/5.0 (Windows NT 10.0; Win64; x64) AppleWebKit/537.36 (KHTML, like Gecko) Chrome/68.0.3440.106 Safari/537.36"
213.152.162.5 - - [06/Sep/2023:03:45:22 +0000] "POST /xmlrpc.php HTTP/1.1" 200 4922 "-" "Mozilla/5.0 (Windows NT 10.0; Win64; x64) AppleWebKit/537.36 (KHTML, like Gecko) Chrome/100.0.4896.127 Safari/537.36"
35.165.215.140 - - [06/Sep/2023:04:16:52 +0000] "GET / HTTP/1.1" 200 18267 "-" "Mozilla/5.0 (X11; Linux x86_64) AppleWebKit/537.36 (KHTML, like Gecko) Chrome/116.0.0.0 Safari/537.36"
35.165.215.140 - - [06/Sep/2023:04:16:53 +0000] "GET /wp-content/themes/cheema/css/bootstrap-theme.min.css HTTP/1.1" 200 7427 "https://cheemahaveli.com/" "Mozilla/5.0 (X11; Linux x86_64) AppleWebKit/537.36 (KHTML, like Gecko) Chrome/116.0.0.0 Safari/537.36"
35.165.215.140 - - [06/Sep/2023:04:16:53 +0000] "GET /wp-content/themes/cheema/css/grid.min.css HTTP/1.1" 200 10676 "https://cheemahaveli.com/" "Mozilla/5.0 (X11; Linux x86_64) AppleWebKit/537.36 (KHTML, like Gecko) Chrome/116.0.0.0 Safari/537.36"
35.165.215.140 - - [06/Sep/2023:04:16:53 +0000] "GET /wp-content/themes/cheema/css/bootstrap.min.css HTTP/1.1" 200 20198 "https://cheemahaveli.com/" "Mozilla/5.0 (X11; Linux x86_64) AppleWebKit/537.36 (KHTML, like Gecko) Chrome/116.0.0.0 Safari/537.36"
35.165.215.140 - - [06/Sep/2023:04:16:53 +0000] "GET /wp-content/themes/cheema/dist/aos.css HTTP/1.1" 200 2595 "https://cheemahaveli.com/" "Mozilla/5.0 (X11; Linux x86_64) AppleWebKit/537.36 (KHTML, like Gecko) Chrome/116.0.0.0 Safari/537.36"
35.165.215.140 - - [06/Sep/2023:04:16:53 +0000] "GET /wp-content/themes/cheema-child/style.css HTTP/1.1" 200 10276 "https://cheemahaveli.com/" "Mozilla/5.0 (X11; Linux x86_64) AppleWebKit/537.36 (KHTML, like Gecko) Chrome/116.0.0.0 Safari/537.36"
35.165.215.140 - - [06/Sep/2023:04:16:53 +0000] "GET /wp-content/themes/cheema/css/owl.carousel.css HTTP/1.1" 200 1478 "https://cheemahaveli.com/" "Mozilla/5.0 (X11; Linux x86_64) AppleWebKit/537.36 (KHTML, like Gecko) Chrome/116.0.0.0 Safari/537.36"
35.165.215.140 - - [06/Sep/2023:04:16:53 +0000] "GET /wp-content/themes/cheema/css/owl.theme.css HTTP/1.1" 200 963 "https://cheemahaveli.com/" "Mozilla/5.0 (X11; Linux x86_64) AppleWebKit/537.36 (KHTML, like Gecko) Chrome/116.0.0.0 Safari/537.36"
35.165.215.140 - - [06/Sep/2023:04:16:53 +0000] "GET /wp-content/themes/cheema/font-awesome/css/font-awesome.min.css HTTP/1.1" 200 7411 "https://cheemahaveli.com/" "Mozilla/5.0 (X11; Linux x86_64) AppleWebKit/537.36 (KHTML, like Gecko) Chrome/116.0.0.0 Safari/537.36"
35.165.215.140 - - [06/Sep/2023:04:16:53 +0000] "GET /wp-includes/css/dist/block-library/style.min.css?ver=6.2.2 HTTP/1.1" 200 13163 "https://cheemahaveli.com/" "Mozilla/5.0 (X11; Linux x86_64) AppleWebKit/537.36 (KHTML, like Gecko) Chrome/116.0.0.0 Safari/537.36"
35.165.215.140 - - [06/Sep/2023:04:16:53 +0000] "GET /wp-includes/css/classic-themes.min.css?ver=6.2.2 HTTP/1.1" 200 567 "https://cheemahaveli.com/" "Mozilla/5.0 (X11; Linux x86_64) AppleWebKit/537.36 (KHTML, like Gecko) Chrome/116.0.0.0 Safari/537.36"
35.165.215.140 - - [06/Sep/2023:04:16:53 +0000] "GET /wp-content/plugins/contact-form-7/includes/css/styles.css?ver=5.7.7 HTTP/1.1" 200 1362 "https://cheemahaveli.com/" "Mozilla/5.0 (X11; Linux x86_64) AppleWebKit/537.36 (KHTML, like Gecko) Chrome/116.0.0.0 Safari/537.36"
35.165.215.140 - - [06/Sep/2023:04:16:54 +0000] "GET /wp-content/themes/cheema/style.css?ver=1.0.0 HTTP/1.1" 200 1019 "https://cheemahaveli.com/" "Mozilla/5.0 (X11; Linux x86_64) AppleWebKit/537.36 (KHTML, like Gecko) Chrome/116.0.0.0 Safari/537.36"
35.165.215.140 - - [06/Sep/2023:04:16:54 +0000] "GET /wp-content/themes/cheema/js/bootstrap.min.js HTTP/1.1" 200 10272 "https://cheemahaveli.com/" "Mozilla/5.0 (X11; Linux x86_64) AppleWebKit/537.36 (KHTML, like Gecko) Chrome/116.0.0.0 Safari/537.36"
35.165.215.140 - - [06/Sep/2023:04:16:54 +0000] "GET /wp-content/themes/cheema/js/script.js HTTP/1.1" 200 4816 "https://cheemahaveli.com/" "Mozilla/5.0 (X11; Linux x86_64) AppleWebKit/537.36 (KHTML, like Gecko) Chrome/116.0.0.0 Safari/537.36"
35.165.215.140 - - [06/Sep/2023:04:16:54 +0000] "GET /wp-content/themes/cheema/js/owl.carousel.js HTTP/1.1" 200 8684 "https://cheemahaveli.com/" "Mozilla/5.0 (X11; Linux x86_64) AppleWebKit/537.36 (KHTML, like Gecko) Chrome/116.0.0.0 Safari/537.36"
35.165.215.140 - - [06/Sep/2023:04:16:54 +0000] "GET /wp-content/themes/cheema/dist/aos.js HTTP/1.1" 200 4876 "https://cheemahaveli.com/" "Mozilla/5.0 (X11; Linux x86_64) AppleWebKit/537.36 (KHTML, like Gecko) Chrome/116.0.0.0 Safari/537.36"
35.165.215.140 - - [06/Sep/2023:04:16:54 +0000] "GET /wp-content/plugins/contact-form-7/includes/swv/js/index.js?ver=5.7.7 HTTP/1.1" 200 3383 "https://cheemahaveli.com/" "Mozilla/5.0 (X11; Linux x86_64) AppleWebKit/537.36 (KHTML, like Gecko) Chrome/116.0.0.0 Safari/537.36"
35.165.215.140 - - [06/Sep/2023:04:16:54 +0000] "GET /wp-content/plugins/contact-form-7/includes/js/index.js?ver=5.7.7 HTTP/1.1" 200 4555 "https://cheemahaveli.com/" "Mozilla/5.0 (X11; Linux x86_64) AppleWebKit/537.36 (KHTML, like Gecko) Chrome/116.0.0.0 Safari/537.36"
35.165.215.140 - - [06/Sep/2023:04:16:54 +0000] "GET /wp-content/themes/cheema/assets/js/primary-navigation.js?ver=1.0.0 HTTP/1.1" 200 2223 "https://cheemahaveli.com/" "Mozilla/5.0 (X11; Linux x86_64) AppleWebKit/537.36 (KHTML, like Gecko) Chrome/116.0.0.0 Safari/537.36"
35.165.215.140 - - [06/Sep/2023:04:16:54 +0000] "GET /wp-content/themes/cheema/assets/js/responsive-embeds.js?ver=1.0.0 HTTP/1.1" 200 916 "https://cheemahaveli.com/" "Mozilla/5.0 (X11; Linux x86_64) AppleWebKit/537.36 (KHTML, like Gecko) Chrome/116.0.0.0 Safari/537.36"
35.165.215.140 - - [06/Sep/2023:04:16:54 +0000] "GET /wp-content/uploads/2023/07/logo.png HTTP/1.1" 200 107053 "https://cheemahaveli.com/" "Mozilla/5.0 (X11; Linux x86_64) AppleWebKit/537.36 (KHTML, like Gecko) Chrome/116.0.0.0 Safari/537.36"
35.165.215.140 - - [06/Sep/2023:04:16:55 +0000] "GET /wp-content/themes/cheema/font-awesome/fonts/fontawesome-webfont.woff2?v=4.7.0 HTTP/1.1" 200 77993 "https://cheemahaveli.com/wp-content/themes/cheema/font-awesome/css/font-awesome.min.css" "Mozilla/5.0 (X11; Linux x86_64) AppleWebKit/537.36 (KHTML, like Gecko) Chrome/116.0.0.0 Safari/537.36"
35.165.215.140 - - [06/Sep/2023:04:16:54 +0000] "GET /wp-content/themes/cheema/images/slider-02.jpg HTTP/1.1" 200 857504 "https://cheemahaveli.com/" "Mozilla/5.0 (X11; Linux x86_64) AppleWebKit/537.36 (KHTML, like Gecko) Chrome/116.0.0.0 Safari/537.36"
35.165.215.140 - - [06/Sep/2023:04:16:55 +0000] "GET /wp-json/contact-form-7/v1/contact-forms/94/feedback/schema HTTP/1.1" 200 858 "https://cheemahaveli.com/" "Mozilla/5.0 (X11; Linux x86_64) AppleWebKit/537.36 (KHTML, like Gecko) Chrome/116.0.0.0 Safari/537.36"
35.165.215.140 - - [06/Sep/2023:04:16:54 +0000] "GET /wp-content/themes/cheema/images/slider-01.jpg HTTP/1.1" 200 1609846 "https://cheemahaveli.com/" "Mozilla/5.0 (X11; Linux x86_64) AppleWebKit/537.36 (KHTML, like Gecko) Chrome/116.0.0.0 Safari/537.36"
35.165.215.140 - - [06/Sep/2023:04:16:55 +0000] "GET /wp-content/uploads/2023/08/cheema-haveli-sirhind-fatehgarh-sahib-restaurants-2kefzxg.jpg HTTP/1.1" 200 123610 "https://cheemahaveli.com/" "Mozilla/5.0 (X11; Linux x86_64) AppleWebKit/537.36 (KHTML, like Gecko) Chrome/116.0.0.0 Safari/537.36"
35.165.215.140 - - [06/Sep/2023:04:16:55 +0000] "GET /wp-content/uploads/2023/07/img-02.jpg HTTP/1.1" 200 239090 "https://cheemahaveli.com/" "Mozilla/5.0 (X11; Linux x86_64) AppleWebKit/537.36 (KHTML, like Gecko) Chrome/116.0.0.0 Safari/537.36"
35.165.215.140 - - [06/Sep/2023:04:16:56 +0000] "GET /wp-content/uploads/2023/08/cheema-haveli-sirhind-fatehgarh-sahib-restaurants-346hmie.jpg HTTP/1.1" 200 114687 "https://cheemahaveli.com/" "Mozilla/5.0 (X11; Linux x86_64) AppleWebKit/537.36 (KHTML, like Gecko) Chrome/116.0.0.0 Safari/537.36"
35.165.215.140 - - [06/Sep/2023:04:16:56 +0000] "GET /wp-content/themes/cheema/images/slider-03.jpg HTTP/1.1" 200 761311 "https://cheemahaveli.com/" "Mozilla/5.0 (X11; Linux x86_64) AppleWebKit/537.36 (KHTML, like Gecko) Chrome/116.0.0.0 Safari/537.36"
35.165.215.140 - - [06/Sep/2023:04:16:56 +0000] "GET /wp-content/themes/cheema/images/about-01.png HTTP/1.1" 200 3997 "https://cheemahaveli.com/" "Mozilla/5.0 (X11; Linux x86_64) AppleWebKit/537.36 (KHTML, like Gecko) Chrome/116.0.0.0 Safari/537.36"
35.165.215.140 - - [06/Sep/2023:04:16:56 +0000] "GET /wp-content/themes/cheema/images/slider-04.jpg HTTP/1.1" 200 779445 "https://cheemahaveli.com/" "Mozilla/5.0 (X11; Linux x86_64) AppleWebKit/537.36 (KHTML, like Gecko) Chrome/116.0.0.0 Safari/537.36"
35.165.215.140 - - [06/Sep/2023:04:16:56 +0000] "GET /wp-content/themes/cheema/images/about-02.png HTTP/1.1" 200 6558 "https://cheemahaveli.com/" "Mozilla/5.0 (X11; Linux x86_64) AppleWebKit/537.36 (KHTML, like Gecko) Chrome/116.0.0.0 Safari/537.36"
35.165.215.140 - - [06/Sep/2023:04:16:56 +0000] "GET /wp-content/themes/cheema/images/about-03.png HTTP/1.1" 200 179035 "https://cheemahaveli.com/" "Mozilla/5.0 (X11; Linux x86_64) AppleWebKit/537.36 (KHTML, like Gecko) Chrome/116.0.0.0 Safari/537.36"
35.165.215.140 - - [06/Sep/2023:04:16:56 +0000] "GET /wp-content/uploads/2023/08/cheema-haveli.jpg HTTP/1.1" 200 94944 "https://cheemahaveli.com/" "Mozilla/5.0 (X11; Linux x86_64) AppleWebKit/537.36 (KHTML, like Gecko) Chrome/116.0.0.0 Safari/537.36"
35.165.215.140 - - [06/Sep/2023:04:16:56 +0000] "GET /wp-content/uploads/2023/07/services-04.jpg HTTP/1.1" 200 139062 "https://cheemahaveli.com/" "Mozilla/5.0 (X11; Linux x86_64) AppleWebKit/537.36 (KHTML, like Gecko) Chrome/116.0.0.0 Safari/537.36"
35.165.215.140 - - [06/Sep/2023:04:16:56 +0000] "GET /wp-content/themes/cheema/images/img-04.jpg HTTP/1.1" 200 318699 "https://cheemahaveli.com/" "Mozilla/5.0 (X11; Linux x86_64) AppleWebKit/537.36 (KHTML, like Gecko) Chrome/116.0.0.0 Safari/537.36"
35.165.215.140 - - [06/Sep/2023:04:16:57 +0000] "GET /wp-content/uploads/2023/08/cheema-haveli4.jpg HTTP/1.1" 200 78718 "https://cheemahaveli.com/" "Mozilla/5.0 (X11; Linux x86_64) AppleWebKit/537.36 (KHTML, like Gecko) Chrome/116.0.0.0 Safari/537.36"
35.165.215.140 - - [06/Sep/2023:04:16:57 +0000] "GET /wp-content/uploads/2023/07/services-05.jpg HTTP/1.1" 200 416303 "https://cheemahaveli.com/" "Mozilla/5.0 (X11; Linux x86_64) AppleWebKit/537.36 (KHTML, like Gecko) Chrome/116.0.0.0 Safari/537.36"
35.165.215.140 - - [06/Sep/2023:04:16:57 +0000] "GET /wp-content/uploads/2023/07/services-01.jpg HTTP/1.1" 200 463541 "https://cheemahaveli.com/" "Mozilla/5.0 (X11; Linux x86_64) AppleWebKit/537.36 (KHTML, like Gecko) Chrome/116.0.0.0 Safari/537.36"
35.165.215.140 - - [06/Sep/2023:04:16:57 +0000] "GET /wp-content/uploads/2023/08/cheema-haveli5.jpg HTTP/1.1" 200 142046 "https://cheemahaveli.com/" "Mozilla/5.0 (X11; Linux x86_64) AppleWebKit/537.36 (KHTML, like Gecko) Chrome/116.0.0.0 Safari/537.36"
35.165.215.140 - - [06/Sep/2023:04:16:57 +0000] "GET /wp-content/themes/cheema/images/logo.png HTTP/1.1" 200 107053 "https://cheemahaveli.com/" "Mozilla/5.0 (X11; Linux x86_64) AppleWebKit/537.36 (KHTML, like Gecko) Chrome/116.0.0.0 Safari/537.36"
35.165.215.140 - - [06/Sep/2023:04:16:57 +0000] "GET /wp-content/themes/cheema/images/img-05.jpg HTTP/1.1" 200 154381 "https://cheemahaveli.com/" "Mozilla/5.0 (X11; Linux x86_64) AppleWebKit/537.36 (KHTML, like Gecko) Chrome/116.0.0.0 Safari/537.36"
35.165.215.140 - - [06/Sep/2023:04:16:57 +0000] "GET /wp-content/uploads/2023/07/services-02.jpg HTTP/1.1" 200 469170 "https://cheemahaveli.com/" "Mozilla/5.0 (X11; Linux x86_64) AppleWebKit/537.36 (KHTML, like Gecko) Chrome/116.0.0.0 Safari/537.36"
35.165.215.140 - - [06/Sep/2023:04:16:57 +0000] "GET /wp-content/uploads/2023/07/services-03.jpg HTTP/1.1" 200 382333 "https://cheemahaveli.com/" "Mozilla/5.0 (X11; Linux x86_64) AppleWebKit/537.36 (KHTML, like Gecko) Chrome/116.0.0.0 Safari/537.36"
35.165.215.140 - - [06/Sep/2023:04:16:57 +0000] "GET /wp-content/uploads/2023/08/haveli.jpg HTTP/1.1" 200 118239 "https://cheemahaveli.com/" "Mozilla/5.0 (X11; Linux x86_64) AppleWebKit/537.36 (KHTML, like Gecko) Chrome/116.0.0.0 Safari/537.36"
35.165.215.140 - - [06/Sep/2023:04:16:57 +0000] "GET /wp-content/uploads/2023/07/services-07.jpg HTTP/1.1" 200 191363 "https://cheemahaveli.com/" "Mozilla/5.0 (X11; Linux x86_64) AppleWebKit/537.36 (KHTML, like Gecko) Chrome/116.0.0.0 Safari/537.36"
35.165.215.140 - - [06/Sep/2023:04:16:57 +0000] "GET /wp-content/uploads/2023/07/img-05.jpg HTTP/1.1" 200 154381 "https://cheemahaveli.com/" "Mozilla/5.0 (X11; Linux x86_64) AppleWebKit/537.36 (KHTML, like Gecko) Chrome/116.0.0.0 Safari/537.36"
35.165.215.140 - - [06/Sep/2023:04:16:57 +0000] "GET /wp-content/uploads/2023/07/female.jpg HTTP/1.1" 200 8078 "https://cheemahaveli.com/" "Mozilla/5.0 (X11; Linux x86_64) AppleWebKit/537.36 (KHTML, like Gecko) Chrome/116.0.0.0 Safari/537.36"
35.165.215.140 - - [06/Sep/2023:04:16:57 +0000] "GET /wp-content/uploads/2023/07/male.jpg HTTP/1.1" 200 6092 "https://cheemahaveli.com/" "Mozilla/5.0 (X11; Linux x86_64) AppleWebKit/537.36 (KHTML, like Gecko) Chrome/116.0.0.0 Safari/537.36"
35.165.215.140 - - [06/Sep/2023:04:16:58 +0000] "GET /wp-includes/js/wp-emoji-release.min.js?ver=6.2.2 HTTP/1.1" 200 5412 "https://cheemahaveli.com/" "Mozilla/5.0 (X11; Linux x86_64) AppleWebKit/537.36 (KHTML, like Gecko) Chrome/116.0.0.0 Safari/537.36"
35.165.215.140 - - [06/Sep/2023:04:16:59 +0000] "GET /wp-content/themes/cheema/assets/css/print.css?ver=1.0.0 HTTP/1.1" 200 1442 "https://cheemahaveli.com/" "Mozilla/5.0 (X11; Linux x86_64) AppleWebKit/537.36 (KHTML, like Gecko) Chrome/116.0.0.0 Safari/537.36"
35.165.215.140 - - [06/Sep/2023:04:16:59 +0000] "GET /favicon.ico HTTP/1.1" 302 470 "https://cheemahaveli.com/" "Mozilla/5.0 (X11; Linux x86_64) AppleWebKit/537.36 (KHTML, like Gecko) Chrome/116.0.0.0 Safari/537.36"
35.165.215.140 - - [06/Sep/2023:04:17:00 +0000] "GET / HTTP/1.1" 301 577 "-" "Mozilla/5.0 (X11; Linux x86_64) AppleWebKit/537.36 (KHTML, like Gecko) Chrome/116.0.0.0 Safari/537.36"
35.165.215.140 - - [06/Sep/2023:04:17:00 +0000] "GET / HTTP/1.1" 200 13977 "-" "Mozilla/5.0 (X11; Linux x86_64) AppleWebKit/537.36 (KHTML, like Gecko) Chrome/116.0.0.0 Safari/537.36"
35.165.215.140 - - [06/Sep/2023:04:17:01 +0000] "GET /wp-json/contact-form-7/v1/contact-forms/94/feedback/schema HTTP/1.1" 200 858 "https://cheemahaveli.com/" "Mozilla/5.0 (X11; Linux x86_64) AppleWebKit/537.36 (KHTML, like Gecko) Chrome/116.0.0.0 Safari/537.36"
35.165.215.140 - - [06/Sep/2023:04:17:01 +0000] "GET /favicon.ico HTTP/1.1" 302 470 "https://cheemahaveli.com/" "Mozilla/5.0 (X11; Linux x86_64) AppleWebKit/537.36 (KHTML, like Gecko) Chrome/116.0.0.0 Safari/537.36"
35.165.215.140 - - [06/Sep/2023:04:17:01 +0000] "GET /wp-includes/images/w-logo-blue-white-bg.png HTTP/1.1" 200 4427 "https://cheemahaveli.com/" "Mozilla/5.0 (X11; Linux x86_64) AppleWebKit/537.36 (KHTML, like Gecko) Chrome/116.0.0.0 Safari/537.36"
136.243.92.189 - - [06/Sep/2023:04:56:30 +0000] "POST /wp-cron.php?doing_wp_cron=1693976190.4747099876403808593750 HTTP/1.1" 200 4655 "-" "WordPress/6.2.2; https://cheemahaveli.com"
146.70.76.43 - - [06/Sep/2023:04:56:30 +0000] "POST /xmlrpc.php HTTP/1.1" 200 4921 "-" "Mozilla/5.0 (Windows NT 10.0; Win64; x64) AppleWebKit/537.36 (KHTML, like Gecko) Chrome/100.0.4896.127 Safari/537.36"
136.243.92.189 - - [06/Sep/2023:05:26:14 +0000] "POST /wp-cron.php?doing_wp_cron=1693977973.9683580398559570312500 HTTP/1.1" 200 4656 "-" "WordPress/6.2.2; https://cheemahaveli.com"
195.206.105.227 - - [06/Sep/2023:05:26:13 +0000] "POST /xmlrpc.php HTTP/1.1" 200 4921 "-" "Mozilla/5.0 (Windows NT 10.0; Win64; x64) AppleWebKit/537.36 (KHTML, like Gecko) Chrome/100.0.4896.127 Safari/537.36"
173.236.168.108 - - [06/Sep/2023:05:54:38 +0000] "GET /wp-login.php HTTP/1.1" 200 6446 "-" "Mozilla/5.0 (X11; Fedora; Linux x86_64; rv:94.0) Gecko/20100101 Firefox/95.0"
173.236.168.108 - - [06/Sep/2023:05:54:39 +0000] "POST /wp-login.php HTTP/1.1" 200 6564 "-" "Mozilla/5.0 (X11; Fedora; Linux x86_64; rv:94.0) Gecko/20100101 Firefox/95.0"
164.90.223.205 - - [06/Sep/2023:06:07:40 +0000] "GET /wp-login.php HTTP/1.1" 200 6446 "-" "Mozilla/5.0 (X11; Fedora; Linux x86_64; rv:94.0) Gecko/20100101 Firefox/95.0"
164.90.223.205 - - [06/Sep/2023:06:07:41 +0000] "POST /wp-login.php HTTP/1.1" 200 6564 "-" "Mozilla/5.0 (X11; Fedora; Linux x86_64; rv:94.0) Gecko/20100101 Firefox/95.0"
208.77.22.212 - - [06/Sep/2023:06:18:36 +0000] "POST /xmlrpc.php HTTP/1.1" 200 4921 "-" "Mozilla/5.0 (Windows NT 10.0; Win64; x64) AppleWebKit/537.36 (KHTML, like Gecko) Chrome/100.0.4896.127 Safari/537.36"
66.249.64.130 - - [06/Sep/2023:06:20:47 +0000] "GET /robots.txt HTTP/1.1" 200 4731 "-" "Mozilla/5.0 (compatible; Googlebot/2.1; +http://www.google.com/bot.html)"
66.249.64.131 - - [06/Sep/2023:06:20:48 +0000] "GET /wp-content/uploads/2023/08/cheema-haveli.jpg HTTP/1.1" 200 99221 "-" "Googlebot-Image/1.0"
164.90.223.205 - - [06/Sep/2023:06:20:53 +0000] "GET /wp-login.php HTTP/1.1" 200 6447 "-" "Mozilla/5.0 (X11; Fedora; Linux x86_64; rv:94.0) Gecko/20100101 Firefox/95.0"
164.90.223.205 - - [06/Sep/2023:06:20:53 +0000] "POST /wp-login.php HTTP/1.1" 200 6592 "-" "Mozilla/5.0 (X11; Fedora; Linux x86_64; rv:94.0) Gecko/20100101 Firefox/95.0"
136.243.92.189 - - [06/Sep/2023:06:26:03 +0000] "POST /wp-cron.php?doing_wp_cron=1693981562.9619119167327880859375 HTTP/1.1" 200 4655 "-" "WordPress/6.2.2; https://cheemahaveli.com"
213.152.161.5 - - [06/Sep/2023:06:26:02 +0000] "POST /xmlrpc.php HTTP/1.1" 200 4921 "-" "Mozilla/5.0 (Windows NT 10.0; Win64; x64) AppleWebKit/537.36 (KHTML, like Gecko) Chrome/100.0.4896.127 Safari/537.36"
172.241.171.42 - - [06/Sep/2023:06:27:44 +0000] "GET / HTTP/1.1" 200 18196 "-" "Mozilla/5.0 (Windows NT 10.0; Win64; x64) AppleWebKit/537.36 (KHTML, like Gecko) Chrome/115.0.0.0 Safari/537.36"
213.152.161.5 - - [06/Sep/2023:06:29:03 +0000] "POST /xmlrpc.php HTTP/1.1" 200 4920 "-" "Mozilla/5.0 (Windows NT 10.0; Win64; x64) AppleWebKit/537.36 (KHTML, like Gecko) Chrome/100.0.4896.127 Safari/537.36"
198.244.144.149 - - [06/Sep/2023:06:34:19 +0000] "GET /wp-login.php HTTP/1.1" 200 6430 "-" "Mozilla/5.0 (X11; Fedora; Linux x86_64; rv:94.0) Gecko/20100101 Firefox/95.0"
198.244.144.149 - - [06/Sep/2023:06:34:20 +0000] "POST /wp-login.php HTTP/1.1" 200 6576 "-" "Mozilla/5.0 (X11; Fedora; Linux x86_64; rv:94.0) Gecko/20100101 Firefox/95.0"
213.152.187.205 - - [06/Sep/2023:06:35:37 +0000] "POST /xmlrpc.php HTTP/1.1" 200 4921 "-" "Mozilla/5.0 (Windows NT 10.0; Win64; x64) AppleWebKit/537.36 (KHTML, like Gecko) Chrome/100.0.4896.127 Safari/537.36"
64.90.48.187 - - [06/Sep/2023:06:47:57 +0000] "GET /wp-login.php HTTP/1.1" 200 6431 "-" "Mozilla/5.0 (X11; Fedora; Linux x86_64; rv:94.0) Gecko/20100101 Firefox/95.0"
64.90.48.187 - - [06/Sep/2023:06:47:58 +0000] "POST /wp-login.php HTTP/1.1" 200 6578 "-" "Mozilla/5.0 (X11; Fedora; Linux x86_64; rv:94.0) Gecko/20100101 Firefox/95.0"
134.19.179.195 - - [06/Sep/2023:06:52:25 +0000] "POST /xmlrpc.php HTTP/1.1" 200 4921 "-" "Mozilla/5.0 (Windows NT 10.0; Win64; x64) AppleWebKit/537.36 (KHTML, like Gecko) Chrome/100.0.4896.127 Safari/537.36"
124.220.54.20 - - [06/Sep/2023:07:01:52 +0000] "GET /wp-login.php HTTP/1.1" 200 6446 "-" "Mozilla/5.0 (X11; Fedora; Linux x86_64; rv:94.0) Gecko/20100101 Firefox/95.0"
124.220.54.20 - - [06/Sep/2023:07:01:53 +0000] "POST /wp-login.php HTTP/1.1" 200 6593 "-" "Mozilla/5.0 (X11; Fedora; Linux x86_64; rv:94.0) Gecko/20100101 Firefox/95.0"
134.19.179.203 - - [06/Sep/2023:07:08:01 +0000] "POST /xmlrpc.php HTTP/1.1" 200 4921 "-" "Mozilla/5.0 (Windows NT 10.0; Win64; x64) AppleWebKit/537.36 (KHTML, like Gecko) Chrome/100.0.4896.127 Safari/537.36"
185.220.101.16 - - [06/Sep/2023:07:10:23 +0000] "POST /xmlrpc.php HTTP/1.1" 200 4717 "-" "Mozilla/5.0 (Windows NT 10.0; Win64; x64) AppleWebKit/537.36 (KHTML, like Gecko) Chrome/64.0.3282.140 Safari/537.36 Edge/17.17134"
185.220.101.16 - - [06/Sep/2023:07:10:23 +0000] "POST /xmlrpc.php HTTP/1.1" 200 4717 "-" "Mozilla/5.0 (Windows NT 10.0; Win64; x64) AppleWebKit/537.36 (KHTML, like Gecko) Chrome/64.0.3282.140 Safari/537.36 Edge/17.17134"
198.98.50.199 - - [06/Sep/2023:07:10:25 +0000] "POST /xmlrpc.php HTTP/1.1" 200 4717 "-" "Mozilla/5.0 (Windows NT 10.0; Win64; x64) AppleWebKit/537.36 (KHTML, like Gecko) Chrome/64.0.3282.140 Safari/537.36 Edge/17.17134"
134.19.179.203 - - [06/Sep/2023:07:10:25 +0000] "POST /xmlrpc.php HTTP/1.1" 200 4921 "-" "Mozilla/5.0 (Windows NT 10.0; Win64; x64) AppleWebKit/537.36 (KHTML, like Gecko) Chrome/100.0.4896.127 Safari/537.36"
198.98.50.199 - - [06/Sep/2023:07:10:27 +0000] "POST /xmlrpc.php HTTP/1.1" 200 4717 "-" "Mozilla/5.0 (Windows NT 10.0; Win64; x64) AppleWebKit/537.36 (KHTML, like Gecko) Chrome/64.0.3282.140 Safari/537.36 Edge/17.17134"
198.98.50.199 - - [06/Sep/2023:07:10:30 +0000] "POST /xmlrpc.php HTTP/1.1" 200 4716 "-" "Mozilla/5.0 (Windows NT 10.0; Win64; x64) AppleWebKit/537.36 (KHTML, like Gecko) Chrome/64.0.3282.140 Safari/537.36 Edge/17.17134"
193.37.254.27 - - [06/Sep/2023:07:12:00 +0000] "POST /xmlrpc.php HTTP/1.1" 200 4921 "-" "Mozilla/5.0 (Windows NT 10.0; Win64; x64) AppleWebKit/537.36 (KHTML, like Gecko) Chrome/100.0.4896.127 Safari/537.36"
208.113.186.10 - - [06/Sep/2023:07:15:34 +0000] "GET /wp-login.php HTTP/1.1" 200 6432 "-" "Mozilla/5.0 (X11; Fedora; Linux x86_64; rv:94.0) Gecko/20100101 Firefox/95.0"
208.113.186.10 - - [06/Sep/2023:07:15:34 +0000] "POST /wp-login.php HTTP/1.1" 200 6576 "-" "Mozilla/5.0 (X11; Fedora; Linux x86_64; rv:94.0) Gecko/20100101 Firefox/95.0"
217.151.98.163 - - [06/Sep/2023:07:20:56 +0000] "POST /xmlrpc.php HTTP/1.1" 200 4921 "-" "Mozilla/5.0 (Windows NT 10.0; Win64; x64) AppleWebKit/537.36 (KHTML, like Gecko) Chrome/100.0.4896.127 Safari/537.36"
217.151.98.163 - - [06/Sep/2023:07:21:35 +0000] "POST /xmlrpc.php HTTP/1.1" 200 4922 "-" "Mozilla/5.0 (Windows NT 10.0; Win64; x64) AppleWebKit/537.36 (KHTML, like Gecko) Chrome/100.0.4896.127 Safari/537.36"
136.243.92.189 - - [06/Sep/2023:07:43:28 +0000] "POST /wp-cron.php?doing_wp_cron=1693986208.0807259082794189453125 HTTP/1.1" 200 4655 "-" "WordPress/6.2.2; https://cheemahaveli.com"
116.12.48.101 - - [06/Sep/2023:07:43:27 +0000] "GET /wp-login.php HTTP/1.1" 200 6446 "-" "Mozilla/5.0 (X11; Fedora; Linux x86_64; rv:94.0) Gecko/20100101 Firefox/95.0"
116.12.48.101 - - [06/Sep/2023:07:43:29 +0000] "POST /wp-login.php HTTP/1.1" 200 6593 "-" "Mozilla/5.0 (X11; Fedora; Linux x86_64; rv:94.0) Gecko/20100101 Firefox/95.0"
213.152.161.20 - - [06/Sep/2023:07:56:46 +0000] "POST /xmlrpc.php HTTP/1.1" 200 4922 "-" "Mozilla/5.0 (Windows NT 10.0; Win64; x64) AppleWebKit/537.36 (KHTML, like Gecko) Chrome/100.0.4896.127 Safari/537.36"
192.99.145.57 - - [06/Sep/2023:07:57:16 +0000] "GET /wp-login.php HTTP/1.1" 200 6446 "-" "Mozilla/5.0 (X11; Fedora; Linux x86_64; rv:94.0) Gecko/20100101 Firefox/95.0"
192.99.145.57 - - [06/Sep/2023:07:57:17 +0000] "POST /wp-login.php HTTP/1.1" 200 6593 "-" "Mozilla/5.0 (X11; Fedora; Linux x86_64; rv:94.0) Gecko/20100101 Firefox/95.0"
69.163.162.4 - - [06/Sep/2023:08:11:44 +0000] "GET /wp-login.php HTTP/1.1" 200 6431 "-" "Mozilla/5.0 (X11; Fedora; Linux x86_64; rv:94.0) Gecko/20100101 Firefox/95.0"
69.163.162.4 - - [06/Sep/2023:08:11:45 +0000] "POST /wp-login.php HTTP/1.1" 200 6578 "-" "Mozilla/5.0 (X11; Fedora; Linux x86_64; rv:94.0) Gecko/20100101 Firefox/95.0"
213.152.186.173 - - [06/Sep/2023:08:18:23 +0000] "POST /xmlrpc.php HTTP/1.1" 200 4921 "-" "Mozilla/5.0 (Windows NT 10.0; Win64; x64) AppleWebKit/537.36 (KHTML, like Gecko) Chrome/100.0.4896.127 Safari/537.36"
136.243.92.189 - - [06/Sep/2023:08:25:49 +0000] "POST /wp-cron.php?doing_wp_cron=1693988749.1594820022583007812500 HTTP/1.1" 200 4656 "-" "WordPress/6.2.2; https://cheemahaveli.com"
177.55.118.163 - - [06/Sep/2023:08:25:48 +0000] "GET /wp-login.php HTTP/1.1" 200 6430 "-" "Mozilla/5.0 (X11; Fedora; Linux x86_64; rv:94.0) Gecko/20100101 Firefox/95.0"
177.55.118.163 - - [06/Sep/2023:08:25:51 +0000] "POST /wp-login.php HTTP/1.1" 200 6577 "-" "Mozilla/5.0 (X11; Fedora; Linux x86_64; rv:94.0) Gecko/20100101 Firefox/95.0"
213.152.162.149 - - [06/Sep/2023:08:31:04 +0000] "POST /xmlrpc.php HTTP/1.1" 200 4921 "-" "Mozilla/5.0 (Windows NT 10.0; Win64; x64) AppleWebKit/537.36 (KHTML, like Gecko) Chrome/100.0.4896.127 Safari/537.36"
185.200.116.219 - - [06/Sep/2023:08:37:24 +0000] "POST /xmlrpc.php HTTP/1.1" 200 4920 "-" "Mozilla/5.0 (Windows NT 10.0; Win64; x64) AppleWebKit/537.36 (KHTML, like Gecko) Chrome/100.0.4896.127 Safari/537.36"
124.158.12.83 - - [06/Sep/2023:08:40:01 +0000] "GET /wp-login.php HTTP/1.1" 200 6447 "-" "Mozilla/5.0 (X11; Fedora; Linux x86_64; rv:94.0) Gecko/20100101 Firefox/95.0"
124.158.12.83 - - [06/Sep/2023:08:40:03 +0000] "POST /wp-login.php HTTP/1.1" 200 6592 "-" "Mozilla/5.0 (X11; Fedora; Linux x86_64; rv:94.0) Gecko/20100101 Firefox/95.0"
185.200.116.219 - - [06/Sep/2023:08:42:03 +0000] "POST /xmlrpc.php HTTP/1.1" 200 4921 "-" "Mozilla/5.0 (Windows NT 10.0; Win64; x64) AppleWebKit/537.36 (KHTML, like Gecko) Chrome/100.0.4896.127 Safari/537.36"
185.200.116.219 - - [06/Sep/2023:08:48:41 +0000] "POST /xmlrpc.php HTTP/1.1" 200 4921 "-" "Mozilla/5.0 (Windows NT 10.0; Win64; x64) AppleWebKit/537.36 (KHTML, like Gecko) Chrome/100.0.4896.127 Safari/537.36"
139.59.10.149 - - [06/Sep/2023:08:54:02 +0000] "POST /wp-login.php HTTP/1.1" 200 6574 "-" "Mozilla/5.0 (X11; Fedora; Linux x86_64; rv:94.0) Gecko/20100101 Firefox/95.0"
184.171.250.244 - - [06/Sep/2023:09:08:09 +0000] "GET /wp-login.php HTTP/1.1" 200 6448 "-" "Mozilla/5.0 (X11; Fedora; Linux x86_64; rv:94.0) Gecko/20100101 Firefox/95.0"
184.171.250.244 - - [06/Sep/2023:09:08:10 +0000] "POST /wp-login.php HTTP/1.1" 200 6593 "-" "Mozilla/5.0 (X11; Fedora; Linux x86_64; rv:94.0) Gecko/20100101 Firefox/95.0"
213.152.186.19 - - [06/Sep/2023:09:20:46 +0000] "POST /xmlrpc.php HTTP/1.1" 200 4921 "-" "Mozilla/5.0 (Windows NT 10.0; Win64; x64) AppleWebKit/537.36 (KHTML, like Gecko) Chrome/100.0.4896.127 Safari/537.36"
161.97.147.235 - - [06/Sep/2023:09:22:39 +0000] "GET /wp-login.php HTTP/1.1" 200 6447 "-" "Mozilla/5.0 (X11; Fedora; Linux x86_64; rv:94.0) Gecko/20100101 Firefox/95.0"
161.97.147.235 - - [06/Sep/2023:09:22:39 +0000] "POST /wp-login.php HTTP/1.1" 200 6593 "-" "Mozilla/5.0 (X11; Fedora; Linux x86_64; rv:94.0) Gecko/20100101 Firefox/95.0"
136.243.92.189 - - [06/Sep/2023:09:36:52 +0000] "POST /wp-cron.php?doing_wp_cron=1693993012.0890159606933593750000 HTTP/1.1" 200 4655 "-" "WordPress/6.2.2; https://cheemahaveli.com"
139.59.10.149 - - [06/Sep/2023:09:36:51 +0000] "GET /wp-login.php HTTP/1.1" 200 6448 "-" "Mozilla/5.0 (X11; Fedora; Linux x86_64; rv:94.0) Gecko/20100101 Firefox/95.0"
139.59.10.149 - - [06/Sep/2023:09:36:53 +0000] "POST /wp-login.php HTTP/1.1" 200 6593 "-" "Mozilla/5.0 (X11; Fedora; Linux x86_64; rv:94.0) Gecko/20100101 Firefox/95.0"
213.152.187.235 - - [06/Sep/2023:09:42:07 +0000] "POST /xmlrpc.php HTTP/1.1" 200 4922 "-" "Mozilla/5.0 (Windows NT 10.0; Win64; x64) AppleWebKit/537.36 (KHTML, like Gecko) Chrome/100.0.4896.127 Safari/537.36"
213.152.186.19 - - [06/Sep/2023:09:43:12 +0000] "POST /xmlrpc.php HTTP/1.1" 200 4921 "-" "Mozilla/5.0 (Windows NT 10.0; Win64; x64) AppleWebKit/537.36 (KHTML, like Gecko) Chrome/100.0.4896.127 Safari/537.36"
64.42.179.59 - - [06/Sep/2023:09:56:17 +0000] "POST /xmlrpc.php HTTP/1.1" 200 4921 "-" "Mozilla/5.0 (Windows NT 10.0; Win64; x64) AppleWebKit/537.36 (KHTML, like Gecko) Chrome/100.0.4896.127 Safari/537.36"
164.90.223.205 - - [06/Sep/2023:10:05:29 +0000] "GET /wp-login.php HTTP/1.1" 200 6447 "-" "Mozilla/5.0 (X11; Fedora; Linux x86_64; rv:94.0) Gecko/20100101 Firefox/95.0"
164.90.223.205 - - [06/Sep/2023:10:05:29 +0000] "POST /wp-login.php HTTP/1.1" 200 6593 "-" "Mozilla/5.0 (X11; Fedora; Linux x86_64; rv:94.0) Gecko/20100101 Firefox/95.0"
213.152.186.168 - - [06/Sep/2023:10:12:49 +0000] "POST /xmlrpc.php HTTP/1.1" 200 4921 "-" "Mozilla/5.0 (Windows NT 10.0; Win64; x64) AppleWebKit/537.36 (KHTML, like Gecko) Chrome/100.0.4896.127 Safari/537.36"
213.152.186.168 - - [06/Sep/2023:10:17:32 +0000] "POST /xmlrpc.php HTTP/1.1" 200 4921 "-" "Mozilla/5.0 (Windows NT 10.0; Win64; x64) AppleWebKit/537.36 (KHTML, like Gecko) Chrome/100.0.4896.127 Safari/537.36"
42.200.231.120 - - [06/Sep/2023:10:20:03 +0000] "GET /wp-login.php HTTP/1.1" 200 6448 "-" "Mozilla/5.0 (X11; Fedora; Linux x86_64; rv:94.0) Gecko/20100101 Firefox/95.0"
42.200.231.120 - - [06/Sep/2023:10:20:04 +0000] "POST /wp-login.php HTTP/1.1" 200 6593 "-" "Mozilla/5.0 (X11; Fedora; Linux x86_64; rv:94.0) Gecko/20100101 Firefox/95.0"
213.152.186.168 - - [06/Sep/2023:10:20:09 +0000] "POST /xmlrpc.php HTTP/1.1" 200 4921 "-" "Mozilla/5.0 (Windows NT 10.0; Win64; x64) AppleWebKit/537.36 (KHTML, like Gecko) Chrome/100.0.4896.127 Safari/537.36"
136.243.92.189 - - [06/Sep/2023:10:34:45 +0000] "POST /wp-cron.php?doing_wp_cron=1693996485.4918870925903320312500 HTTP/1.1" 200 4655 "-" "WordPress/6.2.2; https://cheemahaveli.com"
74.208.233.11 - - [06/Sep/2023:10:34:45 +0000] "GET /wp-login.php HTTP/1.1" 200 6448 "-" "Mozilla/5.0 (X11; Fedora; Linux x86_64; rv:94.0) Gecko/20100101 Firefox/95.0"
74.208.233.11 - - [06/Sep/2023:10:34:46 +0000] "POST /wp-login.php HTTP/1.1" 200 6593 "-" "Mozilla/5.0 (X11; Fedora; Linux x86_64; rv:94.0) Gecko/20100101 Firefox/95.0"
185.220.101.30 - - [06/Sep/2023:10:37:36 +0000] "POST /xmlrpc.php HTTP/1.1" 200 4717 "-" "Mozilla/5.0 (Windows NT 10.0; Win64; x64) AppleWebKit/537.36 (KHTML, like Gecko) Chrome/87.0.4280.88 Safari/537.36"
185.220.101.30 - - [06/Sep/2023:10:37:37 +0000] "POST /xmlrpc.php HTTP/1.1" 200 4716 "-" "Mozilla/5.0 (Windows NT 10.0; Win64; x64) AppleWebKit/537.36 (KHTML, like Gecko) Chrome/87.0.4280.88 Safari/537.36"
185.220.101.30 - - [06/Sep/2023:10:37:39 +0000] "POST /xmlrpc.php HTTP/1.1" 200 4717 "-" "Mozilla/5.0 (Windows NT 10.0; Win64; x64) AppleWebKit/537.36 (KHTML, like Gecko) Chrome/87.0.4280.88 Safari/537.36"
185.220.101.30 - - [06/Sep/2023:10:37:41 +0000] "POST /xmlrpc.php HTTP/1.1" 200 4718 "-" "Mozilla/5.0 (Windows NT 10.0; Win64; x64) AppleWebKit/537.36 (KHTML, like Gecko) Chrome/87.0.4280.88 Safari/537.36"
185.220.101.30 - - [06/Sep/2023:10:37:42 +0000] "POST /xmlrpc.php HTTP/1.1" 200 4717 "-" "Mozilla/5.0 (Windows NT 10.0; Win64; x64) AppleWebKit/537.36 (KHTML, like Gecko) Chrome/87.0.4280.88 Safari/537.36"
190.92.137.177 - - [06/Sep/2023:10:49:11 +0000] "GET /wp-login.php HTTP/1.1" 200 6448 "-" "Mozilla/5.0 (X11; Fedora; Linux x86_64; rv:94.0) Gecko/20100101 Firefox/95.0"
190.92.137.177 - - [06/Sep/2023:10:49:12 +0000] "POST /wp-login.php HTTP/1.1" 200 6593 "-" "Mozilla/5.0 (X11; Fedora; Linux x86_64; rv:94.0) Gecko/20100101 Firefox/95.0"
