124.253.208.112 - - [05/Sep/2023:11:07:21 +0000] "GET /wp-content/uploads/2023/08/cheema-haveli-sirhind-fatehgarh-sahib-restaurants-2hnnlfm.jpg HTTP/1.1" 200 158041 "https://cheemahaveli.com/rooms/" "Mozilla/5.0 (Linux; Android 6.0; Nexus 5 Build/MRA58N) AppleWebKit/537.36 (KHTML, like Gecko) Chrome/116.0.0.0 Mobile Safari/537.36"
124.253.208.112 - - [05/Sep/2023:11:07:22 +0000] "GET /wp-content/themes/cheema/css/bootstrap-grid.min.css.map HTTP/1.1" 404 10040 "-" "Mozilla/5.0 (Windows NT 10.0; Win64; x64) AppleWebKit/537.36 (KHTML, like Gecko) Chrome/116.0.0.0 Safari/537.36"
124.253.208.112 - - [05/Sep/2023:11:07:37 +0000] "GET /restaurants/ HTTP/1.1" 200 11222 "https://cheemahaveli.com/rooms/" "Mozilla/5.0 (Linux; Android 6.0; Nexus 5 Build/MRA58N) AppleWebKit/537.36 (KHTML, like Gecko) Chrome/116.0.0.0 Mobile Safari/537.36"
124.253.208.112 - - [05/Sep/2023:11:07:38 +0000] "GET /wp-content/themes/cheema/css/bootstrap-grid.min.css.map HTTP/1.1" 404 10040 "-" "Mozilla/5.0 (Windows NT 10.0; Win64; x64) AppleWebKit/537.36 (KHTML, like Gecko) Chrome/116.0.0.0 Safari/537.36"
124.253.208.112 - - [05/Sep/2023:11:07:44 +0000] "GET / HTTP/1.1" 200 14301 "https://cheemahaveli.com/restaurants/" "Mozilla/5.0 (Linux; Android 6.0; Nexus 5 Build/MRA58N) AppleWebKit/537.36 (KHTML, like Gecko) Chrome/116.0.0.0 Mobile Safari/537.36"
213.152.161.15 - - [05/Sep/2023:11:07:44 +0000] "POST /xmlrpc.php HTTP/1.1" 200 4922 "-" "Mozilla/5.0 (Windows NT 10.0; Win64; x64) AppleWebKit/537.36 (KHTML, like Gecko) Chrome/100.0.4896.127 Safari/537.36"
124.253.208.112 - - [05/Sep/2023:11:07:45 +0000] "GET /wp-content/themes/cheema/css/bootstrap-grid.min.css.map HTTP/1.1" 404 10040 "-" "Mozilla/5.0 (Windows NT 10.0; Win64; x64) AppleWebKit/537.36 (KHTML, like Gecko) Chrome/116.0.0.0 Safari/537.36"
124.253.208.112 - - [05/Sep/2023:11:07:45 +0000] "GET /wp-json/contact-form-7/v1/contact-forms/94/feedback/schema HTTP/1.1" 200 858 "https://cheemahaveli.com/" "Mozilla/5.0 (Linux; Android 6.0; Nexus 5 Build/MRA58N) AppleWebKit/537.36 (KHTML, like Gecko) Chrome/116.0.0.0 Mobile Safari/537.36"
124.253.208.112 - - [05/Sep/2023:11:08:00 +0000] "GET /gallery/ HTTP/1.1" 200 11392 "https://cheemahaveli.com/" "Mozilla/5.0 (Linux; Android 6.0; Nexus 5 Build/MRA58N) AppleWebKit/537.36 (KHTML, like Gecko) Chrome/116.0.0.0 Mobile Safari/537.36"
124.253.208.112 - - [05/Sep/2023:11:08:00 +0000] "GET /wp-content/uploads/2023/08/cheema-haveli-sirhind-fatehgarh-sahib.jpg HTTP/1.1" 200 40132 "https://cheemahaveli.com/gallery/" "Mozilla/5.0 (Linux; Android 6.0; Nexus 5 Build/MRA58N) AppleWebKit/537.36 (KHTML, like Gecko) Chrome/116.0.0.0 Mobile Safari/537.36"
124.253.208.112 - - [05/Sep/2023:11:08:00 +0000] "GET /wp-content/uploads/2023/08/cheema-haveli-sirhind-fatehgarh-sahib-2.jpg HTTP/1.1" 200 105880 "https://cheemahaveli.com/gallery/" "Mozilla/5.0 (Linux; Android 6.0; Nexus 5 Build/MRA58N) AppleWebKit/537.36 (KHTML, like Gecko) Chrome/116.0.0.0 Mobile Safari/537.36"
124.253.208.112 - - [05/Sep/2023:11:08:00 +0000] "GET /wp-content/uploads/2023/08/cheema-haveli-sirhind-fatehgarh-sahib-multicuisine-restaurants-gf3mcftkxg.jpg HTTP/1.1" 200 104128 "https://cheemahaveli.com/gallery/" "Mozilla/5.0 (Linux; Android 6.0; Nexus 5 Build/MRA58N) AppleWebKit/537.36 (KHTML, like Gecko) Chrome/116.0.0.0 Mobile Safari/537.36"
124.253.208.112 - - [05/Sep/2023:11:08:01 +0000] "GET /wp-content/uploads/2023/08/cheema-haveli-sirhind-fatehgarh-sahib-multicuisine-restaurants-r5xgfsk15l.jpg HTTP/1.1" 200 101182 "https://cheemahaveli.com/gallery/" "Mozilla/5.0 (Linux; Android 6.0; Nexus 5 Build/MRA58N) AppleWebKit/537.36 (KHTML, like Gecko) Chrome/116.0.0.0 Mobile Safari/537.36"
124.253.208.112 - - [05/Sep/2023:11:08:01 +0000] "GET /wp-content/uploads/2023/08/cheema-haveli-sirhind-fatehgarh-sahib-multicuisine-restaurants-ufafjobmpy.jpg HTTP/1.1" 200 81285 "https://cheemahaveli.com/gallery/" "Mozilla/5.0 (Linux; Android 6.0; Nexus 5 Build/MRA58N) AppleWebKit/537.36 (KHTML, like Gecko) Chrome/116.0.0.0 Mobile Safari/537.36"
124.253.208.112 - - [05/Sep/2023:11:08:01 +0000] "GET /wp-content/uploads/2023/08/cheema-haveli-sirhind-fatehgarh-sahib-restaurants-1nuvss2.jpg HTTP/1.1" 200 99235 "https://cheemahaveli.com/gallery/" "Mozilla/5.0 (Linux; Android 6.0; Nexus 5 Build/MRA58N) AppleWebKit/537.36 (KHTML, like Gecko) Chrome/116.0.0.0 Mobile Safari/537.36"
124.253.208.112 - - [05/Sep/2023:11:08:01 +0000] "GET /wp-content/uploads/2023/08/cheema-haveli-sirhind-fatehgarh-sahib-restaurants-1phbvzw.jpg HTTP/1.1" 200 111907 "https://cheemahaveli.com/gallery/" "Mozilla/5.0 (Linux; Android 6.0; Nexus 5 Build/MRA58N) AppleWebKit/537.36 (KHTML, like Gecko) Chrome/116.0.0.0 Mobile Safari/537.36"
124.253.208.112 - - [05/Sep/2023:11:08:01 +0000] "GET /wp-content/themes/cheema/css/bootstrap-grid.min.css.map HTTP/1.1" 404 10040 "-" "Mozilla/5.0 (Windows NT 10.0; Win64; x64) AppleWebKit/537.36 (KHTML, like Gecko) Chrome/116.0.0.0 Safari/537.36"
124.253.208.112 - - [05/Sep/2023:11:08:01 +0000] "GET /wp-content/uploads/2023/08/cheema-haveli-sirhind-fatehgarh-sahib-restaurants-2dqscq6.jpg HTTP/1.1" 200 79553 "https://cheemahaveli.com/gallery/" "Mozilla/5.0 (Linux; Android 6.0; Nexus 5 Build/MRA58N) AppleWebKit/537.36 (KHTML, like Gecko) Chrome/116.0.0.0 Mobile Safari/537.36"
124.253.208.112 - - [05/Sep/2023:11:08:01 +0000] "GET /wp-content/uploads/2023/08/cheema-haveli-sirhind-fatehgarh-sahib-restaurants-1b1oa9i.jpg HTTP/1.1" 200 156352 "https://cheemahaveli.com/gallery/" "Mozilla/5.0 (Linux; Android 6.0; Nexus 5 Build/MRA58N) AppleWebKit/537.36 (KHTML, like Gecko) Chrome/116.0.0.0 Mobile Safari/537.36"
124.253.208.112 - - [05/Sep/2023:11:08:01 +0000] "GET /wp-content/uploads/2023/08/cheema-haveli-sirhind-fatehgarh-sahib-restaurants-3abdfme.jpg HTTP/1.1" 200 124193 "https://cheemahaveli.com/gallery/" "Mozilla/5.0 (Linux; Android 6.0; Nexus 5 Build/MRA58N) AppleWebKit/537.36 (KHTML, like Gecko) Chrome/116.0.0.0 Mobile Safari/537.36"
124.253.208.112 - - [05/Sep/2023:11:08:01 +0000] "GET /wp-content/uploads/2023/08/cheema-haveli-sirhind-fatehgarh-sahib-restaurants-3sqgyiw.jpg HTTP/1.1" 200 189166 "https://cheemahaveli.com/gallery/" "Mozilla/5.0 (Linux; Android 6.0; Nexus 5 Build/MRA58N) AppleWebKit/537.36 (KHTML, like Gecko) Chrome/116.0.0.0 Mobile Safari/537.36"
124.253.208.112 - - [05/Sep/2023:11:08:01 +0000] "GET /wp-content/uploads/2023/08/cheema-haveli-sirhind-fatehgarh-sahib-restaurants-6dynjd.jpg HTTP/1.1" 200 75707 "https://cheemahaveli.com/gallery/" "Mozilla/5.0 (Linux; Android 6.0; Nexus 5 Build/MRA58N) AppleWebKit/537.36 (KHTML, like Gecko) Chrome/116.0.0.0 Mobile Safari/537.36"
124.253.208.112 - - [05/Sep/2023:11:08:01 +0000] "GET /wp-content/uploads/2023/08/cheema-haveli-sirhind-fatehgarh-sahib-restaurants-26skehs.jpg HTTP/1.1" 200 81547 "https://cheemahaveli.com/gallery/" "Mozilla/5.0 (Linux; Android 6.0; Nexus 5 Build/MRA58N) AppleWebKit/537.36 (KHTML, like Gecko) Chrome/116.0.0.0 Mobile Safari/537.36"
124.253.208.112 - - [05/Sep/2023:11:08:01 +0000] "GET /wp-content/uploads/2023/08/cheema-haveli-sirhind-fatehgarh-sahib-restaurants-72pcd3.jpg HTTP/1.1" 200 94907 "https://cheemahaveli.com/gallery/" "Mozilla/5.0 (Linux; Android 6.0; Nexus 5 Build/MRA58N) AppleWebKit/537.36 (KHTML, like Gecko) Chrome/116.0.0.0 Mobile Safari/537.36"
124.253.208.112 - - [05/Sep/2023:11:08:01 +0000] "GET /wp-content/uploads/2023/08/cheema-haveli-sirhind-fatehgarh-sahib-restaurants-116x7j0.jpg HTTP/1.1" 200 158507 "https://cheemahaveli.com/gallery/" "Mozilla/5.0 (Linux; Android 6.0; Nexus 5 Build/MRA58N) AppleWebKit/537.36 (KHTML, like Gecko) Chrome/116.0.0.0 Mobile Safari/537.36"
124.253.208.112 - - [05/Sep/2023:11:08:01 +0000] "GET /wp-content/uploads/2023/08/cheema-haveli-sirhind-fatehgarh-sahib-restaurants-gjhkyx.jpg HTTP/1.1" 200 111602 "https://cheemahaveli.com/gallery/" "Mozilla/5.0 (Linux; Android 6.0; Nexus 5 Build/MRA58N) AppleWebKit/537.36 (KHTML, like Gecko) Chrome/116.0.0.0 Mobile Safari/537.36"
124.253.208.112 - - [05/Sep/2023:11:08:01 +0000] "GET /wp-content/uploads/2023/08/cheema-haveli-sirhind-fatehgarh-sahib-restaurants-r19cntc.jpg HTTP/1.1" 200 222446 "https://cheemahaveli.com/gallery/" "Mozilla/5.0 (Linux; Android 6.0; Nexus 5 Build/MRA58N) AppleWebKit/537.36 (KHTML, like Gecko) Chrome/116.0.0.0 Mobile Safari/537.36"
124.253.208.112 - - [05/Sep/2023:11:08:01 +0000] "GET /wp-content/uploads/2023/08/cheema-haveli-sirhind-fatehgarh-sahib-restaurants-v2bxdhayp3.jpg HTTP/1.1" 200 56561 "https://cheemahaveli.com/gallery/" "Mozilla/5.0 (Linux; Android 6.0; Nexus 5 Build/MRA58N) AppleWebKit/537.36 (KHTML, like Gecko) Chrome/116.0.0.0 Mobile Safari/537.36"
124.253.208.112 - - [05/Sep/2023:11:08:02 +0000] "GET /wp-content/uploads/2023/08/cheema-haveli-sirhind-fatehgarh-sahib-restaurants-w8l12p.jpg HTTP/1.1" 200 96053 "https://cheemahaveli.com/gallery/" "Mozilla/5.0 (Linux; Android 6.0; Nexus 5 Build/MRA58N) AppleWebKit/537.36 (KHTML, like Gecko) Chrome/116.0.0.0 Mobile Safari/537.36"
124.253.208.112 - - [05/Sep/2023:11:08:02 +0000] "GET /wp-content/uploads/2023/08/cheema-haveli-sirhind-fatehgarh-sahib-restaurants-wc2x93.jpg HTTP/1.1" 200 152413 "https://cheemahaveli.com/gallery/" "Mozilla/5.0 (Linux; Android 6.0; Nexus 5 Build/MRA58N) AppleWebKit/537.36 (KHTML, like Gecko) Chrome/116.0.0.0 Mobile Safari/537.36"
124.253.208.112 - - [05/Sep/2023:11:08:01 +0000] "GET /wp-content/uploads/2023/08/cheema-haveli-sirhind-fatehgarh-sahib-restaurants-a81yoguu81.jpg HTTP/1.1" 200 442303 "https://cheemahaveli.com/gallery/" "Mozilla/5.0 (Linux; Android 6.0; Nexus 5 Build/MRA58N) AppleWebKit/537.36 (KHTML, like Gecko) Chrome/116.0.0.0 Mobile Safari/537.36"
124.253.208.112 - - [05/Sep/2023:11:08:01 +0000] "GET /wp-content/uploads/2023/08/cheema-haveli-sirhind-fatehgarh-sahib-restaurants-rmgltus5io.jpg HTTP/1.1" 200 1237277 "https://cheemahaveli.com/gallery/" "Mozilla/5.0 (Linux; Android 6.0; Nexus 5 Build/MRA58N) AppleWebKit/537.36 (KHTML, like Gecko) Chrome/116.0.0.0 Mobile Safari/537.36"
124.253.208.112 - - [05/Sep/2023:11:08:02 +0000] "GET /wp-content/uploads/2023/08/cheema-haveli-sirhind-fatehgarh-sahib-restaurants-xs0ga0.jpg HTTP/1.1" 200 135876 "https://cheemahaveli.com/gallery/" "Mozilla/5.0 (Linux; Android 6.0; Nexus 5 Build/MRA58N) AppleWebKit/537.36 (KHTML, like Gecko) Chrome/116.0.0.0 Mobile Safari/537.36"
124.253.208.112 - - [05/Sep/2023:11:08:02 +0000] "GET /wp-content/uploads/2023/08/cheema-haveli-sirhind-sirhind-multicuisine-restaurants-8rwsqnf2qz.jpg HTTP/1.1" 200 66001 "https://cheemahaveli.com/gallery/" "Mozilla/5.0 (Linux; Android 6.0; Nexus 5 Build/MRA58N) AppleWebKit/537.36 (KHTML, like Gecko) Chrome/116.0.0.0 Mobile Safari/537.36"
124.253.208.112 - - [05/Sep/2023:11:08:02 +0000] "GET /wp-content/uploads/2023/08/cheema-haveli-sirhind-sirhind-multicuisine-restaurants-80abhbv0vb.jpg HTTP/1.1" 200 72028 "https://cheemahaveli.com/gallery/" "Mozilla/5.0 (Linux; Android 6.0; Nexus 5 Build/MRA58N) AppleWebKit/537.36 (KHTML, like Gecko) Chrome/116.0.0.0 Mobile Safari/537.36"
124.253.208.112 - - [05/Sep/2023:11:08:02 +0000] "GET /wp-content/uploads/2023/08/menu2.jpg HTTP/1.1" 200 177458 "https://cheemahaveli.com/gallery/" "Mozilla/5.0 (Linux; Android 6.0; Nexus 5 Build/MRA58N) AppleWebKit/537.36 (KHTML, like Gecko) Chrome/116.0.0.0 Mobile Safari/537.36"
124.253.208.112 - - [05/Sep/2023:11:08:02 +0000] "GET /wp-content/uploads/2023/08/cheema-haveli-sirhind-sirhind-multicuisine-restaurants-oow8n68crg.jpg HTTP/1.1" 200 100447 "https://cheemahaveli.com/gallery/" "Mozilla/5.0 (Linux; Android 6.0; Nexus 5 Build/MRA58N) AppleWebKit/537.36 (KHTML, like Gecko) Chrome/116.0.0.0 Mobile Safari/537.36"
124.253.208.112 - - [05/Sep/2023:11:08:02 +0000] "GET /wp-content/uploads/2023/08/menu.jpg HTTP/1.1" 200 234849 "https://cheemahaveli.com/gallery/" "Mozilla/5.0 (Linux; Android 6.0; Nexus 5 Build/MRA58N) AppleWebKit/537.36 (KHTML, like Gecko) Chrome/116.0.0.0 Mobile Safari/537.36"
124.253.208.112 - - [05/Sep/2023:11:08:02 +0000] "GET /wp-content/uploads/2023/08/menu3.jpg HTTP/1.1" 200 168646 "https://cheemahaveli.com/gallery/" "Mozilla/5.0 (Linux; Android 6.0; Nexus 5 Build/MRA58N) AppleWebKit/537.36 (KHTML, like Gecko) Chrome/116.0.0.0 Mobile Safari/537.36"
202.43.6.25 - - [05/Sep/2023:11:09:23 +0000] "GET / HTTP/1.1" 301 540 "http://cheemahaveli.com/" "Mozilla/5.0 (iPhone; CPU iPhone OS 16_3 like Mac OS X) AppleWebKit/605.1.15 (KHTML, like Gecko) CriOS/105.0.5195.100 Mobile/15E148 Safari/604.1"
82.135.80.113 - - [05/Sep/2023:11:09:23 +0000] "GET / HTTP/1.1" 301 540 "http://cheemahaveli.com/" "Mozilla/5.0 (Linux; Android 10; K) AppleWebKit/537.36 (KHTML, like Gecko) Chrome/112.0.0.0 Mobile Safari/537.36"
202.43.6.25 - - [05/Sep/2023:11:09:23 +0000] "GET / HTTP/1.1" 200 67828 "https://cheemahaveli.com/" "Mozilla/5.0 (iPhone; CPU iPhone OS 16_3 like Mac OS X) AppleWebKit/605.1.15 (KHTML, like Gecko) CriOS/105.0.5195.100 Mobile/15E148 Safari/604.1"
138.199.47.235 - - [05/Sep/2023:11:09:23 +0000] "GET / HTTP/1.1" 200 67828 "https://cheemahaveli.com/" "Mozilla/5.0 (Macintosh; Intel Mac OS X 10.15; rv:109.0) Gecko/20100101 Firefox/112.0"
82.135.80.113 - - [05/Sep/2023:11:09:23 +0000] "GET / HTTP/1.1" 200 67829 "https://cheemahaveli.com/" "Mozilla/5.0 (Linux; Android 10; K) AppleWebKit/537.36 (KHTML, like Gecko) Chrome/112.0.0.0 Mobile Safari/537.36"
45.80.210.92 - - [05/Sep/2023:11:09:23 +0000] "GET / HTTP/1.1" 200 67827 "https://cheemahaveli.com/" "Mozilla/5.0 (Macintosh; Intel Mac OS X 10.15; rv:109.0) Gecko/20100101 Firefox/113.0"
185.232.22.206 - - [05/Sep/2023:11:09:24 +0000] "GET / HTTP/1.1" 301 540 "http://cheemahaveli.com/" "Mozilla/5.0 (iPhone; CPU iPhone OS 16_3 like Mac OS X) AppleWebKit/605.1.15 (KHTML, like Gecko) CriOS/105.0.5195.100 Mobile/15E148 Safari/604.1"
138.199.47.235 - - [05/Sep/2023:11:09:24 +0000] "GET / HTTP/1.1" 301 540 "http://cheemahaveli.com/" "Mozilla/5.0 (Macintosh; Intel Mac OS X 10.15; rv:109.0) Gecko/20100101 Firefox/112.0"
185.232.22.206 - - [05/Sep/2023:11:09:24 +0000] "GET / HTTP/1.1" 200 67829 "https://cheemahaveli.com/" "Mozilla/5.0 (iPhone; CPU iPhone OS 16_3 like Mac OS X) AppleWebKit/605.1.15 (KHTML, like Gecko) CriOS/105.0.5195.100 Mobile/15E148 Safari/604.1"
45.80.210.92 - - [05/Sep/2023:11:09:26 +0000] "GET / HTTP/1.1" 301 540 "http://cheemahaveli.com/" "Mozilla/5.0 (Macintosh; Intel Mac OS X 10.15; rv:109.0) Gecko/20100101 Firefox/113.0"
45.80.210.92 - - [05/Sep/2023:11:09:28 +0000] "GET / HTTP/1.1" 301 540 "http://cheemahaveli.com/" "Mozilla/5.0 (iPad; CPU OS 16_4_1 like Mac OS X) AppleWebKit/605.1.15 (KHTML, like Gecko) Version/16.4 Mobile/15E148 Safari/604.1"
185.232.22.206 - - [05/Sep/2023:11:09:29 +0000] "OPTIONS / HTTP/1.1" 301 540 "http://cheemahaveli.com/" "Mozilla/5.0 (iPhone; CPU iPhone OS 16_4_1 like Mac OS X) AppleWebKit/605.1.15 (KHTML, like Gecko) Version/16.4 Mobile/15E148 Safari/604.1"
202.43.6.25 - - [05/Sep/2023:11:10:28 +0000] "GET / HTTP/1.1" 200 67828 "http://cheemahaveli.com/" "Mozilla/5.0 (iPhone; CPU iPhone OS 16_3 like Mac OS X) AppleWebKit/605.1.15 (KHTML, like Gecko) CriOS/105.0.5195.100 Mobile/15E148 Safari/604.1"
138.199.47.235 - - [05/Sep/2023:11:10:28 +0000] "GET / HTTP/1.1" 200 67828 "http://cheemahaveli.com/" "Mozilla/5.0 (Macintosh; Intel Mac OS X 10.15; rv:109.0) Gecko/20100101 Firefox/112.0"
45.80.210.92 - - [05/Sep/2023:11:10:28 +0000] "GET / HTTP/1.1" 200 67829 "http://cheemahaveli.com/" "Mozilla/5.0 (Macintosh; Intel Mac OS X 10.15; rv:109.0) Gecko/20100101 Firefox/113.0"
82.135.80.113 - - [05/Sep/2023:11:10:28 +0000] "GET / HTTP/1.1" 200 67829 "http://cheemahaveli.com/" "Mozilla/5.0 (Linux; Android 10; K) AppleWebKit/537.36 (KHTML, like Gecko) Chrome/112.0.0.0 Mobile Safari/537.36"
185.232.22.206 - - [05/Sep/2023:11:10:28 +0000] "GET / HTTP/1.1" 200 67827 "http://cheemahaveli.com/" "Mozilla/5.0 (iPhone; CPU iPhone OS 16_3 like Mac OS X) AppleWebKit/605.1.15 (KHTML, like Gecko) CriOS/105.0.5195.100 Mobile/15E148 Safari/604.1"
138.199.47.235 - - [05/Sep/2023:11:10:40 +0000] "GET /wp-content/uploads/2023/07/logo.png HTTP/1.1" 200 111308 "http://cheemahaveli.com/" "Mozilla/5.0 (Macintosh; Intel Mac OS X 10.15; rv:109.0) Gecko/20100101 Firefox/112.0"
138.199.47.235 - - [05/Sep/2023:11:10:40 +0000] "GET /wp-content/themes/cheema/images/logo.png HTTP/1.1" 200 111307 "http://cheemahaveli.com/" "Mozilla/5.0 (Macintosh; Intel Mac OS X 10.15; rv:109.0) Gecko/20100101 Firefox/112.0"
202.43.6.25 - - [05/Sep/2023:11:10:52 +0000] "GET /wp-content/uploads/2023/07/logo.png HTTP/1.1" 200 111309 "http://cheemahaveli.com/" "Mozilla/5.0 (iPhone; CPU iPhone OS 16_3 like Mac OS X) AppleWebKit/605.1.15 (KHTML, like Gecko) CriOS/105.0.5195.100 Mobile/15E148 Safari/604.1"
202.43.6.25 - - [05/Sep/2023:11:10:52 +0000] "GET /wp-content/themes/cheema/images/logo.png HTTP/1.1" 200 111308 "http://cheemahaveli.com/" "Mozilla/5.0 (iPhone; CPU iPhone OS 16_3 like Mac OS X) AppleWebKit/605.1.15 (KHTML, like Gecko) CriOS/105.0.5195.100 Mobile/15E148 Safari/604.1"
185.232.22.206 - - [05/Sep/2023:11:10:56 +0000] "GET /wp-content/themes/cheema/images/logo.png HTTP/1.1" 200 111307 "http://cheemahaveli.com/" "Mozilla/5.0 (iPhone; CPU iPhone OS 16_3 like Mac OS X) AppleWebKit/605.1.15 (KHTML, like Gecko) CriOS/105.0.5195.100 Mobile/15E148 Safari/604.1"
185.232.22.206 - - [05/Sep/2023:11:10:56 +0000] "GET /wp-content/uploads/2023/07/logo.png HTTP/1.1" 200 111309 "http://cheemahaveli.com/" "Mozilla/5.0 (iPhone; CPU iPhone OS 16_3 like Mac OS X) AppleWebKit/605.1.15 (KHTML, like Gecko) CriOS/105.0.5195.100 Mobile/15E148 Safari/604.1"
82.135.80.113 - - [05/Sep/2023:11:11:09 +0000] "GET /wp-content/themes/cheema/images/logo.png HTTP/1.1" 200 111308 "http://cheemahaveli.com/" "Mozilla/5.0 (Linux; Android 10; K) AppleWebKit/537.36 (KHTML, like Gecko) Chrome/112.0.0.0 Mobile Safari/537.36"
82.135.80.113 - - [05/Sep/2023:11:11:09 +0000] "GET /wp-content/uploads/2023/07/logo.png HTTP/1.1" 200 111307 "http://cheemahaveli.com/" "Mozilla/5.0 (Linux; Android 10; K) AppleWebKit/537.36 (KHTML, like Gecko) Chrome/112.0.0.0 Mobile Safari/537.36"
45.80.210.92 - - [05/Sep/2023:11:11:15 +0000] "GET /wp-content/themes/cheema/images/logo.png HTTP/1.1" 200 111307 "http://cheemahaveli.com/" "Mozilla/5.0 (Macintosh; Intel Mac OS X 10.15; rv:109.0) Gecko/20100101 Firefox/113.0"
136.243.92.189 - - [05/Sep/2023:11:27:47 +0000] "POST /wp-cron.php?doing_wp_cron=1693913267.4289669990539550781250 HTTP/1.1" 200 4654 "-" "WordPress/6.2.2; https://cheemahaveli.com"
178.238.229.54 - - [05/Sep/2023:11:27:47 +0000] "POST /xmlrpc.php HTTP/1.1" 200 4922 "-" "Mozilla/5.0 (Windows NT 10.0; Win64; x64) AppleWebKit/537.36 (KHTML, like Gecko) Chrome/100.0.4896.127 Safari/537.36"
42.83.147.34 - - [05/Sep/2023:11:36:43 +0000] "GET / HTTP/1.1" 301 521 "-" "Mozilla/5.0 (Windows NT 6.1; Win64; x64) AppleWebKit/537.36 (KHTML, like Gecko)Chrome/74.0.3729.169 Safari/537.36"
42.83.147.34 - - [05/Sep/2023:11:36:47 +0000] "GET / HTTP/1.1" 200 18029 "-" "Mozilla/5.0 (Windows NT 6.1; Win64; x64) AppleWebKit/537.36 (KHTML, like Gecko)Chrome/74.0.3729.169 Safari/537.36"
64.42.179.51 - - [05/Sep/2023:11:38:44 +0000] "POST /xmlrpc.php HTTP/1.1" 200 4920 "-" "Mozilla/5.0 (Windows NT 10.0; Win64; x64) AppleWebKit/537.36 (KHTML, like Gecko) Chrome/100.0.4896.127 Safari/537.36"
64.42.179.51 - - [05/Sep/2023:11:46:02 +0000] "POST /xmlrpc.php HTTP/1.1" 200 4921 "-" "Mozilla/5.0 (Windows NT 10.0; Win64; x64) AppleWebKit/537.36 (KHTML, like Gecko) Chrome/100.0.4896.127 Safari/537.36"
64.42.179.51 - - [05/Sep/2023:11:48:39 +0000] "POST /xmlrpc.php HTTP/1.1" 200 4921 "-" "Mozilla/5.0 (Windows NT 10.0; Win64; x64) AppleWebKit/537.36 (KHTML, like Gecko) Chrome/100.0.4896.127 Safari/537.36"
134.19.179.147 - - [05/Sep/2023:11:55:27 +0000] "POST /xmlrpc.php HTTP/1.1" 200 4921 "-" "Mozilla/5.0 (Windows NT 10.0; Win64; x64) AppleWebKit/537.36 (KHTML, like Gecko) Chrome/100.0.4896.127 Safari/537.36"
83.143.245.51 - - [05/Sep/2023:12:14:41 +0000] "POST /xmlrpc.php HTTP/1.1" 200 4921 "-" "Mozilla/5.0 (Windows NT 10.0; Win64; x64) AppleWebKit/537.36 (KHTML, like Gecko) Chrome/100.0.4896.127 Safari/537.36"
89.238.150.43 - - [05/Sep/2023:12:22:30 +0000] "POST /xmlrpc.php HTTP/1.1" 200 4920 "-" "Mozilla/5.0 (Windows NT 10.0; Win64; x64) AppleWebKit/537.36 (KHTML, like Gecko) Chrome/100.0.4896.127 Safari/537.36"
136.243.92.189 - - [05/Sep/2023:12:33:06 +0000] "POST /wp-cron.php?doing_wp_cron=1693917186.1648669242858886718750 HTTP/1.1" 200 4655 "-" "WordPress/6.2.2; https://cheemahaveli.com"
213.152.161.5 - - [05/Sep/2023:12:33:05 +0000] "POST /xmlrpc.php HTTP/1.1" 200 4921 "-" "Mozilla/5.0 (Windows NT 10.0; Win64; x64) AppleWebKit/537.36 (KHTML, like Gecko) Chrome/100.0.4896.127 Safari/537.36"
146.70.94.3 - - [05/Sep/2023:12:49:43 +0000] "POST /xmlrpc.php HTTP/1.1" 200 4920 "-" "Mozilla/5.0 (Windows NT 10.0; Win64; x64) AppleWebKit/537.36 (KHTML, like Gecko) Chrome/100.0.4896.127 Safari/537.36"
185.200.116.131 - - [05/Sep/2023:12:55:42 +0000] "POST /xmlrpc.php HTTP/1.1" 200 4921 "-" "Mozilla/5.0 (Windows NT 10.0; Win64; x64) AppleWebKit/537.36 (KHTML, like Gecko) Chrome/100.0.4896.127 Safari/537.36"
89.238.150.43 - - [05/Sep/2023:13:20:50 +0000] "POST /xmlrpc.php HTTP/1.1" 200 4922 "-" "Mozilla/5.0 (Windows NT 10.0; Win64; x64) AppleWebKit/537.36 (KHTML, like Gecko) Chrome/100.0.4896.127 Safari/537.36"
199.244.88.226 - - [05/Sep/2023:13:30:16 +0000] "GET / HTTP/1.1" 301 521 "-" "Mozilla/5.0 (X11; Linux x86_64) AppleWebKit/537.36 (KHTML, like Gecko) Chrome/105.0.0.0 Safari/537.36"
136.243.92.189 - - [05/Sep/2023:13:30:18 +0000] "POST /wp-cron.php?doing_wp_cron=1693920617.8918769359588623046875 HTTP/1.1" 200 4655 "-" "WordPress/6.2.2; https://cheemahaveli.com"
199.244.88.219 - - [05/Sep/2023:13:30:17 +0000] "GET / HTTP/1.1" 200 18213 "http://cheemahaveli.com" "Mozilla/5.0 (X11; Linux x86_64) AppleWebKit/537.36 (KHTML, like Gecko) Chrome/105.0.0.0 Safari/537.36"
89.238.150.43 - - [05/Sep/2023:13:30:42 +0000] "POST /xmlrpc.php HTTP/1.1" 200 4921 "-" "Mozilla/5.0 (Windows NT 10.0; Win64; x64) AppleWebKit/537.36 (KHTML, like Gecko) Chrome/100.0.4896.127 Safari/537.36"
195.206.105.227 - - [05/Sep/2023:13:42:15 +0000] "POST /xmlrpc.php HTTP/1.1" 200 4922 "-" "Mozilla/5.0 (Windows NT 10.0; Win64; x64) AppleWebKit/537.36 (KHTML, like Gecko) Chrome/100.0.4896.127 Safari/537.36"
79.142.76.244 - - [05/Sep/2023:13:54:51 +0000] "POST /xmlrpc.php HTTP/1.1" 200 4922 "-" "Mozilla/5.0 (Windows NT 10.0; Win64; x64) AppleWebKit/537.36 (KHTML, like Gecko) Chrome/100.0.4896.127 Safari/537.36"
109.70.100.69 - - [05/Sep/2023:13:59:46 +0000] "POST /xmlrpc.php HTTP/1.1" 200 4717 "-" "Mozilla/5.0 (Windows NT 10.0; Win64; x64) AppleWebKit/537.36 (KHTML, like Gecko) Chrome/68.0.3440.106 Safari/537.36"
109.70.100.69 - - [05/Sep/2023:13:59:48 +0000] "POST /xmlrpc.php HTTP/1.1" 200 4716 "-" "Mozilla/5.0 (Windows NT 10.0; Win64; x64) AppleWebKit/537.36 (KHTML, like Gecko) Chrome/68.0.3440.106 Safari/537.36"
109.70.100.69 - - [05/Sep/2023:13:59:49 +0000] "POST /xmlrpc.php HTTP/1.1" 200 4717 "-" "Mozilla/5.0 (Windows NT 10.0; Win64; x64) AppleWebKit/537.36 (KHTML, like Gecko) Chrome/68.0.3440.106 Safari/537.36"
109.70.100.69 - - [05/Sep/2023:13:59:51 +0000] "POST /xmlrpc.php HTTP/1.1" 200 4718 "-" "Mozilla/5.0 (Windows NT 10.0; Win64; x64) AppleWebKit/537.36 (KHTML, like Gecko) Chrome/68.0.3440.106 Safari/537.36"
109.70.100.69 - - [05/Sep/2023:13:59:53 +0000] "POST /xmlrpc.php HTTP/1.1" 200 4716 "-" "Mozilla/5.0 (Windows NT 10.0; Win64; x64) AppleWebKit/537.36 (KHTML, like Gecko) Chrome/68.0.3440.106 Safari/537.36"
136.243.92.189 - - [05/Sep/2023:14:50:08 +0000] "POST /wp-cron.php?doing_wp_cron=1693925407.8154039382934570312500 HTTP/1.1" 200 4655 "-" "WordPress/6.2.2; https://cheemahaveli.com"
213.152.161.30 - - [05/Sep/2023:14:50:07 +0000] "POST /xmlrpc.php HTTP/1.1" 200 4921 "-" "Mozilla/5.0 (Windows NT 10.0; Win64; x64) AppleWebKit/537.36 (KHTML, like Gecko) Chrome/100.0.4896.127 Safari/537.36"
134.19.179.203 - - [05/Sep/2023:15:14:10 +0000] "POST /xmlrpc.php HTTP/1.1" 200 4922 "-" "Mozilla/5.0 (Windows NT 10.0; Win64; x64) AppleWebKit/537.36 (KHTML, like Gecko) Chrome/100.0.4896.127 Safari/537.36"
213.152.162.94 - - [05/Sep/2023:15:22:46 +0000] "POST /xmlrpc.php HTTP/1.1" 200 4922 "-" "Mozilla/5.0 (Windows NT 10.0; Win64; x64) AppleWebKit/537.36 (KHTML, like Gecko) Chrome/100.0.4896.127 Safari/537.36"
136.243.92.189 - - [05/Sep/2023:15:35:56 +0000] "GET / HTTP/1.1" 200 18247 "-" "WordPress/6.2.2; https://cheemahaveli.com"
213.152.161.170 - - [05/Sep/2023:15:35:55 +0000] "POST /xmlrpc.php HTTP/1.1" 200 4922 "-" "Mozilla/5.0 (Windows NT 10.0; Win64; x64) AppleWebKit/537.36 (KHTML, like Gecko) Chrome/100.0.4896.127 Safari/537.36"
136.243.92.189 - - [05/Sep/2023:15:35:56 +0000] "POST /wp-cron.php?doing_wp_cron=1693928155.7853329181671142578125 HTTP/1.1" 200 4655 "-" "WordPress/6.2.2; https://cheemahaveli.com"
193.37.254.35 - - [05/Sep/2023:16:10:31 +0000] "POST /xmlrpc.php HTTP/1.1" 200 4922 "-" "Mozilla/5.0 (Windows NT 10.0; Win64; x64) AppleWebKit/537.36 (KHTML, like Gecko) Chrome/100.0.4896.127 Safari/537.36"
184.75.221.203 - - [05/Sep/2023:16:13:10 +0000] "POST /xmlrpc.php HTTP/1.1" 200 4921 "-" "Mozilla/5.0 (Windows NT 10.0; Win64; x64) AppleWebKit/537.36 (KHTML, like Gecko) Chrome/100.0.4896.127 Safari/537.36"
184.75.221.203 - - [05/Sep/2023:16:14:46 +0000] "POST /xmlrpc.php HTTP/1.1" 200 4922 "-" "Mozilla/5.0 (Windows NT 10.0; Win64; x64) AppleWebKit/537.36 (KHTML, like Gecko) Chrome/100.0.4896.127 Safari/537.36"
82.102.28.107 - - [05/Sep/2023:16:25:05 +0000] "POST /xmlrpc.php HTTP/1.1" 200 4922 "-" "Mozilla/5.0 (Windows NT 10.0; Win64; x64) AppleWebKit/537.36 (KHTML, like Gecko) Chrome/100.0.4896.127 Safari/537.36"
136.243.92.189 - - [05/Sep/2023:16:28:43 +0000] "POST /wp-cron.php?doing_wp_cron=1693931323.5316638946533203125000 HTTP/1.1" 200 4654 "-" "WordPress/6.2.2; https://cheemahaveli.com"
82.102.28.107 - - [05/Sep/2023:16:28:43 +0000] "POST /xmlrpc.php HTTP/1.1" 200 4922 "-" "Mozilla/5.0 (Windows NT 10.0; Win64; x64) AppleWebKit/537.36 (KHTML, like Gecko) Chrome/100.0.4896.127 Safari/537.36"
184.75.223.203 - - [05/Sep/2023:16:43:12 +0000] "POST /xmlrpc.php HTTP/1.1" 200 4921 "-" "Mozilla/5.0 (Windows NT 10.0; Win64; x64) AppleWebKit/537.36 (KHTML, like Gecko) Chrome/100.0.4896.127 Safari/537.36"
184.75.223.203 - - [05/Sep/2023:16:43:21 +0000] "POST /xmlrpc.php HTTP/1.1" 200 4921 "-" "Mozilla/5.0 (Windows NT 10.0; Win64; x64) AppleWebKit/537.36 (KHTML, like Gecko) Chrome/100.0.4896.127 Safari/537.36"
184.75.223.203 - - [05/Sep/2023:16:49:05 +0000] "POST /xmlrpc.php HTTP/1.1" 200 4921 "-" "Mozilla/5.0 (Windows NT 10.0; Win64; x64) AppleWebKit/537.36 (KHTML, like Gecko) Chrome/100.0.4896.127 Safari/537.36"
185.156.175.43 - - [05/Sep/2023:16:49:09 +0000] "POST /xmlrpc.php HTTP/1.1" 200 4922 "-" "Mozilla/5.0 (Windows NT 10.0; Win64; x64) AppleWebKit/537.36 (KHTML, like Gecko) Chrome/100.0.4896.127 Safari/537.36"
185.220.101.33 - - [05/Sep/2023:17:24:13 +0000] "POST /xmlrpc.php HTTP/1.1" 200 4717 "-" "Mozilla/5.0 (Windows NT 5.1; Win64; x64) AppleWebKit/537.36 (KHTML, like Gecko) Chrome/60.0.3112.90 Safari/537.36"
185.220.101.33 - - [05/Sep/2023:17:24:14 +0000] "POST /xmlrpc.php HTTP/1.1" 200 4717 "-" "Mozilla/5.0 (Windows NT 5.1; Win64; x64) AppleWebKit/537.36 (KHTML, like Gecko) Chrome/60.0.3112.90 Safari/537.36"
185.220.101.33 - - [05/Sep/2023:17:24:15 +0000] "POST /xmlrpc.php HTTP/1.1" 200 4717 "-" "Mozilla/5.0 (Windows NT 5.1; Win64; x64) AppleWebKit/537.36 (KHTML, like Gecko) Chrome/60.0.3112.90 Safari/537.36"
185.220.101.33 - - [05/Sep/2023:17:24:16 +0000] "POST /xmlrpc.php HTTP/1.1" 200 4716 "-" "Mozilla/5.0 (Windows NT 5.1; Win64; x64) AppleWebKit/537.36 (KHTML, like Gecko) Chrome/60.0.3112.90 Safari/537.36"
185.220.101.33 - - [05/Sep/2023:17:24:16 +0000] "POST /xmlrpc.php HTTP/1.1" 200 4716 "-" "Mozilla/5.0 (Windows NT 5.1; Win64; x64) AppleWebKit/537.36 (KHTML, like Gecko) Chrome/60.0.3112.90 Safari/537.36"
136.243.92.189 - - [05/Sep/2023:17:34:05 +0000] "POST /wp-cron.php?doing_wp_cron=1693935245.4873518943786621093750 HTTP/1.1" 200 4655 "-" "WordPress/6.2.2; https://cheemahaveli.com"
104.254.90.187 - - [05/Sep/2023:17:34:05 +0000] "POST /xmlrpc.php HTTP/1.1" 200 4922 "-" "Mozilla/5.0 (Windows NT 10.0; Win64; x64) AppleWebKit/537.36 (KHTML, like Gecko) Chrome/100.0.4896.127 Safari/537.36"
146.70.61.139 - - [05/Sep/2023:17:39:15 +0000] "POST /xmlrpc.php HTTP/1.1" 200 4921 "-" "Mozilla/5.0 (Windows NT 10.0; Win64; x64) AppleWebKit/537.36 (KHTML, like Gecko) Chrome/100.0.4896.127 Safari/537.36"
66.249.64.132 - - [05/Sep/2023:17:42:35 +0000] "GET /wp-content/themes/cheema/images/slider-02.jpg HTTP/1.1" 200 861779 "-" "Googlebot-Image/1.0"
136.243.92.189 - - [05/Sep/2023:18:34:54 +0000] "POST /wp-cron.php?doing_wp_cron=1693938893.9037289619445800781250 HTTP/1.1" 200 4655 "-" "WordPress/6.2.2; https://cheemahaveli.com"
213.152.187.205 - - [05/Sep/2023:18:34:53 +0000] "POST /xmlrpc.php HTTP/1.1" 200 4920 "-" "Mozilla/5.0 (Windows NT 10.0; Win64; x64) AppleWebKit/537.36 (KHTML, like Gecko) Chrome/100.0.4896.127 Safari/537.36"
107.167.244.67 - - [05/Sep/2023:19:00:55 +0000] "POST /xmlrpc.php HTTP/1.1" 200 4920 "-" "Mozilla/5.0 (Windows NT 10.0; Win64; x64) AppleWebKit/537.36 (KHTML, like Gecko) Chrome/100.0.4896.127 Safari/537.36"
185.189.112.19 - - [05/Sep/2023:19:04:48 +0000] "POST /xmlrpc.php HTTP/1.1" 200 4920 "-" "Mozilla/5.0 (Windows NT 10.0; Win64; x64) AppleWebKit/537.36 (KHTML, like Gecko) Chrome/100.0.4896.127 Safari/537.36"
213.152.162.149 - - [05/Sep/2023:19:14:46 +0000] "POST /xmlrpc.php HTTP/1.1" 200 4921 "-" "Mozilla/5.0 (Windows NT 10.0; Win64; x64) AppleWebKit/537.36 (KHTML, like Gecko) Chrome/100.0.4896.127 Safari/537.36"
213.152.162.149 - - [05/Sep/2023:19:18:23 +0000] "POST /xmlrpc.php HTTP/1.1" 200 4921 "-" "Mozilla/5.0 (Windows NT 10.0; Win64; x64) AppleWebKit/537.36 (KHTML, like Gecko) Chrome/100.0.4896.127 Safari/537.36"
134.19.179.187 - - [05/Sep/2023:19:25:15 +0000] "POST /xmlrpc.php HTTP/1.1" 200 4921 "-" "Mozilla/5.0 (Windows NT 10.0; Win64; x64) AppleWebKit/537.36 (KHTML, like Gecko) Chrome/100.0.4896.127 Safari/537.36"
188.166.226.156 - - [05/Sep/2023:19:28:14 +0000] "GET / HTTP/1.1" 301 577 "-" "Mozilla/5.0 (Windows NT 10.0; Win64; x64) AppleWebKit/537.36 (KHTML, like Gecko) Chrome/78.0.3904.108 Safari/537.36"
136.243.92.189 - - [05/Sep/2023:19:28:15 +0000] "POST /wp-cron.php?doing_wp_cron=1693942095.2035748958587646484375 HTTP/1.1" 200 4656 "-" "WordPress/6.2.2; https://cheemahaveli.com"
188.166.226.156 - - [05/Sep/2023:19:28:14 +0000] "GET / HTTP/1.1" 200 67752 "-" "Mozilla/5.0 (Windows NT 10.0; Win64; x64) AppleWebKit/537.36 (KHTML, like Gecko) Chrome/78.0.3904.108 Safari/537.36"
188.166.226.156 - - [05/Sep/2023:19:28:15 +0000] "GET //wp-includes/wlwmanifest.xml HTTP/1.1" 200 1388 "-" "Mozilla/5.0 (Windows NT 10.0; Win64; x64) AppleWebKit/537.36 (KHTML, like Gecko) Chrome/78.0.3904.108 Safari/537.36"
188.166.226.156 - - [05/Sep/2023:19:28:16 +0000] "GET //?author=1 HTTP/1.1" 301 323 "-" "Mozilla/5.0 (Windows NT 10.0; Win64; x64) AppleWebKit/537.36 (KHTML, like Gecko) Chrome/78.0.3904.108 Safari/537.36"
188.166.226.156 - - [05/Sep/2023:19:28:16 +0000] "GET //?author=2 HTTP/1.1" 301 411 "-" "Mozilla/5.0 (Windows NT 10.0; Win64; x64) AppleWebKit/537.36 (KHTML, like Gecko) Chrome/78.0.3904.108 Safari/537.36"
188.166.226.156 - - [05/Sep/2023:19:28:16 +0000] "GET //wp-json/wp/v2/users/ HTTP/1.1" 200 1212 "-" "Mozilla/5.0 (Windows NT 10.0; Win64; x64) AppleWebKit/537.36 (KHTML, like Gecko) Chrome/78.0.3904.108 Safari/537.36"
188.166.226.156 - - [05/Sep/2023:19:28:17 +0000] "POST //xmlrpc.php HTTP/1.1" 200 622 "-" "Mozilla/5.0 (Windows NT 10.0; Win64; x64) AppleWebKit/537.36 (KHTML, like Gecko) Chrome/78.0.3904.108 Safari/537.36"
188.166.226.156 - - [05/Sep/2023:19:28:18 +0000] "POST //xmlrpc.php HTTP/1.1" 200 4702 "-" "Mozilla/5.0 (Windows NT 10.0; Win64; x64) AppleWebKit/537.36 (KHTML, like Gecko) Chrome/78.0.3904.108 Safari/537.36"
188.166.226.156 - - [05/Sep/2023:19:28:19 +0000] "POST //xmlrpc.php HTTP/1.1" 200 4700 "-" "Mozilla/5.0 (Windows NT 10.0; Win64; x64) AppleWebKit/537.36 (KHTML, like Gecko) Chrome/78.0.3904.108 Safari/537.36"
188.166.226.156 - - [05/Sep/2023:19:28:19 +0000] "POST //xmlrpc.php HTTP/1.1" 200 4700 "-" "Mozilla/5.0 (Windows NT 10.0; Win64; x64) AppleWebKit/537.36 (KHTML, like Gecko) Chrome/78.0.3904.108 Safari/537.36"
188.166.226.156 - - [05/Sep/2023:19:28:20 +0000] "POST //xmlrpc.php HTTP/1.1" 200 4701 "-" "Mozilla/5.0 (Windows NT 10.0; Win64; x64) AppleWebKit/537.36 (KHTML, like Gecko) Chrome/78.0.3904.108 Safari/537.36"
188.166.226.156 - - [05/Sep/2023:19:28:21 +0000] "POST //xmlrpc.php HTTP/1.1" 200 4700 "-" "Mozilla/5.0 (Windows NT 10.0; Win64; x64) AppleWebKit/537.36 (KHTML, like Gecko) Chrome/78.0.3904.108 Safari/537.36"
188.166.226.156 - - [05/Sep/2023:19:28:22 +0000] "POST //xmlrpc.php HTTP/1.1" 200 4700 "-" "Mozilla/5.0 (Windows NT 10.0; Win64; x64) AppleWebKit/537.36 (KHTML, like Gecko) Chrome/78.0.3904.108 Safari/537.36"
188.166.226.156 - - [05/Sep/2023:19:28:23 +0000] "POST //xmlrpc.php HTTP/1.1" 200 4700 "-" "Mozilla/5.0 (Windows NT 10.0; Win64; x64) AppleWebKit/537.36 (KHTML, like Gecko) Chrome/78.0.3904.108 Safari/537.36"
188.166.226.156 - - [05/Sep/2023:19:28:24 +0000] "POST //xmlrpc.php HTTP/1.1" 200 4700 "-" "Mozilla/5.0 (Windows NT 10.0; Win64; x64) AppleWebKit/537.36 (KHTML, like Gecko) Chrome/78.0.3904.108 Safari/537.36"
188.166.226.156 - - [05/Sep/2023:19:28:25 +0000] "POST //xmlrpc.php HTTP/1.1" 200 4701 "-" "Mozilla/5.0 (Windows NT 10.0; Win64; x64) AppleWebKit/537.36 (KHTML, like Gecko) Chrome/78.0.3904.108 Safari/537.36"
188.166.226.156 - - [05/Sep/2023:19:28:26 +0000] "POST //xmlrpc.php HTTP/1.1" 200 4701 "-" "Mozilla/5.0 (Windows NT 10.0; Win64; x64) AppleWebKit/537.36 (KHTML, like Gecko) Chrome/78.0.3904.108 Safari/537.36"
188.166.226.156 - - [05/Sep/2023:19:28:27 +0000] "POST //xmlrpc.php HTTP/1.1" 200 4700 "-" "Mozilla/5.0 (Windows NT 10.0; Win64; x64) AppleWebKit/537.36 (KHTML, like Gecko) Chrome/78.0.3904.108 Safari/537.36"
188.166.226.156 - - [05/Sep/2023:19:28:28 +0000] "POST //xmlrpc.php HTTP/1.1" 200 4700 "-" "Mozilla/5.0 (Windows NT 10.0; Win64; x64) AppleWebKit/537.36 (KHTML, like Gecko) Chrome/78.0.3904.108 Safari/537.36"
188.166.226.156 - - [05/Sep/2023:19:28:29 +0000] "POST //xmlrpc.php HTTP/1.1" 200 4700 "-" "Mozilla/5.0 (Windows NT 10.0; Win64; x64) AppleWebKit/537.36 (KHTML, like Gecko) Chrome/78.0.3904.108 Safari/537.36"
188.166.226.156 - - [05/Sep/2023:19:28:30 +0000] "POST //xmlrpc.php HTTP/1.1" 200 4699 "-" "Mozilla/5.0 (Windows NT 10.0; Win64; x64) AppleWebKit/537.36 (KHTML, like Gecko) Chrome/78.0.3904.108 Safari/537.36"
188.166.226.156 - - [05/Sep/2023:19:28:31 +0000] "POST //xmlrpc.php HTTP/1.1" 200 4700 "-" "Mozilla/5.0 (Windows NT 10.0; Win64; x64) AppleWebKit/537.36 (KHTML, like Gecko) Chrome/78.0.3904.108 Safari/537.36"
188.166.226.156 - - [05/Sep/2023:19:28:32 +0000] "POST //xmlrpc.php HTTP/1.1" 200 4699 "-" "Mozilla/5.0 (Windows NT 10.0; Win64; x64) AppleWebKit/537.36 (KHTML, like Gecko) Chrome/78.0.3904.108 Safari/537.36"
188.166.226.156 - - [05/Sep/2023:19:28:33 +0000] "POST //xmlrpc.php HTTP/1.1" 200 4700 "-" "Mozilla/5.0 (Windows NT 10.0; Win64; x64) AppleWebKit/537.36 (KHTML, like Gecko) Chrome/78.0.3904.108 Safari/537.36"
188.166.226.156 - - [05/Sep/2023:19:28:34 +0000] "POST //xmlrpc.php HTTP/1.1" 200 4700 "-" "Mozilla/5.0 (Windows NT 10.0; Win64; x64) AppleWebKit/537.36 (KHTML, like Gecko) Chrome/78.0.3904.108 Safari/537.36"
188.166.226.156 - - [05/Sep/2023:19:28:35 +0000] "POST //xmlrpc.php HTTP/1.1" 200 4700 "-" "Mozilla/5.0 (Windows NT 10.0; Win64; x64) AppleWebKit/537.36 (KHTML, like Gecko) Chrome/78.0.3904.108 Safari/537.36"
188.166.226.156 - - [05/Sep/2023:19:28:36 +0000] "POST //xmlrpc.php HTTP/1.1" 200 4700 "-" "Mozilla/5.0 (Windows NT 10.0; Win64; x64) AppleWebKit/537.36 (KHTML, like Gecko) Chrome/78.0.3904.108 Safari/537.36"
188.166.226.156 - - [05/Sep/2023:19:28:37 +0000] "POST //xmlrpc.php HTTP/1.1" 200 4699 "-" "Mozilla/5.0 (Windows NT 10.0; Win64; x64) AppleWebKit/537.36 (KHTML, like Gecko) Chrome/78.0.3904.108 Safari/537.36"
188.166.226.156 - - [05/Sep/2023:19:28:38 +0000] "POST //xmlrpc.php HTTP/1.1" 200 4699 "-" "Mozilla/5.0 (Windows NT 10.0; Win64; x64) AppleWebKit/537.36 (KHTML, like Gecko) Chrome/78.0.3904.108 Safari/537.36"
188.166.226.156 - - [05/Sep/2023:19:28:39 +0000] "POST //xmlrpc.php HTTP/1.1" 200 4701 "-" "Mozilla/5.0 (Windows NT 10.0; Win64; x64) AppleWebKit/537.36 (KHTML, like Gecko) Chrome/78.0.3904.108 Safari/537.36"
188.166.226.156 - - [05/Sep/2023:19:28:40 +0000] "POST //xmlrpc.php HTTP/1.1" 200 4701 "-" "Mozilla/5.0 (Windows NT 10.0; Win64; x64) AppleWebKit/537.36 (KHTML, like Gecko) Chrome/78.0.3904.108 Safari/537.36"
188.166.226.156 - - [05/Sep/2023:19:28:41 +0000] "POST //xmlrpc.php HTTP/1.1" 200 4701 "-" "Mozilla/5.0 (Windows NT 10.0; Win64; x64) AppleWebKit/537.36 (KHTML, like Gecko) Chrome/78.0.3904.108 Safari/537.36"
188.166.226.156 - - [05/Sep/2023:19:28:42 +0000] "POST //xmlrpc.php HTTP/1.1" 200 4701 "-" "Mozilla/5.0 (Windows NT 10.0; Win64; x64) AppleWebKit/537.36 (KHTML, like Gecko) Chrome/78.0.3904.108 Safari/537.36"
188.166.226.156 - - [05/Sep/2023:19:28:42 +0000] "POST //xmlrpc.php HTTP/1.1" 200 4701 "-" "Mozilla/5.0 (Windows NT 10.0; Win64; x64) AppleWebKit/537.36 (KHTML, like Gecko) Chrome/78.0.3904.108 Safari/537.36"
188.166.226.156 - - [05/Sep/2023:19:28:43 +0000] "POST //xmlrpc.php HTTP/1.1" 200 4700 "-" "Mozilla/5.0 (Windows NT 10.0; Win64; x64) AppleWebKit/537.36 (KHTML, like Gecko) Chrome/78.0.3904.108 Safari/537.36"
188.166.226.156 - - [05/Sep/2023:19:28:44 +0000] "POST //xmlrpc.php HTTP/1.1" 200 4700 "-" "Mozilla/5.0 (Windows NT 10.0; Win64; x64) AppleWebKit/537.36 (KHTML, like Gecko) Chrome/78.0.3904.108 Safari/537.36"
188.166.226.156 - - [05/Sep/2023:19:28:45 +0000] "POST //xmlrpc.php HTTP/1.1" 200 4700 "-" "Mozilla/5.0 (Windows NT 10.0; Win64; x64) AppleWebKit/537.36 (KHTML, like Gecko) Chrome/78.0.3904.108 Safari/537.36"
188.166.226.156 - - [05/Sep/2023:19:28:46 +0000] "POST //xmlrpc.php HTTP/1.1" 200 4701 "-" "Mozilla/5.0 (Windows NT 10.0; Win64; x64) AppleWebKit/537.36 (KHTML, like Gecko) Chrome/78.0.3904.108 Safari/537.36"
188.166.226.156 - - [05/Sep/2023:19:28:47 +0000] "POST //xmlrpc.php HTTP/1.1" 200 4700 "-" "Mozilla/5.0 (Windows NT 10.0; Win64; x64) AppleWebKit/537.36 (KHTML, like Gecko) Chrome/78.0.3904.108 Safari/537.36"
188.166.226.156 - - [05/Sep/2023:19:28:48 +0000] "POST //xmlrpc.php HTTP/1.1" 200 4700 "-" "Mozilla/5.0 (Windows NT 10.0; Win64; x64) AppleWebKit/537.36 (KHTML, like Gecko) Chrome/78.0.3904.108 Safari/537.36"
188.166.226.156 - - [05/Sep/2023:19:28:49 +0000] "POST //xmlrpc.php HTTP/1.1" 200 4701 "-" "Mozilla/5.0 (Windows NT 10.0; Win64; x64) AppleWebKit/537.36 (KHTML, like Gecko) Chrome/78.0.3904.108 Safari/537.36"
188.166.226.156 - - [05/Sep/2023:19:28:50 +0000] "POST //xmlrpc.php HTTP/1.1" 200 4701 "-" "Mozilla/5.0 (Windows NT 10.0; Win64; x64) AppleWebKit/537.36 (KHTML, like Gecko) Chrome/78.0.3904.108 Safari/537.36"
188.166.226.156 - - [05/Sep/2023:19:28:51 +0000] "POST //xmlrpc.php HTTP/1.1" 200 4699 "-" "Mozilla/5.0 (Windows NT 10.0; Win64; x64) AppleWebKit/537.36 (KHTML, like Gecko) Chrome/78.0.3904.108 Safari/537.36"
188.166.226.156 - - [05/Sep/2023:19:28:52 +0000] "POST //xmlrpc.php HTTP/1.1" 200 4700 "-" "Mozilla/5.0 (Windows NT 10.0; Win64; x64) AppleWebKit/537.36 (KHTML, like Gecko) Chrome/78.0.3904.108 Safari/537.36"
188.166.226.156 - - [05/Sep/2023:19:28:53 +0000] "POST //xmlrpc.php HTTP/1.1" 200 4701 "-" "Mozilla/5.0 (Windows NT 10.0; Win64; x64) AppleWebKit/537.36 (KHTML, like Gecko) Chrome/78.0.3904.108 Safari/537.36"
188.166.226.156 - - [05/Sep/2023:19:28:54 +0000] "POST //xmlrpc.php HTTP/1.1" 200 4700 "-" "Mozilla/5.0 (Windows NT 10.0; Win64; x64) AppleWebKit/537.36 (KHTML, like Gecko) Chrome/78.0.3904.108 Safari/537.36"
188.166.226.156 - - [05/Sep/2023:19:28:55 +0000] "POST //xmlrpc.php HTTP/1.1" 200 4700 "-" "Mozilla/5.0 (Windows NT 10.0; Win64; x64) AppleWebKit/537.36 (KHTML, like Gecko) Chrome/78.0.3904.108 Safari/537.36"
188.166.226.156 - - [05/Sep/2023:19:28:56 +0000] "POST //xmlrpc.php HTTP/1.1" 200 4699 "-" "Mozilla/5.0 (Windows NT 10.0; Win64; x64) AppleWebKit/537.36 (KHTML, like Gecko) Chrome/78.0.3904.108 Safari/537.36"
188.166.226.156 - - [05/Sep/2023:19:28:57 +0000] "POST //xmlrpc.php HTTP/1.1" 200 4699 "-" "Mozilla/5.0 (Windows NT 10.0; Win64; x64) AppleWebKit/537.36 (KHTML, like Gecko) Chrome/78.0.3904.108 Safari/537.36"
188.166.226.156 - - [05/Sep/2023:19:28:58 +0000] "POST //xmlrpc.php HTTP/1.1" 200 4700 "-" "Mozilla/5.0 (Windows NT 10.0; Win64; x64) AppleWebKit/537.36 (KHTML, like Gecko) Chrome/78.0.3904.108 Safari/537.36"
188.166.226.156 - - [05/Sep/2023:19:28:59 +0000] "POST //xmlrpc.php HTTP/1.1" 200 4699 "-" "Mozilla/5.0 (Windows NT 10.0; Win64; x64) AppleWebKit/537.36 (KHTML, like Gecko) Chrome/78.0.3904.108 Safari/537.36"
188.166.226.156 - - [05/Sep/2023:19:29:00 +0000] "POST //xmlrpc.php HTTP/1.1" 200 4700 "-" "Mozilla/5.0 (Windows NT 10.0; Win64; x64) AppleWebKit/537.36 (KHTML, like Gecko) Chrome/78.0.3904.108 Safari/537.36"
188.166.226.156 - - [05/Sep/2023:19:29:01 +0000] "POST //xmlrpc.php HTTP/1.1" 200 4700 "-" "Mozilla/5.0 (Windows NT 10.0; Win64; x64) AppleWebKit/537.36 (KHTML, like Gecko) Chrome/78.0.3904.108 Safari/537.36"
188.166.226.156 - - [05/Sep/2023:19:29:02 +0000] "POST //xmlrpc.php HTTP/1.1" 200 4699 "-" "Mozilla/5.0 (Windows NT 10.0; Win64; x64) AppleWebKit/537.36 (KHTML, like Gecko) Chrome/78.0.3904.108 Safari/537.36"
188.166.226.156 - - [05/Sep/2023:19:29:02 +0000] "POST //xmlrpc.php HTTP/1.1" 200 4701 "-" "Mozilla/5.0 (Windows NT 10.0; Win64; x64) AppleWebKit/537.36 (KHTML, like Gecko) Chrome/78.0.3904.108 Safari/537.36"
188.166.226.156 - - [05/Sep/2023:19:29:03 +0000] "POST //xmlrpc.php HTTP/1.1" 200 4699 "-" "Mozilla/5.0 (Windows NT 10.0; Win64; x64) AppleWebKit/537.36 (KHTML, like Gecko) Chrome/78.0.3904.108 Safari/537.36"
188.166.226.156 - - [05/Sep/2023:19:29:04 +0000] "POST //xmlrpc.php HTTP/1.1" 200 4701 "-" "Mozilla/5.0 (Windows NT 10.0; Win64; x64) AppleWebKit/537.36 (KHTML, like Gecko) Chrome/78.0.3904.108 Safari/537.36"
188.166.226.156 - - [05/Sep/2023:19:29:05 +0000] "POST //xmlrpc.php HTTP/1.1" 200 4701 "-" "Mozilla/5.0 (Windows NT 10.0; Win64; x64) AppleWebKit/537.36 (KHTML, like Gecko) Chrome/78.0.3904.108 Safari/537.36"
188.166.226.156 - - [05/Sep/2023:19:29:06 +0000] "POST //xmlrpc.php HTTP/1.1" 200 4701 "-" "Mozilla/5.0 (Windows NT 10.0; Win64; x64) AppleWebKit/537.36 (KHTML, like Gecko) Chrome/78.0.3904.108 Safari/537.36"
188.166.226.156 - - [05/Sep/2023:19:29:07 +0000] "POST //xmlrpc.php HTTP/1.1" 200 4701 "-" "Mozilla/5.0 (Windows NT 10.0; Win64; x64) AppleWebKit/537.36 (KHTML, like Gecko) Chrome/78.0.3904.108 Safari/537.36"
188.166.226.156 - - [05/Sep/2023:19:29:08 +0000] "POST //xmlrpc.php HTTP/1.1" 200 4700 "-" "Mozilla/5.0 (Windows NT 10.0; Win64; x64) AppleWebKit/537.36 (KHTML, like Gecko) Chrome/78.0.3904.108 Safari/537.36"
188.166.226.156 - - [05/Sep/2023:19:29:09 +0000] "POST //xmlrpc.php HTTP/1.1" 200 4700 "-" "Mozilla/5.0 (Windows NT 10.0; Win64; x64) AppleWebKit/537.36 (KHTML, like Gecko) Chrome/78.0.3904.108 Safari/537.36"
188.166.226.156 - - [05/Sep/2023:19:29:10 +0000] "POST //xmlrpc.php HTTP/1.1" 200 4699 "-" "Mozilla/5.0 (Windows NT 10.0; Win64; x64) AppleWebKit/537.36 (KHTML, like Gecko) Chrome/78.0.3904.108 Safari/537.36"
188.166.226.156 - - [05/Sep/2023:19:29:11 +0000] "POST //xmlrpc.php HTTP/1.1" 200 4700 "-" "Mozilla/5.0 (Windows NT 10.0; Win64; x64) AppleWebKit/537.36 (KHTML, like Gecko) Chrome/78.0.3904.108 Safari/537.36"
188.166.226.156 - - [05/Sep/2023:19:29:12 +0000] "POST //xmlrpc.php HTTP/1.1" 200 4700 "-" "Mozilla/5.0 (Windows NT 10.0; Win64; x64) AppleWebKit/537.36 (KHTML, like Gecko) Chrome/78.0.3904.108 Safari/537.36"
188.166.226.156 - - [05/Sep/2023:19:29:13 +0000] "POST //xmlrpc.php HTTP/1.1" 200 4699 "-" "Mozilla/5.0 (Windows NT 10.0; Win64; x64) AppleWebKit/537.36 (KHTML, like Gecko) Chrome/78.0.3904.108 Safari/537.36"
188.166.226.156 - - [05/Sep/2023:19:29:14 +0000] "POST //xmlrpc.php HTTP/1.1" 200 4700 "-" "Mozilla/5.0 (Windows NT 10.0; Win64; x64) AppleWebKit/537.36 (KHTML, like Gecko) Chrome/78.0.3904.108 Safari/537.36"
188.166.226.156 - - [05/Sep/2023:19:29:15 +0000] "POST //xmlrpc.php HTTP/1.1" 200 4700 "-" "Mozilla/5.0 (Windows NT 10.0; Win64; x64) AppleWebKit/537.36 (KHTML, like Gecko) Chrome/78.0.3904.108 Safari/537.36"
188.166.226.156 - - [05/Sep/2023:19:29:16 +0000] "POST //xmlrpc.php HTTP/1.1" 200 4699 "-" "Mozilla/5.0 (Windows NT 10.0; Win64; x64) AppleWebKit/537.36 (KHTML, like Gecko) Chrome/78.0.3904.108 Safari/537.36"
188.166.226.156 - - [05/Sep/2023:19:29:17 +0000] "POST //xmlrpc.php HTTP/1.1" 200 4700 "-" "Mozilla/5.0 (Windows NT 10.0; Win64; x64) AppleWebKit/537.36 (KHTML, like Gecko) Chrome/78.0.3904.108 Safari/537.36"
188.166.226.156 - - [05/Sep/2023:19:29:18 +0000] "POST //xmlrpc.php HTTP/1.1" 200 4699 "-" "Mozilla/5.0 (Windows NT 10.0; Win64; x64) AppleWebKit/537.36 (KHTML, like Gecko) Chrome/78.0.3904.108 Safari/537.36"
188.166.226.156 - - [05/Sep/2023:19:29:18 +0000] "POST //xmlrpc.php HTTP/1.1" 200 4699 "-" "Mozilla/5.0 (Windows NT 10.0; Win64; x64) AppleWebKit/537.36 (KHTML, like Gecko) Chrome/78.0.3904.108 Safari/537.36"
188.166.226.156 - - [05/Sep/2023:19:29:19 +0000] "POST //xmlrpc.php HTTP/1.1" 200 4699 "-" "Mozilla/5.0 (Windows NT 10.0; Win64; x64) AppleWebKit/537.36 (KHTML, like Gecko) Chrome/78.0.3904.108 Safari/537.36"
188.166.226.156 - - [05/Sep/2023:19:29:20 +0000] "POST //xmlrpc.php HTTP/1.1" 200 4700 "-" "Mozilla/5.0 (Windows NT 10.0; Win64; x64) AppleWebKit/537.36 (KHTML, like Gecko) Chrome/78.0.3904.108 Safari/537.36"
188.166.226.156 - - [05/Sep/2023:19:29:21 +0000] "POST //xmlrpc.php HTTP/1.1" 200 4701 "-" "Mozilla/5.0 (Windows NT 10.0; Win64; x64) AppleWebKit/537.36 (KHTML, like Gecko) Chrome/78.0.3904.108 Safari/537.36"
188.166.226.156 - - [05/Sep/2023:19:29:22 +0000] "POST //xmlrpc.php HTTP/1.1" 200 4700 "-" "Mozilla/5.0 (Windows NT 10.0; Win64; x64) AppleWebKit/537.36 (KHTML, like Gecko) Chrome/78.0.3904.108 Safari/537.36"
188.166.226.156 - - [05/Sep/2023:19:29:23 +0000] "POST //xmlrpc.php HTTP/1.1" 200 4700 "-" "Mozilla/5.0 (Windows NT 10.0; Win64; x64) AppleWebKit/537.36 (KHTML, like Gecko) Chrome/78.0.3904.108 Safari/537.36"
188.166.226.156 - - [05/Sep/2023:19:29:24 +0000] "POST //xmlrpc.php HTTP/1.1" 200 4700 "-" "Mozilla/5.0 (Windows NT 10.0; Win64; x64) AppleWebKit/537.36 (KHTML, like Gecko) Chrome/78.0.3904.108 Safari/537.36"
188.166.226.156 - - [05/Sep/2023:19:29:25 +0000] "POST //xmlrpc.php HTTP/1.1" 200 4699 "-" "Mozilla/5.0 (Windows NT 10.0; Win64; x64) AppleWebKit/537.36 (KHTML, like Gecko) Chrome/78.0.3904.108 Safari/537.36"
188.166.226.156 - - [05/Sep/2023:19:29:26 +0000] "POST //xmlrpc.php HTTP/1.1" 200 4699 "-" "Mozilla/5.0 (Windows NT 10.0; Win64; x64) AppleWebKit/537.36 (KHTML, like Gecko) Chrome/78.0.3904.108 Safari/537.36"
188.166.226.156 - - [05/Sep/2023:19:29:27 +0000] "POST //xmlrpc.php HTTP/1.1" 200 4701 "-" "Mozilla/5.0 (Windows NT 10.0; Win64; x64) AppleWebKit/537.36 (KHTML, like Gecko) Chrome/78.0.3904.108 Safari/537.36"
188.166.226.156 - - [05/Sep/2023:19:29:28 +0000] "POST //xmlrpc.php HTTP/1.1" 200 4700 "-" "Mozilla/5.0 (Windows NT 10.0; Win64; x64) AppleWebKit/537.36 (KHTML, like Gecko) Chrome/78.0.3904.108 Safari/537.36"
188.166.226.156 - - [05/Sep/2023:19:29:29 +0000] "POST //xmlrpc.php HTTP/1.1" 200 4701 "-" "Mozilla/5.0 (Windows NT 10.0; Win64; x64) AppleWebKit/537.36 (KHTML, like Gecko) Chrome/78.0.3904.108 Safari/537.36"
188.166.226.156 - - [05/Sep/2023:19:29:30 +0000] "POST //xmlrpc.php HTTP/1.1" 200 4701 "-" "Mozilla/5.0 (Windows NT 10.0; Win64; x64) AppleWebKit/537.36 (KHTML, like Gecko) Chrome/78.0.3904.108 Safari/537.36"
188.166.226.156 - - [05/Sep/2023:19:29:31 +0000] "POST //xmlrpc.php HTTP/1.1" 200 4700 "-" "Mozilla/5.0 (Windows NT 10.0; Win64; x64) AppleWebKit/537.36 (KHTML, like Gecko) Chrome/78.0.3904.108 Safari/537.36"
188.166.226.156 - - [05/Sep/2023:19:29:32 +0000] "POST //xmlrpc.php HTTP/1.1" 200 4699 "-" "Mozilla/5.0 (Windows NT 10.0; Win64; x64) AppleWebKit/537.36 (KHTML, like Gecko) Chrome/78.0.3904.108 Safari/537.36"
188.166.226.156 - - [05/Sep/2023:19:29:33 +0000] "POST //xmlrpc.php HTTP/1.1" 200 4700 "-" "Mozilla/5.0 (Windows NT 10.0; Win64; x64) AppleWebKit/537.36 (KHTML, like Gecko) Chrome/78.0.3904.108 Safari/537.36"
188.166.226.156 - - [05/Sep/2023:19:29:34 +0000] "POST //xmlrpc.php HTTP/1.1" 200 4700 "-" "Mozilla/5.0 (Windows NT 10.0; Win64; x64) AppleWebKit/537.36 (KHTML, like Gecko) Chrome/78.0.3904.108 Safari/537.36"
188.166.226.156 - - [05/Sep/2023:19:29:35 +0000] "POST //xmlrpc.php HTTP/1.1" 200 4700 "-" "Mozilla/5.0 (Windows NT 10.0; Win64; x64) AppleWebKit/537.36 (KHTML, like Gecko) Chrome/78.0.3904.108 Safari/537.36"
188.166.226.156 - - [05/Sep/2023:19:29:35 +0000] "POST //xmlrpc.php HTTP/1.1" 200 4700 "-" "Mozilla/5.0 (Windows NT 10.0; Win64; x64) AppleWebKit/537.36 (KHTML, like Gecko) Chrome/78.0.3904.108 Safari/537.36"
188.166.226.156 - - [05/Sep/2023:19:29:36 +0000] "POST //xmlrpc.php HTTP/1.1" 200 4700 "-" "Mozilla/5.0 (Windows NT 10.0; Win64; x64) AppleWebKit/537.36 (KHTML, like Gecko) Chrome/78.0.3904.108 Safari/537.36"
188.166.226.156 - - [05/Sep/2023:19:29:37 +0000] "POST //xmlrpc.php HTTP/1.1" 200 4699 "-" "Mozilla/5.0 (Windows NT 10.0; Win64; x64) AppleWebKit/537.36 (KHTML, like Gecko) Chrome/78.0.3904.108 Safari/537.36"
188.166.226.156 - - [05/Sep/2023:19:29:38 +0000] "POST //xmlrpc.php HTTP/1.1" 200 4701 "-" "Mozilla/5.0 (Windows NT 10.0; Win64; x64) AppleWebKit/537.36 (KHTML, like Gecko) Chrome/78.0.3904.108 Safari/537.36"
188.166.226.156 - - [05/Sep/2023:19:29:39 +0000] "POST //xmlrpc.php HTTP/1.1" 200 4700 "-" "Mozilla/5.0 (Windows NT 10.0; Win64; x64) AppleWebKit/537.36 (KHTML, like Gecko) Chrome/78.0.3904.108 Safari/537.36"
