209.170.91.200 - - [30/Aug/2023:23:52:18 +0000] "GET /wp-content/themes/cheema/style.css?ver=1.0.0 HTTP/1.1" 200 1019 "https://cheemahaveli.com/" "Mozilla/5.0 (Windows NT 10.0; Win64; x64) AppleWebKit/537.36 (KHTML, like Gecko) Chrome/100.0.4896.75 Safari/537.36"
209.170.91.201 - - [30/Aug/2023:23:52:18 +0000] "GET /wp-content/plugins/contact-form-7/includes/swv/js/index.js?ver=5.7.7 HTTP/1.1" 200 3383 "https://cheemahaveli.com/" "Mozilla/5.0 (Windows NT 10.0; Win64; x64) AppleWebKit/537.36 (KHTML, like Gecko) Chrome/100.0.4896.75 Safari/537.36"
209.170.91.200 - - [30/Aug/2023:23:52:18 +0000] "GET /wp-content/plugins/contact-form-7/includes/js/index.js?ver=5.7.7 HTTP/1.1" 200 4555 "https://cheemahaveli.com/" "Mozilla/5.0 (Windows NT 10.0; Win64; x64) AppleWebKit/537.36 (KHTML, like Gecko) Chrome/100.0.4896.75 Safari/537.36"
209.170.91.202 - - [30/Aug/2023:23:52:18 +0000] "GET /wp-content/themes/cheema/js/script.js HTTP/1.1" 200 4816 "https://cheemahaveli.com/" "Mozilla/5.0 (Windows NT 10.0; Win64; x64) AppleWebKit/537.36 (KHTML, like Gecko) Chrome/100.0.4896.75 Safari/537.36"
209.170.91.201 - - [30/Aug/2023:23:52:18 +0000] "GET /wp-content/themes/cheema/dist/aos.js HTTP/1.1" 200 4876 "https://cheemahaveli.com/" "Mozilla/5.0 (Windows NT 10.0; Win64; x64) AppleWebKit/537.36 (KHTML, like Gecko) Chrome/100.0.4896.75 Safari/537.36"
209.170.91.200 - - [30/Aug/2023:23:52:18 +0000] "GET /wp-content/themes/cheema/js/bootstrap.min.js HTTP/1.1" 200 10272 "https://cheemahaveli.com/" "Mozilla/5.0 (Windows NT 10.0; Win64; x64) AppleWebKit/537.36 (KHTML, like Gecko) Chrome/100.0.4896.75 Safari/537.36"
209.170.91.200 - - [30/Aug/2023:23:52:18 +0000] "GET /wp-content/themes/cheema/js/owl.carousel.js HTTP/1.1" 200 8684 "https://cheemahaveli.com/" "Mozilla/5.0 (Windows NT 10.0; Win64; x64) AppleWebKit/537.36 (KHTML, like Gecko) Chrome/100.0.4896.75 Safari/537.36"
209.170.91.200 - - [30/Aug/2023:23:52:18 +0000] "GET /wp-content/themes/cheema/assets/js/responsive-embeds.js?ver=1.0.0 HTTP/1.1" 200 916 "https://cheemahaveli.com/" "Mozilla/5.0 (Windows NT 10.0; Win64; x64) AppleWebKit/537.36 (KHTML, like Gecko) Chrome/100.0.4896.75 Safari/537.36"
209.170.91.201 - - [30/Aug/2023:23:52:18 +0000] "GET /wp-content/themes/cheema/assets/js/primary-navigation.js?ver=1.0.0 HTTP/1.1" 200 2223 "https://cheemahaveli.com/" "Mozilla/5.0 (Windows NT 10.0; Win64; x64) AppleWebKit/537.36 (KHTML, like Gecko) Chrome/100.0.4896.75 Safari/537.36"
209.170.91.200 - - [30/Aug/2023:23:52:18 +0000] "GET /wp-content/uploads/2023/07/logo.png HTTP/1.1" 200 107053 "https://cheemahaveli.com/" "Mozilla/5.0 (Windows NT 10.0; Win64; x64) AppleWebKit/537.36 (KHTML, like Gecko) Chrome/100.0.4896.75 Safari/537.36"
209.170.91.201 - - [30/Aug/2023:23:52:18 +0000] "GET /wp-content/uploads/2023/08/cheema-haveli-sirhind-fatehgarh-sahib-restaurants-2kefzxg.jpg HTTP/1.1" 200 123610 "https://cheemahaveli.com/" "Mozilla/5.0 (Windows NT 10.0; Win64; x64) AppleWebKit/537.36 (KHTML, like Gecko) Chrome/100.0.4896.75 Safari/537.36"
209.170.91.201 - - [30/Aug/2023:23:52:18 +0000] "GET /wp-content/themes/cheema/images/slider-03.jpg HTTP/1.1" 200 761311 "https://cheemahaveli.com/" "Mozilla/5.0 (Windows NT 10.0; Win64; x64) AppleWebKit/537.36 (KHTML, like Gecko) Chrome/100.0.4896.75 Safari/537.36"
209.170.91.200 - - [30/Aug/2023:23:52:18 +0000] "GET /wp-content/themes/cheema/images/slider-01.jpg HTTP/1.1" 200 1609846 "https://cheemahaveli.com/" "Mozilla/5.0 (Windows NT 10.0; Win64; x64) AppleWebKit/537.36 (KHTML, like Gecko) Chrome/100.0.4896.75 Safari/537.36"
209.170.91.200 - - [30/Aug/2023:23:52:19 +0000] "GET /wp-content/themes/cheema/font-awesome/fonts/fontawesome-webfont.woff2?v=4.7.0 HTTP/1.1" 200 77669 "https://cheemahaveli.com/wp-content/themes/cheema/font-awesome/css/font-awesome.min.css" "Mozilla/5.0 (Windows NT 10.0; Win64; x64) AppleWebKit/537.36 (KHTML, like Gecko) Chrome/100.0.4896.75 Safari/537.36"
209.170.91.201 - - [30/Aug/2023:23:52:19 +0000] "GET /wp-content/uploads/2023/08/cheema-haveli-sirhind-fatehgarh-sahib-restaurants-346hmie.jpg HTTP/1.1" 200 114687 "https://cheemahaveli.com/" "Mozilla/5.0 (Windows NT 10.0; Win64; x64) AppleWebKit/537.36 (KHTML, like Gecko) Chrome/100.0.4896.75 Safari/537.36"
209.170.91.202 - - [30/Aug/2023:23:52:18 +0000] "GET /wp-content/themes/cheema/images/slider-02.jpg HTTP/1.1" 200 857504 "https://cheemahaveli.com/" "Mozilla/5.0 (Windows NT 10.0; Win64; x64) AppleWebKit/537.36 (KHTML, like Gecko) Chrome/100.0.4896.75 Safari/537.36"
209.170.91.200 - - [30/Aug/2023:23:52:19 +0000] "GET /wp-content/uploads/2023/07/img-02.jpg HTTP/1.1" 200 239090 "https://cheemahaveli.com/" "Mozilla/5.0 (Windows NT 10.0; Win64; x64) AppleWebKit/537.36 (KHTML, like Gecko) Chrome/100.0.4896.75 Safari/537.36"
209.170.91.201 - - [30/Aug/2023:23:52:19 +0000] "GET /wp-content/themes/cheema/images/about-01.png HTTP/1.1" 200 3997 "https://cheemahaveli.com/" "Mozilla/5.0 (Windows NT 10.0; Win64; x64) AppleWebKit/537.36 (KHTML, like Gecko) Chrome/100.0.4896.75 Safari/537.36"
209.170.91.200 - - [30/Aug/2023:23:52:18 +0000] "GET /wp-content/themes/cheema/images/slider-04.jpg HTTP/1.1" 200 779445 "https://cheemahaveli.com/" "Mozilla/5.0 (Windows NT 10.0; Win64; x64) AppleWebKit/537.36 (KHTML, like Gecko) Chrome/100.0.4896.75 Safari/537.36"
209.170.91.201 - - [30/Aug/2023:23:52:19 +0000] "GET /wp-content/themes/cheema/images/about-02.png HTTP/1.1" 200 6558 "https://cheemahaveli.com/" "Mozilla/5.0 (Windows NT 10.0; Win64; x64) AppleWebKit/537.36 (KHTML, like Gecko) Chrome/100.0.4896.75 Safari/537.36"
209.170.91.201 - - [30/Aug/2023:23:52:19 +0000] "GET /wp-content/themes/cheema/images/about-03.png HTTP/1.1" 200 179035 "https://cheemahaveli.com/" "Mozilla/5.0 (Windows NT 10.0; Win64; x64) AppleWebKit/537.36 (KHTML, like Gecko) Chrome/100.0.4896.75 Safari/537.36"
209.170.91.200 - - [30/Aug/2023:23:52:19 +0000] "GET /wp-content/uploads/2023/08/cheema-haveli.jpg HTTP/1.1" 200 94944 "https://cheemahaveli.com/" "Mozilla/5.0 (Windows NT 10.0; Win64; x64) AppleWebKit/537.36 (KHTML, like Gecko) Chrome/100.0.4896.75 Safari/537.36"
209.170.91.202 - - [30/Aug/2023:23:52:19 +0000] "GET /wp-content/themes/cheema/images/img-04.jpg HTTP/1.1" 200 318699 "https://cheemahaveli.com/" "Mozilla/5.0 (Windows NT 10.0; Win64; x64) AppleWebKit/537.36 (KHTML, like Gecko) Chrome/100.0.4896.75 Safari/537.36"
209.170.91.201 - - [30/Aug/2023:23:52:19 +0000] "GET /wp-content/uploads/2023/07/services-04.jpg HTTP/1.1" 200 139062 "https://cheemahaveli.com/" "Mozilla/5.0 (Windows NT 10.0; Win64; x64) AppleWebKit/537.36 (KHTML, like Gecko) Chrome/100.0.4896.75 Safari/537.36"
209.170.91.200 - - [30/Aug/2023:23:52:19 +0000] "GET /wp-content/uploads/2023/08/cheema-haveli5.jpg HTTP/1.1" 200 142046 "https://cheemahaveli.com/" "Mozilla/5.0 (Windows NT 10.0; Win64; x64) AppleWebKit/537.36 (KHTML, like Gecko) Chrome/100.0.4896.75 Safari/537.36"
209.170.91.201 - - [30/Aug/2023:23:52:19 +0000] "GET /wp-content/uploads/2023/07/services-05.jpg HTTP/1.1" 200 416303 "https://cheemahaveli.com/" "Mozilla/5.0 (Windows NT 10.0; Win64; x64) AppleWebKit/537.36 (KHTML, like Gecko) Chrome/100.0.4896.75 Safari/537.36"
209.170.91.200 - - [30/Aug/2023:23:52:19 +0000] "GET /wp-content/uploads/2023/07/services-01.jpg HTTP/1.1" 200 463541 "https://cheemahaveli.com/" "Mozilla/5.0 (Windows NT 10.0; Win64; x64) AppleWebKit/537.36 (KHTML, like Gecko) Chrome/100.0.4896.75 Safari/537.36"
209.170.91.200 - - [30/Aug/2023:23:52:19 +0000] "GET /wp-content/uploads/2023/08/cheema-haveli4.jpg HTTP/1.1" 200 78718 "https://cheemahaveli.com/" "Mozilla/5.0 (Windows NT 10.0; Win64; x64) AppleWebKit/537.36 (KHTML, like Gecko) Chrome/100.0.4896.75 Safari/537.36"
209.170.91.202 - - [30/Aug/2023:23:52:19 +0000] "GET /wp-content/themes/cheema/images/logo.png HTTP/1.1" 200 107053 "https://cheemahaveli.com/" "Mozilla/5.0 (Windows NT 10.0; Win64; x64) AppleWebKit/537.36 (KHTML, like Gecko) Chrome/100.0.4896.75 Safari/537.36"
209.170.91.201 - - [30/Aug/2023:23:52:19 +0000] "GET /wp-content/themes/cheema/images/img-05.jpg HTTP/1.1" 200 154381 "https://cheemahaveli.com/" "Mozilla/5.0 (Windows NT 10.0; Win64; x64) AppleWebKit/537.36 (KHTML, like Gecko) Chrome/100.0.4896.75 Safari/537.36"
209.170.91.200 - - [30/Aug/2023:23:52:20 +0000] "GET /wp-content/uploads/2023/07/services-02.jpg HTTP/1.1" 200 469170 "https://cheemahaveli.com/" "Mozilla/5.0 (Windows NT 10.0; Win64; x64) AppleWebKit/537.36 (KHTML, like Gecko) Chrome/100.0.4896.75 Safari/537.36"
209.170.91.201 - - [30/Aug/2023:23:52:20 +0000] "GET /wp-content/uploads/2023/08/haveli.jpg HTTP/1.1" 200 118239 "https://cheemahaveli.com/" "Mozilla/5.0 (Windows NT 10.0; Win64; x64) AppleWebKit/537.36 (KHTML, like Gecko) Chrome/100.0.4896.75 Safari/537.36"
209.170.91.202 - - [30/Aug/2023:23:52:20 +0000] "GET /wp-content/uploads/2023/07/female.jpg HTTP/1.1" 200 8078 "https://cheemahaveli.com/" "Mozilla/5.0 (Windows NT 10.0; Win64; x64) AppleWebKit/537.36 (KHTML, like Gecko) Chrome/100.0.4896.75 Safari/537.36"
209.170.91.200 - - [30/Aug/2023:23:52:20 +0000] "GET /wp-content/uploads/2023/07/services-07.jpg HTTP/1.1" 200 191363 "https://cheemahaveli.com/" "Mozilla/5.0 (Windows NT 10.0; Win64; x64) AppleWebKit/537.36 (KHTML, like Gecko) Chrome/100.0.4896.75 Safari/537.36"
209.170.91.200 - - [30/Aug/2023:23:52:20 +0000] "GET /wp-content/uploads/2023/07/img-05.jpg HTTP/1.1" 200 154381 "https://cheemahaveli.com/" "Mozilla/5.0 (Windows NT 10.0; Win64; x64) AppleWebKit/537.36 (KHTML, like Gecko) Chrome/100.0.4896.75 Safari/537.36"
209.170.91.201 - - [30/Aug/2023:23:52:20 +0000] "GET /wp-content/uploads/2023/07/services-03.jpg HTTP/1.1" 200 382333 "https://cheemahaveli.com/" "Mozilla/5.0 (Windows NT 10.0; Win64; x64) AppleWebKit/537.36 (KHTML, like Gecko) Chrome/100.0.4896.75 Safari/537.36"
209.170.91.201 - - [30/Aug/2023:23:52:20 +0000] "GET /wp-content/uploads/2023/07/male.jpg HTTP/1.1" 200 6092 "https://cheemahaveli.com/" "Mozilla/5.0 (Windows NT 10.0; Win64; x64) AppleWebKit/537.36 (KHTML, like Gecko) Chrome/100.0.4896.75 Safari/537.36"
209.170.91.200 - - [30/Aug/2023:23:52:20 +0000] "GET /wp-content/themes/cheema/assets/css/print.css?ver=1.0.0 HTTP/1.1" 200 1442 "https://cheemahaveli.com/" "Mozilla/5.0 (Windows NT 10.0; Win64; x64) AppleWebKit/537.36 (KHTML, like Gecko) Chrome/100.0.4896.75 Safari/537.36"
209.170.91.200 - - [30/Aug/2023:23:52:20 +0000] "GET /wp-includes/js/wp-emoji-release.min.js?ver=6.2.2 HTTP/1.1" 200 5412 "https://cheemahaveli.com/" "Mozilla/5.0 (Windows NT 10.0; Win64; x64) AppleWebKit/537.36 (KHTML, like Gecko) Chrome/100.0.4896.75 Safari/537.36"
209.170.91.200 - - [30/Aug/2023:23:52:20 +0000] "GET /wp-json/contact-form-7/v1/contact-forms/94/feedback/schema HTTP/1.1" 200 858 "https://cheemahaveli.com/" "Mozilla/5.0 (Windows NT 10.0; Win64; x64) AppleWebKit/537.36 (KHTML, like Gecko) Chrome/100.0.4896.75 Safari/537.36"
45.40.132.58 - - [31/Aug/2023:00:08:52 +0000] "GET /wp-touch.js HTTP/1.1" 301 562 "cheemahaveli.com" "Mozilla/5.0 (Windows NT 6.1; Win64; x64) AppleWebKit/537.36 (KHTML, like Gecko) Chrome/141.00.4240.111 Safari/537.36"
45.40.132.58 - - [31/Aug/2023:00:08:53 +0000] "GET /wp-touch.js HTTP/1.1" 404 46896 "cheemahaveli.com" "Mozilla/5.0 (Windows NT 6.1; Win64; x64) AppleWebKit/537.36 (KHTML, like Gecko) Chrome/141.00.4240.111 Safari/537.36"
34.221.85.250 - - [31/Aug/2023:00:53:46 +0000] "GET / HTTP/1.1" 301 521 "-" "Mozilla/5.0 (X11; Linux x86_64) AppleWebKit/537.36 (KHTML, like Gecko) Chrome/83.0.4103.97 Safari/537.36"
136.243.92.189 - - [31/Aug/2023:00:53:49 +0000] "POST /wp-cron.php?doing_wp_cron=1693443229.6364259719848632812500 HTTP/1.1" 200 4655 "-" "WordPress/6.2.2; https://cheemahaveli.com"
34.221.85.250 - - [31/Aug/2023:00:53:49 +0000] "GET / HTTP/1.1" 200 18197 "-" "Mozilla/5.0 (X11; Linux x86_64) AppleWebKit/537.36 (KHTML, like Gecko) Chrome/83.0.4103.97 Safari/537.36"
34.221.85.250 - - [31/Aug/2023:00:53:52 +0000] "GET / HTTP/1.1" 200 18198 "-" "Mozilla/5.0 (X11; Linux x86_64) AppleWebKit/537.36 (KHTML, like Gecko) Chrome/83.0.4103.97 Safari/537.36"
54.214.217.159 - - [31/Aug/2023:00:54:23 +0000] "GET /favicon.ico HTTP/1.1" 302 4689 "-" "Mozilla/5.0 (X11; Linux x86_64) AppleWebKit/537.36 (KHTML, like Gecko) Chrome/83.0.4103.97 Safari/537.36"
54.214.217.159 - - [31/Aug/2023:00:54:24 +0000] "GET /wp-includes/images/w-logo-blue-white-bg.png HTTP/1.1" 200 4372 "https://cheemahaveli.com/favicon.ico" "Mozilla/5.0 (X11; Linux x86_64) AppleWebKit/537.36 (KHTML, like Gecko) Chrome/83.0.4103.97 Safari/537.36"
34.219.101.160 - - [31/Aug/2023:00:55:47 +0000] "GET /favicon.ico HTTP/1.1" 301 543 "-" "Mozilla/5.0 (X11; Linux x86_64) AppleWebKit/537.36 (KHTML, like Gecko) Chrome/83.0.4103.97 Safari/537.36"
34.219.101.160 - - [31/Aug/2023:00:55:50 +0000] "GET /favicon.ico HTTP/1.1" 302 4690 "http://cheemahaveli.com/favicon.ico" "Mozilla/5.0 (X11; Linux x86_64) AppleWebKit/537.36 (KHTML, like Gecko) Chrome/83.0.4103.97 Safari/537.36"
34.219.101.160 - - [31/Aug/2023:00:55:50 +0000] "GET /wp-includes/images/w-logo-blue-white-bg.png HTTP/1.1" 200 4372 "https://cheemahaveli.com/favicon.ico" "Mozilla/5.0 (X11; Linux x86_64) AppleWebKit/537.36 (KHTML, like Gecko) Chrome/83.0.4103.97 Safari/537.36"
135.148.195.11 - - [31/Aug/2023:01:48:52 +0000] "GET / HTTP/1.1" 301 521 "-" "Mozilla/5.0 (Windows NT 10.0; Win64; x64; rv:109.0) Gecko/20100101 Firefox/115.0"
136.243.92.189 - - [31/Aug/2023:01:49:00 +0000] "POST /wp-cron.php?doing_wp_cron=1693446540.0371410846710205078125 HTTP/1.1" 200 4655 "-" "WordPress/6.2.2; https://cheemahaveli.com"
135.148.195.10 - - [31/Aug/2023:01:48:59 +0000] "GET / HTTP/1.1" 200 18213 "-" "Mozilla/5.0 (Windows NT 10.0; Win64; x64; rv:109.0) Gecko/20100101 Firefox/115.0"
135.148.195.3 - - [31/Aug/2023:01:49:01 +0000] "GET /favicon.ico HTTP/1.1" 302 4777 "-" "Mozilla/5.0 (Macintosh; Intel Mac OS X 10_15_7) AppleWebKit/537.36 (KHTML, like Gecko) Chrome/112.0.0.0 Safari/537.36"
135.148.195.3 - - [31/Aug/2023:01:49:01 +0000] "GET /wp-includes/images/w-logo-blue-white-bg.png HTTP/1.1" 200 4427 "-" "Mozilla/5.0 (Macintosh; Intel Mac OS X 10_15_7) AppleWebKit/537.36 (KHTML, like Gecko) Chrome/112.0.0.0 Safari/537.36"
135.148.195.5 - - [31/Aug/2023:01:49:01 +0000] "GET /wp-content/uploads/2023/07/logo.png HTTP/1.1" 200 111361 "-" "Mozilla/5.0 (Windows NT 10.0; Win64; x64) AppleWebKit/537.36 (KHTML, like Gecko) Chrome/114.0.0.0 Safari/537.36 Edg/114.0.1823.58"
146.190.250.47 - - [31/Aug/2023:02:17:41 +0000] "GET / HTTP/1.1" 301 521 "-" "Mozilla/5.0 (X11; Linux x86_64) AppleWebKit/537.36 (KHTML, like Gecko) Chrome/108.0.0.0 Safari/537.36"
146.190.250.47 - - [31/Aug/2023:02:17:41 +0000] "GET / HTTP/1.1" 200 18213 "-" "Mozilla/5.0 (X11; Linux x86_64) AppleWebKit/537.36 (KHTML, like Gecko) Chrome/108.0.0.0 Safari/537.36"
136.243.92.189 - - [31/Aug/2023:03:37:05 +0000] "GET / HTTP/1.1" 200 18246 "-" "WordPress/6.2.2; https://cheemahaveli.com"
167.94.138.49 - - [31/Aug/2023:03:37:04 +0000] "GET / HTTP/1.1" 200 18197 "-" "Mozilla/5.0 (compatible; CensysInspect/1.1; +https://about.censys.io/)"
167.94.138.49 - - [31/Aug/2023:03:37:06 +0000] "GET /favicon.ico HTTP/1.1" 302 4708 "-" "Mozilla/5.0 (compatible; CensysInspect/1.1; +https://about.censys.io/)"
136.243.92.189 - - [31/Aug/2023:03:37:05 +0000] "POST /wp-cron.php?doing_wp_cron=1693453024.8906888961791992187500 HTTP/1.1" 200 4656 "-" "WordPress/6.2.2; https://cheemahaveli.com"
167.94.138.49 - - [31/Aug/2023:03:37:12 +0000] "GET /wp-includes/images/w-logo-blue-white-bg.png HTTP/1.1" 200 8665 "https://cheemahaveli.com/favicon.ico" "Mozilla/5.0 (compatible; CensysInspect/1.1; +https://about.censys.io/)"
162.142.125.12 - - [31/Aug/2023:05:17:26 +0000] "GET / HTTP/1.1" 301 521 "-" "Mozilla/5.0 (compatible; CensysInspect/1.1; +https://about.censys.io/)"
136.243.92.189 - - [31/Aug/2023:05:17:27 +0000] "POST /wp-cron.php?doing_wp_cron=1693459047.6137681007385253906250 HTTP/1.1" 200 4656 "-" "WordPress/6.2.2; https://cheemahaveli.com"
162.142.125.12 - - [31/Aug/2023:05:17:27 +0000] "GET / HTTP/1.1" 200 18198 "-" "Mozilla/5.0 (compatible; CensysInspect/1.1; +https://about.censys.io/)"
162.142.125.12 - - [31/Aug/2023:05:17:29 +0000] "GET /favicon.ico HTTP/1.1" 302 4710 "-" "Mozilla/5.0 (compatible; CensysInspect/1.1; +https://about.censys.io/)"
162.142.125.12 - - [31/Aug/2023:05:17:30 +0000] "GET /wp-includes/images/w-logo-blue-white-bg.png HTTP/1.1" 200 8665 "https://cheemahaveli.com/favicon.ico" "Mozilla/5.0 (compatible; CensysInspect/1.1; +https://about.censys.io/)"
216.131.88.5 - - [31/Aug/2023:06:05:26 +0000] "GET / HTTP/1.1" 301 540 "http://cheemahaveli.com/" "Mozilla/5.0 (Windows NT 10.0; Win64; x64) AppleWebKit/537.36 (KHTML, like Gecko) Chrome/112.0.0.0 Safari/537.36 Edg/112.0.1722.58"
206.189.247.132 - - [31/Aug/2023:06:05:26 +0000] "GET / HTTP/1.1" 301 540 "http://cheemahaveli.com/" "Mozilla/5.0 (Linux; Android 11; M2010J19SI) AppleWebKit/537.36 (KHTML, like Gecko) Chrome/109.0.0.0 Mobile Safari/537.36"
216.131.114.7 - - [31/Aug/2023:06:05:26 +0000] "GET / HTTP/1.1" 301 540 "http://cheemahaveli.com/" "Mozilla/5.0 (X11; Ubuntu; Linux x86_64; rv:109.0) Gecko/20100101 Firefox/113.0"
216.131.88.5 - - [31/Aug/2023:06:05:26 +0000] "GET / HTTP/1.1" 200 67828 "https://cheemahaveli.com/" "Mozilla/5.0 (Windows NT 10.0; Win64; x64) AppleWebKit/537.36 (KHTML, like Gecko) Chrome/112.0.0.0 Safari/537.36 Edg/112.0.1722.58"
216.131.114.7 - - [31/Aug/2023:06:05:26 +0000] "GET / HTTP/1.1" 200 67827 "https://cheemahaveli.com/" "Mozilla/5.0 (X11; Ubuntu; Linux x86_64; rv:109.0) Gecko/20100101 Firefox/113.0"
207.204.248.15 - - [31/Aug/2023:06:05:27 +0000] "GET / HTTP/1.1" 301 540 "http://cheemahaveli.com/" "Mozilla/5.0 (Linux; Android 10; K) AppleWebKit/537.36 (KHTML, like Gecko) Chrome/112.0.0.0 Mobile Safari/537.36"
207.204.248.15 - - [31/Aug/2023:06:05:27 +0000] "GET / HTTP/1.1" 200 67827 "https://cheemahaveli.com/" "Mozilla/5.0 (Linux; Android 10; K) AppleWebKit/537.36 (KHTML, like Gecko) Chrome/112.0.0.0 Mobile Safari/537.36"
206.189.247.132 - - [31/Aug/2023:06:05:26 +0000] "GET / HTTP/1.1" 200 67827 "https://cheemahaveli.com/" "Mozilla/5.0 (Linux; Android 11; M2010J19SI) AppleWebKit/537.36 (KHTML, like Gecko) Chrome/109.0.0.0 Mobile Safari/537.36"
136.243.92.189 - - [31/Aug/2023:06:05:28 +0000] "POST /wp-cron.php?doing_wp_cron=1693461927.0525150299072265625000 HTTP/1.1" 200 4655 "-" "WordPress/6.2.2; https://cheemahaveli.com"
216.131.114.7 - - [31/Aug/2023:06:05:35 +0000] "GET / HTTP/1.1" 301 540 "http://cheemahaveli.com/" "Mozilla/5.0 (iPhone; CPU iPhone OS 16_4_1 like Mac OS X) AppleWebKit/605.1.15 (KHTML, like Gecko) Version/16.4 Mobile/15E148 Safari/604.1"
51.75.141.254 - - [31/Aug/2023:06:06:49 +0000] "GET / HTTP/1.1" 200 67828 "http://cheemahaveli.com/" "Mozilla/5.0 (Windows NT 10.0; Win64; x64) AppleWebKit/537.36 (KHTML, like Gecko) Chrome/112.0.0.0 Safari/537.36 Edg/112.0.1722.58"
128.90.180.235 - - [31/Aug/2023:06:06:49 +0000] "GET / HTTP/1.1" 200 67829 "http://cheemahaveli.com/" "Mozilla/5.0 (Linux; Android 11; M2010J19SI) AppleWebKit/537.36 (KHTML, like Gecko) Chrome/109.0.0.0 Mobile Safari/537.36"
193.36.118.237 - - [31/Aug/2023:06:06:49 +0000] "GET / HTTP/1.1" 200 67828 "http://cheemahaveli.com/" "Mozilla/5.0 (Linux; Android 11; M2010J19SI) AppleWebKit/537.36 (KHTML, like Gecko) Chrome/109.0.0.0 Mobile Safari/537.36"
45.87.212.87 - - [31/Aug/2023:06:06:49 +0000] "GET / HTTP/1.1" 200 67827 "http://cheemahaveli.com/" "Mozilla/5.0 (Macintosh; Intel Mac OS X 10.15; rv:109.0) Gecko/20100101 Firefox/112.0"
51.75.141.254 - - [31/Aug/2023:06:07:00 +0000] "GET /wp-content/themes/cheema/images/logo.png HTTP/1.1" 200 111307 "http://cheemahaveli.com/" "Mozilla/5.0 (Windows NT 10.0; Win64; x64) AppleWebKit/537.36 (KHTML, like Gecko) Chrome/112.0.0.0 Safari/537.36 Edg/112.0.1722.58"
51.75.141.254 - - [31/Aug/2023:06:07:00 +0000] "GET /wp-content/uploads/2023/07/logo.png HTTP/1.1" 200 111308 "http://cheemahaveli.com/" "Mozilla/5.0 (Windows NT 10.0; Win64; x64) AppleWebKit/537.36 (KHTML, like Gecko) Chrome/112.0.0.0 Safari/537.36 Edg/112.0.1722.58"
128.90.180.235 - - [31/Aug/2023:06:07:01 +0000] "GET /wp-content/uploads/2023/07/logo.png HTTP/1.1" 200 111307 "http://cheemahaveli.com/" "Mozilla/5.0 (Linux; Android 11; M2010J19SI) AppleWebKit/537.36 (KHTML, like Gecko) Chrome/109.0.0.0 Mobile Safari/537.36"
128.90.180.235 - - [31/Aug/2023:06:07:01 +0000] "GET /wp-content/themes/cheema/images/logo.png HTTP/1.1" 200 111308 "http://cheemahaveli.com/" "Mozilla/5.0 (Linux; Android 11; M2010J19SI) AppleWebKit/537.36 (KHTML, like Gecko) Chrome/109.0.0.0 Mobile Safari/537.36"
45.87.212.87 - - [31/Aug/2023:06:07:12 +0000] "GET /wp-content/themes/cheema/images/logo.png HTTP/1.1" 200 111308 "http://cheemahaveli.com/" "Mozilla/5.0 (Macintosh; Intel Mac OS X 10.15; rv:109.0) Gecko/20100101 Firefox/112.0"
45.87.212.87 - - [31/Aug/2023:06:07:12 +0000] "GET /wp-content/uploads/2023/07/logo.png HTTP/1.1" 200 111307 "http://cheemahaveli.com/" "Mozilla/5.0 (Macintosh; Intel Mac OS X 10.15; rv:109.0) Gecko/20100101 Firefox/112.0"
193.36.118.237 - - [31/Aug/2023:06:07:13 +0000] "GET /wp-content/themes/cheema/images/logo.png HTTP/1.1" 200 111308 "http://cheemahaveli.com/" "Mozilla/5.0 (Linux; Android 11; M2010J19SI) AppleWebKit/537.36 (KHTML, like Gecko) Chrome/109.0.0.0 Mobile Safari/537.36"
193.36.118.237 - - [31/Aug/2023:06:07:13 +0000] "GET /wp-content/uploads/2023/07/logo.png HTTP/1.1" 200 111308 "http://cheemahaveli.com/" "Mozilla/5.0 (Linux; Android 11; M2010J19SI) AppleWebKit/537.36 (KHTML, like Gecko) Chrome/109.0.0.0 Mobile Safari/537.36"
136.243.92.189 - - [31/Aug/2023:06:28:09 +0000] "POST /wp-cron.php?doing_wp_cron=1693463289.1853249073028564453125 HTTP/1.1" 200 4655 "-" "WordPress/6.2.2; https://cheemahaveli.com"
87.236.176.93 - - [31/Aug/2023:06:28:08 +0000] "GET / HTTP/1.1" 200 18216 "-" "Mozilla/5.0 (compatible; InternetMeasurement/1.0; +https://internet-measurement.com/)"
15.204.182.106 - - [31/Aug/2023:06:56:05 +0000] "GET / HTTP/1.1" 301 521 "-" "Mozilla/5.0 (Macintosh; Intel Mac OS X 10_15_7) AppleWebKit/537.36 (KHTML, like Gecko) Chrome/113.0.0.0 Safari/537.36"
15.204.182.106 - - [31/Aug/2023:06:56:06 +0000] "GET / HTTP/1.1" 200 18031 "http://cheemahaveli.com/" "Mozilla/5.0 (Macintosh; Intel Mac OS X 10_15_7) AppleWebKit/537.36 (KHTML, like Gecko) Chrome/113.0.0.0 Safari/537.36"
87.236.176.97 - - [31/Aug/2023:08:13:23 +0000] "GET / HTTP/1.1" 301 540 "-" "Mozilla/5.0 (compatible; InternetMeasurement/1.0; +https://internet-measurement.com/)"
136.243.92.189 - - [31/Aug/2023:08:13:23 +0000] "POST /wp-cron.php?doing_wp_cron=1693469603.3049058914184570312500 HTTP/1.1" 200 4655 "-" "WordPress/6.2.2; https://cheemahaveli.com"
87.236.176.97 - - [31/Aug/2023:08:13:23 +0000] "GET / HTTP/1.1" 200 18216 "http://cheemahaveli.com" "Mozilla/5.0 (compatible; InternetMeasurement/1.0; +https://internet-measurement.com/)"
87.236.176.151 - - [31/Aug/2023:08:13:24 +0000] "GET /favicon.ico HTTP/1.1" 302 4725 "-" "Mozilla/5.0 (compatible; InternetMeasurement/1.0; +https://internet-measurement.com/)"
87.236.176.151 - - [31/Aug/2023:08:13:24 +0000] "GET /wp-includes/images/w-logo-blue-white-bg.png HTTP/1.1" 200 8663 "https://cheemahaveli.com/favicon.ico" "Mozilla/5.0 (compatible; InternetMeasurement/1.0; +https://internet-measurement.com/)"
161.35.246.138 - - [31/Aug/2023:10:07:19 +0000] "GET / HTTP/1.1" 301 540 "http://cheemahaveli.com/" "Mozilla/5.0 (Linux; Android 13) AppleWebKit/537.36 (KHTML, like Gecko) Chrome/113.0.0.0 Mobile Safari/537.36"
128.90.180.183 - - [31/Aug/2023:10:07:19 +0000] "GET / HTTP/1.1" 301 540 "http://cheemahaveli.com/" "Mozilla/5.0 (Macintosh; Intel Mac OS X 10.15; rv:109.0) Gecko/20100101 Firefox/112.0"
193.36.118.237 - - [31/Aug/2023:10:07:19 +0000] "GET / HTTP/1.1" 301 540 "http://cheemahaveli.com/" "Mozilla/5.0 (Windows NT 10.0; Win64; x64) AppleWebKit/537.36 (KHTML, like Gecko) Chrome/112.0.0.0 Safari/537.36 Edg/112.0.1722.58"
128.90.180.183 - - [31/Aug/2023:10:07:19 +0000] "GET / HTTP/1.1" 200 67829 "https://cheemahaveli.com/" "Mozilla/5.0 (Macintosh; Intel Mac OS X 10.15; rv:109.0) Gecko/20100101 Firefox/112.0"
193.36.118.237 - - [31/Aug/2023:10:07:19 +0000] "GET / HTTP/1.1" 200 67829 "https://cheemahaveli.com/" "Mozilla/5.0 (Windows NT 10.0; Win64; x64) AppleWebKit/537.36 (KHTML, like Gecko) Chrome/112.0.0.0 Safari/537.36 Edg/112.0.1722.58"
136.243.92.189 - - [31/Aug/2023:10:07:20 +0000] "POST /wp-cron.php?doing_wp_cron=1693476439.7881669998168945312500 HTTP/1.1" 200 4655 "-" "WordPress/6.2.2; https://cheemahaveli.com"
161.35.246.138 - - [31/Aug/2023:10:07:19 +0000] "GET / HTTP/1.1" 200 67827 "https://cheemahaveli.com/" "Mozilla/5.0 (Linux; Android 13) AppleWebKit/537.36 (KHTML, like Gecko) Chrome/113.0.0.0 Mobile Safari/537.36"
216.24.216.241 - - [31/Aug/2023:10:07:20 +0000] "GET / HTTP/1.1" 301 540 "http://cheemahaveli.com/" "Mozilla/5.0 (Linux; Android 11; M2010J19SI) AppleWebKit/537.36 (KHTML, like Gecko) Chrome/109.0.0.0 Mobile Safari/537.36"
216.24.216.241 - - [31/Aug/2023:10:07:21 +0000] "GET / HTTP/1.1" 200 67828 "https://cheemahaveli.com/" "Mozilla/5.0 (Linux; Android 11; M2010J19SI) AppleWebKit/537.36 (KHTML, like Gecko) Chrome/109.0.0.0 Mobile Safari/537.36"
191.101.31.64 - - [31/Aug/2023:10:07:21 +0000] "GET / HTTP/1.1" 301 540 "http://cheemahaveli.com/" "Mozilla/5.0 (iPhone; CPU iPhone OS 16_0 like Mac OS X) AppleWebKit/605.1.15 (KHTML, like Gecko) CriOS/99.0.4844.47 Mobile/15E148 Safari/604.1"
161.35.246.138 - - [31/Aug/2023:10:07:23 +0000] "OPTIONS / HTTP/1.1" 301 540 "http://cheemahaveli.com/" "Mozilla/5.0 (X11; Ubuntu; Linux x86_64; rv:109.0) Gecko/20100101 Firefox/113.0"
128.90.180.183 - - [31/Aug/2023:10:07:23 +0000] "GET / HTTP/1.1" 301 540 "http://cheemahaveli.com/" "Mozilla/5.0 (iPad; CPU OS 16_4_1 like Mac OS X) AppleWebKit/605.1.15 (KHTML, like Gecko) Version/16.4 Mobile/15E148 Safari/604.1"
64.233.173.21 - - [31/Aug/2023:12:15:54 +0000] "GET /wp-content/themes/cheema/images/slider-01.jpg HTTP/1.1" 200 1614122 "-" "Mozilla/5.0 (Windows NT 5.1; rv:11.0) Gecko Firefox/11.0 (via ggpht.com GoogleImageProxy)"
136.243.92.189 - - [31/Aug/2023:14:13:12 +0000] "POST /wp-cron.php?doing_wp_cron=1693491192.5245339870452880859375 HTTP/1.1" 200 4655 "-" "WordPress/6.2.2; https://cheemahaveli.com"
38.122.112.147 - - [31/Aug/2023:14:13:12 +0000] "GET / HTTP/1.1" 200 18086 "-" "Mozilla/5.0 (Macintosh; Intel Mac OS X 10_15_4) AppleWebKit/537.36 (KHTML, like Gecko) Chrome/83.0.4103.97 Safari/537.36"
15.204.182.106 - - [31/Aug/2023:15:44:59 +0000] "GET /about-us// HTTP/1.1" 301 539 "-" "Mozilla/5.0 (Macintosh; Intel Mac OS X 10_15_7) AppleWebKit/537.36 (KHTML, like Gecko) Chrome/113.0.0.0 Safari/537.36"
136.243.92.189 - - [31/Aug/2023:15:45:00 +0000] "GET / HTTP/1.1" 200 18247 "-" "WordPress/6.2.2; https://cheemahaveli.com"
15.204.182.106 - - [31/Aug/2023:15:44:59 +0000] "GET /about-us/ HTTP/1.1" 200 14976 "http://cheemahaveli.com/about-us//" "Mozilla/5.0 (Macintosh; Intel Mac OS X 10_15_7) AppleWebKit/537.36 (KHTML, like Gecko) Chrome/113.0.0.0 Safari/537.36"
15.204.182.106 - - [31/Aug/2023:15:51:09 +0000] "GET /contact-us// HTTP/1.1" 301 543 "-" "Mozilla/5.0 (Macintosh; Intel Mac OS X 10_15_7) AppleWebKit/537.36 (KHTML, like Gecko) Chrome/113.0.0.0 Safari/537.36"
136.243.92.189 - - [31/Aug/2023:15:51:10 +0000] "POST /wp-cron.php?doing_wp_cron=1693497070.7351169586181640625000 HTTP/1.1" 200 4654 "-" "WordPress/6.2.2; https://cheemahaveli.com"
15.204.182.106 - - [31/Aug/2023:15:51:10 +0000] "GET /contact-us/ HTTP/1.1" 200 15320 "http://cheemahaveli.com/contact-us//" "Mozilla/5.0 (Macintosh; Intel Mac OS X 10_15_7) AppleWebKit/537.36 (KHTML, like Gecko) Chrome/113.0.0.0 Safari/537.36"
34.106.230.45 - - [31/Aug/2023:17:25:08 +0000] "GET / HTTP/1.1" 301 577 "-" "Mozilla/5.0 (Windows NT 10.0; Win64; x64) AppleWebKit/537.36 (KHTML, like Gecko) Chrome/78.0.3904.108 Safari/537.36"
136.243.92.189 - - [31/Aug/2023:17:25:09 +0000] "POST /wp-cron.php?doing_wp_cron=1693502709.5013709068298339843750 HTTP/1.1" 200 4656 "-" "WordPress/6.2.2; https://cheemahaveli.com"
34.106.230.45 - - [31/Aug/2023:17:25:09 +0000] "GET / HTTP/1.1" 200 67752 "-" "Mozilla/5.0 (Windows NT 10.0; Win64; x64) AppleWebKit/537.36 (KHTML, like Gecko) Chrome/78.0.3904.108 Safari/537.36"
34.106.230.45 - - [31/Aug/2023:17:25:10 +0000] "GET //wp-includes/wlwmanifest.xml HTTP/1.1" 200 1388 "-" "Mozilla/5.0 (Windows NT 10.0; Win64; x64) AppleWebKit/537.36 (KHTML, like Gecko) Chrome/78.0.3904.108 Safari/537.36"
34.106.230.45 - - [31/Aug/2023:17:25:10 +0000] "GET //?author=1 HTTP/1.1" 301 323 "-" "Mozilla/5.0 (Windows NT 10.0; Win64; x64) AppleWebKit/537.36 (KHTML, like Gecko) Chrome/78.0.3904.108 Safari/537.36"
34.106.230.45 - - [31/Aug/2023:17:25:10 +0000] "GET //?author=2 HTTP/1.1" 301 411 "-" "Mozilla/5.0 (Windows NT 10.0; Win64; x64) AppleWebKit/537.36 (KHTML, like Gecko) Chrome/78.0.3904.108 Safari/537.36"
34.106.230.45 - - [31/Aug/2023:17:25:11 +0000] "GET //wp-json/wp/v2/users/ HTTP/1.1" 200 1212 "-" "Mozilla/5.0 (Windows NT 10.0; Win64; x64) AppleWebKit/537.36 (KHTML, like Gecko) Chrome/78.0.3904.108 Safari/537.36"
34.106.230.45 - - [31/Aug/2023:17:25:11 +0000] "POST //xmlrpc.php HTTP/1.1" 200 620 "-" "Mozilla/5.0 (Windows NT 10.0; Win64; x64) AppleWebKit/537.36 (KHTML, like Gecko) Chrome/78.0.3904.108 Safari/537.36"
34.106.230.45 - - [31/Aug/2023:17:25:12 +0000] "POST //xmlrpc.php HTTP/1.1" 200 4700 "-" "Mozilla/5.0 (Windows NT 10.0; Win64; x64) AppleWebKit/537.36 (KHTML, like Gecko) Chrome/78.0.3904.108 Safari/537.36"
34.106.230.45 - - [31/Aug/2023:17:25:12 +0000] "POST //xmlrpc.php HTTP/1.1" 200 4701 "-" "Mozilla/5.0 (Windows NT 10.0; Win64; x64) AppleWebKit/537.36 (KHTML, like Gecko) Chrome/78.0.3904.108 Safari/537.36"
34.106.230.45 - - [31/Aug/2023:17:25:13 +0000] "POST //xmlrpc.php HTTP/1.1" 200 4700 "-" "Mozilla/5.0 (Windows NT 10.0; Win64; x64) AppleWebKit/537.36 (KHTML, like Gecko) Chrome/78.0.3904.108 Safari/537.36"
34.106.230.45 - - [31/Aug/2023:17:25:14 +0000] "POST //xmlrpc.php HTTP/1.1" 200 4699 "-" "Mozilla/5.0 (Windows NT 10.0; Win64; x64) AppleWebKit/537.36 (KHTML, like Gecko) Chrome/78.0.3904.108 Safari/537.36"
34.106.230.45 - - [31/Aug/2023:17:25:15 +0000] "POST //xmlrpc.php HTTP/1.1" 200 4700 "-" "Mozilla/5.0 (Windows NT 10.0; Win64; x64) AppleWebKit/537.36 (KHTML, like Gecko) Chrome/78.0.3904.108 Safari/537.36"
34.106.230.45 - - [31/Aug/2023:17:25:16 +0000] "POST //xmlrpc.php HTTP/1.1" 200 4699 "-" "Mozilla/5.0 (Windows NT 10.0; Win64; x64) AppleWebKit/537.36 (KHTML, like Gecko) Chrome/78.0.3904.108 Safari/537.36"
34.106.230.45 - - [31/Aug/2023:17:25:17 +0000] "POST //xmlrpc.php HTTP/1.1" 200 4701 "-" "Mozilla/5.0 (Windows NT 10.0; Win64; x64) AppleWebKit/537.36 (KHTML, like Gecko) Chrome/78.0.3904.108 Safari/537.36"
34.106.230.45 - - [31/Aug/2023:17:25:17 +0000] "POST //xmlrpc.php HTTP/1.1" 200 4701 "-" "Mozilla/5.0 (Windows NT 10.0; Win64; x64) AppleWebKit/537.36 (KHTML, like Gecko) Chrome/78.0.3904.108 Safari/537.36"
34.106.230.45 - - [31/Aug/2023:17:25:18 +0000] "POST //xmlrpc.php HTTP/1.1" 200 4700 "-" "Mozilla/5.0 (Windows NT 10.0; Win64; x64) AppleWebKit/537.36 (KHTML, like Gecko) Chrome/78.0.3904.108 Safari/537.36"
34.106.230.45 - - [31/Aug/2023:17:25:19 +0000] "POST //xmlrpc.php HTTP/1.1" 200 4699 "-" "Mozilla/5.0 (Windows NT 10.0; Win64; x64) AppleWebKit/537.36 (KHTML, like Gecko) Chrome/78.0.3904.108 Safari/537.36"
34.106.230.45 - - [31/Aug/2023:17:25:20 +0000] "POST //xmlrpc.php HTTP/1.1" 200 4701 "-" "Mozilla/5.0 (Windows NT 10.0; Win64; x64) AppleWebKit/537.36 (KHTML, like Gecko) Chrome/78.0.3904.108 Safari/537.36"
34.106.230.45 - - [31/Aug/2023:17:25:20 +0000] "POST //xmlrpc.php HTTP/1.1" 200 4700 "-" "Mozilla/5.0 (Windows NT 10.0; Win64; x64) AppleWebKit/537.36 (KHTML, like Gecko) Chrome/78.0.3904.108 Safari/537.36"
34.106.230.45 - - [31/Aug/2023:17:25:21 +0000] "POST //xmlrpc.php HTTP/1.1" 200 4699 "-" "Mozilla/5.0 (Windows NT 10.0; Win64; x64) AppleWebKit/537.36 (KHTML, like Gecko) Chrome/78.0.3904.108 Safari/537.36"
34.106.230.45 - - [31/Aug/2023:17:25:22 +0000] "POST //xmlrpc.php HTTP/1.1" 200 4699 "-" "Mozilla/5.0 (Windows NT 10.0; Win64; x64) AppleWebKit/537.36 (KHTML, like Gecko) Chrome/78.0.3904.108 Safari/537.36"
34.106.230.45 - - [31/Aug/2023:17:25:23 +0000] "POST //xmlrpc.php HTTP/1.1" 200 4699 "-" "Mozilla/5.0 (Windows NT 10.0; Win64; x64) AppleWebKit/537.36 (KHTML, like Gecko) Chrome/78.0.3904.108 Safari/537.36"
34.106.230.45 - - [31/Aug/2023:17:25:23 +0000] "POST //xmlrpc.php HTTP/1.1" 200 4699 "-" "Mozilla/5.0 (Windows NT 10.0; Win64; x64) AppleWebKit/537.36 (KHTML, like Gecko) Chrome/78.0.3904.108 Safari/537.36"
34.106.230.45 - - [31/Aug/2023:17:25:24 +0000] "POST //xmlrpc.php HTTP/1.1" 200 4700 "-" "Mozilla/5.0 (Windows NT 10.0; Win64; x64) AppleWebKit/537.36 (KHTML, like Gecko) Chrome/78.0.3904.108 Safari/537.36"
34.106.230.45 - - [31/Aug/2023:17:25:25 +0000] "POST //xmlrpc.php HTTP/1.1" 200 4699 "-" "Mozilla/5.0 (Windows NT 10.0; Win64; x64) AppleWebKit/537.36 (KHTML, like Gecko) Chrome/78.0.3904.108 Safari/537.36"
34.106.230.45 - - [31/Aug/2023:17:25:26 +0000] "POST //xmlrpc.php HTTP/1.1" 200 4699 "-" "Mozilla/5.0 (Windows NT 10.0; Win64; x64) AppleWebKit/537.36 (KHTML, like Gecko) Chrome/78.0.3904.108 Safari/537.36"
34.106.230.45 - - [31/Aug/2023:17:25:27 +0000] "POST //xmlrpc.php HTTP/1.1" 200 4700 "-" "Mozilla/5.0 (Windows NT 10.0; Win64; x64) AppleWebKit/537.36 (KHTML, like Gecko) Chrome/78.0.3904.108 Safari/537.36"
136.243.92.189 - - [31/Aug/2023:17:25:28 +0000] "POST /wp-cron.php?doing_wp_cron=1693502728.0072460174560546875000 HTTP/1.1" 200 4654 "-" "WordPress/6.2.2; https://cheemahaveli.com"
34.106.230.45 - - [31/Aug/2023:17:25:27 +0000] "POST //xmlrpc.php HTTP/1.1" 200 4701 "-" "Mozilla/5.0 (Windows NT 10.0; Win64; x64) AppleWebKit/537.36 (KHTML, like Gecko) Chrome/78.0.3904.108 Safari/537.36"
34.106.230.45 - - [31/Aug/2023:17:25:29 +0000] "POST //xmlrpc.php HTTP/1.1" 200 4700 "-" "Mozilla/5.0 (Windows NT 10.0; Win64; x64) AppleWebKit/537.36 (KHTML, like Gecko) Chrome/78.0.3904.108 Safari/537.36"
34.106.230.45 - - [31/Aug/2023:17:25:29 +0000] "POST //xmlrpc.php HTTP/1.1" 200 4700 "-" "Mozilla/5.0 (Windows NT 10.0; Win64; x64) AppleWebKit/537.36 (KHTML, like Gecko) Chrome/78.0.3904.108 Safari/537.36"
34.106.230.45 - - [31/Aug/2023:17:25:30 +0000] "POST //xmlrpc.php HTTP/1.1" 200 4699 "-" "Mozilla/5.0 (Windows NT 10.0; Win64; x64) AppleWebKit/537.36 (KHTML, like Gecko) Chrome/78.0.3904.108 Safari/537.36"
34.106.230.45 - - [31/Aug/2023:17:25:31 +0000] "POST //xmlrpc.php HTTP/1.1" 200 4699 "-" "Mozilla/5.0 (Windows NT 10.0; Win64; x64) AppleWebKit/537.36 (KHTML, like Gecko) Chrome/78.0.3904.108 Safari/537.36"
34.106.230.45 - - [31/Aug/2023:17:25:32 +0000] "POST //xmlrpc.php HTTP/1.1" 200 4699 "-" "Mozilla/5.0 (Windows NT 10.0; Win64; x64) AppleWebKit/537.36 (KHTML, like Gecko) Chrome/78.0.3904.108 Safari/537.36"
34.106.230.45 - - [31/Aug/2023:17:25:33 +0000] "POST //xmlrpc.php HTTP/1.1" 200 4699 "-" "Mozilla/5.0 (Windows NT 10.0; Win64; x64) AppleWebKit/537.36 (KHTML, like Gecko) Chrome/78.0.3904.108 Safari/537.36"
34.106.230.45 - - [31/Aug/2023:17:25:33 +0000] "POST //xmlrpc.php HTTP/1.1" 200 4700 "-" "Mozilla/5.0 (Windows NT 10.0; Win64; x64) AppleWebKit/537.36 (KHTML, like Gecko) Chrome/78.0.3904.108 Safari/537.36"
34.106.230.45 - - [31/Aug/2023:17:25:34 +0000] "POST //xmlrpc.php HTTP/1.1" 200 4701 "-" "Mozilla/5.0 (Windows NT 10.0; Win64; x64) AppleWebKit/537.36 (KHTML, like Gecko) Chrome/78.0.3904.108 Safari/537.36"
34.106.230.45 - - [31/Aug/2023:17:25:35 +0000] "POST //xmlrpc.php HTTP/1.1" 200 4699 "-" "Mozilla/5.0 (Windows NT 10.0; Win64; x64) AppleWebKit/537.36 (KHTML, like Gecko) Chrome/78.0.3904.108 Safari/537.36"
34.106.230.45 - - [31/Aug/2023:17:25:36 +0000] "POST //xmlrpc.php HTTP/1.1" 200 4700 "-" "Mozilla/5.0 (Windows NT 10.0; Win64; x64) AppleWebKit/537.36 (KHTML, like Gecko) Chrome/78.0.3904.108 Safari/537.36"
34.106.230.45 - - [31/Aug/2023:17:25:37 +0000] "POST //xmlrpc.php HTTP/1.1" 200 4699 "-" "Mozilla/5.0 (Windows NT 10.0; Win64; x64) AppleWebKit/537.36 (KHTML, like Gecko) Chrome/78.0.3904.108 Safari/537.36"
34.106.230.45 - - [31/Aug/2023:17:25:37 +0000] "POST //xmlrpc.php HTTP/1.1" 200 4700 "-" "Mozilla/5.0 (Windows NT 10.0; Win64; x64) AppleWebKit/537.36 (KHTML, like Gecko) Chrome/78.0.3904.108 Safari/537.36"
34.106.230.45 - - [31/Aug/2023:17:25:38 +0000] "POST //xmlrpc.php HTTP/1.1" 200 4700 "-" "Mozilla/5.0 (Windows NT 10.0; Win64; x64) AppleWebKit/537.36 (KHTML, like Gecko) Chrome/78.0.3904.108 Safari/537.36"
34.106.230.45 - - [31/Aug/2023:17:25:39 +0000] "POST //xmlrpc.php HTTP/1.1" 200 4700 "-" "Mozilla/5.0 (Windows NT 10.0; Win64; x64) AppleWebKit/537.36 (KHTML, like Gecko) Chrome/78.0.3904.108 Safari/537.36"
34.106.230.45 - - [31/Aug/2023:17:25:40 +0000] "POST //xmlrpc.php HTTP/1.1" 200 4699 "-" "Mozilla/5.0 (Windows NT 10.0; Win64; x64) AppleWebKit/537.36 (KHTML, like Gecko) Chrome/78.0.3904.108 Safari/537.36"
34.106.230.45 - - [31/Aug/2023:17:25:40 +0000] "POST //xmlrpc.php HTTP/1.1" 200 4700 "-" "Mozilla/5.0 (Windows NT 10.0; Win64; x64) AppleWebKit/537.36 (KHTML, like Gecko) Chrome/78.0.3904.108 Safari/537.36"
34.106.230.45 - - [31/Aug/2023:17:25:41 +0000] "POST //xmlrpc.php HTTP/1.1" 200 4699 "-" "Mozilla/5.0 (Windows NT 10.0; Win64; x64) AppleWebKit/537.36 (KHTML, like Gecko) Chrome/78.0.3904.108 Safari/537.36"
34.106.230.45 - - [31/Aug/2023:17:25:42 +0000] "POST //xmlrpc.php HTTP/1.1" 200 4699 "-" "Mozilla/5.0 (Windows NT 10.0; Win64; x64) AppleWebKit/537.36 (KHTML, like Gecko) Chrome/78.0.3904.108 Safari/537.36"
34.106.230.45 - - [31/Aug/2023:17:25:43 +0000] "POST //xmlrpc.php HTTP/1.1" 200 4699 "-" "Mozilla/5.0 (Windows NT 10.0; Win64; x64) AppleWebKit/537.36 (KHTML, like Gecko) Chrome/78.0.3904.108 Safari/537.36"
34.106.230.45 - - [31/Aug/2023:17:25:44 +0000] "POST //xmlrpc.php HTTP/1.1" 200 4700 "-" "Mozilla/5.0 (Windows NT 10.0; Win64; x64) AppleWebKit/537.36 (KHTML, like Gecko) Chrome/78.0.3904.108 Safari/537.36"
34.106.230.45 - - [31/Aug/2023:17:25:44 +0000] "POST //xmlrpc.php HTTP/1.1" 200 4701 "-" "Mozilla/5.0 (Windows NT 10.0; Win64; x64) AppleWebKit/537.36 (KHTML, like Gecko) Chrome/78.0.3904.108 Safari/537.36"
34.106.230.45 - - [31/Aug/2023:17:25:45 +0000] "POST //xmlrpc.php HTTP/1.1" 200 4700 "-" "Mozilla/5.0 (Windows NT 10.0; Win64; x64) AppleWebKit/537.36 (KHTML, like Gecko) Chrome/78.0.3904.108 Safari/537.36"
136.243.92.189 - - [31/Aug/2023:19:51:46 +0000] "POST /wp-cron.php?doing_wp_cron=1693511505.8636729717254638671875 HTTP/1.1" 200 4655 "-" "WordPress/6.2.2; https://cheemahaveli.com"
66.249.64.130 - - [31/Aug/2023:19:51:45 +0000] "GET /robots.txt HTTP/1.1" 200 4729 "-" "Mozilla/5.0 (compatible; Googlebot/2.1; +http://www.google.com/bot.html)"
66.249.64.130 - - [31/Aug/2023:19:51:46 +0000] "HEAD /,changes,,,7:10,8h,done HTTP/1.1" 404 4698 "-" "Mozilla/5.0 (compatible; Googlebot/2.1; +http://www.google.com/bot.html)"
209.170.91.200 - - [31/Aug/2023:22:53:07 +0000] "GET / HTTP/1.1" 301 577 "-" "Mozilla/5.0 (Windows NT 10.0; Win64; x64) AppleWebKit/537.36 (KHTML, like Gecko) Chrome/100.0.4896.75 Safari/537.36"
136.243.92.189 - - [31/Aug/2023:22:53:08 +0000] "POST /wp-cron.php?doing_wp_cron=1693522387.7783710956573486328125 HTTP/1.1" 200 4655 "-" "WordPress/6.2.2; https://cheemahaveli.com"
209.170.91.202 - - [31/Aug/2023:22:53:07 +0000] "GET / HTTP/1.1" 200 18268 "-" "Mozilla/5.0 (Windows NT 10.0; Win64; x64) AppleWebKit/537.36 (KHTML, like Gecko) Chrome/100.0.4896.75 Safari/537.36"
209.170.91.202 - - [31/Aug/2023:22:53:08 +0000] "GET /wp-content/themes/cheema/css/bootstrap.min.css HTTP/1.1" 200 20198 "https://cheemahaveli.com/" "Mozilla/5.0 (Windows NT 10.0; Win64; x64) AppleWebKit/537.36 (KHTML, like Gecko) Chrome/100.0.4896.75 Safari/537.36"
209.170.91.202 - - [31/Aug/2023:22:53:08 +0000] "GET /wp-content/themes/cheema/css/bootstrap-theme.min.css HTTP/1.1" 200 3135 "https://cheemahaveli.com/" "Mozilla/5.0 (Windows NT 10.0; Win64; x64) AppleWebKit/537.36 (KHTML, like Gecko) Chrome/100.0.4896.75 Safari/537.36"
209.170.91.202 - - [31/Aug/2023:22:53:08 +0000] "GET /wp-content/themes/cheema/css/grid.min.css HTTP/1.1" 200 6708 "https://cheemahaveli.com/" "Mozilla/5.0 (Windows NT 10.0; Win64; x64) AppleWebKit/537.36 (KHTML, like Gecko) Chrome/100.0.4896.75 Safari/537.36"
209.170.91.201 - - [31/Aug/2023:22:53:08 +0000] "GET /wp-content/themes/cheema/dist/aos.css HTTP/1.1" 200 2919 "https://cheemahaveli.com/" "Mozilla/5.0 (Windows NT 10.0; Win64; x64) AppleWebKit/537.36 (KHTML, like Gecko) Chrome/100.0.4896.75 Safari/537.36"
209.170.91.201 - - [31/Aug/2023:22:53:08 +0000] "GET /wp-content/themes/cheema/css/owl.theme.css HTTP/1.1" 200 5254 "https://cheemahaveli.com/" "Mozilla/5.0 (Windows NT 10.0; Win64; x64) AppleWebKit/537.36 (KHTML, like Gecko) Chrome/100.0.4896.75 Safari/537.36"
209.170.91.200 - - [31/Aug/2023:22:53:08 +0000] "GET /wp-content/themes/cheema/css/owl.carousel.css HTTP/1.1" 200 5769 "https://cheemahaveli.com/" "Mozilla/5.0 (Windows NT 10.0; Win64; x64) AppleWebKit/537.36 (KHTML, like Gecko) Chrome/100.0.4896.75 Safari/537.36"
209.170.91.200 - - [31/Aug/2023:22:53:08 +0000] "GET /wp-content/themes/cheema-child/style.css HTTP/1.1" 200 14568 "https://cheemahaveli.com/" "Mozilla/5.0 (Windows NT 10.0; Win64; x64) AppleWebKit/537.36 (KHTML, like Gecko) Chrome/100.0.4896.75 Safari/537.36"
209.170.91.202 - - [31/Aug/2023:22:53:08 +0000] "GET /wp-content/themes/cheema/font-awesome/css/font-awesome.min.css HTTP/1.1" 200 7411 "https://cheemahaveli.com/" "Mozilla/5.0 (Windows NT 10.0; Win64; x64) AppleWebKit/537.36 (KHTML, like Gecko) Chrome/100.0.4896.75 Safari/537.36"
209.170.91.202 - - [31/Aug/2023:22:53:08 +0000] "GET /wp-includes/css/classic-themes.min.css?ver=6.2.2 HTTP/1.1" 200 567 "https://cheemahaveli.com/" "Mozilla/5.0 (Windows NT 10.0; Win64; x64) AppleWebKit/537.36 (KHTML, like Gecko) Chrome/100.0.4896.75 Safari/537.36"
209.170.91.201 - - [31/Aug/2023:22:53:08 +0000] "GET /wp-content/themes/cheema/style.css?ver=1.0.0 HTTP/1.1" 200 1019 "https://cheemahaveli.com/" "Mozilla/5.0 (Windows NT 10.0; Win64; x64) AppleWebKit/537.36 (KHTML, like Gecko) Chrome/100.0.4896.75 Safari/537.36"
209.170.91.200 - - [31/Aug/2023:22:53:08 +0000] "GET /wp-content/plugins/contact-form-7/includes/css/styles.css?ver=5.7.7 HTTP/1.1" 200 1362 "https://cheemahaveli.com/" "Mozilla/5.0 (Windows NT 10.0; Win64; x64) AppleWebKit/537.36 (KHTML, like Gecko) Chrome/100.0.4896.75 Safari/537.36"
209.170.91.201 - - [31/Aug/2023:22:53:08 +0000] "GET /wp-includes/css/dist/block-library/style.min.css?ver=6.2.2 HTTP/1.1" 200 13163 "https://cheemahaveli.com/" "Mozilla/5.0 (Windows NT 10.0; Win64; x64) AppleWebKit/537.36 (KHTML, like Gecko) Chrome/100.0.4896.75 Safari/537.36"
209.170.91.201 - - [31/Aug/2023:22:53:09 +0000] "GET /wp-content/themes/cheema/js/script.js HTTP/1.1" 200 4816 "https://cheemahaveli.com/" "Mozilla/5.0 (Windows NT 10.0; Win64; x64) AppleWebKit/537.36 (KHTML, like Gecko) Chrome/100.0.4896.75 Safari/537.36"
209.170.91.200 - - [31/Aug/2023:22:53:09 +0000] "GET /wp-content/themes/cheema/js/bootstrap.min.js HTTP/1.1" 200 10272 "https://cheemahaveli.com/" "Mozilla/5.0 (Windows NT 10.0; Win64; x64) AppleWebKit/537.36 (KHTML, like Gecko) Chrome/100.0.4896.75 Safari/537.36"
209.170.91.202 - - [31/Aug/2023:22:53:09 +0000] "GET /wp-content/themes/cheema/dist/aos.js HTTP/1.1" 200 4876 "https://cheemahaveli.com/" "Mozilla/5.0 (Windows NT 10.0; Win64; x64) AppleWebKit/537.36 (KHTML, like Gecko) Chrome/100.0.4896.75 Safari/537.36"
209.170.91.200 - - [31/Aug/2023:22:53:09 +0000] "GET /wp-content/plugins/contact-form-7/includes/swv/js/index.js?ver=5.7.7 HTTP/1.1" 200 3383 "https://cheemahaveli.com/" "Mozilla/5.0 (Windows NT 10.0; Win64; x64) AppleWebKit/537.36 (KHTML, like Gecko) Chrome/100.0.4896.75 Safari/537.36"
209.170.91.202 - - [31/Aug/2023:22:53:09 +0000] "GET /wp-content/themes/cheema/js/owl.carousel.js HTTP/1.1" 200 8684 "https://cheemahaveli.com/" "Mozilla/5.0 (Windows NT 10.0; Win64; x64) AppleWebKit/537.36 (KHTML, like Gecko) Chrome/100.0.4896.75 Safari/537.36"
209.170.91.201 - - [31/Aug/2023:22:53:09 +0000] "GET /wp-content/plugins/contact-form-7/includes/js/index.js?ver=5.7.7 HTTP/1.1" 200 4555 "https://cheemahaveli.com/" "Mozilla/5.0 (Windows NT 10.0; Win64; x64) AppleWebKit/537.36 (KHTML, like Gecko) Chrome/100.0.4896.75 Safari/537.36"
209.170.91.202 - - [31/Aug/2023:22:53:09 +0000] "GET /wp-content/themes/cheema/assets/js/responsive-embeds.js?ver=1.0.0 HTTP/1.1" 200 916 "https://cheemahaveli.com/" "Mozilla/5.0 (Windows NT 10.0; Win64; x64) AppleWebKit/537.36 (KHTML, like Gecko) Chrome/100.0.4896.75 Safari/537.36"
209.170.91.202 - - [31/Aug/2023:22:53:09 +0000] "GET /wp-content/themes/cheema/assets/js/primary-navigation.js?ver=1.0.0 HTTP/1.1" 200 2223 "https://cheemahaveli.com/" "Mozilla/5.0 (Windows NT 10.0; Win64; x64) AppleWebKit/537.36 (KHTML, like Gecko) Chrome/100.0.4896.75 Safari/537.36"
209.170.91.200 - - [31/Aug/2023:22:53:09 +0000] "GET /wp-content/uploads/2023/07/logo.png HTTP/1.1" 200 107053 "https://cheemahaveli.com/" "Mozilla/5.0 (Windows NT 10.0; Win64; x64) AppleWebKit/537.36 (KHTML, like Gecko) Chrome/100.0.4896.75 Safari/537.36"
209.170.91.202 - - [31/Aug/2023:22:53:09 +0000] "GET /wp-content/uploads/2023/08/cheema-haveli-sirhind-fatehgarh-sahib-restaurants-346hmie.jpg HTTP/1.1" 200 114687 "https://cheemahaveli.com/" "Mozilla/5.0 (Windows NT 10.0; Win64; x64) AppleWebKit/537.36 (KHTML, like Gecko) Chrome/100.0.4896.75 Safari/537.36"
209.170.91.202 - - [31/Aug/2023:22:53:09 +0000] "GET /wp-content/uploads/2023/07/img-02.jpg HTTP/1.1" 200 239090 "https://cheemahaveli.com/" "Mozilla/5.0 (Windows NT 10.0; Win64; x64) AppleWebKit/537.36 (KHTML, like Gecko) Chrome/100.0.4896.75 Safari/537.36"
209.170.91.202 - - [31/Aug/2023:22:53:09 +0000] "GET /wp-content/themes/cheema/font-awesome/fonts/fontawesome-webfont.woff2?v=4.7.0 HTTP/1.1" 200 77669 "https://cheemahaveli.com/wp-content/themes/cheema/font-awesome/css/font-awesome.min.css" "Mozilla/5.0 (Windows NT 10.0; Win64; x64) AppleWebKit/537.36 (KHTML, like Gecko) Chrome/100.0.4896.75 Safari/537.36"
209.170.91.200 - - [31/Aug/2023:22:53:09 +0000] "GET /wp-content/uploads/2023/08/cheema-haveli-sirhind-fatehgarh-sahib-restaurants-2kefzxg.jpg HTTP/1.1" 200 123610 "https://cheemahaveli.com/" "Mozilla/5.0 (Windows NT 10.0; Win64; x64) AppleWebKit/537.36 (KHTML, like Gecko) Chrome/100.0.4896.75 Safari/537.36"
209.170.91.200 - - [31/Aug/2023:22:53:09 +0000] "GET /wp-content/themes/cheema/images/slider-02.jpg HTTP/1.1" 200 857504 "https://cheemahaveli.com/" "Mozilla/5.0 (Windows NT 10.0; Win64; x64) AppleWebKit/537.36 (KHTML, like Gecko) Chrome/100.0.4896.75 Safari/537.36"
209.170.91.201 - - [31/Aug/2023:22:53:09 +0000] "GET /wp-content/themes/cheema/images/slider-03.jpg HTTP/1.1" 200 761311 "https://cheemahaveli.com/" "Mozilla/5.0 (Windows NT 10.0; Win64; x64) AppleWebKit/537.36 (KHTML, like Gecko) Chrome/100.0.4896.75 Safari/537.36"
209.170.91.202 - - [31/Aug/2023:22:53:09 +0000] "GET /wp-content/themes/cheema/images/about-01.png HTTP/1.1" 200 3997 "https://cheemahaveli.com/" "Mozilla/5.0 (Windows NT 10.0; Win64; x64) AppleWebKit/537.36 (KHTML, like Gecko) Chrome/100.0.4896.75 Safari/537.36"
209.170.91.200 - - [31/Aug/2023:22:53:09 +0000] "GET /wp-content/themes/cheema/images/about-02.png HTTP/1.1" 200 6558 "https://cheemahaveli.com/" "Mozilla/5.0 (Windows NT 10.0; Win64; x64) AppleWebKit/537.36 (KHTML, like Gecko) Chrome/100.0.4896.75 Safari/537.36"
209.170.91.201 - - [31/Aug/2023:22:53:09 +0000] "GET /wp-content/themes/cheema/images/slider-01.jpg HTTP/1.1" 200 1609846 "https://cheemahaveli.com/" "Mozilla/5.0 (Windows NT 10.0; Win64; x64) AppleWebKit/537.36 (KHTML, like Gecko) Chrome/100.0.4896.75 Safari/537.36"
209.170.91.202 - - [31/Aug/2023:22:53:09 +0000] "GET /wp-content/themes/cheema/images/about-03.png HTTP/1.1" 200 179035 "https://cheemahaveli.com/" "Mozilla/5.0 (Windows NT 10.0; Win64; x64) AppleWebKit/537.36 (KHTML, like Gecko) Chrome/100.0.4896.75 Safari/537.36"
209.170.91.202 - - [31/Aug/2023:22:53:09 +0000] "GET /wp-content/themes/cheema/images/slider-04.jpg HTTP/1.1" 200 779445 "https://cheemahaveli.com/" "Mozilla/5.0 (Windows NT 10.0; Win64; x64) AppleWebKit/537.36 (KHTML, like Gecko) Chrome/100.0.4896.75 Safari/537.36"
209.170.91.200 - - [31/Aug/2023:22:53:09 +0000] "GET /wp-content/uploads/2023/08/cheema-haveli.jpg HTTP/1.1" 200 94944 "https://cheemahaveli.com/" "Mozilla/5.0 (Windows NT 10.0; Win64; x64) AppleWebKit/537.36 (KHTML, like Gecko) Chrome/100.0.4896.75 Safari/537.36"
209.170.91.200 - - [31/Aug/2023:22:53:10 +0000] "GET /wp-content/themes/cheema/images/img-04.jpg HTTP/1.1" 200 318699 "https://cheemahaveli.com/" "Mozilla/5.0 (Windows NT 10.0; Win64; x64) AppleWebKit/537.36 (KHTML, like Gecko) Chrome/100.0.4896.75 Safari/537.36"
209.170.91.202 - - [31/Aug/2023:22:53:10 +0000] "GET /wp-content/uploads/2023/07/services-04.jpg HTTP/1.1" 200 139062 "https://cheemahaveli.com/" "Mozilla/5.0 (Windows NT 10.0; Win64; x64) AppleWebKit/537.36 (KHTML, like Gecko) Chrome/100.0.4896.75 Safari/537.36"
209.170.91.200 - - [31/Aug/2023:22:53:10 +0000] "GET /wp-content/uploads/2023/08/cheema-haveli4.jpg HTTP/1.1" 200 78718 "https://cheemahaveli.com/" "Mozilla/5.0 (Windows NT 10.0; Win64; x64) AppleWebKit/537.36 (KHTML, like Gecko) Chrome/100.0.4896.75 Safari/537.36"
209.170.91.201 - - [31/Aug/2023:22:53:10 +0000] "GET /wp-content/uploads/2023/07/services-05.jpg HTTP/1.1" 200 416303 "https://cheemahaveli.com/" "Mozilla/5.0 (Windows NT 10.0; Win64; x64) AppleWebKit/537.36 (KHTML, like Gecko) Chrome/100.0.4896.75 Safari/537.36"
209.170.91.202 - - [31/Aug/2023:22:53:10 +0000] "GET /wp-content/uploads/2023/07/services-01.jpg HTTP/1.1" 200 463541 "https://cheemahaveli.com/" "Mozilla/5.0 (Windows NT 10.0; Win64; x64) AppleWebKit/537.36 (KHTML, like Gecko) Chrome/100.0.4896.75 Safari/537.36"
