217.138.195.27 - - [12/Sep/2023:01:00:17 +0000] "POST /xmlrpc.php HTTP/1.1" 200 4921 "-" "Mozilla/5.0 (Windows NT 10.0; Win64; x64) AppleWebKit/537.36 (KHTML, like Gecko) Chrome/100.0.4896.127 Safari/537.36"
199.249.230.22 - - [12/Sep/2023:01:17:54 +0000] "POST /xmlrpc.php HTTP/1.1" 200 4922 "-" "Mozilla/5.0 (Windows NT 10.0; Win64; x64) AppleWebKit/537.36 (KHTML, like Gecko) Chrome/100.0.4896.127 Safari/537.36"
195.97.57.39 - - [12/Sep/2023:01:27:29 +0000] "GET /index.php?of=1&a=1 HTTP/1.1" 301 580 "cheemahaveli.com" "Mozilla/5.0 (Windows NT 10.0; Win64; x64) AppleWebKit/587.38 (KHTML, like Gecko) Chrome/74.0.3729.169 Google/569 Safari/537.36"
195.97.57.39 - - [12/Sep/2023:01:27:29 +0000] "GET /index.php?of=1&a=1 HTTP/1.1" 301 4362 "cheemahaveli.com" "Mozilla/5.0 (Windows NT 10.0; Win64; x64) AppleWebKit/587.38 (KHTML, like Gecko) Chrome/74.0.3729.169 Google/569 Safari/537.36"
136.243.92.189 - - [12/Sep/2023:01:27:30 +0000] "POST /wp-cron.php?doing_wp_cron=1694482049.6659750938415527343750 HTTP/1.1" 200 4654 "-" "WordPress/6.2.2; https://cheemahaveli.com"
195.97.57.39 - - [12/Sep/2023:01:27:30 +0000] "GET /?of=1&a=1 HTTP/1.1" 200 67633 "cheemahaveli.com" "Mozilla/5.0 (Windows NT 10.0; Win64; x64) AppleWebKit/587.38 (KHTML, like Gecko) Chrome/74.0.3729.169 Google/569 Safari/537.36"
135.125.1.9 - - [12/Sep/2023:01:32:53 +0000] "POST /wp-login.php HTTP/1.1" 200 6812 "-" "Mozilla/5.0 (Windows NT 10.0; WOW64) AppleWebKit/537.36 (KHTML, like Gecko) Chrome/55.0.2883.87 Safari/537.36"
178.238.229.54 - - [12/Sep/2023:01:33:46 +0000] "POST /xmlrpc.php HTTP/1.1" 200 4922 "-" "Mozilla/5.0 (Windows NT 10.0; Win64; x64) AppleWebKit/537.36 (KHTML, like Gecko) Chrome/100.0.4896.127 Safari/537.36"
134.19.179.187 - - [12/Sep/2023:01:53:19 +0000] "POST /xmlrpc.php HTTP/1.1" 200 4920 "-" "Mozilla/5.0 (Windows NT 10.0; Win64; x64) AppleWebKit/537.36 (KHTML, like Gecko) Chrome/100.0.4896.127 Safari/537.36"
134.19.179.203 - - [12/Sep/2023:02:05:08 +0000] "POST /xmlrpc.php HTTP/1.1" 200 4921 "-" "Mozilla/5.0 (Windows NT 10.0; Win64; x64) AppleWebKit/537.36 (KHTML, like Gecko) Chrome/100.0.4896.127 Safari/537.36"
134.19.179.203 - - [12/Sep/2023:02:07:30 +0000] "POST /xmlrpc.php HTTP/1.1" 200 4922 "-" "Mozilla/5.0 (Windows NT 10.0; Win64; x64) AppleWebKit/537.36 (KHTML, like Gecko) Chrome/100.0.4896.127 Safari/537.36"
165.227.237.151 - - [12/Sep/2023:02:07:56 +0000] "GET / HTTP/1.1" 301 521 "-" "Mozilla/5.0 (X11; Linux x86_64) AppleWebKit/537.36 (KHTML, like Gecko) Chrome/108.0.0.0 Safari/537.36"
165.227.237.151 - - [12/Sep/2023:02:07:56 +0000] "GET / HTTP/1.1" 200 18213 "-" "Mozilla/5.0 (X11; Linux x86_64) AppleWebKit/537.36 (KHTML, like Gecko) Chrome/108.0.0.0 Safari/537.36"
221.120.103.135 - - [12/Sep/2023:02:17:12 +0000] "POST /wp-login.php HTTP/1.1" 200 6812 "-" "Mozilla/5.0 (Windows NT 6.1; Win64; x64) AppleWebKit/537.36 (KHTML, like Gecko) Chrome/80.0.3987.106 Safari/537.36"
184.75.221.35 - - [12/Sep/2023:02:18:07 +0000] "POST /xmlrpc.php HTTP/1.1" 200 4922 "-" "Mozilla/5.0 (Windows NT 10.0; Win64; x64) AppleWebKit/537.36 (KHTML, like Gecko) Chrome/100.0.4896.127 Safari/537.36"
111.7.100.20 - - [12/Sep/2023:02:24:28 +0000] "GET / HTTP/1.1" 301 540 "-" "Mozilla/5.0 (Windows NT 10.0; Win64; x64) AppleWebKit/537.36 (KHTML, like Gecko) Chrome/75.0.3770.142 Safari/537.36"
111.7.100.20 - - [12/Sep/2023:02:24:29 +0000] "GET / HTTP/1.1" 200 18216 "http://cheemahaveli.com" "Mozilla/5.0 (Windows NT 10.0; Win64; x64) AppleWebKit/537.36 (KHTML, like Gecko) Chrome/75.0.3770.142 Safari/537.36"
46.161.15.38 - - [12/Sep/2023:02:25:26 +0000] "GET /wp-login.php?action=register HTTP/1.1" 302 4773 "-" "Mozilla/5.0 (Windows NT 6.3; WOW64) AppleWebKit/537.36 (KHTML, like Gecko) Chrome/38.0.2125.111 Safari/537.36"
136.243.92.189 - - [12/Sep/2023:02:25:28 +0000] "POST /wp-cron.php?doing_wp_cron=1694485528.6348071098327636718750 HTTP/1.1" 200 4655 "-" "WordPress/6.2.2; https://cheemahaveli.com"
46.161.15.38 - - [12/Sep/2023:02:25:28 +0000] "GET /wp-login.php?registration=disabled HTTP/1.1" 200 6516 "https://cheemahaveli.com/wp-login.php?action=register" "Mozilla/5.0 (Windows NT 6.3; WOW64) AppleWebKit/537.36 (KHTML, like Gecko) Chrome/38.0.2125.111 Safari/537.36"
111.7.100.22 - - [12/Sep/2023:02:25:55 +0000] "GET / HTTP/1.1" 301 577 "-" "Mozilla/5.0 (Windows NT 10.0; Win64; x64) AppleWebKit/537.36 (KHTML, like Gecko) Chrome/75.0.3770.142 Safari/537.36"
111.7.100.21 - - [12/Sep/2023:02:25:56 +0000] "GET / HTTP/1.1" 200 18268 "-" "Mozilla/5.0 (Windows NT 10.0; Win64; x64) AppleWebKit/537.36 (KHTML, like Gecko) Chrome/75.0.3770.142 Safari/537.36"
111.7.100.21 - - [12/Sep/2023:02:25:59 +0000] "GET /wp-content/themes/cheema/css/bootstrap.min.css HTTP/1.1" 200 20198 "https://cheemahaveli.com/" "Mozilla/5.0 (Windows NT 10.0; Win64; x64) AppleWebKit/537.36 (KHTML, like Gecko) Chrome/75.0.3770.142 Safari/537.36"
111.7.100.21 - - [12/Sep/2023:02:26:01 +0000] "GET /wp-content/themes/cheema/css/bootstrap-theme.min.css HTTP/1.1" 200 3459 "https://cheemahaveli.com/" "Mozilla/5.0 (Windows NT 10.0; Win64; x64) AppleWebKit/537.36 (KHTML, like Gecko) Chrome/75.0.3770.142 Safari/537.36"
111.7.100.20 - - [12/Sep/2023:02:26:01 +0000] "GET /wp-content/themes/cheema/css/owl.carousel.css HTTP/1.1" 200 5768 "https://cheemahaveli.com/" "Mozilla/5.0 (Windows NT 10.0; Win64; x64) AppleWebKit/537.36 (KHTML, like Gecko) Chrome/75.0.3770.142 Safari/537.36"
111.7.100.22 - - [12/Sep/2023:02:26:01 +0000] "GET /wp-content/themes/cheema/css/grid.min.css HTTP/1.1" 200 6708 "https://cheemahaveli.com/" "Mozilla/5.0 (Windows NT 10.0; Win64; x64) AppleWebKit/537.36 (KHTML, like Gecko) Chrome/75.0.3770.142 Safari/537.36"
111.7.100.23 - - [12/Sep/2023:02:26:01 +0000] "GET /wp-content/themes/cheema/dist/aos.css HTTP/1.1" 200 6887 "https://cheemahaveli.com/" "Mozilla/5.0 (Windows NT 10.0; Win64; x64) AppleWebKit/537.36 (KHTML, like Gecko) Chrome/75.0.3770.142 Safari/537.36"
111.7.100.21 - - [12/Sep/2023:02:26:01 +0000] "GET /wp-content/themes/cheema-child/style.css HTTP/1.1" 200 14568 "https://cheemahaveli.com/" "Mozilla/5.0 (Windows NT 10.0; Win64; x64) AppleWebKit/537.36 (KHTML, like Gecko) Chrome/75.0.3770.142 Safari/537.36"
111.7.100.21 - - [12/Sep/2023:02:26:01 +0000] "GET /wp-content/themes/cheema/css/owl.theme.css HTTP/1.1" 200 963 "https://cheemahaveli.com/" "Mozilla/5.0 (Windows NT 10.0; Win64; x64) AppleWebKit/537.36 (KHTML, like Gecko) Chrome/75.0.3770.142 Safari/537.36"
111.7.100.21 - - [12/Sep/2023:02:26:01 +0000] "GET /wp-content/themes/cheema/font-awesome/css/font-awesome.min.css HTTP/1.1" 200 7411 "https://cheemahaveli.com/" "Mozilla/5.0 (Windows NT 10.0; Win64; x64) AppleWebKit/537.36 (KHTML, like Gecko) Chrome/75.0.3770.142 Safari/537.36"
111.7.100.20 - - [12/Sep/2023:02:26:01 +0000] "GET /wp-includes/css/classic-themes.min.css?ver=6.2.2 HTTP/1.1" 200 567 "https://cheemahaveli.com/" "Mozilla/5.0 (Windows NT 10.0; Win64; x64) AppleWebKit/537.36 (KHTML, like Gecko) Chrome/75.0.3770.142 Safari/537.36"
111.7.100.23 - - [12/Sep/2023:02:26:01 +0000] "GET /wp-includes/css/dist/block-library/style.min.css?ver=6.2.2 HTTP/1.1" 200 13163 "https://cheemahaveli.com/" "Mozilla/5.0 (Windows NT 10.0; Win64; x64) AppleWebKit/537.36 (KHTML, like Gecko) Chrome/75.0.3770.142 Safari/537.36"
111.7.100.21 - - [12/Sep/2023:02:26:01 +0000] "GET /wp-content/plugins/contact-form-7/includes/css/styles.css?ver=5.7.7 HTTP/1.1" 200 1362 "https://cheemahaveli.com/" "Mozilla/5.0 (Windows NT 10.0; Win64; x64) AppleWebKit/537.36 (KHTML, like Gecko) Chrome/75.0.3770.142 Safari/537.36"
111.7.100.22 - - [12/Sep/2023:02:26:01 +0000] "GET /wp-content/themes/cheema/style.css?ver=1.0.0 HTTP/1.1" 200 1019 "https://cheemahaveli.com/" "Mozilla/5.0 (Windows NT 10.0; Win64; x64) AppleWebKit/537.36 (KHTML, like Gecko) Chrome/75.0.3770.142 Safari/537.36"
111.7.100.21 - - [12/Sep/2023:02:26:01 +0000] "GET / HTTP/1.1" 200 13977 "-" "Mozilla/5.0 (Windows NT 10.0; Win64; x64) AppleWebKit/537.36 (KHTML, like Gecko) Chrome/75.0.3770.142 Safari/537.36"
111.7.100.23 - - [12/Sep/2023:02:26:04 +0000] "GET /wp-includes/css/dist/block-library/style.min.css?ver=6.2.2 HTTP/1.1" 200 13163 "https://cheemahaveli.com/" "Mozilla/5.0 (Windows NT 10.0; Win64; x64) AppleWebKit/537.36 (KHTML, like Gecko) Chrome/75.0.3770.142 Safari/537.36"
111.7.100.23 - - [12/Sep/2023:02:26:05 +0000] "GET /wp-content/themes/cheema/js/bootstrap.min.js HTTP/1.1" 200 10272 "https://cheemahaveli.com/" "Mozilla/5.0 (Windows NT 10.0; Win64; x64) AppleWebKit/537.36 (KHTML, like Gecko) Chrome/75.0.3770.142 Safari/537.36"
111.7.100.23 - - [12/Sep/2023:02:26:06 +0000] "GET /wp-content/themes/cheema/js/script.js HTTP/1.1" 200 4816 "https://cheemahaveli.com/" "Mozilla/5.0 (Windows NT 10.0; Win64; x64) AppleWebKit/537.36 (KHTML, like Gecko) Chrome/75.0.3770.142 Safari/537.36"
111.7.100.23 - - [12/Sep/2023:02:26:07 +0000] "GET /wp-content/themes/cheema/js/owl.carousel.js HTTP/1.1" 200 8684 "https://cheemahaveli.com/" "Mozilla/5.0 (Windows NT 10.0; Win64; x64) AppleWebKit/537.36 (KHTML, like Gecko) Chrome/75.0.3770.142 Safari/537.36"
111.7.100.23 - - [12/Sep/2023:02:26:10 +0000] "GET /wp-content/themes/cheema/dist/aos.js HTTP/1.1" 200 4876 "https://cheemahaveli.com/" "Mozilla/5.0 (Windows NT 10.0; Win64; x64) AppleWebKit/537.36 (KHTML, like Gecko) Chrome/75.0.3770.142 Safari/537.36"
111.7.100.23 - - [12/Sep/2023:02:26:11 +0000] "GET /wp-content/plugins/contact-form-7/includes/swv/js/index.js?ver=5.7.7 HTTP/1.1" 200 3707 "https://cheemahaveli.com/" "Mozilla/5.0 (Windows NT 10.0; Win64; x64) AppleWebKit/537.36 (KHTML, like Gecko) Chrome/75.0.3770.142 Safari/537.36"
111.7.100.23 - - [12/Sep/2023:02:26:11 +0000] "GET /wp-content/themes/cheema/assets/js/responsive-embeds.js?ver=1.0.0 HTTP/1.1" 200 5207 "https://cheemahaveli.com/" "Mozilla/5.0 (Windows NT 10.0; Win64; x64) AppleWebKit/537.36 (KHTML, like Gecko) Chrome/75.0.3770.142 Safari/537.36"
111.7.100.21 - - [12/Sep/2023:02:26:11 +0000] "GET /wp-content/plugins/contact-form-7/includes/js/index.js?ver=5.7.7 HTTP/1.1" 200 4879 "https://cheemahaveli.com/" "Mozilla/5.0 (Windows NT 10.0; Win64; x64) AppleWebKit/537.36 (KHTML, like Gecko) Chrome/75.0.3770.142 Safari/537.36"
111.7.100.23 - - [12/Sep/2023:02:26:12 +0000] "GET /wp-content/themes/cheema/assets/js/primary-navigation.js?ver=1.0.0 HTTP/1.1" 200 2223 "https://cheemahaveli.com/" "Mozilla/5.0 (Windows NT 10.0; Win64; x64) AppleWebKit/537.36 (KHTML, like Gecko) Chrome/75.0.3770.142 Safari/537.36"
111.7.100.23 - - [12/Sep/2023:02:26:12 +0000] "GET /wp-content/themes/cheema/font-awesome/fonts/fontawesome-webfont.woff2?v=4.7.0 HTTP/1.1" 200 77669 "https://cheemahaveli.com/wp-content/themes/cheema/font-awesome/css/font-awesome.min.css" "Mozilla/5.0 (Windows NT 10.0; Win64; x64) AppleWebKit/537.36 (KHTML, like Gecko) Chrome/75.0.3770.142 Safari/537.36"
111.7.100.23 - - [12/Sep/2023:02:26:12 +0000] "GET /wp-content/uploads/2023/08/cheema-haveli-sirhind-fatehgarh-sahib-restaurants-346hmie.jpg HTTP/1.1" 200 114687 "https://cheemahaveli.com/" "Mozilla/5.0 (Windows NT 10.0; Win64; x64) AppleWebKit/537.36 (KHTML, like Gecko) Chrome/75.0.3770.142 Safari/537.36"
111.7.100.21 - - [12/Sep/2023:02:26:12 +0000] "GET /wp-content/uploads/2023/08/cheema-haveli-sirhind-fatehgarh-sahib-restaurants-2kefzxg.jpg HTTP/1.1" 200 123610 "https://cheemahaveli.com/" "Mozilla/5.0 (Windows NT 10.0; Win64; x64) AppleWebKit/537.36 (KHTML, like Gecko) Chrome/75.0.3770.142 Safari/537.36"
111.7.100.20 - - [12/Sep/2023:02:26:12 +0000] "GET /wp-content/uploads/2023/07/logo.png HTTP/1.1" 200 107377 "https://cheemahaveli.com/" "Mozilla/5.0 (Windows NT 10.0; Win64; x64) AppleWebKit/537.36 (KHTML, like Gecko) Chrome/75.0.3770.142 Safari/537.36"
111.7.100.23 - - [12/Sep/2023:02:26:12 +0000] "GET /wp-content/uploads/2023/07/img-02.jpg HTTP/1.1" 200 239090 "https://cheemahaveli.com/" "Mozilla/5.0 (Windows NT 10.0; Win64; x64) AppleWebKit/537.36 (KHTML, like Gecko) Chrome/75.0.3770.142 Safari/537.36"
111.7.100.21 - - [12/Sep/2023:02:26:12 +0000] "GET /wp-content/themes/cheema/images/slider-01.jpg HTTP/1.1" 200 208690 "https://cheemahaveli.com/" "Mozilla/5.0 (Windows NT 10.0; Win64; x64) AppleWebKit/537.36 (KHTML, like Gecko) Chrome/75.0.3770.142 Safari/537.36"
111.7.100.23 - - [12/Sep/2023:02:26:17 +0000] "GET /wp-content/themes/cheema/images/slider-03.jpg HTTP/1.1" 200 465740 "https://cheemahaveli.com/" "Mozilla/5.0 (Windows NT 10.0; Win64; x64) AppleWebKit/537.36 (KHTML, like Gecko) Chrome/75.0.3770.142 Safari/537.36"
36.99.136.135 - - [12/Sep/2023:02:26:37 +0000] "GET /restaurants/ HTTP/1.1" 200 15137 "-" "Mozilla/5.0 (Windows NT 10.0; Win64; x64) AppleWebKit/537.36 (KHTML, like Gecko) Chrome/75.0.3770.142 Safari/537.36"
36.99.136.142 - - [12/Sep/2023:02:26:38 +0000] "GET / HTTP/1.1" 200 18216 "-" "Mozilla/5.0 (Windows NT 10.0; Win64; x64) AppleWebKit/537.36 (KHTML, like Gecko) Chrome/75.0.3770.142 Safari/537.36"
36.99.136.141 - - [12/Sep/2023:02:26:44 +0000] "GET /about-us/ HTTP/1.1" 200 15161 "-" "Mozilla/5.0 (Windows NT 10.0; Win64; x64) AppleWebKit/537.36 (KHTML, like Gecko) Chrome/75.0.3770.142 Safari/537.36"
36.99.136.132 - - [12/Sep/2023:02:27:27 +0000] "GET /restaurants/ HTTP/1.1" 200 15189 "-" "Mozilla/5.0 (Windows NT 10.0; Win64; x64) AppleWebKit/537.36 (KHTML, like Gecko) Chrome/75.0.3770.142 Safari/537.36"
36.99.136.132 - - [12/Sep/2023:02:27:27 +0000] "GET /wp-content/themes/cheema/css/bootstrap.min.css HTTP/1.1" 200 20198 "https://cheemahaveli.com/restaurants/" "Mozilla/5.0 (Windows NT 10.0; Win64; x64) AppleWebKit/537.36 (KHTML, like Gecko) Chrome/75.0.3770.142 Safari/537.36"
36.99.136.132 - - [12/Sep/2023:02:27:28 +0000] "GET /wp-content/themes/cheema/css/bootstrap-theme.min.css HTTP/1.1" 200 3135 "https://cheemahaveli.com/restaurants/" "Mozilla/5.0 (Windows NT 10.0; Win64; x64) AppleWebKit/537.36 (KHTML, like Gecko) Chrome/75.0.3770.142 Safari/537.36"
36.99.136.131 - - [12/Sep/2023:02:27:28 +0000] "GET /wp-content/themes/cheema/css/grid.min.css HTTP/1.1" 200 6708 "https://cheemahaveli.com/restaurants/" "Mozilla/5.0 (Windows NT 10.0; Win64; x64) AppleWebKit/537.36 (KHTML, like Gecko) Chrome/75.0.3770.142 Safari/537.36"
36.99.136.134 - - [12/Sep/2023:02:27:28 +0000] "GET /wp-content/themes/cheema/dist/aos.css HTTP/1.1" 200 2919 "https://cheemahaveli.com/restaurants/" "Mozilla/5.0 (Windows NT 10.0; Win64; x64) AppleWebKit/537.36 (KHTML, like Gecko) Chrome/75.0.3770.142 Safari/537.36"
36.99.136.132 - - [12/Sep/2023:02:27:28 +0000] "GET /wp-content/themes/cheema-child/style.css HTTP/1.1" 200 10276 "https://cheemahaveli.com/restaurants/" "Mozilla/5.0 (Windows NT 10.0; Win64; x64) AppleWebKit/537.36 (KHTML, like Gecko) Chrome/75.0.3770.142 Safari/537.36"
36.99.136.131 - - [12/Sep/2023:02:27:28 +0000] "GET /wp-content/themes/cheema/css/owl.carousel.css HTTP/1.1" 200 5770 "https://cheemahaveli.com/restaurants/" "Mozilla/5.0 (Windows NT 10.0; Win64; x64) AppleWebKit/537.36 (KHTML, like Gecko) Chrome/75.0.3770.142 Safari/537.36"
36.99.136.130 - - [12/Sep/2023:02:27:28 +0000] "GET /wp-content/themes/cheema/css/owl.theme.css HTTP/1.1" 200 5253 "https://cheemahaveli.com/restaurants/" "Mozilla/5.0 (Windows NT 10.0; Win64; x64) AppleWebKit/537.36 (KHTML, like Gecko) Chrome/75.0.3770.142 Safari/537.36"
36.99.136.133 - - [12/Sep/2023:02:27:28 +0000] "GET /wp-content/themes/cheema/font-awesome/css/font-awesome.min.css HTTP/1.1" 200 11701 "https://cheemahaveli.com/restaurants/" "Mozilla/5.0 (Windows NT 10.0; Win64; x64) AppleWebKit/537.36 (KHTML, like Gecko) Chrome/75.0.3770.142 Safari/537.36"
36.99.136.131 - - [12/Sep/2023:02:27:28 +0000] "GET /wp-includes/css/dist/block-library/style.min.css?ver=6.2.2 HTTP/1.1" 200 13163 "https://cheemahaveli.com/restaurants/" "Mozilla/5.0 (Windows NT 10.0; Win64; x64) AppleWebKit/537.36 (KHTML, like Gecko) Chrome/75.0.3770.142 Safari/537.36"
36.99.136.134 - - [12/Sep/2023:02:27:28 +0000] "GET /wp-includes/css/classic-themes.min.css?ver=6.2.2 HTTP/1.1" 200 567 "https://cheemahaveli.com/restaurants/" "Mozilla/5.0 (Windows NT 10.0; Win64; x64) AppleWebKit/537.36 (KHTML, like Gecko) Chrome/75.0.3770.142 Safari/537.36"
36.99.136.132 - - [12/Sep/2023:02:27:28 +0000] "GET /wp-content/plugins/contact-form-7/includes/css/styles.css?ver=5.7.7 HTTP/1.1" 200 1362 "https://cheemahaveli.com/restaurants/" "Mozilla/5.0 (Windows NT 10.0; Win64; x64) AppleWebKit/537.36 (KHTML, like Gecko) Chrome/75.0.3770.142 Safari/537.36"
36.99.136.131 - - [12/Sep/2023:02:27:28 +0000] "GET /wp-content/themes/cheema/style.css?ver=1.0.0 HTTP/1.1" 200 1019 "https://cheemahaveli.com/restaurants/" "Mozilla/5.0 (Windows NT 10.0; Win64; x64) AppleWebKit/537.36 (KHTML, like Gecko) Chrome/75.0.3770.142 Safari/537.36"
36.99.136.131 - - [12/Sep/2023:02:27:28 +0000] "GET /wp-content/themes/cheema/dist/aos.js HTTP/1.1" 200 4876 "https://cheemahaveli.com/restaurants/" "Mozilla/5.0 (Windows NT 10.0; Win64; x64) AppleWebKit/537.36 (KHTML, like Gecko) Chrome/75.0.3770.142 Safari/537.36"
36.99.136.132 - - [12/Sep/2023:02:27:28 +0000] "GET /wp-content/themes/cheema/js/script.js HTTP/1.1" 200 4816 "https://cheemahaveli.com/restaurants/" "Mozilla/5.0 (Windows NT 10.0; Win64; x64) AppleWebKit/537.36 (KHTML, like Gecko) Chrome/75.0.3770.142 Safari/537.36"
36.99.136.134 - - [12/Sep/2023:02:27:28 +0000] "GET /wp-content/themes/cheema/js/owl.carousel.js HTTP/1.1" 200 8684 "https://cheemahaveli.com/restaurants/" "Mozilla/5.0 (Windows NT 10.0; Win64; x64) AppleWebKit/537.36 (KHTML, like Gecko) Chrome/75.0.3770.142 Safari/537.36"
36.99.136.131 - - [12/Sep/2023:02:27:28 +0000] "GET /wp-content/themes/cheema/js/bootstrap.min.js HTTP/1.1" 200 10272 "https://cheemahaveli.com/restaurants/" "Mozilla/5.0 (Windows NT 10.0; Win64; x64) AppleWebKit/537.36 (KHTML, like Gecko) Chrome/75.0.3770.142 Safari/537.36"
36.99.136.133 - - [12/Sep/2023:02:27:28 +0000] "GET /wp-content/plugins/contact-form-7/includes/swv/js/index.js?ver=5.7.7 HTTP/1.1" 200 3383 "https://cheemahaveli.com/restaurants/" "Mozilla/5.0 (Windows NT 10.0; Win64; x64) AppleWebKit/537.36 (KHTML, like Gecko) Chrome/75.0.3770.142 Safari/537.36"
36.99.136.130 - - [12/Sep/2023:02:27:28 +0000] "GET /wp-content/plugins/contact-form-7/includes/js/index.js?ver=5.7.7 HTTP/1.1" 200 4555 "https://cheemahaveli.com/restaurants/" "Mozilla/5.0 (Windows NT 10.0; Win64; x64) AppleWebKit/537.36 (KHTML, like Gecko) Chrome/75.0.3770.142 Safari/537.36"
36.99.136.131 - - [12/Sep/2023:02:27:28 +0000] "GET /wp-content/themes/cheema/font-awesome/fonts/fontawesome-webfont.woff2?v=4.7.0 HTTP/1.1" 200 77669 "https://cheemahaveli.com/wp-content/themes/cheema/font-awesome/css/font-awesome.min.css" "Mozilla/5.0 (Windows NT 10.0; Win64; x64) AppleWebKit/537.36 (KHTML, like Gecko) Chrome/75.0.3770.142 Safari/537.36"
36.99.136.132 - - [12/Sep/2023:02:27:29 +0000] "GET /wp-content/uploads/2023/07/logo.png HTTP/1.1" 200 107053 "https://cheemahaveli.com/restaurants/" "Mozilla/5.0 (Windows NT 10.0; Win64; x64) AppleWebKit/537.36 (KHTML, like Gecko) Chrome/75.0.3770.142 Safari/537.36"
36.99.136.134 - - [12/Sep/2023:02:27:29 +0000] "GET /wp-content/themes/cheema/assets/js/primary-navigation.js?ver=1.0.0 HTTP/1.1" 200 2223 "https://cheemahaveli.com/restaurants/" "Mozilla/5.0 (Windows NT 10.0; Win64; x64) AppleWebKit/537.36 (KHTML, like Gecko) Chrome/75.0.3770.142 Safari/537.36"
36.99.136.131 - - [12/Sep/2023:02:27:29 +0000] "GET /wp-content/themes/cheema/assets/js/responsive-embeds.js?ver=1.0.0 HTTP/1.1" 200 916 "https://cheemahaveli.com/restaurants/" "Mozilla/5.0 (Windows NT 10.0; Win64; x64) AppleWebKit/537.36 (KHTML, like Gecko) Chrome/75.0.3770.142 Safari/537.36"
36.99.136.133 - - [12/Sep/2023:02:27:29 +0000] "GET /wp-content/uploads/2023/08/cheema-haveli4.jpg HTTP/1.1" 200 78718 "https://cheemahaveli.com/restaurants/" "Mozilla/5.0 (Windows NT 10.0; Win64; x64) AppleWebKit/537.36 (KHTML, like Gecko) Chrome/75.0.3770.142 Safari/537.36"
36.99.136.130 - - [12/Sep/2023:02:27:29 +0000] "GET /wp-content/uploads/2023/08/cheema-haveli5.jpg HTTP/1.1" 200 142046 "https://cheemahaveli.com/restaurants/" "Mozilla/5.0 (Windows NT 10.0; Win64; x64) AppleWebKit/537.36 (KHTML, like Gecko) Chrome/75.0.3770.142 Safari/537.36"
36.99.136.131 - - [12/Sep/2023:02:27:29 +0000] "GET /wp-content/uploads/2023/07/restaurant-2.jpeg HTTP/1.1" 200 205784 "https://cheemahaveli.com/restaurants/" "Mozilla/5.0 (Windows NT 10.0; Win64; x64) AppleWebKit/537.36 (KHTML, like Gecko) Chrome/75.0.3770.142 Safari/537.36"
36.99.136.134 - - [12/Sep/2023:02:27:29 +0000] "GET /wp-content/uploads/2023/07/restaurant-4.webp HTTP/1.1" 200 96669 "https://cheemahaveli.com/restaurants/" "Mozilla/5.0 (Windows NT 10.0; Win64; x64) AppleWebKit/537.36 (KHTML, like Gecko) Chrome/75.0.3770.142 Safari/537.36"
36.99.136.131 - - [12/Sep/2023:02:27:29 +0000] "GET /wp-content/uploads/2023/07/restaurant-3.jpg HTTP/1.1" 200 103306 "https://cheemahaveli.com/restaurants/" "Mozilla/5.0 (Windows NT 10.0; Win64; x64) AppleWebKit/537.36 (KHTML, like Gecko) Chrome/75.0.3770.142 Safari/537.36"
36.99.136.132 - - [12/Sep/2023:02:27:29 +0000] "GET /wp-content/uploads/2023/07/restaurant-9.jpg HTTP/1.1" 200 885221 "https://cheemahaveli.com/restaurants/" "Mozilla/5.0 (Windows NT 10.0; Win64; x64) AppleWebKit/537.36 (KHTML, like Gecko) Chrome/75.0.3770.142 Safari/537.36"
36.99.136.133 - - [12/Sep/2023:02:27:29 +0000] "GET /wp-content/uploads/2023/08/haveli-img.jpg HTTP/1.1" 200 91909 "https://cheemahaveli.com/restaurants/" "Mozilla/5.0 (Windows NT 10.0; Win64; x64) AppleWebKit/537.36 (KHTML, like Gecko) Chrome/75.0.3770.142 Safari/537.36"
36.99.136.131 - - [12/Sep/2023:02:27:29 +0000] "GET /wp-content/uploads/2023/08/haveli.jpg HTTP/1.1" 200 118239 "https://cheemahaveli.com/restaurants/" "Mozilla/5.0 (Windows NT 10.0; Win64; x64) AppleWebKit/537.36 (KHTML, like Gecko) Chrome/75.0.3770.142 Safari/537.36"
36.99.136.134 - - [12/Sep/2023:02:27:29 +0000] "GET /wp-includes/js/wp-emoji-release.min.js?ver=6.2.2 HTTP/1.1" 200 5412 "https://cheemahaveli.com/restaurants/" "Mozilla/5.0 (Windows NT 10.0; Win64; x64) AppleWebKit/537.36 (KHTML, like Gecko) Chrome/75.0.3770.142 Safari/537.36"
36.99.136.131 - - [12/Sep/2023:02:27:29 +0000] "GET /wp-content/themes/cheema/assets/css/print.css?ver=1.0.0 HTTP/1.1" 200 1442 "https://cheemahaveli.com/restaurants/" "Mozilla/5.0 (Windows NT 10.0; Win64; x64) AppleWebKit/537.36 (KHTML, like Gecko) Chrome/75.0.3770.142 Safari/537.36"
36.99.136.141 - - [12/Sep/2023:02:28:01 +0000] "GET / HTTP/1.1" 200 18268 "-" "Mozilla/5.0 (Windows NT 10.0; Win64; x64) AppleWebKit/537.36 (KHTML, like Gecko) Chrome/75.0.3770.142 Safari/537.36"
36.99.136.139 - - [12/Sep/2023:02:28:03 +0000] "GET /wp-content/themes/cheema/css/bootstrap-theme.min.css HTTP/1.1" 200 3459 "https://cheemahaveli.com/" "Mozilla/5.0 (Windows NT 10.0; Win64; x64) AppleWebKit/537.36 (KHTML, like Gecko) Chrome/75.0.3770.142 Safari/537.36"
36.99.136.142 - - [12/Sep/2023:02:28:03 +0000] "GET /wp-content/themes/cheema/css/grid.min.css HTTP/1.1" 200 10675 "https://cheemahaveli.com/" "Mozilla/5.0 (Windows NT 10.0; Win64; x64) AppleWebKit/537.36 (KHTML, like Gecko) Chrome/75.0.3770.142 Safari/537.36"
36.99.136.140 - - [12/Sep/2023:02:28:03 +0000] "GET /wp-content/themes/cheema/css/bootstrap.min.css HTTP/1.1" 200 20522 "https://cheemahaveli.com/" "Mozilla/5.0 (Windows NT 10.0; Win64; x64) AppleWebKit/537.36 (KHTML, like Gecko) Chrome/75.0.3770.142 Safari/537.36"
36.99.136.142 - - [12/Sep/2023:02:28:03 +0000] "GET /wp-content/themes/cheema/dist/aos.css HTTP/1.1" 200 6885 "https://cheemahaveli.com/" "Mozilla/5.0 (Windows NT 10.0; Win64; x64) AppleWebKit/537.36 (KHTML, like Gecko) Chrome/75.0.3770.142 Safari/537.36"
36.99.136.138 - - [12/Sep/2023:02:28:03 +0000] "GET /wp-content/themes/cheema/css/owl.carousel.css HTTP/1.1" 200 5769 "https://cheemahaveli.com/" "Mozilla/5.0 (Windows NT 10.0; Win64; x64) AppleWebKit/537.36 (KHTML, like Gecko) Chrome/75.0.3770.142 Safari/537.36"
36.99.136.143 - - [12/Sep/2023:02:28:03 +0000] "GET /wp-content/themes/cheema-child/style.css HTTP/1.1" 200 14565 "https://cheemahaveli.com/" "Mozilla/5.0 (Windows NT 10.0; Win64; x64) AppleWebKit/537.36 (KHTML, like Gecko) Chrome/75.0.3770.142 Safari/537.36"
36.99.136.139 - - [12/Sep/2023:02:28:03 +0000] "GET /wp-content/themes/cheema/css/owl.theme.css HTTP/1.1" 200 963 "https://cheemahaveli.com/" "Mozilla/5.0 (Windows NT 10.0; Win64; x64) AppleWebKit/537.36 (KHTML, like Gecko) Chrome/75.0.3770.142 Safari/537.36"
36.99.136.142 - - [12/Sep/2023:02:28:03 +0000] "GET /wp-content/themes/cheema/font-awesome/css/font-awesome.min.css HTTP/1.1" 200 7411 "https://cheemahaveli.com/" "Mozilla/5.0 (Windows NT 10.0; Win64; x64) AppleWebKit/537.36 (KHTML, like Gecko) Chrome/75.0.3770.142 Safari/537.36"
36.99.136.138 - - [12/Sep/2023:02:28:03 +0000] "GET /wp-includes/css/dist/block-library/style.min.css?ver=6.2.2 HTTP/1.1" 200 13163 "https://cheemahaveli.com/" "Mozilla/5.0 (Windows NT 10.0; Win64; x64) AppleWebKit/537.36 (KHTML, like Gecko) Chrome/75.0.3770.142 Safari/537.36"
36.99.136.142 - - [12/Sep/2023:02:28:03 +0000] "GET /wp-includes/css/classic-themes.min.css?ver=6.2.2 HTTP/1.1" 200 567 "https://cheemahaveli.com/" "Mozilla/5.0 (Windows NT 10.0; Win64; x64) AppleWebKit/537.36 (KHTML, like Gecko) Chrome/75.0.3770.142 Safari/537.36"
36.99.136.143 - - [12/Sep/2023:02:28:03 +0000] "GET /wp-content/plugins/contact-form-7/includes/css/styles.css?ver=5.7.7 HTTP/1.1" 200 1362 "https://cheemahaveli.com/" "Mozilla/5.0 (Windows NT 10.0; Win64; x64) AppleWebKit/537.36 (KHTML, like Gecko) Chrome/75.0.3770.142 Safari/537.36"
36.99.136.140 - - [12/Sep/2023:02:28:03 +0000] "GET /wp-content/themes/cheema/style.css?ver=1.0.0 HTTP/1.1" 200 1019 "https://cheemahaveli.com/" "Mozilla/5.0 (Windows NT 10.0; Win64; x64) AppleWebKit/537.36 (KHTML, like Gecko) Chrome/75.0.3770.142 Safari/537.36"
36.99.136.140 - - [12/Sep/2023:02:28:04 +0000] "GET /wp-content/themes/cheema/js/bootstrap.min.js HTTP/1.1" 200 10272 "https://cheemahaveli.com/" "Mozilla/5.0 (Windows NT 10.0; Win64; x64) AppleWebKit/537.36 (KHTML, like Gecko) Chrome/75.0.3770.142 Safari/537.36"
36.99.136.142 - - [12/Sep/2023:02:28:04 +0000] "GET /wp-content/themes/cheema/js/owl.carousel.js HTTP/1.1" 200 8684 "https://cheemahaveli.com/" "Mozilla/5.0 (Windows NT 10.0; Win64; x64) AppleWebKit/537.36 (KHTML, like Gecko) Chrome/75.0.3770.142 Safari/537.36"
36.99.136.138 - - [12/Sep/2023:02:28:04 +0000] "GET /wp-content/themes/cheema/js/script.js HTTP/1.1" 200 4816 "https://cheemahaveli.com/" "Mozilla/5.0 (Windows NT 10.0; Win64; x64) AppleWebKit/537.36 (KHTML, like Gecko) Chrome/75.0.3770.142 Safari/537.36"
36.99.136.139 - - [12/Sep/2023:02:28:04 +0000] "GET /wp-content/plugins/contact-form-7/includes/js/index.js?ver=5.7.7 HTTP/1.1" 200 4555 "https://cheemahaveli.com/" "Mozilla/5.0 (Windows NT 10.0; Win64; x64) AppleWebKit/537.36 (KHTML, like Gecko) Chrome/75.0.3770.142 Safari/537.36"
36.99.136.142 - - [12/Sep/2023:02:28:04 +0000] "GET /wp-content/plugins/contact-form-7/includes/swv/js/index.js?ver=5.7.7 HTTP/1.1" 200 3383 "https://cheemahaveli.com/" "Mozilla/5.0 (Windows NT 10.0; Win64; x64) AppleWebKit/537.36 (KHTML, like Gecko) Chrome/75.0.3770.142 Safari/537.36"
36.99.136.143 - - [12/Sep/2023:02:28:04 +0000] "GET /wp-content/themes/cheema/dist/aos.js HTTP/1.1" 200 4876 "https://cheemahaveli.com/" "Mozilla/5.0 (Windows NT 10.0; Win64; x64) AppleWebKit/537.36 (KHTML, like Gecko) Chrome/75.0.3770.142 Safari/537.36"
36.99.136.143 - - [12/Sep/2023:02:28:05 +0000] "GET /wp-content/themes/cheema/font-awesome/fonts/fontawesome-webfont.woff2?v=4.7.0 HTTP/1.1" 200 77669 "https://cheemahaveli.com/wp-content/themes/cheema/font-awesome/css/font-awesome.min.css" "Mozilla/5.0 (Windows NT 10.0; Win64; x64) AppleWebKit/537.36 (KHTML, like Gecko) Chrome/75.0.3770.142 Safari/537.36"
36.99.136.139 - - [12/Sep/2023:02:28:05 +0000] "GET /wp-content/uploads/2023/08/cheema-haveli-sirhind-fatehgarh-sahib-restaurants-2kefzxg.jpg HTTP/1.1" 200 123610 "https://cheemahaveli.com/" "Mozilla/5.0 (Windows NT 10.0; Win64; x64) AppleWebKit/537.36 (KHTML, like Gecko) Chrome/75.0.3770.142 Safari/537.36"
36.99.136.142 - - [12/Sep/2023:02:28:05 +0000] "GET /wp-content/uploads/2023/07/logo.png HTTP/1.1" 200 107053 "https://cheemahaveli.com/" "Mozilla/5.0 (Windows NT 10.0; Win64; x64) AppleWebKit/537.36 (KHTML, like Gecko) Chrome/75.0.3770.142 Safari/537.36"
36.99.136.142 - - [12/Sep/2023:02:28:05 +0000] "GET /wp-content/uploads/2023/08/cheema-haveli-sirhind-fatehgarh-sahib-restaurants-346hmie.jpg HTTP/1.1" 200 114687 "https://cheemahaveli.com/" "Mozilla/5.0 (Windows NT 10.0; Win64; x64) AppleWebKit/537.36 (KHTML, like Gecko) Chrome/75.0.3770.142 Safari/537.36"
36.99.136.138 - - [12/Sep/2023:02:28:05 +0000] "GET /wp-content/uploads/2023/07/img-02.jpg HTTP/1.1" 200 239090 "https://cheemahaveli.com/" "Mozilla/5.0 (Windows NT 10.0; Win64; x64) AppleWebKit/537.36 (KHTML, like Gecko) Chrome/75.0.3770.142 Safari/537.36"
36.99.136.140 - - [12/Sep/2023:02:28:05 +0000] "GET /wp-content/themes/cheema/images/slider-04.jpg HTTP/1.1" 200 779445 "https://cheemahaveli.com/" "Mozilla/5.0 (Windows NT 10.0; Win64; x64) AppleWebKit/537.36 (KHTML, like Gecko) Chrome/75.0.3770.142 Safari/537.36"
36.99.136.142 - - [12/Sep/2023:02:28:06 +0000] "GET /wp-content/themes/cheema/images/slider-03.jpg HTTP/1.1" 200 761311 "https://cheemahaveli.com/" "Mozilla/5.0 (Windows NT 10.0; Win64; x64) AppleWebKit/537.36 (KHTML, like Gecko) Chrome/75.0.3770.142 Safari/537.36"
36.99.136.143 - - [12/Sep/2023:02:28:05 +0000] "GET /wp-content/themes/cheema/images/slider-01.jpg HTTP/1.1" 200 1609846 "https://cheemahaveli.com/" "Mozilla/5.0 (Windows NT 10.0; Win64; x64) AppleWebKit/537.36 (KHTML, like Gecko) Chrome/75.0.3770.142 Safari/537.36"
36.99.136.139 - - [12/Sep/2023:02:28:06 +0000] "GET /wp-content/themes/cheema/assets/js/primary-navigation.js?ver=1.0.0 HTTP/1.1" 200 2223 "https://cheemahaveli.com/" "Mozilla/5.0 (Windows NT 10.0; Win64; x64) AppleWebKit/537.36 (KHTML, like Gecko) Chrome/75.0.3770.142 Safari/537.36"
36.99.136.142 - - [12/Sep/2023:02:28:06 +0000] "GET /wp-content/themes/cheema/images/slider-02.jpg HTTP/1.1" 200 857504 "https://cheemahaveli.com/" "Mozilla/5.0 (Windows NT 10.0; Win64; x64) AppleWebKit/537.36 (KHTML, like Gecko) Chrome/75.0.3770.142 Safari/537.36"
36.99.136.139 - - [12/Sep/2023:02:28:06 +0000] "GET /wp-content/themes/cheema/assets/js/responsive-embeds.js?ver=1.0.0 HTTP/1.1" 200 916 "https://cheemahaveli.com/" "Mozilla/5.0 (Windows NT 10.0; Win64; x64) AppleWebKit/537.36 (KHTML, like Gecko) Chrome/75.0.3770.142 Safari/537.36"
36.99.136.140 - - [12/Sep/2023:02:28:06 +0000] "GET /wp-content/themes/cheema/images/about-01.png HTTP/1.1" 200 3997 "https://cheemahaveli.com/" "Mozilla/5.0 (Windows NT 10.0; Win64; x64) AppleWebKit/537.36 (KHTML, like Gecko) Chrome/75.0.3770.142 Safari/537.36"
36.99.136.138 - - [12/Sep/2023:02:28:06 +0000] "GET / HTTP/1.1" 200 13977 "-" "Mozilla/5.0 (Windows NT 10.0; Win64; x64) AppleWebKit/537.36 (KHTML, like Gecko) Chrome/75.0.3770.142 Safari/537.36"
36.99.136.139 - - [12/Sep/2023:02:28:07 +0000] "GET /wp-content/themes/cheema/images/about-02.png HTTP/1.1" 200 6558 "https://cheemahaveli.com/" "Mozilla/5.0 (Windows NT 10.0; Win64; x64) AppleWebKit/537.36 (KHTML, like Gecko) Chrome/75.0.3770.142 Safari/537.36"
36.99.136.140 - - [12/Sep/2023:02:28:07 +0000] "GET /wp-content/themes/cheema/images/about-03.png HTTP/1.1" 200 179035 "https://cheemahaveli.com/" "Mozilla/5.0 (Windows NT 10.0; Win64; x64) AppleWebKit/537.36 (KHTML, like Gecko) Chrome/75.0.3770.142 Safari/537.36"
36.99.136.138 - - [12/Sep/2023:02:28:07 +0000] "GET /wp-content/uploads/2023/08/cheema-haveli.jpg HTTP/1.1" 200 94944 "https://cheemahaveli.com/" "Mozilla/5.0 (Windows NT 10.0; Win64; x64) AppleWebKit/537.36 (KHTML, like Gecko) Chrome/75.0.3770.142 Safari/537.36"
36.99.136.142 - - [12/Sep/2023:02:28:07 +0000] "GET /wp-content/themes/cheema/images/img-04.jpg HTTP/1.1" 200 318699 "https://cheemahaveli.com/" "Mozilla/5.0 (Windows NT 10.0; Win64; x64) AppleWebKit/537.36 (KHTML, like Gecko) Chrome/75.0.3770.142 Safari/537.36"
36.99.136.142 - - [12/Sep/2023:02:28:07 +0000] "GET /wp-content/uploads/2023/07/services-04.jpg HTTP/1.1" 200 139062 "https://cheemahaveli.com/" "Mozilla/5.0 (Windows NT 10.0; Win64; x64) AppleWebKit/537.36 (KHTML, like Gecko) Chrome/75.0.3770.142 Safari/537.36"
36.99.136.139 - - [12/Sep/2023:02:28:07 +0000] "GET /wp-content/uploads/2023/08/cheema-haveli4.jpg HTTP/1.1" 200 78718 "https://cheemahaveli.com/" "Mozilla/5.0 (Windows NT 10.0; Win64; x64) AppleWebKit/537.36 (KHTML, like Gecko) Chrome/75.0.3770.142 Safari/537.36"
36.99.136.140 - - [12/Sep/2023:02:28:07 +0000] "GET /wp-content/uploads/2023/07/services-05.jpg HTTP/1.1" 200 416303 "https://cheemahaveli.com/" "Mozilla/5.0 (Windows NT 10.0; Win64; x64) AppleWebKit/537.36 (KHTML, like Gecko) Chrome/75.0.3770.142 Safari/537.36"
36.99.136.138 - - [12/Sep/2023:02:28:07 +0000] "GET /wp-json/contact-form-7/v1/contact-forms/94/feedback/schema HTTP/1.1" 200 858 "https://cheemahaveli.com/" "Mozilla/5.0 (Windows NT 10.0; Win64; x64) AppleWebKit/537.36 (KHTML, like Gecko) Chrome/75.0.3770.142 Safari/537.36"
36.99.136.140 - - [12/Sep/2023:02:28:08 +0000] "GET /wp-content/themes/cheema/images/slider-01.jpg HTTP/1.1" 206 692 "https://cheemahaveli.com/" "Mozilla/5.0 (Windows NT 10.0; Win64; x64) AppleWebKit/537.36 (KHTML, like Gecko) Chrome/75.0.3770.142 Safari/537.36"
36.99.136.142 - - [12/Sep/2023:02:28:08 +0000] "GET /wp-json/contact-form-7/v1/contact-forms/94/feedback/schema HTTP/1.1" 200 1182 "https://cheemahaveli.com/" "Mozilla/5.0 (Windows NT 10.0; Win64; x64) AppleWebKit/537.36 (KHTML, like Gecko) Chrome/75.0.3770.142 Safari/537.36"
36.99.136.140 - - [12/Sep/2023:02:28:08 +0000] "GET /wp-content/themes/cheema/images/img-04.jpg HTTP/1.1" 200 318699 "https://cheemahaveli.com/" "Mozilla/5.0 (Windows NT 10.0; Win64; x64) AppleWebKit/537.36 (KHTML, like Gecko) Chrome/75.0.3770.142 Safari/537.36"
36.99.136.142 - - [12/Sep/2023:02:28:09 +0000] "GET /wp-content/uploads/2023/07/services-04.jpg HTTP/1.1" 200 139062 "https://cheemahaveli.com/" "Mozilla/5.0 (Windows NT 10.0; Win64; x64) AppleWebKit/537.36 (KHTML, like Gecko) Chrome/75.0.3770.142 Safari/537.36"
36.99.136.142 - - [12/Sep/2023:02:28:11 +0000] "GET /wp-content/uploads/2023/08/cheema-haveli4.jpg HTTP/1.1" 200 78718 "https://cheemahaveli.com/" "Mozilla/5.0 (Windows NT 10.0; Win64; x64) AppleWebKit/537.36 (KHTML, like Gecko) Chrome/75.0.3770.142 Safari/537.36"
36.99.136.138 - - [12/Sep/2023:02:28:11 +0000] "GET /wp-content/uploads/2023/07/services-05.jpg HTTP/1.1" 200 416627 "https://cheemahaveli.com/" "Mozilla/5.0 (Windows NT 10.0; Win64; x64) AppleWebKit/537.36 (KHTML, like Gecko) Chrome/75.0.3770.142 Safari/537.36"
36.99.136.138 - - [12/Sep/2023:02:28:13 +0000] "GET /wp-content/themes/cheema/images/slider-01.jpg HTTP/1.1" 206 33051 "https://cheemahaveli.com/" "Mozilla/5.0 (Windows NT 10.0; Win64; x64) AppleWebKit/537.36 (KHTML, like Gecko) Chrome/75.0.3770.142 Safari/537.36"
36.99.136.138 - - [12/Sep/2023:02:28:13 +0000] "GET /wp-content/uploads/2023/08/cheema-haveli5.jpg HTTP/1.1" 200 142370 "https://cheemahaveli.com/" "Mozilla/5.0 (Windows NT 10.0; Win64; x64) AppleWebKit/537.36 (KHTML, like Gecko) Chrome/75.0.3770.142 Safari/537.36"
36.99.136.140 - - [12/Sep/2023:02:28:13 +0000] "GET /wp-content/themes/cheema/images/img-05.jpg HTTP/1.1" 200 158672 "https://cheemahaveli.com/" "Mozilla/5.0 (Windows NT 10.0; Win64; x64) AppleWebKit/537.36 (KHTML, like Gecko) Chrome/75.0.3770.142 Safari/537.36"
36.99.136.139 - - [12/Sep/2023:02:28:13 +0000] "GET /wp-content/themes/cheema/images/logo.png HTTP/1.1" 200 111343 "https://cheemahaveli.com/" "Mozilla/5.0 (Windows NT 10.0; Win64; x64) AppleWebKit/537.36 (KHTML, like Gecko) Chrome/75.0.3770.142 Safari/537.36"
36.99.136.138 - - [12/Sep/2023:02:28:13 +0000] "GET /wp-content/uploads/2023/07/services-02.jpg HTTP/1.1" 200 469170 "https://cheemahaveli.com/" "Mozilla/5.0 (Windows NT 10.0; Win64; x64) AppleWebKit/537.36 (KHTML, like Gecko) Chrome/75.0.3770.142 Safari/537.36"
36.99.136.138 - - [12/Sep/2023:02:28:13 +0000] "GET /wp-content/uploads/2023/07/services-03.jpg HTTP/1.1" 200 382333 "https://cheemahaveli.com/" "Mozilla/5.0 (Windows NT 10.0; Win64; x64) AppleWebKit/537.36 (KHTML, like Gecko) Chrome/75.0.3770.142 Safari/537.36"
36.99.136.138 - - [12/Sep/2023:02:28:13 +0000] "GET /wp-content/uploads/2023/07/services-01.jpg HTTP/1.1" 200 467832 "https://cheemahaveli.com/" "Mozilla/5.0 (Windows NT 10.0; Win64; x64) AppleWebKit/537.36 (KHTML, like Gecko) Chrome/75.0.3770.142 Safari/537.36"
36.99.136.139 - - [12/Sep/2023:02:28:14 +0000] "GET /wp-content/uploads/2023/08/haveli.jpg HTTP/1.1" 200 118239 "https://cheemahaveli.com/" "Mozilla/5.0 (Windows NT 10.0; Win64; x64) AppleWebKit/537.36 (KHTML, like Gecko) Chrome/75.0.3770.142 Safari/537.36"
36.99.136.140 - - [12/Sep/2023:02:28:15 +0000] "GET /wp-content/uploads/2023/07/img-05.jpg HTTP/1.1" 200 154705 "https://cheemahaveli.com/" "Mozilla/5.0 (Windows NT 10.0; Win64; x64) AppleWebKit/537.36 (KHTML, like Gecko) Chrome/75.0.3770.142 Safari/537.36"
36.99.136.142 - - [12/Sep/2023:02:28:15 +0000] "GET /wp-content/uploads/2023/07/services-07.jpg HTTP/1.1" 200 191687 "https://cheemahaveli.com/" "Mozilla/5.0 (Windows NT 10.0; Win64; x64) AppleWebKit/537.36 (KHTML, like Gecko) Chrome/75.0.3770.142 Safari/537.36"
36.99.136.138 - - [12/Sep/2023:02:28:16 +0000] "GET /wp-content/uploads/2023/07/female.jpg HTTP/1.1" 200 8078 "https://cheemahaveli.com/" "Mozilla/5.0 (Windows NT 10.0; Win64; x64) AppleWebKit/537.36 (KHTML, like Gecko) Chrome/75.0.3770.142 Safari/537.36"
36.99.136.138 - - [12/Sep/2023:02:28:16 +0000] "GET /wp-content/uploads/2023/07/male.jpg HTTP/1.1" 200 6092 "https://cheemahaveli.com/" "Mozilla/5.0 (Windows NT 10.0; Win64; x64) AppleWebKit/537.36 (KHTML, like Gecko) Chrome/75.0.3770.142 Safari/537.36"
36.99.136.140 - - [12/Sep/2023:02:28:16 +0000] "GET /wp-includes/js/wp-emoji-release.min.js?ver=6.2.2 HTTP/1.1" 200 5412 "https://cheemahaveli.com/" "Mozilla/5.0 (Windows NT 10.0; Win64; x64) AppleWebKit/537.36 (KHTML, like Gecko) Chrome/75.0.3770.142 Safari/537.36"
36.99.136.142 - - [12/Sep/2023:02:28:16 +0000] "GET /wp-content/themes/cheema/assets/css/print.css?ver=1.0.0 HTTP/1.1" 200 1442 "https://cheemahaveli.com/" "Mozilla/5.0 (Windows NT 10.0; Win64; x64) AppleWebKit/537.36 (KHTML, like Gecko) Chrome/75.0.3770.142 Safari/537.36"
213.152.162.94 - - [12/Sep/2023:02:51:41 +0000] "POST /xmlrpc.php HTTP/1.1" 200 4920 "-" "Mozilla/5.0 (Windows NT 10.0; Win64; x64) AppleWebKit/537.36 (KHTML, like Gecko) Chrome/100.0.4896.127 Safari/537.36"
213.152.162.94 - - [12/Sep/2023:02:53:24 +0000] "POST /xmlrpc.php HTTP/1.1" 200 4921 "-" "Mozilla/5.0 (Windows NT 10.0; Win64; x64) AppleWebKit/537.36 (KHTML, like Gecko) Chrome/100.0.4896.127 Safari/537.36"
134.19.179.187 - - [12/Sep/2023:02:57:29 +0000] "POST /xmlrpc.php HTTP/1.1" 200 4920 "-" "Mozilla/5.0 (Windows NT 10.0; Win64; x64) AppleWebKit/537.36 (KHTML, like Gecko) Chrome/100.0.4896.127 Safari/537.36"
94.45.6.108 - - [12/Sep/2023:03:20:51 +0000] "GET /wp-content/shell20211028.php HTTP/1.1" 404 14331 "-" "Mozilla/4.0 (compatible; MSIE 6.0; Windows NT 5.1; SV1)"
136.243.92.189 - - [12/Sep/2023:03:40:22 +0000] "GET / HTTP/1.1" 200 18247 "-" "WordPress/6.2.2; https://cheemahaveli.com"
159.223.45.212 - - [12/Sep/2023:03:40:21 +0000] "POST /wp-login.php HTTP/1.1" 200 6786 "-" "Mozilla/5.0 (Windows NT 6.1) AppleWebKit/537.36 (KHTML, like Gecko) Chrome/59.0.3071.115 Safari/537.36"
136.243.92.189 - - [12/Sep/2023:03:40:21 +0000] "POST /wp-cron.php?doing_wp_cron=1694490021.6664381027221679687500 HTTP/1.1" 200 4656 "-" "WordPress/6.2.2; https://cheemahaveli.com"
217.151.98.163 - - [12/Sep/2023:04:04:23 +0000] "POST /xmlrpc.php HTTP/1.1" 200 4921 "-" "Mozilla/5.0 (Windows NT 10.0; Win64; x64) AppleWebKit/537.36 (KHTML, like Gecko) Chrome/100.0.4896.127 Safari/537.36"
156.54.11.139 - - [12/Sep/2023:04:21:59 +0000] "POST /wp-login.php HTTP/1.1" 200 6786 "-" "Mozilla/5.0 (Windows NT 10.0; Win64; x64) AppleWebKit/537.36 (KHTML, like Gecko) Chrome/60.0.3112.101 Safari/537.36"
178.162.204.214 - - [12/Sep/2023:04:23:18 +0000] "POST /xmlrpc.php HTTP/1.1" 200 4921 "-" "Mozilla/5.0 (Windows NT 10.0; Win64; x64) AppleWebKit/537.36 (KHTML, like Gecko) Chrome/100.0.4896.127 Safari/537.36"
136.243.92.189 - - [12/Sep/2023:04:26:45 +0000] "POST /wp-cron.php?doing_wp_cron=1694492805.6087269783020019531250 HTTP/1.1" 200 4656 "-" "WordPress/6.2.2; https://cheemahaveli.com"
91.231.84.41 - - [12/Sep/2023:04:26:45 +0000] "POST /xmlrpc.php HTTP/1.1" 200 4920 "-" "Mozilla/5.0 (Windows NT 10.0; Win64; x64) AppleWebKit/537.36 (KHTML, like Gecko) Chrome/100.0.4896.127 Safari/537.36"
213.152.187.195 - - [12/Sep/2023:04:50:54 +0000] "POST /xmlrpc.php HTTP/1.1" 200 4920 "-" "Mozilla/5.0 (Windows NT 10.0; Win64; x64) AppleWebKit/537.36 (KHTML, like Gecko) Chrome/100.0.4896.127 Safari/537.36"
185.208.180.23 - - [12/Sep/2023:05:04:16 +0000] "POST /wp-login.php HTTP/1.1" 200 6787 "-" "Mozilla/5.0 (Windows NT 10.0; WOW64) AppleWebKit/537.36 (KHTML, like Gecko) Chrome/57.0.2987.133 Safari/537.36"
141.98.102.227 - - [12/Sep/2023:05:08:49 +0000] "POST /xmlrpc.php HTTP/1.1" 200 4921 "-" "Mozilla/5.0 (Windows NT 10.0; Win64; x64) AppleWebKit/537.36 (KHTML, like Gecko) Chrome/100.0.4896.127 Safari/537.36"
136.243.92.189 - - [12/Sep/2023:05:39:42 +0000] "POST /wp-cron.php?doing_wp_cron=1694497181.9510529041290283203125 HTTP/1.1" 200 4656 "-" "WordPress/6.2.2; https://cheemahaveli.com"
79.142.76.244 - - [12/Sep/2023:05:39:41 +0000] "POST /xmlrpc.php HTTP/1.1" 200 4921 "-" "Mozilla/5.0 (Windows NT 10.0; Win64; x64) AppleWebKit/537.36 (KHTML, like Gecko) Chrome/100.0.4896.127 Safari/537.36"
35.219.66.183 - - [12/Sep/2023:05:47:12 +0000] "POST /wp-login.php HTTP/1.1" 200 6786 "-" "Mozilla/5.0 (Windows NT 6.1; WOW64) AppleWebKit/537.36 (KHTML, like Gecko) Chrome/47.0.2526.111 Safari/537.36 MVisionPlayer/1.0.0.0"
217.151.98.168 - - [12/Sep/2023:05:49:39 +0000] "POST /xmlrpc.php HTTP/1.1" 200 4922 "-" "Mozilla/5.0 (Windows NT 10.0; Win64; x64) AppleWebKit/537.36 (KHTML, like Gecko) Chrome/100.0.4896.127 Safari/537.36"
184.75.221.180 - - [12/Sep/2023:05:56:18 +0000] "POST /xmlrpc.php HTTP/1.1" 200 4921 "-" "Mozilla/5.0 (Windows NT 10.0; Win64; x64) AppleWebKit/537.36 (KHTML, like Gecko) Chrome/100.0.4896.127 Safari/537.36"
46.183.217.11 - - [12/Sep/2023:06:00:27 +0000] "POST /xmlrpc.php HTTP/1.1" 200 4920 "-" "Mozilla/5.0 (Windows NT 10.0; Win64; x64) AppleWebKit/537.36 (KHTML, like Gecko) Chrome/100.0.4896.127 Safari/537.36"
193.37.254.11 - - [12/Sep/2023:06:20:02 +0000] "POST /xmlrpc.php HTTP/1.1" 200 4920 "-" "Mozilla/5.0 (Windows NT 10.0; Win64; x64) AppleWebKit/537.36 (KHTML, like Gecko) Chrome/100.0.4896.127 Safari/537.36"
136.243.92.189 - - [12/Sep/2023:06:26:16 +0000] "POST /wp-cron.php?doing_wp_cron=1694499976.3986699581146240234375 HTTP/1.1" 200 4655 "-" "WordPress/6.2.2; https://cheemahaveli.com"
193.37.254.3 - - [12/Sep/2023:06:26:16 +0000] "POST /xmlrpc.php HTTP/1.1" 200 4920 "-" "Mozilla/5.0 (Windows NT 10.0; Win64; x64) AppleWebKit/537.36 (KHTML, like Gecko) Chrome/100.0.4896.127 Safari/537.36"
139.99.80.15 - - [12/Sep/2023:06:31:02 +0000] "POST /wp-login.php HTTP/1.1" 200 6785 "-" "Mozilla/5.0 (Windows NT 6.3; Win64; x64) AppleWebKit/537.36 (KHTML, like Gecko) Chrome/79.0.3945.88 Safari/537.36"
184.75.221.203 - - [12/Sep/2023:06:33:27 +0000] "POST /xmlrpc.php HTTP/1.1" 200 4920 "-" "Mozilla/5.0 (Windows NT 10.0; Win64; x64) AppleWebKit/537.36 (KHTML, like Gecko) Chrome/100.0.4896.127 Safari/537.36"
146.70.101.50 - - [12/Sep/2023:06:37:45 +0000] "GET /wp-admin/admin-ajax.php?action=duplicator_download&file=/../wp-config.php HTTP/1.1" 301 690 "-" "Mozilla/5.0 (Windows NT 6.3; Win64; x64) AppleWebKit/537.36 (KHTML, like Gecko) Chrome/75.0.3770.100 Safari/537.36"
146.70.101.50 - - [12/Sep/2023:06:37:46 +0000] "GET /wp-admin/admin-ajax.php?action=duplicator_download&file=/../wp-config.php HTTP/1.0" 400 4572 "-" "Mozilla/5.0 (Windows NT 6.3; Win64; x64) AppleWebKit/537.36 (KHTML, like Gecko) Chrome/75.0.3770.100 Safari/537.36"
134.19.179.187 - - [12/Sep/2023:06:43:46 +0000] "POST /xmlrpc.php HTTP/1.1" 200 4921 "-" "Mozilla/5.0 (Windows NT 10.0; Win64; x64) AppleWebKit/537.36 (KHTML, like Gecko) Chrome/100.0.4896.127 Safari/537.36"
134.19.179.187 - - [12/Sep/2023:06:44:09 +0000] "POST /xmlrpc.php HTTP/1.1" 200 4922 "-" "Mozilla/5.0 (Windows NT 10.0; Win64; x64) AppleWebKit/537.36 (KHTML, like Gecko) Chrome/100.0.4896.127 Safari/537.36"
94.45.6.108 - - [12/Sep/2023:06:51:50 +0000] "GET /shell20211028.php HTTP/1.1" 404 14329 "-" "Mozilla/4.0 (compatible; MSIE 6.0; Windows NT 5.1; SV1)"
213.152.187.205 - - [12/Sep/2023:06:57:10 +0000] "POST /xmlrpc.php HTTP/1.1" 200 4922 "-" "Mozilla/5.0 (Windows NT 10.0; Win64; x64) AppleWebKit/537.36 (KHTML, like Gecko) Chrome/100.0.4896.127 Safari/537.36"
185.220.175.9 - - [12/Sep/2023:07:02:59 +0000] "POST /xmlrpc.php HTTP/1.1" 200 4514 "-" "Mozilla/5.0 (X11; Fedora; Linux x86_64; rv:94.0) Gecko/20100101 Firefox/95.0"
213.152.187.205 - - [12/Sep/2023:07:04:10 +0000] "POST /xmlrpc.php HTTP/1.1" 200 4921 "-" "Mozilla/5.0 (Windows NT 10.0; Win64; x64) AppleWebKit/537.36 (KHTML, like Gecko) Chrome/100.0.4896.127 Safari/537.36"
208.113.204.51 - - [12/Sep/2023:07:05:10 +0000] "GET /wp-admin/images/.images.php?slince_golden=1 HTTP/1.1" 301 626 "cheemahaveli.com" "Mozilla/5.0 (Windows NT 10.0; Win64; x64) AppleWebKit/587.38 (KHTML, like Gecko) Chrome/74.0.3729.169 Google/569 Safari/537.36"
208.113.204.51 - - [12/Sep/2023:07:05:10 +0000] "GET /wp-admin/images/.images.php?slince_golden=1 HTTP/1.1" 404 47038 "cheemahaveli.com" "Mozilla/5.0 (Windows NT 10.0; Win64; x64) AppleWebKit/587.38 (KHTML, like Gecko) Chrome/74.0.3729.169 Google/569 Safari/537.36"
107.182.236.107 - - [12/Sep/2023:07:07:52 +0000] "POST /xmlrpc.php HTTP/1.1" 200 4499 "-" "Mozilla/5.0 (X11; Fedora; Linux x86_64; rv:94.0) Gecko/20100101 Firefox/95.0"
141.98.102.179 - - [12/Sep/2023:07:08:39 +0000] "POST /xmlrpc.php HTTP/1.1" 200 4922 "-" "Mozilla/5.0 (Windows NT 10.0; Win64; x64) AppleWebKit/537.36 (KHTML, like Gecko) Chrome/100.0.4896.127 Safari/537.36"
213.152.187.205 - - [12/Sep/2023:07:10:27 +0000] "POST /xmlrpc.php HTTP/1.1" 200 4920 "-" "Mozilla/5.0 (Windows NT 10.0; Win64; x64) AppleWebKit/537.36 (KHTML, like Gecko) Chrome/100.0.4896.127 Safari/537.36"
5.189.153.42 - - [12/Sep/2023:07:12:59 +0000] "POST /xmlrpc.php HTTP/1.1" 200 4516 "-" "Mozilla/5.0 (X11; Fedora; Linux x86_64; rv:94.0) Gecko/20100101 Firefox/95.0"
198.203.28.43 - - [12/Sep/2023:07:13:46 +0000] "POST /xmlrpc.php HTTP/1.1" 200 4922 "-" "Mozilla/5.0 (Windows NT 10.0; Win64; x64) AppleWebKit/537.36 (KHTML, like Gecko) Chrome/100.0.4896.127 Safari/537.36"
141.94.247.170 - - [12/Sep/2023:07:15:42 +0000] "POST /wp-login.php HTTP/1.1" 200 6813 "-" "Mozilla/5.0 (Windows NT 5.1) AppleWebKit/537.36 (KHTML, like Gecko) Chrome/47.0.2526.106 Safari/537.36"
189.126.206.157 - - [12/Sep/2023:07:17:54 +0000] "POST /xmlrpc.php HTTP/1.1" 200 4515 "-" "Mozilla/5.0 (X11; Fedora; Linux x86_64; rv:94.0) Gecko/20100101 Firefox/95.0"
198.203.28.43 - - [12/Sep/2023:07:18:52 +0000] "POST /xmlrpc.php HTTP/1.1" 200 4920 "-" "Mozilla/5.0 (Windows NT 10.0; Win64; x64) AppleWebKit/537.36 (KHTML, like Gecko) Chrome/100.0.4896.127 Safari/537.36"
198.203.28.43 - - [12/Sep/2023:07:20:23 +0000] "POST /xmlrpc.php HTTP/1.1" 200 4922 "-" "Mozilla/5.0 (Windows NT 10.0; Win64; x64) AppleWebKit/537.36 (KHTML, like Gecko) Chrome/100.0.4896.127 Safari/537.36"
104.248.141.116 - - [12/Sep/2023:07:23:28 +0000] "POST /xmlrpc.php HTTP/1.1" 200 4514 "-" "Mozilla/5.0 (X11; Fedora; Linux x86_64; rv:94.0) Gecko/20100101 Firefox/95.0"
198.203.28.43 - - [12/Sep/2023:07:24:29 +0000] "POST /xmlrpc.php HTTP/1.1" 200 4921 "-" "Mozilla/5.0 (Windows NT 10.0; Win64; x64) AppleWebKit/537.36 (KHTML, like Gecko) Chrome/100.0.4896.127 Safari/537.36"
187.141.97.242 - - [12/Sep/2023:07:27:09 +0000] "GET /wp-add.php?a=c HTTP/1.1" 301 568 "cheemahaveli.com" "Mozilla/5.0 (Windows NT 10.0; Win64; x64) AppleWebKit/587.38 (KHTML, like Gecko) Chrome/74.0.3729.169 Google/569 Safari/537.36"
136.243.92.189 - - [12/Sep/2023:07:27:11 +0000] "POST /wp-cron.php?doing_wp_cron=1694503631.1430070400238037109375 HTTP/1.1" 200 4656 "-" "WordPress/6.2.2; https://cheemahaveli.com"
187.141.97.242 - - [12/Sep/2023:07:27:10 +0000] "GET /wp-add.php?a=c HTTP/1.1" 404 47354 "cheemahaveli.com" "Mozilla/5.0 (Windows NT 10.0; Win64; x64) AppleWebKit/587.38 (KHTML, like Gecko) Chrome/74.0.3729.169 Google/569 Safari/537.36"
164.132.112.87 - - [12/Sep/2023:07:28:52 +0000] "POST /xmlrpc.php HTTP/1.1" 200 4515 "-" "Mozilla/5.0 (X11; Fedora; Linux x86_64; rv:94.0) Gecko/20100101 Firefox/95.0"
134.19.179.187 - - [12/Sep/2023:07:34:04 +0000] "POST /xmlrpc.php HTTP/1.1" 200 4921 "-" "Mozilla/5.0 (Windows NT 10.0; Win64; x64) AppleWebKit/537.36 (KHTML, like Gecko) Chrome/100.0.4896.127 Safari/537.36"
157.230.219.118 - - [12/Sep/2023:07:34:31 +0000] "POST /xmlrpc.php HTTP/1.1" 200 4516 "-" "Mozilla/5.0 (X11; Fedora; Linux x86_64; rv:94.0) Gecko/20100101 Firefox/95.0"
185.186.208.182 - - [12/Sep/2023:07:40:48 +0000] "POST /xmlrpc.php HTTP/1.1" 200 4516 "-" "Mozilla/5.0 (X11; Fedora; Linux x86_64; rv:94.0) Gecko/20100101 Firefox/95.0"
217.138.195.27 - - [12/Sep/2023:07:44:09 +0000] "POST /xmlrpc.php HTTP/1.1" 200 4921 "-" "Mozilla/5.0 (Windows NT 10.0; Win64; x64) AppleWebKit/537.36 (KHTML, like Gecko) Chrome/100.0.4896.127 Safari/537.36"
86.104.33.196 - - [12/Sep/2023:07:46:10 +0000] "POST /xmlrpc.php HTTP/1.1" 200 4514 "-" "Mozilla/5.0 (X11; Fedora; Linux x86_64; rv:94.0) Gecko/20100101 Firefox/95.0"
134.19.179.179 - - [12/Sep/2023:07:46:28 +0000] "POST /xmlrpc.php HTTP/1.1" 200 4922 "-" "Mozilla/5.0 (Windows NT 10.0; Win64; x64) AppleWebKit/537.36 (KHTML, like Gecko) Chrome/100.0.4896.127 Safari/537.36"
217.138.195.27 - - [12/Sep/2023:07:49:51 +0000] "POST /xmlrpc.php HTTP/1.1" 200 4921 "-" "Mozilla/5.0 (Windows NT 10.0; Win64; x64) AppleWebKit/537.36 (KHTML, like Gecko) Chrome/100.0.4896.127 Safari/537.36"
