125.62.126.214 - - [03/Aug/2024:11:57:57 +0000] "GET /js/bootstrap.bundle.min.js HTTP/1.1" 200 23780 "https://gayatripharmacycollege.in/" "Mozilla/5.0 (Windows NT 10.0; Win64; x64) AppleWebKit/537.36 (KHTML, like Gecko) Chrome/127.0.0.0 Safari/537.36"
125.62.126.214 - - [03/Aug/2024:11:57:57 +0000] "GET /images/about-02.png HTTP/1.1" 304 272 "https://gayatripharmacycollege.in/" "Mozilla/5.0 (Windows NT 10.0; Win64; x64) AppleWebKit/537.36 (KHTML, like Gecko) Chrome/127.0.0.0 Safari/537.36"
125.62.126.214 - - [03/Aug/2024:11:57:57 +0000] "GET /dist/aos.js HTTP/1.1" 200 4869 "https://gayatripharmacycollege.in/" "Mozilla/5.0 (Windows NT 10.0; Win64; x64) AppleWebKit/537.36 (KHTML, like Gecko) Chrome/127.0.0.0 Safari/537.36"
125.62.126.214 - - [03/Aug/2024:11:57:57 +0000] "GET /images/popular-course-03.jpg HTTP/1.1" 304 272 "https://gayatripharmacycollege.in/" "Mozilla/5.0 (Windows NT 10.0; Win64; x64) AppleWebKit/537.36 (KHTML, like Gecko) Chrome/127.0.0.0 Safari/537.36"
125.62.126.214 - - [03/Aug/2024:11:57:57 +0000] "GET /fonts/LoraBold.woff2 HTTP/1.1" 304 271 "https://gayatripharmacycollege.in/style.css" "Mozilla/5.0 (Windows NT 10.0; Win64; x64) AppleWebKit/537.36 (KHTML, like Gecko) Chrome/127.0.0.0 Safari/537.36"
125.62.126.214 - - [03/Aug/2024:11:57:57 +0000] "GET /font-awesome/webfonts/fa-regular-400.woff2 HTTP/1.1" 304 271 "https://gayatripharmacycollege.in/font-awesome/css/all.min.css" "Mozilla/5.0 (Windows NT 10.0; Win64; x64) AppleWebKit/537.36 (KHTML, like Gecko) Chrome/127.0.0.0 Safari/537.36"
125.62.126.214 - - [03/Aug/2024:11:57:57 +0000] "GET /font-awesome/webfonts/fa-solid-900.woff2 HTTP/1.1" 304 272 "https://gayatripharmacycollege.in/font-awesome/css/all.min.css" "Mozilla/5.0 (Windows NT 10.0; Win64; x64) AppleWebKit/537.36 (KHTML, like Gecko) Chrome/127.0.0.0 Safari/537.36"
125.62.126.214 - - [03/Aug/2024:11:57:57 +0000] "GET /fonts/PoppinsRegular_0.woff2 HTTP/1.1" 304 272 "https://gayatripharmacycollege.in/style.css" "Mozilla/5.0 (Windows NT 10.0; Win64; x64) AppleWebKit/537.36 (KHTML, like Gecko) Chrome/127.0.0.0 Safari/537.36"
125.62.126.214 - - [03/Aug/2024:11:57:57 +0000] "GET /fonts/PoppinsMedium.woff2 HTTP/1.1" 304 272 "https://gayatripharmacycollege.in/style.css" "Mozilla/5.0 (Windows NT 10.0; Win64; x64) AppleWebKit/537.36 (KHTML, like Gecko) Chrome/127.0.0.0 Safari/537.36"
125.62.126.214 - - [03/Aug/2024:11:57:57 +0000] "GET /font-awesome/webfonts/fa-brands-400.woff2 HTTP/1.1" 304 272 "https://gayatripharmacycollege.in/font-awesome/css/all.min.css" "Mozilla/5.0 (Windows NT 10.0; Win64; x64) AppleWebKit/537.36 (KHTML, like Gecko) Chrome/127.0.0.0 Safari/537.36"
125.62.126.214 - - [03/Aug/2024:11:57:57 +0000] "GET /images/img-01.jpg HTTP/1.1" 206 366 "https://gayatripharmacycollege.in/" "Mozilla/5.0 (Windows NT 10.0; Win64; x64) AppleWebKit/537.36 (KHTML, like Gecko) Chrome/127.0.0.0 Safari/537.36"
125.62.126.214 - - [03/Aug/2024:11:57:57 +0000] "GET /images/popular-course-02.jpg HTTP/1.1" 304 272 "https://gayatripharmacycollege.in/" "Mozilla/5.0 (Windows NT 10.0; Win64; x64) AppleWebKit/537.36 (KHTML, like Gecko) Chrome/127.0.0.0 Safari/537.36"
125.62.126.214 - - [03/Aug/2024:11:57:58 +0000] "GET /images/img-01.jpg HTTP/1.1" 206 1610769 "https://gayatripharmacycollege.in/" "Mozilla/5.0 (Windows NT 10.0; Win64; x64) AppleWebKit/537.36 (KHTML, like Gecko) Chrome/127.0.0.0 Safari/537.36"
125.62.126.214 - - [03/Aug/2024:11:58:01 +0000] "GET /favicon.ico HTTP/1.1" 404 526 "https://gayatripharmacycollege.in/" "Mozilla/5.0 (Windows NT 10.0; Win64; x64) AppleWebKit/537.36 (KHTML, like Gecko) Chrome/127.0.0.0 Safari/537.36"
125.62.126.214 - - [03/Aug/2024:11:58:46 +0000] "GET /index.html HTTP/1.1" 200 6608 "https://gayatripharmacycollege.in/" "Mozilla/5.0 (Windows NT 10.0; Win64; x64) AppleWebKit/537.36 (KHTML, like Gecko) Chrome/127.0.0.0 Safari/537.36"
152.58.104.252 - - [03/Aug/2024:12:09:23 +0000] "GET / HTTP/1.1" 200 8857 "android-app://com.google.android.gm/" "Mozilla/5.0 (Linux; Android 10; K) AppleWebKit/537.36 (KHTML, like Gecko) Chrome/127.0.0.0 Mobile Safari/537.36"
152.58.104.252 - - [03/Aug/2024:12:09:23 +0000] "GET /css/bootstrap.min.css HTTP/1.1" 200 27989 "https://gayatripharmacycollege.in/" "Mozilla/5.0 (Linux; Android 10; K) AppleWebKit/537.36 (KHTML, like Gecko) Chrome/127.0.0.0 Mobile Safari/537.36"
152.58.104.252 - - [03/Aug/2024:12:09:23 +0000] "GET /css/owl.carousel.min.css HTTP/1.1" 200 1776 "https://gayatripharmacycollege.in/" "Mozilla/5.0 (Linux; Android 10; K) AppleWebKit/537.36 (KHTML, like Gecko) Chrome/127.0.0.0 Mobile Safari/537.36"
152.58.104.252 - - [03/Aug/2024:12:09:23 +0000] "GET /dist/aos.css HTTP/1.1" 200 2595 "https://gayatripharmacycollege.in/" "Mozilla/5.0 (Linux; Android 10; K) AppleWebKit/537.36 (KHTML, like Gecko) Chrome/127.0.0.0 Mobile Safari/537.36"
152.58.104.252 - - [03/Aug/2024:12:09:23 +0000] "GET /css/owl.theme.default.min.css HTTP/1.1" 200 1186 "https://gayatripharmacycollege.in/" "Mozilla/5.0 (Linux; Android 10; K) AppleWebKit/537.36 (KHTML, like Gecko) Chrome/127.0.0.0 Mobile Safari/537.36"
152.58.104.252 - - [03/Aug/2024:12:09:23 +0000] "GET /style.css HTTP/1.1" 200 10988 "https://gayatripharmacycollege.in/" "Mozilla/5.0 (Linux; Android 10; K) AppleWebKit/537.36 (KHTML, like Gecko) Chrome/127.0.0.0 Mobile Safari/537.36"
152.58.104.252 - - [03/Aug/2024:12:09:23 +0000] "GET /font-awesome/css/all.min.css HTTP/1.1" 200 25582 "https://gayatripharmacycollege.in/" "Mozilla/5.0 (Linux; Android 10; K) AppleWebKit/537.36 (KHTML, like Gecko) Chrome/127.0.0.0 Mobile Safari/537.36"
152.58.104.252 - - [03/Aug/2024:12:09:24 +0000] "GET /js/owl.carousel.min.js HTTP/1.1" 200 11845 "https://gayatripharmacycollege.in/" "Mozilla/5.0 (Linux; Android 10; K) AppleWebKit/537.36 (KHTML, like Gecko) Chrome/127.0.0.0 Mobile Safari/537.36"
152.58.104.252 - - [03/Aug/2024:12:09:24 +0000] "GET /js/bootstrap.bundle.min.js HTTP/1.1" 200 23780 "https://gayatripharmacycollege.in/" "Mozilla/5.0 (Linux; Android 10; K) AppleWebKit/537.36 (KHTML, like Gecko) Chrome/127.0.0.0 Mobile Safari/537.36"
152.58.104.252 - - [03/Aug/2024:12:09:24 +0000] "GET /fonts/LoraBold.woff2 HTTP/1.1" 200 51886 "https://gayatripharmacycollege.in/style.css" "Mozilla/5.0 (Linux; Android 10; K) AppleWebKit/537.36 (KHTML, like Gecko) Chrome/127.0.0.0 Mobile Safari/537.36"
152.58.104.252 - - [03/Aug/2024:12:09:24 +0000] "GET /font-awesome/webfonts/fa-solid-900.woff2 HTTP/1.1" 200 157226 "https://gayatripharmacycollege.in/font-awesome/css/all.min.css" "Mozilla/5.0 (Linux; Android 10; K) AppleWebKit/537.36 (KHTML, like Gecko) Chrome/127.0.0.0 Mobile Safari/537.36"
152.58.104.252 - - [03/Aug/2024:12:09:24 +0000] "GET /images/clg-image.jpg HTTP/1.1" 200 238798 "https://gayatripharmacycollege.in/" "Mozilla/5.0 (Linux; Android 10; K) AppleWebKit/537.36 (KHTML, like Gecko) Chrome/127.0.0.0 Mobile Safari/537.36"
152.58.104.252 - - [03/Aug/2024:12:09:25 +0000] "GET /font-awesome/webfonts/fa-regular-400.woff2 HTTP/1.1" 200 25828 "https://gayatripharmacycollege.in/font-awesome/css/all.min.css" "Mozilla/5.0 (Linux; Android 10; K) AppleWebKit/537.36 (KHTML, like Gecko) Chrome/127.0.0.0 Mobile Safari/537.36"
152.58.104.252 - - [03/Aug/2024:12:09:25 +0000] "GET /fonts/PoppinsRegular_0.woff2 HTTP/1.1" 200 92729 "https://gayatripharmacycollege.in/style.css" "Mozilla/5.0 (Linux; Android 10; K) AppleWebKit/537.36 (KHTML, like Gecko) Chrome/127.0.0.0 Mobile Safari/537.36"
152.58.104.252 - - [03/Aug/2024:12:09:24 +0000] "GET /images/slider-02.jpg HTTP/1.1" 200 483889 "https://gayatripharmacycollege.in/" "Mozilla/5.0 (Linux; Android 10; K) AppleWebKit/537.36 (KHTML, like Gecko) Chrome/127.0.0.0 Mobile Safari/537.36"
152.58.104.252 - - [03/Aug/2024:12:09:25 +0000] "GET /fonts/PoppinsMedium.woff2 HTTP/1.1" 200 95849 "https://gayatripharmacycollege.in/style.css" "Mozilla/5.0 (Linux; Android 10; K) AppleWebKit/537.36 (KHTML, like Gecko) Chrome/127.0.0.0 Mobile Safari/537.36"
152.58.104.252 - - [03/Aug/2024:12:09:25 +0000] "GET /font-awesome/webfonts/fa-brands-400.woff2 HTTP/1.1" 200 117992 "https://gayatripharmacycollege.in/font-awesome/css/all.min.css" "Mozilla/5.0 (Linux; Android 10; K) AppleWebKit/537.36 (KHTML, like Gecko) Chrome/127.0.0.0 Mobile Safari/537.36"
152.58.104.252 - - [03/Aug/2024:12:09:25 +0000] "GET /dist/aos.js HTTP/1.1" 200 4869 "https://gayatripharmacycollege.in/" "Mozilla/5.0 (Linux; Android 10; K) AppleWebKit/537.36 (KHTML, like Gecko) Chrome/127.0.0.0 Mobile Safari/537.36"
152.58.104.252 - - [03/Aug/2024:12:09:23 +0000] "GET /images/logo.png HTTP/1.1" 200 50094 "https://gayatripharmacycollege.in/" "Mozilla/5.0 (Linux; Android 10; K) AppleWebKit/537.36 (KHTML, like Gecko) Chrome/127.0.0.0 Mobile Safari/537.36"
152.58.104.252 - - [03/Aug/2024:12:09:25 +0000] "GET /images/popular-course-03.jpg HTTP/1.1" 200 169546 "https://gayatripharmacycollege.in/" "Mozilla/5.0 (Linux; Android 10; K) AppleWebKit/537.36 (KHTML, like Gecko) Chrome/127.0.0.0 Mobile Safari/537.36"
152.58.104.252 - - [03/Aug/2024:12:09:25 +0000] "GET /images/about-02.png HTTP/1.1" 200 165407 "https://gayatripharmacycollege.in/" "Mozilla/5.0 (Linux; Android 10; K) AppleWebKit/537.36 (KHTML, like Gecko) Chrome/127.0.0.0 Mobile Safari/537.36"
152.58.104.252 - - [03/Aug/2024:12:09:25 +0000] "GET /images/popular-course-01.jpg HTTP/1.1" 200 160899 "https://gayatripharmacycollege.in/" "Mozilla/5.0 (Linux; Android 10; K) AppleWebKit/537.36 (KHTML, like Gecko) Chrome/127.0.0.0 Mobile Safari/537.36"
152.58.104.252 - - [03/Aug/2024:12:09:25 +0000] "GET /images/popular-course-02.jpg HTTP/1.1" 200 151182 "https://gayatripharmacycollege.in/" "Mozilla/5.0 (Linux; Android 10; K) AppleWebKit/537.36 (KHTML, like Gecko) Chrome/127.0.0.0 Mobile Safari/537.36"
152.58.104.252 - - [03/Aug/2024:12:09:25 +0000] "GET /images/arrow-left-white.png HTTP/1.1" 200 18858 "https://gayatripharmacycollege.in/style.css" "Mozilla/5.0 (Linux; Android 10; K) AppleWebKit/537.36 (KHTML, like Gecko) Chrome/127.0.0.0 Mobile Safari/537.36"
152.58.104.252 - - [03/Aug/2024:12:09:26 +0000] "GET /images/arrow-right-white.png HTTP/1.1" 200 18837 "https://gayatripharmacycollege.in/style.css" "Mozilla/5.0 (Linux; Android 10; K) AppleWebKit/537.36 (KHTML, like Gecko) Chrome/127.0.0.0 Mobile Safari/537.36"
152.58.104.252 - - [03/Aug/2024:12:09:25 +0000] "GET /images/img-01.jpg HTTP/1.1" 200 2284459 "https://gayatripharmacycollege.in/" "Mozilla/5.0 (Linux; Android 10; K) AppleWebKit/537.36 (KHTML, like Gecko) Chrome/127.0.0.0 Mobile Safari/537.36"
152.58.104.252 - - [03/Aug/2024:12:09:23 +0000] "GET /images/slider-01.jpg HTTP/1.1" 200 964836 "https://gayatripharmacycollege.in/" "Mozilla/5.0 (Linux; Android 10; K) AppleWebKit/537.36 (KHTML, like Gecko) Chrome/127.0.0.0 Mobile Safari/537.36"
152.58.104.252 - - [03/Aug/2024:12:09:27 +0000] "GET /favicon.ico HTTP/1.1" 404 526 "https://gayatripharmacycollege.in/" "Mozilla/5.0 (Linux; Android 10; K) AppleWebKit/537.36 (KHTML, like Gecko) Chrome/127.0.0.0 Mobile Safari/537.36"
152.58.104.252 - - [03/Aug/2024:12:10:58 +0000] "GET / HTTP/1.1" 200 6608 "-" "Mozilla/5.0 (X11; Linux x86_64) AppleWebKit/537.36 (KHTML, like Gecko) Chrome/127.0.0.0 Safari/537.36"
152.58.104.252 - - [03/Aug/2024:12:11:19 +0000] "GET / HTTP/1.1" 200 6608 "-" "Mozilla/5.0 (X11; Linux x86_64) AppleWebKit/537.36 (KHTML, like Gecko) Chrome/127.0.0.0 Safari/537.36"
169.149.225.244 - - [03/Aug/2024:12:11:26 +0000] "GET / HTTP/1.1" 200 8856 "-" "Mozilla/5.0 (Windows NT 10.0; Win64; x64) AppleWebKit/537.36 (KHTML, like Gecko) Chrome/126.0.0.0 Safari/537.36"
169.149.225.244 - - [03/Aug/2024:12:11:27 +0000] "GET /css/bootstrap.min.css HTTP/1.1" 200 27989 "https://gayatripharmacycollege.in/" "Mozilla/5.0 (Windows NT 10.0; Win64; x64) AppleWebKit/537.36 (KHTML, like Gecko) Chrome/126.0.0.0 Safari/537.36"
152.58.104.252 - - [03/Aug/2024:12:11:28 +0000] "GET / HTTP/1.1" 200 6608 "-" "Mozilla/5.0 (X11; Linux x86_64) AppleWebKit/537.36 (KHTML, like Gecko) Chrome/127.0.0.0 Safari/537.36"
169.149.225.244 - - [03/Aug/2024:12:11:28 +0000] "GET /dist/aos.css HTTP/1.1" 200 2945 "https://gayatripharmacycollege.in/" "Mozilla/5.0 (Windows NT 10.0; Win64; x64) AppleWebKit/537.36 (KHTML, like Gecko) Chrome/126.0.0.0 Safari/537.36"
169.149.225.244 - - [03/Aug/2024:12:11:28 +0000] "GET /css/owl.carousel.min.css HTTP/1.1" 200 1776 "https://gayatripharmacycollege.in/" "Mozilla/5.0 (Windows NT 10.0; Win64; x64) AppleWebKit/537.36 (KHTML, like Gecko) Chrome/126.0.0.0 Safari/537.36"
169.149.225.244 - - [03/Aug/2024:12:11:28 +0000] "GET /css/owl.theme.default.min.css HTTP/1.1" 200 3435 "https://gayatripharmacycollege.in/" "Mozilla/5.0 (Windows NT 10.0; Win64; x64) AppleWebKit/537.36 (KHTML, like Gecko) Chrome/126.0.0.0 Safari/537.36"
169.149.225.244 - - [03/Aug/2024:12:11:28 +0000] "GET /style.css HTTP/1.1" 200 10987 "https://gayatripharmacycollege.in/" "Mozilla/5.0 (Windows NT 10.0; Win64; x64) AppleWebKit/537.36 (KHTML, like Gecko) Chrome/126.0.0.0 Safari/537.36"
169.149.225.244 - - [03/Aug/2024:12:11:28 +0000] "GET /font-awesome/css/all.min.css HTTP/1.1" 200 25581 "https://gayatripharmacycollege.in/" "Mozilla/5.0 (Windows NT 10.0; Win64; x64) AppleWebKit/537.36 (KHTML, like Gecko) Chrome/126.0.0.0 Safari/537.36"
169.149.225.244 - - [03/Aug/2024:12:11:28 +0000] "GET /images/logo.png HTTP/1.1" 200 47496 "https://gayatripharmacycollege.in/" "Mozilla/5.0 (Windows NT 10.0; Win64; x64) AppleWebKit/537.36 (KHTML, like Gecko) Chrome/126.0.0.0 Safari/537.36"
169.149.225.244 - - [03/Aug/2024:12:11:28 +0000] "GET /js/bootstrap.bundle.min.js HTTP/1.1" 200 23780 "https://gayatripharmacycollege.in/" "Mozilla/5.0 (Windows NT 10.0; Win64; x64) AppleWebKit/537.36 (KHTML, like Gecko) Chrome/126.0.0.0 Safari/537.36"
169.149.225.244 - - [03/Aug/2024:12:11:28 +0000] "GET /js/owl.carousel.min.js HTTP/1.1" 200 11845 "https://gayatripharmacycollege.in/" "Mozilla/5.0 (Windows NT 10.0; Win64; x64) AppleWebKit/537.36 (KHTML, like Gecko) Chrome/126.0.0.0 Safari/537.36"
169.149.225.244 - - [03/Aug/2024:12:11:29 +0000] "GET /fonts/LoraBold.woff2 HTTP/1.1" 200 51886 "https://gayatripharmacycollege.in/style.css" "Mozilla/5.0 (Windows NT 10.0; Win64; x64) AppleWebKit/537.36 (KHTML, like Gecko) Chrome/126.0.0.0 Safari/537.36"
169.149.225.244 - - [03/Aug/2024:12:11:29 +0000] "GET /font-awesome/webfonts/fa-regular-400.woff2 HTTP/1.1" 200 25828 "https://gayatripharmacycollege.in/font-awesome/css/all.min.css" "Mozilla/5.0 (Windows NT 10.0; Win64; x64) AppleWebKit/537.36 (KHTML, like Gecko) Chrome/126.0.0.0 Safari/537.36"
169.149.225.244 - - [03/Aug/2024:12:11:28 +0000] "GET /images/slider-02.jpg HTTP/1.1" 200 483889 "https://gayatripharmacycollege.in/" "Mozilla/5.0 (Windows NT 10.0; Win64; x64) AppleWebKit/537.36 (KHTML, like Gecko) Chrome/126.0.0.0 Safari/537.36"
169.149.225.244 - - [03/Aug/2024:12:11:29 +0000] "GET /fonts/PoppinsRegular_0.woff2 HTTP/1.1" 200 92729 "https://gayatripharmacycollege.in/style.css" "Mozilla/5.0 (Windows NT 10.0; Win64; x64) AppleWebKit/537.36 (KHTML, like Gecko) Chrome/126.0.0.0 Safari/537.36"
169.149.225.244 - - [03/Aug/2024:12:11:29 +0000] "GET /fonts/PoppinsMedium.woff2 HTTP/1.1" 200 95849 "https://gayatripharmacycollege.in/style.css" "Mozilla/5.0 (Windows NT 10.0; Win64; x64) AppleWebKit/537.36 (KHTML, like Gecko) Chrome/126.0.0.0 Safari/537.36"
169.149.225.244 - - [03/Aug/2024:12:11:29 +0000] "GET /font-awesome/webfonts/fa-solid-900.woff2 HTTP/1.1" 200 157226 "https://gayatripharmacycollege.in/font-awesome/css/all.min.css" "Mozilla/5.0 (Windows NT 10.0; Win64; x64) AppleWebKit/537.36 (KHTML, like Gecko) Chrome/126.0.0.0 Safari/537.36"
169.149.225.244 - - [03/Aug/2024:12:11:28 +0000] "GET /images/slider-01.jpg HTTP/1.1" 200 964836 "https://gayatripharmacycollege.in/" "Mozilla/5.0 (Windows NT 10.0; Win64; x64) AppleWebKit/537.36 (KHTML, like Gecko) Chrome/126.0.0.0 Safari/537.36"
169.149.225.244 - - [03/Aug/2024:12:11:29 +0000] "GET /font-awesome/webfonts/fa-brands-400.woff2 HTTP/1.1" 200 117992 "https://gayatripharmacycollege.in/font-awesome/css/all.min.css" "Mozilla/5.0 (Windows NT 10.0; Win64; x64) AppleWebKit/537.36 (KHTML, like Gecko) Chrome/126.0.0.0 Safari/537.36"
169.149.225.244 - - [03/Aug/2024:12:11:29 +0000] "GET /dist/aos.js HTTP/1.1" 200 4869 "https://gayatripharmacycollege.in/" "Mozilla/5.0 (Windows NT 10.0; Win64; x64) AppleWebKit/537.36 (KHTML, like Gecko) Chrome/126.0.0.0 Safari/537.36"
169.149.225.244 - - [03/Aug/2024:12:11:29 +0000] "GET /images/about-02.png HTTP/1.1" 200 165407 "https://gayatripharmacycollege.in/" "Mozilla/5.0 (Windows NT 10.0; Win64; x64) AppleWebKit/537.36 (KHTML, like Gecko) Chrome/126.0.0.0 Safari/537.36"
169.149.225.244 - - [03/Aug/2024:12:11:29 +0000] "GET /images/popular-course-03.jpg HTTP/1.1" 200 169546 "https://gayatripharmacycollege.in/" "Mozilla/5.0 (Windows NT 10.0; Win64; x64) AppleWebKit/537.36 (KHTML, like Gecko) Chrome/126.0.0.0 Safari/537.36"
169.149.225.244 - - [03/Aug/2024:12:11:30 +0000] "GET /images/popular-course-01.jpg HTTP/1.1" 200 160899 "https://gayatripharmacycollege.in/" "Mozilla/5.0 (Windows NT 10.0; Win64; x64) AppleWebKit/537.36 (KHTML, like Gecko) Chrome/126.0.0.0 Safari/537.36"
169.149.225.244 - - [03/Aug/2024:12:11:30 +0000] "GET /images/popular-course-02.jpg HTTP/1.1" 200 151182 "https://gayatripharmacycollege.in/" "Mozilla/5.0 (Windows NT 10.0; Win64; x64) AppleWebKit/537.36 (KHTML, like Gecko) Chrome/126.0.0.0 Safari/537.36"
169.149.225.244 - - [03/Aug/2024:12:11:30 +0000] "GET /images/img-01.jpg HTTP/1.1" 200 2284459 "https://gayatripharmacycollege.in/" "Mozilla/5.0 (Windows NT 10.0; Win64; x64) AppleWebKit/537.36 (KHTML, like Gecko) Chrome/126.0.0.0 Safari/537.36"
152.58.104.252 - - [03/Aug/2024:12:11:30 +0000] "GET / HTTP/1.1" 200 6258 "-" "Mozilla/5.0 (X11; Linux x86_64) AppleWebKit/537.36 (KHTML, like Gecko) Chrome/127.0.0.0 Safari/537.36"
169.149.225.244 - - [03/Aug/2024:12:11:28 +0000] "GET /images/clg-image.jpg HTTP/1.1" 200 238798 "https://gayatripharmacycollege.in/" "Mozilla/5.0 (Windows NT 10.0; Win64; x64) AppleWebKit/537.36 (KHTML, like Gecko) Chrome/126.0.0.0 Safari/537.36"
169.149.225.244 - - [03/Aug/2024:12:11:34 +0000] "GET /favicon.ico HTTP/1.1" 404 526 "https://gayatripharmacycollege.in/" "Mozilla/5.0 (Windows NT 10.0; Win64; x64) AppleWebKit/537.36 (KHTML, like Gecko) Chrome/126.0.0.0 Safari/537.36"
152.58.104.252 - - [03/Aug/2024:12:11:39 +0000] "GET / HTTP/1.1" 200 6608 "-" "Mozilla/5.0 (X11; Linux x86_64) AppleWebKit/537.36 (KHTML, like Gecko) Chrome/127.0.0.0 Safari/537.36"
152.58.104.252 - - [03/Aug/2024:12:13:42 +0000] "GET / HTTP/1.1" 200 6608 "-" "Mozilla/5.0 (X11; Linux x86_64) AppleWebKit/537.36 (KHTML, like Gecko) Chrome/127.0.0.0 Safari/537.36"
152.58.104.252 - - [03/Aug/2024:12:13:43 +0000] "GET / HTTP/1.1" 200 6258 "-" "Mozilla/5.0 (X11; Linux x86_64) AppleWebKit/537.36 (KHTML, like Gecko) Chrome/127.0.0.0 Safari/537.36"
152.58.104.252 - - [03/Aug/2024:12:13:45 +0000] "GET / HTTP/1.1" 200 6258 "-" "Mozilla/5.0 (X11; Linux x86_64) AppleWebKit/537.36 (KHTML, like Gecko) Chrome/127.0.0.0 Safari/537.36"
152.58.104.252 - - [03/Aug/2024:12:13:48 +0000] "GET / HTTP/1.1" 200 6258 "-" "Mozilla/5.0 (X11; Linux x86_64) AppleWebKit/537.36 (KHTML, like Gecko) Chrome/127.0.0.0 Safari/537.36"
152.58.104.81 - - [03/Aug/2024:12:13:59 +0000] "GET /admission-enquiry.html HTTP/1.1" 200 7017 "https://gayatripharmacycollege.in/" "Mozilla/5.0 (Windows NT 10.0; Win64; x64) AppleWebKit/537.36 (KHTML, like Gecko) Chrome/109.0.0.0 Safari/537.36"
152.58.104.252 - - [03/Aug/2024:12:14:56 +0000] "GET / HTTP/1.1" 200 6608 "-" "Mozilla/5.0 (X11; Linux x86_64) AppleWebKit/537.36 (KHTML, like Gecko) Chrome/127.0.0.0 Safari/537.36"
152.58.104.252 - - [03/Aug/2024:12:14:59 +0000] "GET / HTTP/1.1" 200 6258 "-" "Mozilla/5.0 (X11; Linux x86_64) AppleWebKit/537.36 (KHTML, like Gecko) Chrome/127.0.0.0 Safari/537.36"
152.58.104.252 - - [03/Aug/2024:12:15:18 +0000] "GET / HTTP/1.1" 200 6608 "-" "Mozilla/5.0 (X11; Linux x86_64) AppleWebKit/537.36 (KHTML, like Gecko) Chrome/127.0.0.0 Safari/537.36"
152.58.104.252 - - [03/Aug/2024:12:15:25 +0000] "GET / HTTP/1.1" 200 6608 "-" "Mozilla/5.0 (X11; Linux x86_64) AppleWebKit/537.36 (KHTML, like Gecko) Chrome/127.0.0.0 Safari/537.36"
152.58.104.252 - - [03/Aug/2024:12:15:26 +0000] "GET / HTTP/1.1" 200 6258 "-" "Mozilla/5.0 (X11; Linux x86_64) AppleWebKit/537.36 (KHTML, like Gecko) Chrome/127.0.0.0 Safari/537.36"
152.58.104.252 - - [03/Aug/2024:12:15:29 +0000] "GET / HTTP/1.1" 200 6258 "-" "Mozilla/5.0 (X11; Linux x86_64) AppleWebKit/537.36 (KHTML, like Gecko) Chrome/127.0.0.0 Safari/537.36"
152.58.104.252 - - [03/Aug/2024:12:15:46 +0000] "GET / HTTP/1.1" 200 6608 "-" "Mozilla/5.0 (X11; Linux x86_64) AppleWebKit/537.36 (KHTML, like Gecko) Chrome/127.0.0.0 Safari/537.36"
152.58.104.252 - - [03/Aug/2024:12:15:47 +0000] "GET / HTTP/1.1" 200 6258 "-" "Mozilla/5.0 (X11; Linux x86_64) AppleWebKit/537.36 (KHTML, like Gecko) Chrome/127.0.0.0 Safari/537.36"
152.58.104.252 - - [03/Aug/2024:12:15:52 +0000] "GET / HTTP/1.1" 200 6258 "-" "Mozilla/5.0 (X11; Linux x86_64) AppleWebKit/537.36 (KHTML, like Gecko) Chrome/127.0.0.0 Safari/537.36"
152.58.104.252 - - [03/Aug/2024:12:15:53 +0000] "GET / HTTP/1.1" 200 6258 "-" "Mozilla/5.0 (X11; Linux x86_64) AppleWebKit/537.36 (KHTML, like Gecko) Chrome/127.0.0.0 Safari/537.36"
152.58.104.252 - - [03/Aug/2024:12:15:55 +0000] "GET / HTTP/1.1" 200 6258 "-" "Mozilla/5.0 (X11; Linux x86_64) AppleWebKit/537.36 (KHTML, like Gecko) Chrome/127.0.0.0 Safari/537.36"
152.58.104.252 - - [03/Aug/2024:12:15:56 +0000] "GET / HTTP/1.1" 200 6258 "-" "Mozilla/5.0 (X11; Linux x86_64) AppleWebKit/537.36 (KHTML, like Gecko) Chrome/127.0.0.0 Safari/537.36"
152.58.104.252 - - [03/Aug/2024:12:15:58 +0000] "GET / HTTP/1.1" 200 6258 "-" "Mozilla/5.0 (X11; Linux x86_64) AppleWebKit/537.36 (KHTML, like Gecko) Chrome/127.0.0.0 Safari/537.36"
152.58.104.252 - - [03/Aug/2024:12:16:04 +0000] "GET / HTTP/1.1" 200 6608 "-" "Mozilla/5.0 (X11; Linux x86_64) AppleWebKit/537.36 (KHTML, like Gecko) Chrome/127.0.0.0 Safari/537.36"
152.58.104.252 - - [03/Aug/2024:12:16:14 +0000] "GET / HTTP/1.1" 200 6608 "-" "Mozilla/5.0 (X11; Linux x86_64) AppleWebKit/537.36 (KHTML, like Gecko) Chrome/127.0.0.0 Safari/537.36"
152.58.104.252 - - [03/Aug/2024:12:16:17 +0000] "GET / HTTP/1.1" 200 6258 "-" "Mozilla/5.0 (X11; Linux x86_64) AppleWebKit/537.36 (KHTML, like Gecko) Chrome/127.0.0.0 Safari/537.36"
152.58.104.252 - - [03/Aug/2024:12:16:18 +0000] "GET / HTTP/1.1" 200 6258 "-" "Mozilla/5.0 (X11; Linux x86_64) AppleWebKit/537.36 (KHTML, like Gecko) Chrome/127.0.0.0 Safari/537.36"
152.58.104.252 - - [03/Aug/2024:12:16:20 +0000] "GET / HTTP/1.1" 200 6258 "-" "Mozilla/5.0 (X11; Linux x86_64) AppleWebKit/537.36 (KHTML, like Gecko) Chrome/127.0.0.0 Safari/537.36"
152.58.104.252 - - [03/Aug/2024:12:16:22 +0000] "GET / HTTP/1.1" 200 6258 "-" "Mozilla/5.0 (X11; Linux x86_64) AppleWebKit/537.36 (KHTML, like Gecko) Chrome/127.0.0.0 Safari/537.36"
152.58.104.252 - - [03/Aug/2024:12:16:23 +0000] "GET / HTTP/1.1" 200 6258 "-" "Mozilla/5.0 (X11; Linux x86_64) AppleWebKit/537.36 (KHTML, like Gecko) Chrome/127.0.0.0 Safari/537.36"
152.58.104.252 - - [03/Aug/2024:12:16:27 +0000] "GET / HTTP/1.1" 200 6258 "-" "Mozilla/5.0 (X11; Linux x86_64) AppleWebKit/537.36 (KHTML, like Gecko) Chrome/127.0.0.0 Safari/537.36"
152.58.104.252 - - [03/Aug/2024:12:16:30 +0000] "GET / HTTP/1.1" 200 6258 "-" "Mozilla/5.0 (X11; Linux x86_64) AppleWebKit/537.36 (KHTML, like Gecko) Chrome/127.0.0.0 Safari/537.36"
152.58.104.252 - - [03/Aug/2024:12:16:34 +0000] "GET / HTTP/1.1" 200 6258 "-" "Mozilla/5.0 (X11; Linux x86_64) AppleWebKit/537.36 (KHTML, like Gecko) Chrome/127.0.0.0 Safari/537.36"
152.58.104.252 - - [03/Aug/2024:12:16:36 +0000] "GET / HTTP/1.1" 200 6258 "-" "Mozilla/5.0 (X11; Linux x86_64) AppleWebKit/537.36 (KHTML, like Gecko) Chrome/127.0.0.0 Safari/537.36"
152.58.104.252 - - [03/Aug/2024:12:16:39 +0000] "GET / HTTP/1.1" 200 6258 "-" "Mozilla/5.0 (X11; Linux x86_64) AppleWebKit/537.36 (KHTML, like Gecko) Chrome/127.0.0.0 Safari/537.36"
152.58.104.252 - - [03/Aug/2024:12:16:41 +0000] "GET / HTTP/1.1" 200 6258 "-" "Mozilla/5.0 (X11; Linux x86_64) AppleWebKit/537.36 (KHTML, like Gecko) Chrome/127.0.0.0 Safari/537.36"
152.58.104.252 - - [03/Aug/2024:12:16:43 +0000] "GET / HTTP/1.1" 200 6258 "-" "Mozilla/5.0 (X11; Linux x86_64) AppleWebKit/537.36 (KHTML, like Gecko) Chrome/127.0.0.0 Safari/537.36"
152.58.104.252 - - [03/Aug/2024:12:16:45 +0000] "GET / HTTP/1.1" 200 6258 "-" "Mozilla/5.0 (X11; Linux x86_64) AppleWebKit/537.36 (KHTML, like Gecko) Chrome/127.0.0.0 Safari/537.36"
152.58.104.252 - - [03/Aug/2024:12:16:46 +0000] "GET / HTTP/1.1" 200 6258 "-" "Mozilla/5.0 (X11; Linux x86_64) AppleWebKit/537.36 (KHTML, like Gecko) Chrome/127.0.0.0 Safari/537.36"
152.58.104.252 - - [03/Aug/2024:12:16:47 +0000] "GET / HTTP/1.1" 200 6258 "-" "Mozilla/5.0 (X11; Linux x86_64) AppleWebKit/537.36 (KHTML, like Gecko) Chrome/127.0.0.0 Safari/537.36"
152.58.104.252 - - [03/Aug/2024:12:16:51 +0000] "GET / HTTP/1.1" 200 6258 "-" "Mozilla/5.0 (X11; Linux x86_64) AppleWebKit/537.36 (KHTML, like Gecko) Chrome/127.0.0.0 Safari/537.36"
152.58.104.252 - - [03/Aug/2024:12:16:52 +0000] "GET / HTTP/1.1" 200 6258 "-" "Mozilla/5.0 (X11; Linux x86_64) AppleWebKit/537.36 (KHTML, like Gecko) Chrome/127.0.0.0 Safari/537.36"
152.58.104.252 - - [03/Aug/2024:12:16:53 +0000] "GET / HTTP/1.1" 200 6258 "-" "Mozilla/5.0 (X11; Linux x86_64) AppleWebKit/537.36 (KHTML, like Gecko) Chrome/127.0.0.0 Safari/537.36"
152.58.104.252 - - [03/Aug/2024:12:16:54 +0000] "GET / HTTP/1.1" 200 6258 "-" "Mozilla/5.0 (X11; Linux x86_64) AppleWebKit/537.36 (KHTML, like Gecko) Chrome/127.0.0.0 Safari/537.36"
152.58.104.252 - - [03/Aug/2024:12:16:56 +0000] "GET / HTTP/1.1" 200 6258 "-" "Mozilla/5.0 (X11; Linux x86_64) AppleWebKit/537.36 (KHTML, like Gecko) Chrome/127.0.0.0 Safari/537.36"
152.58.104.252 - - [03/Aug/2024:12:16:57 +0000] "GET / HTTP/1.1" 200 6258 "-" "Mozilla/5.0 (X11; Linux x86_64) AppleWebKit/537.36 (KHTML, like Gecko) Chrome/127.0.0.0 Safari/537.36"
152.58.104.252 - - [03/Aug/2024:12:17:10 +0000] "GET / HTTP/1.1" 200 8858 "-" "Mozilla/5.0 (X11; Linux x86_64) AppleWebKit/537.36 (KHTML, like Gecko) Chrome/127.0.0.0 Safari/537.36"
152.58.104.252 - - [03/Aug/2024:12:17:47 +0000] "GET / HTTP/1.1" 200 6608 "-" "Mozilla/5.0 (X11; Linux x86_64) AppleWebKit/537.36 (KHTML, like Gecko) Chrome/127.0.0.0 Safari/537.36"
152.58.104.252 - - [03/Aug/2024:12:17:48 +0000] "GET / HTTP/1.1" 200 6258 "-" "Mozilla/5.0 (X11; Linux x86_64) AppleWebKit/537.36 (KHTML, like Gecko) Chrome/127.0.0.0 Safari/537.36"
152.58.104.81 - - [03/Aug/2024:12:17:50 +0000] "GET / HTTP/1.1" 200 6608 "-" "Mozilla/5.0 (Windows NT 10.0; Win64; x64) AppleWebKit/537.36 (KHTML, like Gecko) Chrome/109.0.0.0 Safari/537.36"
152.58.104.252 - - [03/Aug/2024:12:17:50 +0000] "GET / HTTP/1.1" 200 6258 "-" "Mozilla/5.0 (X11; Linux x86_64) AppleWebKit/537.36 (KHTML, like Gecko) Chrome/127.0.0.0 Safari/537.36"
152.58.104.81 - - [03/Aug/2024:12:17:55 +0000] "GET / HTTP/1.1" 200 6608 "-" "Mozilla/5.0 (Windows NT 10.0; Win64; x64) AppleWebKit/537.36 (KHTML, like Gecko) Chrome/109.0.0.0 Safari/537.36"
152.58.104.81 - - [03/Aug/2024:12:18:00 +0000] "GET / HTTP/1.1" 200 6258 "-" "Mozilla/5.0 (Windows NT 10.0; Win64; x64) AppleWebKit/537.36 (KHTML, like Gecko) Chrome/109.0.0.0 Safari/537.36"
152.58.104.81 - - [03/Aug/2024:12:18:32 +0000] "GET / HTTP/1.1" 200 6608 "-" "Mozilla/5.0 (Windows NT 10.0; Win64; x64) AppleWebKit/537.36 (KHTML, like Gecko) Chrome/109.0.0.0 Safari/537.36"
152.58.104.252 - - [03/Aug/2024:12:18:34 +0000] "GET / HTTP/1.1" 200 6608 "-" "Mozilla/5.0 (X11; Linux x86_64) AppleWebKit/537.36 (KHTML, like Gecko) Chrome/127.0.0.0 Safari/537.36"
152.58.104.252 - - [03/Aug/2024:12:18:36 +0000] "GET / HTTP/1.1" 200 6258 "-" "Mozilla/5.0 (X11; Linux x86_64) AppleWebKit/537.36 (KHTML, like Gecko) Chrome/127.0.0.0 Safari/537.36"
152.58.104.81 - - [03/Aug/2024:12:18:38 +0000] "GET / HTTP/1.1" 200 6608 "-" "Mozilla/5.0 (Windows NT 10.0; Win64; x64) AppleWebKit/537.36 (KHTML, like Gecko) Chrome/109.0.0.0 Safari/537.36"
152.58.104.252 - - [03/Aug/2024:12:18:38 +0000] "GET / HTTP/1.1" 200 6258 "-" "Mozilla/5.0 (X11; Linux x86_64) AppleWebKit/537.36 (KHTML, like Gecko) Chrome/127.0.0.0 Safari/537.36"
152.58.104.252 - - [03/Aug/2024:12:18:39 +0000] "GET / HTTP/1.1" 200 6258 "-" "Mozilla/5.0 (X11; Linux x86_64) AppleWebKit/537.36 (KHTML, like Gecko) Chrome/127.0.0.0 Safari/537.36"
152.58.104.252 - - [03/Aug/2024:12:18:41 +0000] "GET / HTTP/1.1" 200 6258 "-" "Mozilla/5.0 (X11; Linux x86_64) AppleWebKit/537.36 (KHTML, like Gecko) Chrome/127.0.0.0 Safari/537.36"
152.58.104.81 - - [03/Aug/2024:12:18:41 +0000] "GET / HTTP/1.1" 200 6258 "-" "Mozilla/5.0 (Windows NT 10.0; Win64; x64) AppleWebKit/537.36 (KHTML, like Gecko) Chrome/109.0.0.0 Safari/537.36"
152.58.104.252 - - [03/Aug/2024:12:18:42 +0000] "GET / HTTP/1.1" 200 6258 "-" "Mozilla/5.0 (X11; Linux x86_64) AppleWebKit/537.36 (KHTML, like Gecko) Chrome/127.0.0.0 Safari/537.36"
152.58.104.81 - - [03/Aug/2024:12:18:42 +0000] "GET / HTTP/1.1" 200 6258 "-" "Mozilla/5.0 (Windows NT 10.0; Win64; x64) AppleWebKit/537.36 (KHTML, like Gecko) Chrome/109.0.0.0 Safari/537.36"
152.58.104.81 - - [03/Aug/2024:12:18:43 +0000] "GET / HTTP/1.1" 200 6258 "-" "Mozilla/5.0 (Windows NT 10.0; Win64; x64) AppleWebKit/537.36 (KHTML, like Gecko) Chrome/109.0.0.0 Safari/537.36"
152.58.104.252 - - [03/Aug/2024:12:18:44 +0000] "GET / HTTP/1.1" 200 6258 "-" "Mozilla/5.0 (X11; Linux x86_64) AppleWebKit/537.36 (KHTML, like Gecko) Chrome/127.0.0.0 Safari/537.36"
152.58.104.81 - - [03/Aug/2024:12:18:44 +0000] "GET / HTTP/1.1" 200 6258 "-" "Mozilla/5.0 (Windows NT 10.0; Win64; x64) AppleWebKit/537.36 (KHTML, like Gecko) Chrome/109.0.0.0 Safari/537.36"
152.58.104.252 - - [03/Aug/2024:12:18:45 +0000] "GET / HTTP/1.1" 200 6258 "-" "Mozilla/5.0 (X11; Linux x86_64) AppleWebKit/537.36 (KHTML, like Gecko) Chrome/127.0.0.0 Safari/537.36"
152.58.104.252 - - [03/Aug/2024:12:18:46 +0000] "GET / HTTP/1.1" 200 6267 "-" "Mozilla/5.0 (X11; Linux x86_64) AppleWebKit/537.36 (KHTML, like Gecko) Chrome/127.0.0.0 Safari/537.36"
152.58.104.252 - - [03/Aug/2024:12:18:46 +0000] "GET /images/logo-new.png HTTP/1.1" 404 526 "https://gayatripharmacycollege.in/" "Mozilla/5.0 (X11; Linux x86_64) AppleWebKit/537.36 (KHTML, like Gecko) Chrome/127.0.0.0 Safari/537.36"
152.58.104.81 - - [03/Aug/2024:12:18:46 +0000] "GET / HTTP/1.1" 200 6265 "-" "Mozilla/5.0 (Windows NT 10.0; Win64; x64) AppleWebKit/537.36 (KHTML, like Gecko) Chrome/109.0.0.0 Safari/537.36"
152.58.104.81 - - [03/Aug/2024:12:18:47 +0000] "GET /images/logo-new.png HTTP/1.1" 404 526 "https://gayatripharmacycollege.in/" "Mozilla/5.0 (Windows NT 10.0; Win64; x64) AppleWebKit/537.36 (KHTML, like Gecko) Chrome/109.0.0.0 Safari/537.36"
152.58.104.81 - - [03/Aug/2024:12:18:47 +0000] "GET / HTTP/1.1" 200 6265 "-" "Mozilla/5.0 (Windows NT 10.0; Win64; x64) AppleWebKit/537.36 (KHTML, like Gecko) Chrome/109.0.0.0 Safari/537.36"
152.58.104.81 - - [03/Aug/2024:12:18:48 +0000] "GET /images/logo-new.png HTTP/1.1" 404 526 "https://gayatripharmacycollege.in/" "Mozilla/5.0 (Windows NT 10.0; Win64; x64) AppleWebKit/537.36 (KHTML, like Gecko) Chrome/109.0.0.0 Safari/537.36"
152.58.104.252 - - [03/Aug/2024:12:18:50 +0000] "GET / HTTP/1.1" 200 6265 "-" "Mozilla/5.0 (X11; Linux x86_64) AppleWebKit/537.36 (KHTML, like Gecko) Chrome/127.0.0.0 Safari/537.36"
152.58.104.252 - - [03/Aug/2024:12:18:51 +0000] "GET /images/logo-new.png HTTP/1.1" 404 526 "https://gayatripharmacycollege.in/" "Mozilla/5.0 (X11; Linux x86_64) AppleWebKit/537.36 (KHTML, like Gecko) Chrome/127.0.0.0 Safari/537.36"
157.39.69.42 - - [03/Aug/2024:12:19:22 +0000] "GET / HTTP/1.1" 200 8863 "https://www.google.com/" "Mozilla/5.0 (Windows NT 10.0; Win64; x64; rv:109.0) Gecko/20100101 Firefox/118.0"
157.39.69.42 - - [03/Aug/2024:12:19:22 +0000] "GET /images/logo-new.png HTTP/1.1" 200 47194 "https://gayatripharmacycollege.in/" "Mozilla/5.0 (Windows NT 10.0; Win64; x64; rv:109.0) Gecko/20100101 Firefox/118.0"
125.62.126.214 - - [03/Aug/2024:12:19:28 +0000] "GET /index.html HTTP/1.1" 200 8864 "https://gayatripharmacycollege.in/" "Mozilla/5.0 (Windows NT 10.0; Win64; x64) AppleWebKit/537.36 (KHTML, like Gecko) Chrome/127.0.0.0 Safari/537.36"
125.62.126.214 - - [03/Aug/2024:12:19:29 +0000] "GET /dist/aos.css HTTP/1.1" 200 5194 "https://gayatripharmacycollege.in/index.html" "Mozilla/5.0 (Windows NT 10.0; Win64; x64) AppleWebKit/537.36 (KHTML, like Gecko) Chrome/127.0.0.0 Safari/537.36"
125.62.126.214 - - [03/Aug/2024:12:19:29 +0000] "GET /css/bootstrap.min.css HTTP/1.1" 200 27989 "https://gayatripharmacycollege.in/index.html" "Mozilla/5.0 (Windows NT 10.0; Win64; x64) AppleWebKit/537.36 (KHTML, like Gecko) Chrome/127.0.0.0 Safari/537.36"
125.62.126.214 - - [03/Aug/2024:12:19:29 +0000] "GET /css/owl.theme.default.min.css HTTP/1.1" 200 3434 "https://gayatripharmacycollege.in/index.html" "Mozilla/5.0 (Windows NT 10.0; Win64; x64) AppleWebKit/537.36 (KHTML, like Gecko) Chrome/127.0.0.0 Safari/537.36"
125.62.126.214 - - [03/Aug/2024:12:19:29 +0000] "GET /css/owl.carousel.min.css HTTP/1.1" 200 1776 "https://gayatripharmacycollege.in/index.html" "Mozilla/5.0 (Windows NT 10.0; Win64; x64) AppleWebKit/537.36 (KHTML, like Gecko) Chrome/127.0.0.0 Safari/537.36"
125.62.126.214 - - [03/Aug/2024:12:19:29 +0000] "GET /images/logo-new.png HTTP/1.1" 200 47194 "https://gayatripharmacycollege.in/index.html" "Mozilla/5.0 (Windows NT 10.0; Win64; x64) AppleWebKit/537.36 (KHTML, like Gecko) Chrome/127.0.0.0 Safari/537.36"
125.62.126.214 - - [03/Aug/2024:12:19:29 +0000] "GET /style.css HTTP/1.1" 200 10988 "https://gayatripharmacycollege.in/index.html" "Mozilla/5.0 (Windows NT 10.0; Win64; x64) AppleWebKit/537.36 (KHTML, like Gecko) Chrome/127.0.0.0 Safari/537.36"
125.62.126.214 - - [03/Aug/2024:12:19:29 +0000] "GET /font-awesome/css/all.min.css HTTP/1.1" 200 23333 "https://gayatripharmacycollege.in/index.html" "Mozilla/5.0 (Windows NT 10.0; Win64; x64) AppleWebKit/537.36 (KHTML, like Gecko) Chrome/127.0.0.0 Safari/537.36"
125.62.126.214 - - [03/Aug/2024:12:19:29 +0000] "GET /images/logo.png HTTP/1.1" 200 47496 "https://gayatripharmacycollege.in/index.html" "Mozilla/5.0 (Windows NT 10.0; Win64; x64) AppleWebKit/537.36 (KHTML, like Gecko) Chrome/127.0.0.0 Safari/537.36"
125.62.126.214 - - [03/Aug/2024:12:19:29 +0000] "GET /images/slider-01.jpg HTTP/1.1" 200 964836 "https://gayatripharmacycollege.in/index.html" "Mozilla/5.0 (Windows NT 10.0; Win64; x64) AppleWebKit/537.36 (KHTML, like Gecko) Chrome/127.0.0.0 Safari/537.36"
125.62.126.214 - - [03/Aug/2024:12:19:30 +0000] "GET /images/slider-02.jpg HTTP/1.1" 200 483889 "https://gayatripharmacycollege.in/index.html" "Mozilla/5.0 (Windows NT 10.0; Win64; x64) AppleWebKit/537.36 (KHTML, like Gecko) Chrome/127.0.0.0 Safari/537.36"
125.62.126.214 - - [03/Aug/2024:12:19:30 +0000] "GET /dist/aos.js HTTP/1.1" 200 4869 "https://gayatripharmacycollege.in/index.html" "Mozilla/5.0 (Windows NT 10.0; Win64; x64) AppleWebKit/537.36 (KHTML, like Gecko) Chrome/127.0.0.0 Safari/537.36"
125.62.126.214 - - [03/Aug/2024:12:19:30 +0000] "GET /js/owl.carousel.min.js HTTP/1.1" 200 11845 "https://gayatripharmacycollege.in/index.html" "Mozilla/5.0 (Windows NT 10.0; Win64; x64) AppleWebKit/537.36 (KHTML, like Gecko) Chrome/127.0.0.0 Safari/537.36"
125.62.126.214 - - [03/Aug/2024:12:19:30 +0000] "GET /js/bootstrap.bundle.min.js HTTP/1.1" 200 23780 "https://gayatripharmacycollege.in/index.html" "Mozilla/5.0 (Windows NT 10.0; Win64; x64) AppleWebKit/537.36 (KHTML, like Gecko) Chrome/127.0.0.0 Safari/537.36"
125.62.126.214 - - [03/Aug/2024:12:19:30 +0000] "GET /font-awesome/webfonts/fa-regular-400.woff2 HTTP/1.1" 200 25828 "https://gayatripharmacycollege.in/font-awesome/css/all.min.css" "Mozilla/5.0 (Windows NT 10.0; Win64; x64) AppleWebKit/537.36 (KHTML, like Gecko) Chrome/127.0.0.0 Safari/537.36"
125.62.126.214 - - [03/Aug/2024:12:19:30 +0000] "GET /fonts/LoraBold.woff2 HTTP/1.1" 200 51886 "https://gayatripharmacycollege.in/style.css" "Mozilla/5.0 (Windows NT 10.0; Win64; x64) AppleWebKit/537.36 (KHTML, like Gecko) Chrome/127.0.0.0 Safari/537.36"
125.62.126.214 - - [03/Aug/2024:12:19:30 +0000] "GET /fonts/PoppinsMedium.woff2 HTTP/1.1" 200 95849 "https://gayatripharmacycollege.in/style.css" "Mozilla/5.0 (Windows NT 10.0; Win64; x64) AppleWebKit/537.36 (KHTML, like Gecko) Chrome/127.0.0.0 Safari/537.36"
125.62.126.214 - - [03/Aug/2024:12:19:30 +0000] "GET /font-awesome/webfonts/fa-solid-900.woff2 HTTP/1.1" 200 157226 "https://gayatripharmacycollege.in/font-awesome/css/all.min.css" "Mozilla/5.0 (Windows NT 10.0; Win64; x64) AppleWebKit/537.36 (KHTML, like Gecko) Chrome/127.0.0.0 Safari/537.36"
125.62.126.214 - - [03/Aug/2024:12:19:30 +0000] "GET /font-awesome/webfonts/fa-brands-400.woff2 HTTP/1.1" 200 117992 "https://gayatripharmacycollege.in/font-awesome/css/all.min.css" "Mozilla/5.0 (Windows NT 10.0; Win64; x64) AppleWebKit/537.36 (KHTML, like Gecko) Chrome/127.0.0.0 Safari/537.36"
125.62.126.214 - - [03/Aug/2024:12:19:30 +0000] "GET /images/about-02.png HTTP/1.1" 200 165407 "https://gayatripharmacycollege.in/index.html" "Mozilla/5.0 (Windows NT 10.0; Win64; x64) AppleWebKit/537.36 (KHTML, like Gecko) Chrome/127.0.0.0 Safari/537.36"
125.62.126.214 - - [03/Aug/2024:12:19:30 +0000] "GET /fonts/PoppinsRegular_0.woff2 HTTP/1.1" 200 92729 "https://gayatripharmacycollege.in/style.css" "Mozilla/5.0 (Windows NT 10.0; Win64; x64) AppleWebKit/537.36 (KHTML, like Gecko) Chrome/127.0.0.0 Safari/537.36"
125.62.126.214 - - [03/Aug/2024:12:19:30 +0000] "GET /images/popular-course-03.jpg HTTP/1.1" 200 169546 "https://gayatripharmacycollege.in/index.html" "Mozilla/5.0 (Windows NT 10.0; Win64; x64) AppleWebKit/537.36 (KHTML, like Gecko) Chrome/127.0.0.0 Safari/537.36"
125.62.126.214 - - [03/Aug/2024:12:19:31 +0000] "GET /images/popular-course-01.jpg HTTP/1.1" 200 160899 "https://gayatripharmacycollege.in/index.html" "Mozilla/5.0 (Windows NT 10.0; Win64; x64) AppleWebKit/537.36 (KHTML, like Gecko) Chrome/127.0.0.0 Safari/537.36"
125.62.126.214 - - [03/Aug/2024:12:19:31 +0000] "GET /images/popular-course-02.jpg HTTP/1.1" 200 151182 "https://gayatripharmacycollege.in/index.html" "Mozilla/5.0 (Windows NT 10.0; Win64; x64) AppleWebKit/537.36 (KHTML, like Gecko) Chrome/127.0.0.0 Safari/537.36"
125.62.126.214 - - [03/Aug/2024:12:19:31 +0000] "GET /images/img-01.jpg HTTP/1.1" 200 2284459 "https://gayatripharmacycollege.in/index.html" "Mozilla/5.0 (Windows NT 10.0; Win64; x64) AppleWebKit/537.36 (KHTML, like Gecko) Chrome/127.0.0.0 Safari/537.36"
125.62.126.214 - - [03/Aug/2024:12:19:30 +0000] "GET /images/clg-image.jpg HTTP/1.1" 200 238798 "https://gayatripharmacycollege.in/index.html" "Mozilla/5.0 (Windows NT 10.0; Win64; x64) AppleWebKit/537.36 (KHTML, like Gecko) Chrome/127.0.0.0 Safari/537.36"
125.62.126.214 - - [03/Aug/2024:12:19:34 +0000] "GET /favicon.ico HTTP/1.1" 404 526 "https://gayatripharmacycollege.in/index.html" "Mozilla/5.0 (Windows NT 10.0; Win64; x64) AppleWebKit/537.36 (KHTML, like Gecko) Chrome/127.0.0.0 Safari/537.36"
152.58.104.252 - - [03/Aug/2024:12:19:36 +0000] "GET / HTTP/1.1" 200 6615 "-" "Mozilla/5.0 (X11; Linux x86_64) AppleWebKit/537.36 (KHTML, like Gecko) Chrome/127.0.0.0 Safari/537.36"
152.58.104.252 - - [03/Aug/2024:12:19:36 +0000] "GET /images/logo-new.png HTTP/1.1" 200 47194 "https://gayatripharmacycollege.in/" "Mozilla/5.0 (X11; Linux x86_64) AppleWebKit/537.36 (KHTML, like Gecko) Chrome/127.0.0.0 Safari/537.36"
157.39.69.42 - - [03/Aug/2024:12:19:46 +0000] "GET / HTTP/1.1" 200 6615 "https://gayatripharmacycollege.in/" "Mozilla/5.0 (Windows NT 10.0; Win64; x64; rv:109.0) Gecko/20100101 Firefox/118.0"
157.39.69.42 - - [03/Aug/2024:12:19:46 +0000] "GET /css/bootstrap.min.css HTTP/1.1" 200 27989 "https://gayatripharmacycollege.in/" "Mozilla/5.0 (Windows NT 10.0; Win64; x64; rv:109.0) Gecko/20100101 Firefox/118.0"
157.39.69.42 - - [03/Aug/2024:12:19:46 +0000] "GET /images/logo-new.png HTTP/1.1" 304 621 "https://gayatripharmacycollege.in/" "Mozilla/5.0 (Windows NT 10.0; Win64; x64; rv:109.0) Gecko/20100101 Firefox/118.0"
157.39.69.42 - - [03/Aug/2024:12:19:46 +0000] "GET /images/popular-course-03.jpg HTTP/1.1" 200 45036 "https://gayatripharmacycollege.in/" "Mozilla/5.0 (Windows NT 10.0; Win64; x64; rv:109.0) Gecko/20100101 Firefox/118.0"
157.39.69.42 - - [03/Aug/2024:12:19:47 +0000] "GET /font-awesome/webfonts/fa-solid-900.woff2 HTTP/1.1" 200 45204 "https://gayatripharmacycollege.in/font-awesome/css/all.min.css" "Mozilla/5.0 (Windows NT 10.0; Win64; x64; rv:109.0) Gecko/20100101 Firefox/118.0"
157.39.69.42 - - [03/Aug/2024:12:19:48 +0000] "GET /about-us.html HTTP/1.1" 200 5056 "https://gayatripharmacycollege.in/" "Mozilla/5.0 (Windows NT 10.0; Win64; x64; rv:109.0) Gecko/20100101 Firefox/118.0"
157.39.69.42 - - [03/Aug/2024:12:19:49 +0000] "GET /syllabus.html HTTP/1.1" 200 4274 "https://gayatripharmacycollege.in/" "Mozilla/5.0 (Windows NT 10.0; Win64; x64; rv:109.0) Gecko/20100101 Firefox/118.0"
157.39.69.42 - - [03/Aug/2024:12:19:49 +0000] "GET /Staff.html HTTP/1.1" 200 4531 "https://gayatripharmacycollege.in/" "Mozilla/5.0 (Windows NT 10.0; Win64; x64; rv:109.0) Gecko/20100101 Firefox/118.0"
157.39.69.42 - - [03/Aug/2024:12:19:50 +0000] "GET /course.html HTTP/1.1" 200 4803 "https://gayatripharmacycollege.in/" "Mozilla/5.0 (Windows NT 10.0; Win64; x64; rv:109.0) Gecko/20100101 Firefox/118.0"
157.39.69.42 - - [03/Aug/2024:12:19:50 +0000] "GET /contact-us.html HTTP/1.1" 200 4662 "https://gayatripharmacycollege.in/" "Mozilla/5.0 (Windows NT 10.0; Win64; x64; rv:109.0) Gecko/20100101 Firefox/118.0"
157.39.69.42 - - [03/Aug/2024:12:19:50 +0000] "GET /images/logo-new.png HTTP/1.1" 304 2869 "https://gayatripharmacycollege.in/course.html" "Mozilla/5.0 (Windows NT 10.0; Win64; x64; rv:109.0) Gecko/20100101 Firefox/118.0"
157.39.69.42 - - [03/Aug/2024:12:19:50 +0000] "GET /images/14-55_ER_20%20_syllabus_23092021%20(5).pdf HTTP/1.1" 206 68679 "https://gayatripharmacycollege.in/syllabus.html" "Mozilla/5.0 (Windows NT 10.0; Win64; x64; rv:109.0) Gecko/20100101 Firefox/118.0"
157.39.69.42 - - [03/Aug/2024:12:19:51 +0000] "GET /images/14-55_ER_20%20_syllabus_23092021%20(5).pdf HTTP/1.1" 206 63190 "https://gayatripharmacycollege.in/syllabus.html" "Mozilla/5.0 (Windows NT 10.0; Win64; x64; rv:109.0) Gecko/20100101 Firefox/118.0"
157.39.69.42 - - [03/Aug/2024:12:19:51 +0000] "GET /admission-enquiry.html HTTP/1.1" 200 4427 "https://gayatripharmacycollege.in/" "Mozilla/5.0 (Windows NT 10.0; Win64; x64; rv:109.0) Gecko/20100101 Firefox/118.0"
157.39.69.42 - - [03/Aug/2024:12:19:52 +0000] "GET /images/14-55_ER_20%20_syllabus_23092021%20(5).pdf HTTP/1.1" 206 66087 "https://gayatripharmacycollege.in/syllabus.html" "Mozilla/5.0 (Windows NT 10.0; Win64; x64; rv:109.0) Gecko/20100101 Firefox/118.0"
157.39.69.42 - - [03/Aug/2024:12:19:49 +0000] "GET /images/14-55_ER_20%20_syllabus_23092021%20(5).pdf HTTP/1.1" 200 1114592 "https://gayatripharmacycollege.in/syllabus.html" "Mozilla/5.0 (Windows NT 10.0; Win64; x64; rv:109.0) Gecko/20100101 Firefox/118.0"
157.39.69.42 - - [03/Aug/2024:12:19:53 +0000] "GET /images/14-55_ER_20%20_syllabus_23092021%20(5).pdf HTTP/1.1" 206 66086 "https://gayatripharmacycollege.in/syllabus.html" "Mozilla/5.0 (Windows NT 10.0; Win64; x64; rv:109.0) Gecko/20100101 Firefox/118.0"
157.39.69.42 - - [03/Aug/2024:12:19:49 +0000] "GET /images/about-clg-img.jpg HTTP/1.1" 200 6341250 "https://gayatripharmacycollege.in/about-us.html" "Mozilla/5.0 (Windows NT 10.0; Win64; x64; rv:109.0) Gecko/20100101 Firefox/118.0"
157.39.69.42 - - [03/Aug/2024:12:21:04 +0000] "GET /Staff.html HTTP/1.1" 200 4881 "https://gayatripharmacycollege.in/" "Mozilla/5.0 (Windows NT 10.0; Win64; x64; rv:109.0) Gecko/20100101 Firefox/118.0"
157.39.69.42 - - [03/Aug/2024:12:21:04 +0000] "GET /favicon.ico HTTP/1.1" 404 526 "https://gayatripharmacycollege.in/Staff.html" "Mozilla/5.0 (Windows NT 10.0; Win64; x64; rv:109.0) Gecko/20100101 Firefox/118.0"
157.39.69.42 - - [03/Aug/2024:12:21:12 +0000] "GET /course.html HTTP/1.1" 200 5159 "https://gayatripharmacycollege.in/" "Mozilla/5.0 (Windows NT 10.0; Win64; x64; rv:109.0) Gecko/20100101 Firefox/118.0"
157.39.69.42 - - [03/Aug/2024:12:21:12 +0000] "GET /images/logo-new.png HTTP/1.1" 200 47194 "https://gayatripharmacycollege.in/course.html" "Mozilla/5.0 (Windows NT 10.0; Win64; x64; rv:109.0) Gecko/20100101 Firefox/118.0"
125.62.126.214 - - [03/Aug/2024:12:23:13 +0000] "GET /index.html HTTP/1.1" 200 6615 "https://gayatripharmacycollege.in/" "Mozilla/5.0 (Windows NT 10.0; Win64; x64) AppleWebKit/537.36 (KHTML, like Gecko) Chrome/127.0.0.0 Safari/537.36"
125.62.126.214 - - [03/Aug/2024:12:23:13 +0000] "GET /index.html HTTP/1.1" 200 6615 "https://gayatripharmacycollege.in/" "Mozilla/5.0 (Windows NT 10.0; Win64; x64) AppleWebKit/537.36 (KHTML, like Gecko) Chrome/127.0.0.0 Safari/537.36"
125.62.126.214 - - [03/Aug/2024:12:23:13 +0000] "GET /index.html HTTP/1.1" 200 6615 "https://gayatripharmacycollege.in/" "Mozilla/5.0 (Windows NT 10.0; Win64; x64) AppleWebKit/537.36 (KHTML, like Gecko) Chrome/127.0.0.0 Safari/537.36"
125.62.126.214 - - [03/Aug/2024:12:23:13 +0000] "GET /index.html HTTP/1.1" 200 8863 "https://gayatripharmacycollege.in/" "Mozilla/5.0 (Windows NT 10.0; Win64; x64) AppleWebKit/537.36 (KHTML, like Gecko) Chrome/127.0.0.0 Safari/537.36"
125.62.126.214 - - [03/Aug/2024:12:23:13 +0000] "GET /index.html HTTP/1.1" 200 8865 "https://gayatripharmacycollege.in/" "Mozilla/5.0 (Windows NT 10.0; Win64; x64) AppleWebKit/537.36 (KHTML, like Gecko) Chrome/127.0.0.0 Safari/537.36"
125.62.126.214 - - [03/Aug/2024:12:23:14 +0000] "GET /index.html HTTP/1.1" 200 8865 "https://gayatripharmacycollege.in/" "Mozilla/5.0 (Windows NT 10.0; Win64; x64) AppleWebKit/537.36 (KHTML, like Gecko) Chrome/127.0.0.0 Safari/537.36"
125.62.126.214 - - [03/Aug/2024:12:23:14 +0000] "GET /index.html HTTP/1.1" 200 8863 "https://gayatripharmacycollege.in/" "Mozilla/5.0 (Windows NT 10.0; Win64; x64) AppleWebKit/537.36 (KHTML, like Gecko) Chrome/127.0.0.0 Safari/537.36"
125.62.126.214 - - [03/Aug/2024:12:23:14 +0000] "GET /index.html HTTP/1.1" 200 8864 "https://gayatripharmacycollege.in/" "Mozilla/5.0 (Windows NT 10.0; Win64; x64) AppleWebKit/537.36 (KHTML, like Gecko) Chrome/127.0.0.0 Safari/537.36"
125.62.126.214 - - [03/Aug/2024:12:23:14 +0000] "GET /index.html HTTP/1.1" 200 8863 "https://gayatripharmacycollege.in/" "Mozilla/5.0 (Windows NT 10.0; Win64; x64) AppleWebKit/537.36 (KHTML, like Gecko) Chrome/127.0.0.0 Safari/537.36"
125.62.126.214 - - [03/Aug/2024:12:23:14 +0000] "GET /css/bootstrap.min.css HTTP/1.1" 200 27989 "https://gayatripharmacycollege.in/index.html" "Mozilla/5.0 (Windows NT 10.0; Win64; x64) AppleWebKit/537.36 (KHTML, like Gecko) Chrome/127.0.0.0 Safari/537.36"
125.62.126.214 - - [03/Aug/2024:12:23:14 +0000] "GET /dist/aos.css HTTP/1.1" 200 5194 "https://gayatripharmacycollege.in/index.html" "Mozilla/5.0 (Windows NT 10.0; Win64; x64) AppleWebKit/537.36 (KHTML, like Gecko) Chrome/127.0.0.0 Safari/537.36"
125.62.126.214 - - [03/Aug/2024:12:23:14 +0000] "GET /css/owl.carousel.min.css HTTP/1.1" 200 4025 "https://gayatripharmacycollege.in/index.html" "Mozilla/5.0 (Windows NT 10.0; Win64; x64) AppleWebKit/537.36 (KHTML, like Gecko) Chrome/127.0.0.0 Safari/537.36"
125.62.126.214 - - [03/Aug/2024:12:23:14 +0000] "GET /css/owl.theme.default.min.css HTTP/1.1" 200 836 "https://gayatripharmacycollege.in/index.html" "Mozilla/5.0 (Windows NT 10.0; Win64; x64) AppleWebKit/537.36 (KHTML, like Gecko) Chrome/127.0.0.0 Safari/537.36"
125.62.126.214 - - [03/Aug/2024:12:23:15 +0000] "GET /style.css HTTP/1.1" 200 8389 "https://gayatripharmacycollege.in/index.html" "Mozilla/5.0 (Windows NT 10.0; Win64; x64) AppleWebKit/537.36 (KHTML, like Gecko) Chrome/127.0.0.0 Safari/537.36"
125.62.126.214 - - [03/Aug/2024:12:23:15 +0000] "GET /images/logo-new.png HTTP/1.1" 200 47194 "https://gayatripharmacycollege.in/index.html" "Mozilla/5.0 (Windows NT 10.0; Win64; x64) AppleWebKit/537.36 (KHTML, like Gecko) Chrome/127.0.0.0 Safari/537.36"
125.62.126.214 - - [03/Aug/2024:12:23:15 +0000] "GET /font-awesome/css/all.min.css HTTP/1.1" 200 23333 "https://gayatripharmacycollege.in/index.html" "Mozilla/5.0 (Windows NT 10.0; Win64; x64) AppleWebKit/537.36 (KHTML, like Gecko) Chrome/127.0.0.0 Safari/537.36"
125.62.126.214 - - [03/Aug/2024:12:23:15 +0000] "GET /images/logo.png HTTP/1.1" 200 47496 "https://gayatripharmacycollege.in/index.html" "Mozilla/5.0 (Windows NT 10.0; Win64; x64) AppleWebKit/537.36 (KHTML, like Gecko) Chrome/127.0.0.0 Safari/537.36"
125.62.126.214 - - [03/Aug/2024:12:23:15 +0000] "GET /js/owl.carousel.min.js HTTP/1.1" 200 14444 "https://gayatripharmacycollege.in/index.html" "Mozilla/5.0 (Windows NT 10.0; Win64; x64) AppleWebKit/537.36 (KHTML, like Gecko) Chrome/127.0.0.0 Safari/537.36"
125.62.126.214 - - [03/Aug/2024:12:23:15 +0000] "GET /js/bootstrap.bundle.min.js HTTP/1.1" 200 24130 "https://gayatripharmacycollege.in/index.html" "Mozilla/5.0 (Windows NT 10.0; Win64; x64) AppleWebKit/537.36 (KHTML, like Gecko) Chrome/127.0.0.0 Safari/537.36"
125.62.126.214 - - [03/Aug/2024:12:23:15 +0000] "GET /fonts/LoraBold.woff2 HTTP/1.1" 200 51886 "https://gayatripharmacycollege.in/style.css" "Mozilla/5.0 (Windows NT 10.0; Win64; x64) AppleWebKit/537.36 (KHTML, like Gecko) Chrome/127.0.0.0 Safari/537.36"
125.62.126.214 - - [03/Aug/2024:12:23:15 +0000] "GET /font-awesome/webfonts/fa-regular-400.woff2 HTTP/1.1" 200 25828 "https://gayatripharmacycollege.in/font-awesome/css/all.min.css" "Mozilla/5.0 (Windows NT 10.0; Win64; x64) AppleWebKit/537.36 (KHTML, like Gecko) Chrome/127.0.0.0 Safari/537.36"
125.62.126.214 - - [03/Aug/2024:12:23:15 +0000] "GET /fonts/PoppinsRegular_0.woff2 HTTP/1.1" 200 92729 "https://gayatripharmacycollege.in/style.css" "Mozilla/5.0 (Windows NT 10.0; Win64; x64) AppleWebKit/537.36 (KHTML, like Gecko) Chrome/127.0.0.0 Safari/537.36"
