[Sat Sep 14 15:12:08.333085 2024] [php:error] [pid 2718852:tid 2718852] [client 40.113.88.139:3201] script '/home/havcofoods.com/www/1p.php' not found or unable to stat
[Sat Sep 14 15:12:08.383941 2024] [php:error] [pid 2718852:tid 2718852] [client 40.113.88.139:3201] script '/home/havcofoods.com/www/alfa.php' not found or unable to stat
[Sat Sep 14 15:12:08.434948 2024] [php:error] [pid 2718852:tid 2718852] [client 40.113.88.139:3201] script '/home/havcofoods.com/www/moded.php' not found or unable to stat
[Sat Sep 14 15:12:08.492172 2024] [php:error] [pid 2718852:tid 2718852] [client 40.113.88.139:3201] script '/home/havcofoods.com/www/com_search.php' not found or unable to stat
[Sat Sep 14 15:12:08.543289 2024] [php:error] [pid 2718852:tid 2718852] [client 40.113.88.139:3201] script '/home/havcofoods.com/www/input.php' not found or unable to stat
[Sat Sep 14 15:12:08.594405 2024] [php:error] [pid 2718852:tid 2718852] [client 40.113.88.139:3201] script '/home/havcofoods.com/www/jquery.php' not found or unable to stat
[Sat Sep 14 15:12:08.645421 2024] [php:error] [pid 2718852:tid 2718852] [client 40.113.88.139:3201] script '/home/havcofoods.com/www/class.api.php' not found or unable to stat
[Sat Sep 14 15:12:08.696497 2024] [php:error] [pid 2718852:tid 2718852] [client 40.113.88.139:3201] script '/home/havcofoods.com/www/owlmailer.php' not found or unable to stat
[Sat Sep 14 15:12:08.747332 2024] [php:error] [pid 2718852:tid 2718852] [client 40.113.88.139:3201] script '/home/havcofoods.com/www/fierzashell.php' not found or unable to stat
[Sat Sep 14 15:12:08.798376 2024] [php:error] [pid 2718852:tid 2718852] [client 40.113.88.139:3201] script '/home/havcofoods.com/www/defaul1.php' not found or unable to stat
[Sat Sep 14 15:12:08.856020 2024] [php:error] [pid 2718852:tid 2718852] [client 40.113.88.139:3201] script '/home/havcofoods.com/www/wikindex.php' not found or unable to stat
[Sat Sep 14 15:12:08.907488 2024] [php:error] [pid 2718852:tid 2718852] [client 40.113.88.139:3201] script '/home/havcofoods.com/www/load.php' not found or unable to stat
[Sat Sep 14 15:12:08.958751 2024] [php:error] [pid 2718852:tid 2718852] [client 40.113.88.139:3201] script '/home/havcofoods.com/www/users.php' not found or unable to stat
[Sat Sep 14 15:12:09.010354 2024] [php:error] [pid 2718852:tid 2718852] [client 40.113.88.139:3201] script '/home/havcofoods.com/www/hcapmaster_comps.php' not found or unable to stat
[Sat Sep 14 15:12:09.061972 2024] [php:error] [pid 2718852:tid 2718852] [client 40.113.88.139:3201] script '/home/havcofoods.com/www/wso.php' not found or unable to stat
[Sat Sep 14 15:12:09.113795 2024] [php:error] [pid 2718852:tid 2718852] [client 40.113.88.139:3201] script '/home/havcofoods.com/www/cpabpkyk.php' not found or unable to stat
[Sat Sep 14 15:12:09.165413 2024] [php:error] [pid 2718852:tid 2718852] [client 40.113.88.139:3201] script '/home/havcofoods.com/www/bussubmit.php' not found or unable to stat
[Sat Sep 14 15:12:09.217451 2024] [php:error] [pid 2718852:tid 2718852] [client 40.113.88.139:3201] script '/home/havcofoods.com/www/hnkmhdbj.php' not found or unable to stat
[Sat Sep 14 15:12:09.269170 2024] [php:error] [pid 2718852:tid 2718852] [client 40.113.88.139:3201] script '/home/havcofoods.com/www/dqbayyrz.php' not found or unable to stat
[Sat Sep 14 15:12:09.320524 2024] [php:error] [pid 2718852:tid 2718852] [client 40.113.88.139:3201] script '/home/havcofoods.com/www/00.php' not found or unable to stat
[Sat Sep 14 15:12:09.371804 2024] [php:error] [pid 2718852:tid 2718852] [client 40.113.88.139:3201] script '/home/havcofoods.com/www/tinyimg.php' not found or unable to stat
[Sat Sep 14 15:12:09.423327 2024] [php:error] [pid 2718852:tid 2718852] [client 40.113.88.139:3201] script '/home/havcofoods.com/www/zxhfwqyt.php' not found or unable to stat
[Sat Sep 14 15:12:09.474660 2024] [php:error] [pid 2718852:tid 2718852] [client 40.113.88.139:3201] script '/home/havcofoods.com/www/blkfqnikz.php' not found or unable to stat
[Sat Sep 14 15:12:09.527935 2024] [php:error] [pid 2718852:tid 2718852] [client 40.113.88.139:3201] script '/home/havcofoods.com/www/blue.php' not found or unable to stat
[Sat Sep 14 15:12:09.579409 2024] [php:error] [pid 2718852:tid 2718852] [client 40.113.88.139:3201] script '/home/havcofoods.com/www/ibkejxnu.php' not found or unable to stat
[Sat Sep 14 15:12:09.630413 2024] [php:error] [pid 2718852:tid 2718852] [client 40.113.88.139:3201] script '/home/havcofoods.com/www/payment.php' not found or unable to stat
[Sat Sep 14 15:12:09.688933 2024] [php:error] [pid 2718852:tid 2718852] [client 40.113.88.139:3201] script '/home/havcofoods.com/www/sidwso.php' not found or unable to stat
[Sat Sep 14 15:12:09.740412 2024] [php:error] [pid 2718852:tid 2718852] [client 40.113.88.139:3201] script '/home/havcofoods.com/www/swvhvgnq.php' not found or unable to stat
[Sat Sep 14 15:12:09.791815 2024] [php:error] [pid 2718852:tid 2718852] [client 40.113.88.139:3201] script '/home/havcofoods.com/www/cmd.php' not found or unable to stat
[Sat Sep 14 15:12:09.843243 2024] [php:error] [pid 2718852:tid 2718852] [client 40.113.88.139:3201] script '/home/havcofoods.com/www/gawean.php' not found or unable to stat
[Sat Sep 14 15:12:09.894671 2024] [php:error] [pid 2718852:tid 2718852] [client 40.113.88.139:3201] script '/home/havcofoods.com/www/CasperExV1.php' not found or unable to stat
[Sat Sep 14 15:12:09.946516 2024] [php:error] [pid 2718852:tid 2718852] [client 40.113.88.139:3201] script '/home/havcofoods.com/www/0z.php' not found or unable to stat
[Sat Sep 14 15:12:09.998652 2024] [php:error] [pid 2718852:tid 2718852] [client 40.113.88.139:3201] script '/home/havcofoods.com/www/adminfuns.php' not found or unable to stat
[Sat Sep 14 15:12:10.050550 2024] [php:error] [pid 2718852:tid 2718852] [client 40.113.88.139:3201] script '/home/havcofoods.com/www/log404.php' not found or unable to stat
[Sat Sep 14 15:12:10.113152 2024] [php:error] [pid 2718852:tid 2718852] [client 40.113.88.139:3201] script '/home/havcofoods.com/www/plugin.php' not found or unable to stat
[Sat Sep 14 15:12:10.164526 2024] [php:error] [pid 2718852:tid 2718852] [client 40.113.88.139:3201] script '/home/havcofoods.com/www/up.php' not found or unable to stat
[Sat Sep 14 15:12:10.223355 2024] [php:error] [pid 2718852:tid 2718852] [client 40.113.88.139:3201] script '/home/havcofoods.com/www/alpha.php' not found or unable to stat
[Sat Sep 14 15:12:10.274843 2024] [php:error] [pid 2718852:tid 2718852] [client 40.113.88.139:3201] script '/home/havcofoods.com/www/login.php' not found or unable to stat
[Sat Sep 14 15:12:10.326527 2024] [php:error] [pid 2718852:tid 2718852] [client 40.113.88.139:3201] script '/home/havcofoods.com/www/01.php' not found or unable to stat
[Sat Sep 14 15:12:10.377897 2024] [php:error] [pid 2718852:tid 2718852] [client 40.113.88.139:3201] script '/home/havcofoods.com/www/error_log.php' not found or unable to stat
[Sat Sep 14 15:12:10.428824 2024] [php:error] [pid 2718852:tid 2718852] [client 40.113.88.139:3201] script '/home/havcofoods.com/www/server.php' not found or unable to stat
[Sat Sep 14 15:12:10.479685 2024] [php:error] [pid 2718852:tid 2718852] [client 40.113.88.139:3201] script '/home/havcofoods.com/www/internet.php' not found or unable to stat
[Sat Sep 14 15:12:10.530826 2024] [php:error] [pid 2718852:tid 2718852] [client 40.113.88.139:3201] script '/home/havcofoods.com/www/m.php' not found or unable to stat
[Sat Sep 14 15:12:10.582247 2024] [php:error] [pid 2718852:tid 2718852] [client 40.113.88.139:3201] script '/home/havcofoods.com/www/blog.php' not found or unable to stat
[Sat Sep 14 15:12:10.633672 2024] [php:error] [pid 2718852:tid 2718852] [client 40.113.88.139:3201] script '/home/havcofoods.com/www/class.php' not found or unable to stat
[Sat Sep 14 15:12:10.685046 2024] [php:error] [pid 2718852:tid 2718852] [client 40.113.88.139:3201] script '/home/havcofoods.com/www/nhybelpl.php' not found or unable to stat
[Sat Sep 14 15:12:10.736307 2024] [php:error] [pid 2718852:tid 2718852] [client 40.113.88.139:3201] script '/home/havcofoods.com/www/upload_handler.php' not found or unable to stat
[Sat Sep 14 15:12:10.787800 2024] [php:error] [pid 2718852:tid 2718852] [client 40.113.88.139:3201] script '/home/havcofoods.com/www/1a895fa06f.php' not found or unable to stat
[Sat Sep 14 15:23:38.347883 2024] [php:error] [pid 2732998:tid 2732998] [client 13.79.226.168:13533] script '/home/havcofoods.com/www/info.php' not found or unable to stat
[Sat Sep 14 15:23:38.404935 2024] [php:error] [pid 2732998:tid 2732998] [client 13.79.226.168:13533] script '/home/havcofoods.com/www/wso112233.php' not found or unable to stat
[Sat Sep 14 15:23:38.455465 2024] [php:error] [pid 2732998:tid 2732998] [client 13.79.226.168:13533] script '/home/havcofoods.com/www/cjfuns.php' not found or unable to stat
[Sat Sep 14 15:23:38.506151 2024] [php:error] [pid 2732998:tid 2732998] [client 13.79.226.168:13533] script '/home/havcofoods.com/www/moddofuns.php' not found or unable to stat
[Sat Sep 14 15:23:38.556966 2024] [php:error] [pid 2732998:tid 2732998] [client 13.79.226.168:13533] script '/home/havcofoods.com/www/footer.php' not found or unable to stat
[Sat Sep 14 15:23:38.607547 2024] [php:error] [pid 2732998:tid 2732998] [client 13.79.226.168:13533] script '/home/havcofoods.com/www/f0x.php' not found or unable to stat
[Sat Sep 14 15:23:38.658418 2024] [php:error] [pid 2732998:tid 2732998] [client 13.79.226.168:13533] script '/home/havcofoods.com/www/update.php' not found or unable to stat
[Sat Sep 14 15:23:38.709156 2024] [php:error] [pid 2732998:tid 2732998] [client 13.79.226.168:13533] script '/home/havcofoods.com/www/ssl.php' not found or unable to stat
[Sat Sep 14 15:23:38.764585 2024] [php:error] [pid 2732998:tid 2732998] [client 13.79.226.168:13533] script '/home/havcofoods.com/www/thumbs.php' not found or unable to stat
[Sat Sep 14 15:23:38.815297 2024] [php:error] [pid 2732998:tid 2732998] [client 13.79.226.168:13533] script '/home/havcofoods.com/www/ok.php' not found or unable to stat
[Sat Sep 14 15:23:38.871947 2024] [php:error] [pid 2732998:tid 2732998] [client 13.79.226.168:13533] script '/home/havcofoods.com/www/border.php' not found or unable to stat
[Sat Sep 14 15:23:38.922641 2024] [php:error] [pid 2732998:tid 2732998] [client 13.79.226.168:13533] script '/home/havcofoods.com/www/jasmine.php' not found or unable to stat
[Sat Sep 14 15:23:38.973341 2024] [php:error] [pid 2732998:tid 2732998] [client 13.79.226.168:13533] script '/home/havcofoods.com/www/images.php' not found or unable to stat
[Sat Sep 14 15:23:39.024014 2024] [php:error] [pid 2732998:tid 2732998] [client 13.79.226.168:13533] script '/home/havcofoods.com/www/geju.php' not found or unable to stat
[Sat Sep 14 15:23:39.074681 2024] [php:error] [pid 2732998:tid 2732998] [client 13.79.226.168:13533] script '/home/havcofoods.com/www/woh.php' not found or unable to stat
[Sat Sep 14 15:23:39.125271 2024] [php:error] [pid 2732998:tid 2732998] [client 13.79.226.168:13533] script '/home/havcofoods.com/www/janxbqzr.php' not found or unable to stat
[Sat Sep 14 15:23:39.175881 2024] [php:error] [pid 2732998:tid 2732998] [client 13.79.226.168:13533] script '/home/havcofoods.com/www/shellv3.php' not found or unable to stat
[Sat Sep 14 15:23:39.226488 2024] [php:error] [pid 2732998:tid 2732998] [client 13.79.226.168:13533] script '/home/havcofoods.com/www/widgets.php' not found or unable to stat
[Sat Sep 14 15:23:39.289794 2024] [php:error] [pid 2732998:tid 2732998] [client 13.79.226.168:13533] script '/home/havcofoods.com/www/bypass.php' not found or unable to stat
[Sat Sep 14 15:23:39.340545 2024] [php:error] [pid 2732998:tid 2732998] [client 13.79.226.168:13533] script '/home/havcofoods.com/www/sxx.php' not found or unable to stat
[Sat Sep 14 15:23:39.391267 2024] [php:error] [pid 2732998:tid 2732998] [client 13.79.226.168:13533] script '/home/havcofoods.com/www/sgd.php' not found or unable to stat
[Sat Sep 14 15:23:39.441869 2024] [php:error] [pid 2732998:tid 2732998] [client 13.79.226.168:13533] script '/home/havcofoods.com/www/epinyins.php' not found or unable to stat
[Sat Sep 14 15:23:39.497423 2024] [php:error] [pid 2732998:tid 2732998] [client 13.79.226.168:13533] script '/home/havcofoods.com/www/udd.php' not found or unable to stat
[Sat Sep 14 15:23:39.548153 2024] [php:error] [pid 2732998:tid 2732998] [client 13.79.226.168:13533] script '/home/havcofoods.com/www/1975Team.php' not found or unable to stat
[Sat Sep 14 15:23:39.598863 2024] [php:error] [pid 2732998:tid 2732998] [client 13.79.226.168:13533] script '/home/havcofoods.com/www/gkiliuew.php' not found or unable to stat
[Sat Sep 14 15:23:39.651682 2024] [php:error] [pid 2732998:tid 2732998] [client 13.79.226.168:13533] script '/home/havcofoods.com/www/uploader.php' not found or unable to stat
[Sat Sep 14 15:23:39.705691 2024] [php:error] [pid 2732998:tid 2732998] [client 13.79.226.168:13533] script '/home/havcofoods.com/www/wp_blog.php' not found or unable to stat
[Sat Sep 14 15:23:39.756298 2024] [php:error] [pid 2732998:tid 2732998] [client 13.79.226.168:13533] script '/home/havcofoods.com/www/blkaabkj.php' not found or unable to stat
[Sat Sep 14 15:23:39.806916 2024] [php:error] [pid 2732998:tid 2732998] [client 13.79.226.168:13533] script '/home/havcofoods.com/www/wpx.php' not found or unable to stat
[Sat Sep 14 15:23:39.858079 2024] [php:error] [pid 2732998:tid 2732998] [client 13.79.226.168:13533] script '/home/havcofoods.com/www/13.php' not found or unable to stat
[Sat Sep 14 15:23:39.909024 2024] [php:error] [pid 2732998:tid 2732998] [client 13.79.226.168:13533] script '/home/havcofoods.com/www/ejcprgdy.php' not found or unable to stat
[Sat Sep 14 15:23:39.960565 2024] [php:error] [pid 2732998:tid 2732998] [client 13.79.226.168:13533] script '/home/havcofoods.com/www/priv.php' not found or unable to stat
[Sat Sep 14 15:23:40.011178 2024] [php:error] [pid 2732998:tid 2732998] [client 13.79.226.168:13533] script '/home/havcofoods.com/www/feedback.php' not found or unable to stat
[Sat Sep 14 15:23:40.063959 2024] [php:error] [pid 2732998:tid 2732998] [client 13.79.226.168:13533] script '/home/havcofoods.com/www/bek.php' not found or unable to stat
[Sat Sep 14 15:23:40.114634 2024] [php:error] [pid 2732998:tid 2732998] [client 13.79.226.168:13533] script '/home/havcofoods.com/www/default.php' not found or unable to stat
[Sat Sep 14 15:23:40.166738 2024] [php:error] [pid 2732998:tid 2732998] [client 13.79.226.168:13533] script '/home/havcofoods.com/www/unix.php' not found or unable to stat
[Sat Sep 14 15:23:40.217440 2024] [php:error] [pid 2732998:tid 2732998] [client 13.79.226.168:13533] script '/home/havcofoods.com/www/old.php' not found or unable to stat
[Sat Sep 14 15:23:40.280420 2024] [php:error] [pid 2732998:tid 2732998] [client 13.79.226.168:13533] script '/home/havcofoods.com/www/browse.php' not found or unable to stat
[Sat Sep 14 15:23:40.330930 2024] [php:error] [pid 2732998:tid 2732998] [client 13.79.226.168:13533] script '/home/havcofoods.com/www/temdbypv.php' not found or unable to stat
[Sat Sep 14 15:23:40.381401 2024] [php:error] [pid 2732998:tid 2732998] [client 13.79.226.168:13533] script '/home/havcofoods.com/www/cp.php' not found or unable to stat
[Sat Sep 14 15:23:40.432233 2024] [php:error] [pid 2732998:tid 2732998] [client 13.79.226.168:13533] script '/home/havcofoods.com/www/xp.php' not found or unable to stat
[Sat Sep 14 15:23:40.482869 2024] [php:error] [pid 2732998:tid 2732998] [client 13.79.226.168:13533] script '/home/havcofoods.com/www/module.tag.id3v3.php' not found or unable to stat
[Sat Sep 14 15:23:40.543621 2024] [php:error] [pid 2732998:tid 2732998] [client 13.79.226.168:13533] script '/home/havcofoods.com/www/img.php' not found or unable to stat
[Sat Sep 14 15:23:40.594167 2024] [php:error] [pid 2732998:tid 2732998] [client 13.79.226.168:13533] script '/home/havcofoods.com/www/moderation.php' not found or unable to stat
[Sat Sep 14 15:23:40.664925 2024] [php:error] [pid 2732998:tid 2732998] [client 13.79.226.168:13533] script '/home/havcofoods.com/www/app.php' not found or unable to stat
[Sat Sep 14 15:23:40.715338 2024] [php:error] [pid 2732998:tid 2732998] [client 13.79.226.168:13533] script '/home/havcofoods.com/www/wp.php' not found or unable to stat
[Sat Sep 14 15:23:40.765964 2024] [php:error] [pid 2732998:tid 2732998] [client 13.79.226.168:13533] script '/home/havcofoods.com/www/class_api.php' not found or unable to stat
[Sat Sep 14 15:23:40.816546 2024] [php:error] [pid 2732998:tid 2732998] [client 13.79.226.168:13533] script '/home/havcofoods.com/www/baja.php' not found or unable to stat
[Sat Sep 14 15:23:40.867190 2024] [php:error] [pid 2732998:tid 2732998] [client 13.79.226.168:13533] script '/home/havcofoods.com/www/mail.php' not found or unable to stat
[Sat Sep 14 15:23:40.918532 2024] [php:error] [pid 2732998:tid 2732998] [client 13.79.226.168:13533] script '/home/havcofoods.com/www/ty.php' not found or unable to stat
[Sat Sep 14 15:23:40.969104 2024] [php:error] [pid 2732998:tid 2732998] [client 13.79.226.168:13533] script '/home/havcofoods.com/www/tmpls.php' not found or unable to stat
[Sat Sep 14 15:23:41.019640 2024] [php:error] [pid 2732998:tid 2732998] [client 13.79.226.168:13533] script '/home/havcofoods.com/www/sts.php' not found or unable to stat
[Sat Sep 14 15:23:41.070198 2024] [php:error] [pid 2732998:tid 2732998] [client 13.79.226.168:13533] script '/home/havcofoods.com/www/tazmztja.php' not found or unable to stat
[Sat Sep 14 15:23:41.120664 2024] [php:error] [pid 2732998:tid 2732998] [client 13.79.226.168:13533] script '/home/havcofoods.com/www/ethwwuzd.php' not found or unable to stat
[Sat Sep 14 15:23:41.171609 2024] [php:error] [pid 2732998:tid 2732998] [client 13.79.226.168:13533] script '/home/havcofoods.com/www/goat1.php' not found or unable to stat
[Sat Sep 14 15:23:41.222607 2024] [php:error] [pid 2732998:tid 2732998] [client 13.79.226.168:13533] script '/home/havcofoods.com/www/7ayddz.php' not found or unable to stat
[Sat Sep 14 15:23:41.281467 2024] [php:error] [pid 2732998:tid 2732998] [client 13.79.226.168:13533] script '/home/havcofoods.com/www/qaivbilq.php' not found or unable to stat
[Sat Sep 14 15:23:41.333062 2024] [php:error] [pid 2732998:tid 2732998] [client 13.79.226.168:13533] script '/home/havcofoods.com/www/cwianpri.php' not found or unable to stat
[Sat Sep 14 15:23:41.386432 2024] [php:error] [pid 2732998:tid 2732998] [client 13.79.226.168:13533] script '/home/havcofoods.com/www/iwpairbj.php' not found or unable to stat
[Sat Sep 14 15:23:41.437498 2024] [php:error] [pid 2732998:tid 2732998] [client 13.79.226.168:13533] script '/home/havcofoods.com/www/html.php' not found or unable to stat
[Sat Sep 14 15:23:41.489124 2024] [php:error] [pid 2732998:tid 2732998] [client 13.79.226.168:13533] script '/home/havcofoods.com/www/post.php' not found or unable to stat
[Sat Sep 14 15:23:41.540030 2024] [php:error] [pid 2732998:tid 2732998] [client 13.79.226.168:13533] script '/home/havcofoods.com/www/gif.php' not found or unable to stat
[Sat Sep 14 15:23:41.596525 2024] [php:error] [pid 2732998:tid 2732998] [client 13.79.226.168:13533] script '/home/havcofoods.com/www/gfwisone.php' not found or unable to stat
[Sat Sep 14 15:23:41.647528 2024] [php:error] [pid 2732998:tid 2732998] [client 13.79.226.168:13533] script '/home/havcofoods.com/www/init.php' not found or unable to stat
[Sat Sep 14 15:23:41.698548 2024] [php:error] [pid 2732998:tid 2732998] [client 13.79.226.168:13533] script '/home/havcofoods.com/www/ioxi02.php' not found or unable to stat
[Sat Sep 14 15:23:41.751053 2024] [php:error] [pid 2732998:tid 2732998] [client 13.79.226.168:13533] script '/home/havcofoods.com/www/mtzrkdea.php' not found or unable to stat
[Sat Sep 14 15:23:41.802035 2024] [php:error] [pid 2732998:tid 2732998] [client 13.79.226.168:13533] script '/home/havcofoods.com/www/438788106...php' not found or unable to stat
[Sat Sep 14 15:23:41.856064 2024] [php:error] [pid 2732998:tid 2732998] [client 13.79.226.168:13533] script '/home/havcofoods.com/www/crop.php' not found or unable to stat
[Sat Sep 14 15:23:41.908030 2024] [php:error] [pid 2732998:tid 2732998] [client 13.79.226.168:13533] script '/home/havcofoods.com/www/TNT.php' not found or unable to stat
[Sat Sep 14 15:23:41.958624 2024] [php:error] [pid 2732998:tid 2732998] [client 13.79.226.168:13533] script '/home/havcofoods.com/www/option.php' not found or unable to stat
[Sat Sep 14 15:23:42.010101 2024] [php:error] [pid 2732998:tid 2732998] [client 13.79.226.168:13533] script '/home/havcofoods.com/www/main.php' not found or unable to stat
[Sat Sep 14 15:23:42.061118 2024] [php:error] [pid 2732998:tid 2732998] [client 13.79.226.168:13533] script '/home/havcofoods.com/www/1975.php' not found or unable to stat
[Sat Sep 14 15:23:42.115207 2024] [php:error] [pid 2732998:tid 2732998] [client 13.79.226.168:13533] script '/home/havcofoods.com/www/7.php' not found or unable to stat
[Sat Sep 14 15:23:42.166509 2024] [php:error] [pid 2732998:tid 2732998] [client 13.79.226.168:13533] script '/home/havcofoods.com/www/scajbkbp.php' not found or unable to stat
[Sat Sep 14 15:23:42.229053 2024] [php:error] [pid 2732998:tid 2732998] [client 13.79.226.168:13533] script '/home/havcofoods.com/www/indeex.php' not found or unable to stat
[Sat Sep 14 15:34:31.032071 2024] [php:error] [pid 2746218:tid 2746218] [client 52.169.220.93:1571] script '/home/havcofoods.com/www/ase.php' not found or unable to stat
[Sat Sep 14 15:34:31.084198 2024] [php:error] [pid 2746218:tid 2746218] [client 52.169.220.93:1571] script '/home/havcofoods.com/www/rbzccnnp.php' not found or unable to stat
[Sat Sep 14 15:34:31.134611 2024] [php:error] [pid 2746218:tid 2746218] [client 52.169.220.93:1571] script '/home/havcofoods.com/www/S7fHiMZBUg1.php' not found or unable to stat
[Sat Sep 14 15:34:31.184884 2024] [php:error] [pid 2746218:tid 2746218] [client 52.169.220.93:1571] script '/home/havcofoods.com/www/core.php' not found or unable to stat
[Sat Sep 14 15:34:31.252049 2024] [php:error] [pid 2746218:tid 2746218] [client 52.169.220.93:1571] script '/home/havcofoods.com/www/error_log_1210678535.php' not found or unable to stat
[Sat Sep 14 15:34:31.302468 2024] [php:error] [pid 2746218:tid 2746218] [client 52.169.220.93:1571] script '/home/havcofoods.com/www/don.php' not found or unable to stat
[Sat Sep 14 15:34:31.360627 2024] [php:error] [pid 2746218:tid 2746218] [client 52.169.220.93:1571] script '/home/havcofoods.com/www/configs.php' not found or unable to stat
[Sat Sep 14 15:34:31.411314 2024] [php:error] [pid 2746218:tid 2746218] [client 52.169.220.93:1571] script '/home/havcofoods.com/www/lib.php' not found or unable to stat
[Sat Sep 14 15:34:31.463031 2024] [php:error] [pid 2746218:tid 2746218] [client 52.169.220.93:1571] script '/home/havcofoods.com/www/ayk.php' not found or unable to stat
[Sat Sep 14 15:34:31.513380 2024] [php:error] [pid 2746218:tid 2746218] [client 52.169.220.93:1571] script '/home/havcofoods.com/www/form.php' not found or unable to stat
[Sat Sep 14 15:34:31.564799 2024] [php:error] [pid 2746218:tid 2746218] [client 52.169.220.93:1571] script '/home/havcofoods.com/www/qw.php' not found or unable to stat
[Sat Sep 14 15:34:31.615615 2024] [php:error] [pid 2746218:tid 2746218] [client 52.169.220.93:1571] script '/home/havcofoods.com/www/xmlrpc.php' not found or unable to stat
[Sat Sep 14 15:34:31.666080 2024] [php:error] [pid 2746218:tid 2746218] [client 52.169.220.93:1571] script '/home/havcofoods.com/www/google.php' not found or unable to stat
[Sat Sep 14 15:34:31.716524 2024] [php:error] [pid 2746218:tid 2746218] [client 52.169.220.93:1571] script '/home/havcofoods.com/www/php.php' not found or unable to stat
[Sat Sep 14 15:34:31.766921 2024] [php:error] [pid 2746218:tid 2746218] [client 52.169.220.93:1571] script '/home/havcofoods.com/www/fw.php' not found or unable to stat
[Sat Sep 14 15:34:31.828743 2024] [php:error] [pid 2746218:tid 2746218] [client 52.169.220.93:1571] script '/home/havcofoods.com/www/aged.php' not found or unable to stat
[Sat Sep 14 15:34:31.879049 2024] [php:error] [pid 2746218:tid 2746218] [client 52.169.220.93:1571] script '/home/havcofoods.com/www/product.php' not found or unable to stat
[Sat Sep 14 15:34:31.929837 2024] [php:error] [pid 2746218:tid 2746218] [client 52.169.220.93:1571] script '/home/havcofoods.com/www/marijuana.php' not found or unable to stat
[Sat Sep 14 15:34:31.980208 2024] [php:error] [pid 2746218:tid 2746218] [client 52.169.220.93:1571] script '/home/havcofoods.com/www/0x.php' not found or unable to stat
[Sat Sep 14 15:34:32.031151 2024] [php:error] [pid 2746218:tid 2746218] [client 52.169.220.93:1571] script '/home/havcofoods.com/www/qqzqflcv.php' not found or unable to stat
[Sat Sep 14 15:34:32.081597 2024] [php:error] [pid 2746218:tid 2746218] [client 52.169.220.93:1571] script '/home/havcofoods.com/www/aa.php' not found or unable to stat
[Sat Sep 14 15:34:32.132118 2024] [php:error] [pid 2746218:tid 2746218] [client 52.169.220.93:1571] script '/home/havcofoods.com/www/r3x.php' not found or unable to stat
[Sat Sep 14 15:34:32.182698 2024] [php:error] [pid 2746218:tid 2746218] [client 52.169.220.93:1571] script '/home/havcofoods.com/www/bmccxior.php' not found or unable to stat
[Sat Sep 14 15:34:32.236304 2024] [php:error] [pid 2746218:tid 2746218] [client 52.169.220.93:1571] script '/home/havcofoods.com/www/blkqvmih.php' not found or unable to stat
[Sat Sep 14 15:34:32.287729 2024] [php:error] [pid 2746218:tid 2746218] [client 52.169.220.93:1571] script '/home/havcofoods.com/www/lofmebwd.php' not found or unable to stat
[Sat Sep 14 15:34:32.338154 2024] [php:error] [pid 2746218:tid 2746218] [client 52.169.220.93:1571] script '/home/havcofoods.com/www/bs1.php' not found or unable to stat
[Sat Sep 14 15:34:32.388640 2024] [php:error] [pid 2746218:tid 2746218] [client 52.169.220.93:1571] script '/home/havcofoods.com/www/gecko.php' not found or unable to stat
[Sat Sep 14 15:34:32.390686 2024] [php:error] [pid 2745854:tid 2745854] [client 13.79.91.95:12861] script '/home/havcofoods.com/www/ase.php' not found or unable to stat
[Sat Sep 14 15:34:32.438992 2024] [php:error] [pid 2746218:tid 2746218] [client 52.169.220.93:1571] script '/home/havcofoods.com/www/vv.php' not found or unable to stat
[Sat Sep 14 15:34:32.441191 2024] [php:error] [pid 2745854:tid 2745854] [client 13.79.91.95:12861] script '/home/havcofoods.com/www/rbzccnnp.php' not found or unable to stat
[Sat Sep 14 15:34:32.489306 2024] [php:error] [pid 2746218:tid 2746218] [client 52.169.220.93:1571] script '/home/havcofoods.com/www/src_api.php' not found or unable to stat
[Sat Sep 14 15:34:32.491767 2024] [php:error] [pid 2745854:tid 2745854] [client 13.79.91.95:12861] script '/home/havcofoods.com/www/S7fHiMZBUg1.php' not found or unable to stat
[Sat Sep 14 15:34:32.539702 2024] [php:error] [pid 2746218:tid 2746218] [client 52.169.220.93:1571] script '/home/havcofoods.com/www/filefuns.php' not found or unable to stat
[Sat Sep 14 15:34:32.542268 2024] [php:error] [pid 2745854:tid 2745854] [client 13.79.91.95:12861] script '/home/havcofoods.com/www/core.php' not found or unable to stat
[Sat Sep 14 15:34:32.590156 2024] [php:error] [pid 2746218:tid 2746218] [client 52.169.220.93:1571] script '/home/havcofoods.com/www/error_exception.php' not found or unable to stat
[Sat Sep 14 15:34:32.592769 2024] [php:error] [pid 2745854:tid 2745854] [client 13.79.91.95:12861] script '/home/havcofoods.com/www/error_log_1210678535.php' not found or unable to stat
[Sat Sep 14 15:34:32.641040 2024] [php:error] [pid 2746218:tid 2746218] [client 52.169.220.93:1571] script '/home/havcofoods.com/www/top.php' not found or unable to stat
[Sat Sep 14 15:34:32.643443 2024] [php:error] [pid 2745854:tid 2745854] [client 13.79.91.95:12861] script '/home/havcofoods.com/www/don.php' not found or unable to stat
[Sat Sep 14 15:34:32.691535 2024] [php:error] [pid 2746218:tid 2746218] [client 52.169.220.93:1571] script '/home/havcofoods.com/www/Newsupway.php' not found or unable to stat
[Sat Sep 14 15:34:32.693932 2024] [php:error] [pid 2745854:tid 2745854] [client 13.79.91.95:12861] script '/home/havcofoods.com/www/configs.php' not found or unable to stat
[Sat Sep 14 15:34:32.741931 2024] [php:error] [pid 2746218:tid 2746218] [client 52.169.220.93:1571] script '/home/havcofoods.com/www/f.php' not found or unable to stat
[Sat Sep 14 15:34:32.744479 2024] [php:error] [pid 2745854:tid 2745854] [client 13.79.91.95:12861] script '/home/havcofoods.com/www/lib.php' not found or unable to stat
[Sat Sep 14 15:34:32.792346 2024] [php:error] [pid 2746218:tid 2746218] [client 52.169.220.93:1571] script '/home/havcofoods.com/www/xml.php' not found or unable to stat
[Sat Sep 14 15:34:32.795650 2024] [php:error] [pid 2745854:tid 2745854] [client 13.79.91.95:12861] script '/home/havcofoods.com/www/ayk.php' not found or unable to stat
[Sat Sep 14 15:34:32.844197 2024] [php:error] [pid 2746218:tid 2746218] [client 52.169.220.93:1571] script '/home/havcofoods.com/www/aks.php' not found or unable to stat
[Sat Sep 14 15:34:32.850484 2024] [php:error] [pid 2745854:tid 2745854] [client 13.79.91.95:12861] script '/home/havcofoods.com/www/form.php' not found or unable to stat
[Sat Sep 14 15:34:32.897163 2024] [php:error] [pid 2746218:tid 2746218] [client 52.169.220.93:1571] script '/home/havcofoods.com/www/menu.php' not found or unable to stat
[Sat Sep 14 15:34:32.901303 2024] [php:error] [pid 2745854:tid 2745854] [client 13.79.91.95:12861] script '/home/havcofoods.com/www/qw.php' not found or unable to stat
[Sat Sep 14 15:34:32.948993 2024] [php:error] [pid 2746218:tid 2746218] [client 52.169.220.93:1571] script '/home/havcofoods.com/www/gh.php' not found or unable to stat
[Sat Sep 14 15:34:32.951977 2024] [php:error] [pid 2745854:tid 2745854] [client 13.79.91.95:12861] script '/home/havcofoods.com/www/xmlrpc.php' not found or unable to stat
[Sat Sep 14 15:34:33.000688 2024] [php:error] [pid 2746218:tid 2746218] [client 52.169.220.93:1571] script '/home/havcofoods.com/www/max.php' not found or unable to stat
[Sat Sep 14 15:34:33.002465 2024] [php:error] [pid 2745854:tid 2745854] [client 13.79.91.95:12861] script '/home/havcofoods.com/www/google.php' not found or unable to stat
[Sat Sep 14 15:34:33.051507 2024] [php:error] [pid 2746218:tid 2746218] [client 52.169.220.93:1571] script '/home/havcofoods.com/www/comdofuns.php' not found or unable to stat
[Sat Sep 14 15:34:33.052967 2024] [php:error] [pid 2745854:tid 2745854] [client 13.79.91.95:12861] script '/home/havcofoods.com/www/php.php' not found or unable to stat
[Sat Sep 14 15:34:33.101890 2024] [php:error] [pid 2746218:tid 2746218] [client 52.169.220.93:1571] script '/home/havcofoods.com/www/jgvfdaum.php' not found or unable to stat
[Sat Sep 14 15:34:33.103493 2024] [php:error] [pid 2745854:tid 2745854] [client 13.79.91.95:12861] script '/home/havcofoods.com/www/fw.php' not found or unable to stat
[Sat Sep 14 15:34:33.152217 2024] [php:error] [pid 2746218:tid 2746218] [client 52.169.220.93:1571] script '/home/havcofoods.com/www/blkcdojh.php' not found or unable to stat
[Sat Sep 14 15:34:33.165220 2024] [php:error] [pid 2745854:tid 2745854] [client 13.79.91.95:12861] script '/home/havcofoods.com/www/aged.php' not found or unable to stat
[Sat Sep 14 15:34:33.203306 2024] [php:error] [pid 2746218:tid 2746218] [client 52.169.220.93:1571] script '/home/havcofoods.com/www/batm.php' not found or unable to stat
[Sat Sep 14 15:34:33.216223 2024] [php:error] [pid 2745854:tid 2745854] [client 13.79.91.95:12861] script '/home/havcofoods.com/www/product.php' not found or unable to stat
[Sat Sep 14 15:34:33.253534 2024] [php:error] [pid 2746218:tid 2746218] [client 52.169.220.93:1571] script '/home/havcofoods.com/www/vcard.php' not found or unable to stat
[Sat Sep 14 15:34:33.266720 2024] [php:error] [pid 2745854:tid 2745854] [client 13.79.91.95:12861] script '/home/havcofoods.com/www/marijuana.php' not found or unable to stat
[Sat Sep 14 15:34:33.303846 2024] [php:error] [pid 2746218:tid 2746218] [client 52.169.220.93:1571] script '/home/havcofoods.com/www/pvqrognt.php' not found or unable to stat
[Sat Sep 14 15:34:33.317842 2024] [php:error] [pid 2745854:tid 2745854] [client 13.79.91.95:12861] script '/home/havcofoods.com/www/0x.php' not found or unable to stat
[Sat Sep 14 15:34:33.354167 2024] [php:error] [pid 2746218:tid 2746218] [client 52.169.220.93:1571] script '/home/havcofoods.com/www/authorize.php' not found or unable to stat
[Sat Sep 14 15:34:33.368544 2024] [php:error] [pid 2745854:tid 2745854] [client 13.79.91.95:12861] script '/home/havcofoods.com/www/qqzqflcv.php' not found or unable to stat
[Sat Sep 14 15:34:33.404449 2024] [php:error] [pid 2746218:tid 2746218] [client 52.169.220.93:1571] script '/home/havcofoods.com/www/dir.php' not found or unable to stat
[Sat Sep 14 15:34:33.420174 2024] [php:error] [pid 2745854:tid 2745854] [client 13.79.91.95:12861] script '/home/havcofoods.com/www/aa.php' not found or unable to stat
[Sat Sep 14 15:34:33.454709 2024] [php:error] [pid 2746218:tid 2746218] [client 52.169.220.93:1571] script '/home/havcofoods.com/www/rgcoqcmw.php' not found or unable to stat
[Sat Sep 14 15:34:33.470836 2024] [php:error] [pid 2745854:tid 2745854] [client 13.79.91.95:12861] script '/home/havcofoods.com/www/r3x.php' not found or unable to stat
[Sat Sep 14 15:34:33.505197 2024] [php:error] [pid 2746218:tid 2746218] [client 52.169.220.93:1571] script '/home/havcofoods.com/www/123.php' not found or unable to stat
[Sat Sep 14 15:34:33.521461 2024] [php:error] [pid 2745854:tid 2745854] [client 13.79.91.95:12861] script '/home/havcofoods.com/www/bmccxior.php' not found or unable to stat
[Sat Sep 14 15:34:33.556451 2024] [php:error] [pid 2746218:tid 2746218] [client 52.169.220.93:1571] script '/home/havcofoods.com/www/customize.php' not found or unable to stat
[Sat Sep 14 15:34:33.572138 2024] [php:error] [pid 2745854:tid 2745854] [client 13.79.91.95:12861] script '/home/havcofoods.com/www/blkqvmih.php' not found or unable to stat
[Sat Sep 14 15:34:33.606736 2024] [php:error] [pid 2746218:tid 2746218] [client 52.169.220.93:1571] script '/home/havcofoods.com/www/chtmlfuns.php' not found or unable to stat
[Sat Sep 14 15:34:33.634876 2024] [php:error] [pid 2745854:tid 2745854] [client 13.79.91.95:12861] script '/home/havcofoods.com/www/lofmebwd.php' not found or unable to stat
[Sat Sep 14 15:34:33.662640 2024] [php:error] [pid 2746218:tid 2746218] [client 52.169.220.93:1571] script '/home/havcofoods.com/www/b374k.php' not found or unable to stat
[Sat Sep 14 15:34:33.686773 2024] [php:error] [pid 2745854:tid 2745854] [client 13.79.91.95:12861] script '/home/havcofoods.com/www/bs1.php' not found or unable to stat
[Sat Sep 14 15:34:33.713775 2024] [php:error] [pid 2746218:tid 2746218] [client 52.169.220.93:1571] script '/home/havcofoods.com/www/newsr.php' not found or unable to stat
[Sat Sep 14 15:34:33.739416 2024] [php:error] [pid 2745854:tid 2745854] [client 13.79.91.95:12861] script '/home/havcofoods.com/www/gecko.php' not found or unable to stat
[Sat Sep 14 15:34:33.765637 2024] [php:error] [pid 2746218:tid 2746218] [client 52.169.220.93:1571] script '/home/havcofoods.com/www/profile.php' not found or unable to stat
[Sat Sep 14 15:34:33.790067 2024] [php:error] [pid 2745854:tid 2745854] [client 13.79.91.95:12861] script '/home/havcofoods.com/www/vv.php' not found or unable to stat
[Sat Sep 14 15:34:33.815879 2024] [php:error] [pid 2746218:tid 2746218] [client 52.169.220.93:1571] script '/home/havcofoods.com/www/kwggvpup.php' not found or unable to stat
[Sat Sep 14 15:34:33.840704 2024] [php:error] [pid 2745854:tid 2745854] [client 13.79.91.95:12861] script '/home/havcofoods.com/www/src_api.php' not found or unable to stat
[Sat Sep 14 15:34:33.866169 2024] [php:error] [pid 2746218:tid 2746218] [client 52.169.220.93:1571] script '/home/havcofoods.com/www/nf_tracking.php' not found or unable to stat
[Sat Sep 14 15:34:33.891334 2024] [php:error] [pid 2745854:tid 2745854] [client 13.79.91.95:12861] script '/home/havcofoods.com/www/filefuns.php' not found or unable to stat
[Sat Sep 14 15:34:33.916421 2024] [php:error] [pid 2746218:tid 2746218] [client 52.169.220.93:1571] script '/home/havcofoods.com/www/mart.php' not found or unable to stat
[Sat Sep 14 15:34:33.942105 2024] [php:error] [pid 2745854:tid 2745854] [client 13.79.91.95:12861] script '/home/havcofoods.com/www/error_exception.php' not found or unable to stat
[Sat Sep 14 15:34:33.966771 2024] [php:error] [pid 2746218:tid 2746218] [client 52.169.220.93:1571] script '/home/havcofoods.com/www/comfunctions.php' not found or unable to stat
[Sat Sep 14 15:34:33.993136 2024] [php:error] [pid 2745854:tid 2745854] [client 13.79.91.95:12861] script '/home/havcofoods.com/www/top.php' not found or unable to stat
[Sat Sep 14 15:34:34.025006 2024] [php:error] [pid 2746218:tid 2746218] [client 52.169.220.93:1571] script '/home/havcofoods.com/www/yrfjzewo.php' not found or unable to stat
[Sat Sep 14 15:34:34.053582 2024] [php:error] [pid 2745854:tid 2745854] [client 13.79.91.95:12861] script '/home/havcofoods.com/www/Newsupway.php' not found or unable to stat
[Sat Sep 14 15:34:34.076454 2024] [php:error] [pid 2746218:tid 2746218] [client 52.169.220.93:1571] script '/home/havcofoods.com/www/kbuedkwu.php' not found or unable to stat
[Sat Sep 14 15:34:34.104212 2024] [php:error] [pid 2745854:tid 2745854] [client 13.79.91.95:12861] script '/home/havcofoods.com/www/f.php' not found or unable to stat
[Sat Sep 14 15:34:34.126664 2024] [php:error] [pid 2746218:tid 2746218] [client 52.169.220.93:1571] script '/home/havcofoods.com/www/source.php' not found or unable to stat
[Sat Sep 14 15:34:34.154833 2024] [php:error] [pid 2745854:tid 2745854] [client 13.79.91.95:12861] script '/home/havcofoods.com/www/xml.php' not found or unable to stat
[Sat Sep 14 15:34:34.178628 2024] [php:error] [pid 2746218:tid 2746218] [client 52.169.220.93:1571] script '/home/havcofoods.com/www/gncfqygn.php' not found or unable to stat
[Sat Sep 14 15:34:34.205370 2024] [php:error] [pid 2745854:tid 2745854] [client 13.79.91.95:12861] script '/home/havcofoods.com/www/aks.php' not found or unable to stat
[Sat Sep 14 15:34:34.228946 2024] [php:error] [pid 2746218:tid 2746218] [client 52.169.220.93:1571] script '/home/havcofoods.com/www/rendixd.php' not found or unable to stat
[Sat Sep 14 15:34:34.256974 2024] [php:error] [pid 2745854:tid 2745854] [client 13.79.91.95:12861] script '/home/havcofoods.com/www/menu.php' not found or unable to stat
[Sat Sep 14 15:34:34.279350 2024] [php:error] [pid 2746218:tid 2746218] [client 52.169.220.93:1571] script '/home/havcofoods.com/www/filter.php' not found or unable to stat
[Sat Sep 14 15:34:34.307985 2024] [php:error] [pid 2745854:tid 2745854] [client 13.79.91.95:12861] script '/home/havcofoods.com/www/gh.php' not found or unable to stat
[Sat Sep 14 15:34:34.331061 2024] [php:error] [pid 2746218:tid 2746218] [client 52.169.220.93:1571] script '/home/havcofoods.com/www/pi.php' not found or unable to stat
[Sat Sep 14 15:34:34.358603 2024] [php:error] [pid 2745854:tid 2745854] [client 13.79.91.95:12861] script '/home/havcofoods.com/www/max.php' not found or unable to stat
[Sat Sep 14 15:34:34.381491 2024] [php:error] [pid 2746218:tid 2746218] [client 52.169.220.93:1571] script '/home/havcofoods.com/www/content.php' not found or unable to stat
[Sat Sep 14 15:34:34.411065 2024] [php:error] [pid 2745854:tid 2745854] [client 13.79.91.95:12861] script '/home/havcofoods.com/www/comdofuns.php' not found or unable to stat
[Sat Sep 14 15:34:34.431908 2024] [php:error] [pid 2746218:tid 2746218] [client 52.169.220.93:1571] script '/home/havcofoods.com/www/inputs.php' not found or unable to stat
[Sat Sep 14 15:34:34.461651 2024] [php:error] [pid 2745854:tid 2745854] [client 13.79.91.95:12861] script '/home/havcofoods.com/www/jgvfdaum.php' not found or unable to stat
[Sat Sep 14 15:34:34.482276 2024] [php:error] [pid 2746218:tid 2746218] [client 52.169.220.93:1571] script '/home/havcofoods.com/www/ki1k.php' not found or unable to stat
[Sat Sep 14 15:34:34.512398 2024] [php:error] [pid 2745854:tid 2745854] [client 13.79.91.95:12861] script '/home/havcofoods.com/www/blkcdojh.php' not found or unable to stat
[Sat Sep 14 15:34:34.532645 2024] [php:error] [pid 2746218:tid 2746218] [client 52.169.220.93:1571] script '/home/havcofoods.com/www/tinyfilemanager.php' not found or unable to stat
[Sat Sep 14 15:34:34.562937 2024] [php:error] [pid 2745854:tid 2745854] [client 13.79.91.95:12861] script '/home/havcofoods.com/www/batm.php' not found or unable to stat
[Sat Sep 14 15:34:34.583395 2024] [php:error] [pid 2746218:tid 2746218] [client 52.169.220.93:1571] script '/home/havcofoods.com/www/gely.php' not found or unable to stat
[Sat Sep 14 15:34:34.615759 2024] [php:error] [pid 2745854:tid 2745854] [client 13.79.91.95:12861] script '/home/havcofoods.com/www/vcard.php' not found or unable to stat
[Sat Sep 14 15:34:34.633931 2024] [php:error] [pid 2746218:tid 2746218] [client 52.169.220.93:1571] script '/home/havcofoods.com/www/fig.php' not found or unable to stat
[Sat Sep 14 15:34:34.666227 2024] [php:error] [pid 2745854:tid 2745854] [client 13.79.91.95:12861] script '/home/havcofoods.com/www/pvqrognt.php' not found or unable to stat
[Sat Sep 14 15:34:34.684305 2024] [php:error] [pid 2746218:tid 2746218] [client 52.169.220.93:1571] script '/home/havcofoods.com/www/rlpc.php' not found or unable to stat
[Sat Sep 14 15:34:34.717178 2024] [php:error] [pid 2745854:tid 2745854] [client 13.79.91.95:12861] script '/home/havcofoods.com/www/authorize.php' not found or unable to stat
[Sat Sep 14 15:34:34.734612 2024] [php:error] [pid 2746218:tid 2746218] [client 52.169.220.93:1571] script '/home/havcofoods.com/www/filemanager.php' not found or unable to stat
[Sat Sep 14 15:34:34.767793 2024] [php:error] [pid 2745854:tid 2745854] [client 13.79.91.95:12861] script '/home/havcofoods.com/www/dir.php' not found or unable to stat
[Sat Sep 14 15:34:34.818845 2024] [php:error] [pid 2745854:tid 2745854] [client 13.79.91.95:12861] script '/home/havcofoods.com/www/rgcoqcmw.php' not found or unable to stat
[Sat Sep 14 15:34:34.869531 2024] [php:error] [pid 2745854:tid 2745854] [client 13.79.91.95:12861] script '/home/havcofoods.com/www/123.php' not found or unable to stat
[Sat Sep 14 15:34:34.920530 2024] [php:error] [pid 2745854:tid 2745854] [client 13.79.91.95:12861] script '/home/havcofoods.com/www/customize.php' not found or unable to stat
[Sat Sep 14 15:34:34.971074 2024] [php:error] [pid 2745854:tid 2745854] [client 13.79.91.95:12861] script '/home/havcofoods.com/www/chtmlfuns.php' not found or unable to stat
[Sat Sep 14 15:34:35.021618 2024] [php:error] [pid 2745854:tid 2745854] [client 13.79.91.95:12861] script '/home/havcofoods.com/www/b374k.php' not found or unable to stat
[Sat Sep 14 15:34:35.072344 2024] [php:error] [pid 2745854:tid 2745854] [client 13.79.91.95:12861] script '/home/havcofoods.com/www/newsr.php' not found or unable to stat
[Sat Sep 14 15:34:35.123340 2024] [php:error] [pid 2745854:tid 2745854] [client 13.79.91.95:12861] script '/home/havcofoods.com/www/profile.php' not found or unable to stat
[Sat Sep 14 15:34:35.173924 2024] [php:error] [pid 2745854:tid 2745854] [client 13.79.91.95:12861] script '/home/havcofoods.com/www/kwggvpup.php' not found or unable to stat
[Sat Sep 14 15:34:35.226957 2024] [php:error] [pid 2745854:tid 2745854] [client 13.79.91.95:12861] script '/home/havcofoods.com/www/nf_tracking.php' not found or unable to stat
[Sat Sep 14 15:34:35.277538 2024] [php:error] [pid 2745854:tid 2745854] [client 13.79.91.95:12861] script '/home/havcofoods.com/www/mart.php' not found or unable to stat
[Sat Sep 14 15:34:35.328118 2024] [php:error] [pid 2745854:tid 2745854] [client 13.79.91.95:12861] script '/home/havcofoods.com/www/comfunctions.php' not found or unable to stat
[Sat Sep 14 15:34:35.380875 2024] [php:error] [pid 2745854:tid 2745854] [client 13.79.91.95:12861] script '/home/havcofoods.com/www/yrfjzewo.php' not found or unable to stat
[Sat Sep 14 15:34:35.432120 2024] [php:error] [pid 2745854:tid 2745854] [client 13.79.91.95:12861] script '/home/havcofoods.com/www/kbuedkwu.php' not found or unable to stat
[Sat Sep 14 15:34:35.483425 2024] [php:error] [pid 2745854:tid 2745854] [client 13.79.91.95:12861] script '/home/havcofoods.com/www/source.php' not found or unable to stat
[Sat Sep 14 15:34:35.534061 2024] [php:error] [pid 2745854:tid 2745854] [client 13.79.91.95:12861] script '/home/havcofoods.com/www/gncfqygn.php' not found or unable to stat
[Sat Sep 14 15:34:35.586670 2024] [php:error] [pid 2745854:tid 2745854] [client 13.79.91.95:12861] script '/home/havcofoods.com/www/rendixd.php' not found or unable to stat
[Sat Sep 14 15:34:35.638583 2024] [php:error] [pid 2745854:tid 2745854] [client 13.79.91.95:12861] script '/home/havcofoods.com/www/filter.php' not found or unable to stat
[Sat Sep 14 15:34:35.689218 2024] [php:error] [pid 2745854:tid 2745854] [client 13.79.91.95:12861] script '/home/havcofoods.com/www/pi.php' not found or unable to stat
[Sat Sep 14 15:34:35.739916 2024] [php:error] [pid 2745854:tid 2745854] [client 13.79.91.95:12861] script '/home/havcofoods.com/www/content.php' not found or unable to stat
[Sat Sep 14 15:34:35.795709 2024] [php:error] [pid 2745854:tid 2745854] [client 13.79.91.95:12861] script '/home/havcofoods.com/www/inputs.php' not found or unable to stat
[Sat Sep 14 15:34:35.846358 2024] [php:error] [pid 2745854:tid 2745854] [client 13.79.91.95:12861] script '/home/havcofoods.com/www/ki1k.php' not found or unable to stat
[Sat Sep 14 15:34:35.897012 2024] [php:error] [pid 2745854:tid 2745854] [client 13.79.91.95:12861] script '/home/havcofoods.com/www/tinyfilemanager.php' not found or unable to stat
[Sat Sep 14 15:34:35.947610 2024] [php:error] [pid 2745854:tid 2745854] [client 13.79.91.95:12861] script '/home/havcofoods.com/www/gely.php' not found or unable to stat
[Sat Sep 14 15:34:35.998365 2024] [php:error] [pid 2745854:tid 2745854] [client 13.79.91.95:12861] script '/home/havcofoods.com/www/fig.php' not found or unable to stat
[Sat Sep 14 15:34:36.049111 2024] [php:error] [pid 2745854:tid 2745854] [client 13.79.91.95:12861] script '/home/havcofoods.com/www/rlpc.php' not found or unable to stat
[Sat Sep 14 15:34:36.099809 2024] [php:error] [pid 2745854:tid 2745854] [client 13.79.91.95:12861] script '/home/havcofoods.com/www/filemanager.php' not found or unable to stat
[Sat Sep 14 15:44:18.919560 2024] [php:error] [pid 2755471:tid 2755471] [client 13.74.98.138:4767] script '/home/havcofoods.com/www/x.php' not found or unable to stat
[Sat Sep 14 15:44:18.970368 2024] [php:error] [pid 2755471:tid 2755471] [client 13.74.98.138:4767] script '/home/havcofoods.com/www/index_.php' not found or unable to stat
[Sat Sep 14 15:44:19.021279 2024] [php:error] [pid 2755471:tid 2755471] [client 13.74.98.138:4767] script '/home/havcofoods.com/www/ee.php' not found or unable to stat
[Sat Sep 14 15:44:19.072251 2024] [php:error] [pid 2755471:tid 2755471] [client 13.74.98.138:4767] script '/home/havcofoods.com/www/classsmtps.php' not found or unable to stat
[Sat Sep 14 15:44:19.127595 2024] [php:error] [pid 2755471:tid 2755471] [client 13.74.98.138:4767] script '/home/havcofoods.com/www/1.php' not found or unable to stat
[Sat Sep 14 15:44:19.178457 2024] [php:error] [pid 2755471:tid 2755471] [client 13.74.98.138:4767] script '/home/havcofoods.com/www/IOptimize.php' not found or unable to stat
[Sat Sep 14 15:44:19.229256 2024] [php:error] [pid 2755471:tid 2755471] [client 13.74.98.138:4767] script '/home/havcofoods.com/www/jindex.php' not found or unable to stat
[Sat Sep 14 15:44:19.280190 2024] [php:error] [pid 2755471:tid 2755471] [client 13.74.98.138:4767] script '/home/havcofoods.com/www/log403.php' not found or unable to stat
[Sat Sep 14 15:44:19.331484 2024] [php:error] [pid 2755471:tid 2755471] [client 13.74.98.138:4767] script '/home/havcofoods.com/www/add_class.php' not found or unable to stat
[Sat Sep 14 15:44:19.387434 2024] [php:error] [pid 2755471:tid 2755471] [client 13.74.98.138:4767] script '/home/havcofoods.com/www/LA.php' not found or unable to stat
[Sat Sep 14 15:44:19.439541 2024] [php:error] [pid 2755471:tid 2755471] [client 13.74.98.138:4767] script '/home/havcofoods.com/www/json.php' not found or unable to stat
[Sat Sep 14 15:44:19.490979 2024] [php:error] [pid 2755471:tid 2755471] [client 13.74.98.138:4767] script '/home/havcofoods.com/www/ulc2.php' not found or unable to stat
[Sat Sep 14 15:44:19.543421 2024] [php:error] [pid 2755471:tid 2755471] [client 13.74.98.138:4767] script '/home/havcofoods.com/www/cc.php' not found or unable to stat
[Sat Sep 14 15:44:19.594406 2024] [php:error] [pid 2755471:tid 2755471] [client 13.74.98.138:4767] script '/home/havcofoods.com/www/user.php' not found or unable to stat
[Sat Sep 14 15:44:19.645170 2024] [php:error] [pid 2755471:tid 2755471] [client 13.74.98.138:4767] script '/home/havcofoods.com/www/install.php' not found or unable to stat
[Sat Sep 14 15:44:19.697164 2024] [php:error] [pid 2755471:tid 2755471] [client 13.74.98.138:4767] script '/home/havcofoods.com/www/system.php' not found or unable to stat
[Sat Sep 14 15:44:19.750756 2024] [php:error] [pid 2755471:tid 2755471] [client 13.74.98.138:4767] script '/home/havcofoods.com/www/Lurd.class.php' not found or unable to stat
[Sat Sep 14 15:44:19.801695 2024] [php:error] [pid 2755471:tid 2755471] [client 13.74.98.138:4767] script '/home/havcofoods.com/www/manager.php' not found or unable to stat
[Sat Sep 14 15:44:19.858467 2024] [php:error] [pid 2755471:tid 2755471] [client 13.74.98.138:4767] script '/home/havcofoods.com/www/smile.php' not found or unable to stat
[Sat Sep 14 15:44:19.909337 2024] [php:error] [pid 2755471:tid 2755471] [client 13.74.98.138:4767] script '/home/havcofoods.com/www/item.php' not found or unable to stat
