[Fri Apr 01 00:06:52.368685 2022] [php7:error] [pid 123814] [client 52.185.186.43:59671] script '/home/bharatsport.com/www/contact.php' not found or unable to stat
[Fri Apr 01 00:07:27.667311 2022] [php7:error] [pid 123946] [client 207.148.66.152:37182] script '/home/bharatsport.com/www/wp-login.php' not found or unable to stat
[Fri Apr 01 00:07:38.172201 2022] [php7:error] [pid 123863] [client 92.204.223.27:14577] script '/home/bharatsport.com/www/xmlrpc.php' not found or unable to stat
[Fri Apr 01 00:11:42.182543 2022] [php7:error] [pid 123815] [client 173.201.176.23:33540] script '/home/bharatsport.com/www/xmlrpc.php' not found or unable to stat
[Fri Apr 01 00:15:41.732036 2022] [php7:error] [pid 123816] [client 74.208.252.140:55170] script '/home/bharatsport.com/www/xmlrpc.php' not found or unable to stat
[Fri Apr 01 00:17:41.900252 2022] [php7:error] [pid 123816] [client 148.72.208.241:53055] script '/home/bharatsport.com/www/wp-cron.php' not found or unable to stat, referer: https://www.matrivandana.org/wp-cron.php?doing_wp_cron=1648761316.1132640838623046875000
[Fri Apr 01 00:19:36.114058 2022] [php7:error] [pid 123946] [client 157.245.166.98:44244] script '/home/bharatsport.com/www/xmlrpc.php' not found or unable to stat
[Fri Apr 01 00:22:41.279464 2022] [php7:error] [pid 123946] [client 89.96.90.125:57808] script '/home/bharatsport.com/www/wp-login.php' not found or unable to stat
[Fri Apr 01 00:23:57.704491 2022] [php7:error] [pid 123817] [client 66.23.252.226:46843] script '/home/bharatsport.com/www/xmlrpc.php' not found or unable to stat
[Fri Apr 01 00:27:58.292068 2022] [php7:error] [pid 123863] [client 93.113.111.100:41428] script '/home/bharatsport.com/www/xmlrpc.php' not found or unable to stat
[Fri Apr 01 00:28:16.733301 2022] [php7:error] [pid 127302] [client 17.121.115.115:21342] script '/home/bharatsport.com/www/facilities.php' not found or unable to stat
[Fri Apr 01 00:32:34.775351 2022] [php7:error] [pid 123813] [client 213.149.103.132:33330] script '/home/bharatsport.com/www/xmlrpc.php' not found or unable to stat
[Fri Apr 01 00:36:16.858431 2022] [php7:error] [pid 127302] [client 208.109.16.231:16722] script '/home/bharatsport.com/www/xmlrpc.php' not found or unable to stat
[Fri Apr 01 00:37:53.679244 2022] [php7:error] [pid 123863] [client 178.128.194.13:33760] script '/home/bharatsport.com/www/wp-login.php' not found or unable to stat
[Fri Apr 01 00:40:29.478051 2022] [php7:error] [pid 123814] [client 107.180.121.4:34705] script '/home/bharatsport.com/www/xmlrpc.php' not found or unable to stat
[Fri Apr 01 00:43:13.852178 2022] [php7:error] [pid 127302] [client 54.36.148.98:47019] script '/home/bharatsport.com/www/srinagar-17.php' not found or unable to stat
[Fri Apr 01 00:44:51.896647 2022] [php7:error] [pid 123815] [client 91.123.18.217:15528] script '/home/bharatsport.com/www/xmlrpc.php' not found or unable to stat
[Fri Apr 01 00:48:55.598280 2022] [php7:error] [pid 128901] [client 189.125.37.42:50921] script '/home/bharatsport.com/www/xmlrpc.php' not found or unable to stat
[Fri Apr 01 00:53:02.167998 2022] [php7:error] [pid 127303] [client 109.168.97.89:53914] script '/home/bharatsport.com/www/wp-login.php' not found or unable to stat
[Fri Apr 01 00:53:11.057456 2022] [php7:error] [pid 123814] [client 107.181.185.226:37508] script '/home/bharatsport.com/www/xmlrpc.php' not found or unable to stat
[Fri Apr 01 00:57:32.710385 2022] [php7:error] [pid 123813] [client 144.217.170.27:40412] script '/home/bharatsport.com/www/xmlrpc.php' not found or unable to stat
[Fri Apr 01 01:00:28.515691 2022] [php7:error] [pid 128995] [client 94.23.252.163:34958] script '/home/bharatsport.com/www/wp-login.php' not found or unable to stat
[Fri Apr 01 01:01:51.815888 2022] [php7:error] [pid 128988] [client 85.214.91.8:51136] script '/home/bharatsport.com/www/xmlrpc.php' not found or unable to stat
[Fri Apr 01 01:05:55.063882 2022] [php7:error] [pid 123813] [client 173.201.176.23:54280] script '/home/bharatsport.com/www/xmlrpc.php' not found or unable to stat
[Fri Apr 01 01:06:23.330289 2022] [php7:error] [pid 131289] [client 40.86.127.29:1344] script '/home/bharatsport.com/www/xmlrpc.php' not found or unable to stat
[Fri Apr 01 01:08:12.522306 2022] [php7:error] [pid 127303] [client 82.166.39.15:57186] script '/home/bharatsport.com/www/wp-login.php' not found or unable to stat
[Fri Apr 01 01:10:23.499708 2022] [php7:error] [pid 123813] [client 177.52.160.200:47472] script '/home/bharatsport.com/www/xmlrpc.php' not found or unable to stat
[Fri Apr 01 01:14:25.190169 2022] [php7:error] [pid 127303] [client 17.121.115.37:39540] script '/home/bharatsport.com/www/tourist_places.php' not found or unable to stat
[Fri Apr 01 01:14:43.964246 2022] [php7:error] [pid 128988] [client 167.172.56.36:39830] script '/home/bharatsport.com/www/xmlrpc.php' not found or unable to stat
[Fri Apr 01 01:15:44.762676 2022] [php7:error] [pid 131287] [client 195.4.173.50:38952] script '/home/bharatsport.com/www/wp-login.php' not found or unable to stat
[Fri Apr 01 01:17:23.319016 2022] [php7:error] [pid 127302] [client 82.165.83.65:35054] script '/home/bharatsport.com/www/xmlrpc.php' not found or unable to stat
[Fri Apr 01 01:19:27.733133 2022] [php7:error] [pid 127302] [client 213.136.69.132:56374] script '/home/bharatsport.com/www/xmlrpc.php' not found or unable to stat
[Fri Apr 01 01:24:00.118721 2022] [php7:error] [pid 129733] [client 80.246.1.193:45816] script '/home/bharatsport.com/www/xmlrpc.php' not found or unable to stat
[Fri Apr 01 01:25:37.424949 2022] [php7:error] [pid 127302] [client 66.249.71.98:61549] script '/home/bharatsport.com/www/rajsthan-11.php' not found or unable to stat
[Fri Apr 01 01:27:00.556823 2022] [php7:error] [pid 128988] [client 54.36.148.145:24389] script '/home/bharatsport.com/www/srinagar-22.php' not found or unable to stat
[Fri Apr 01 01:28:28.378768 2022] [php7:error] [pid 131287] [client 208.109.28.66:43386] script '/home/bharatsport.com/www/xmlrpc.php' not found or unable to stat
[Fri Apr 01 01:30:56.321130 2022] [php7:error] [pid 123816] [client 81.88.52.114:64645] script '/home/bharatsport.com/www/wp-login.php' not found or unable to stat
[Fri Apr 01 01:33:06.111926 2022] [php7:error] [pid 123813] [client 103.1.237.254:44591] script '/home/bharatsport.com/www/xmlrpc.php' not found or unable to stat
[Fri Apr 01 01:37:19.979636 2022] [php7:error] [pid 131287] [client 41.93.82.7:58382] script '/home/bharatsport.com/www/xmlrpc.php' not found or unable to stat
[Fri Apr 01 01:42:06.113583 2022] [php7:error] [pid 123813] [client 91.123.18.217:25182] script '/home/bharatsport.com/www/xmlrpc.php' not found or unable to stat
[Fri Apr 01 01:44:38.766063 2022] [php7:error] [pid 129733] [client 207.46.13.51:39232] script '/home/bharatsport.com/www/facility1.php' not found or unable to stat
[Fri Apr 01 01:46:35.918738 2022] [php7:error] [pid 128995] [client 82.221.131.116:47646] script '/home/bharatsport.com/www/xmlrpc.php' not found or unable to stat
[Fri Apr 01 01:50:59.888306 2022] [php7:error] [pid 123816] [client 167.99.228.184:36476] script '/home/bharatsport.com/www/xmlrpc.php' not found or unable to stat
[Fri Apr 01 01:53:27.180665 2022] [php7:error] [pid 127303] [client 78.135.83.195:50828] script '/home/bharatsport.com/www/wp-login.php' not found or unable to stat
[Fri Apr 01 01:55:38.869517 2022] [php7:error] [pid 129733] [client 148.72.122.94:56654] script '/home/bharatsport.com/www/xmlrpc.php' not found or unable to stat
[Fri Apr 01 01:58:13.589857 2022] [php7:error] [pid 123813] [client 54.36.148.174:48475] script '/home/bharatsport.com/www/srinagar-11.php' not found or unable to stat
[Fri Apr 01 02:00:24.429681 2022] [php7:error] [pid 123813] [client 184.168.101.75:59046] script '/home/bharatsport.com/www/xmlrpc.php' not found or unable to stat
[Fri Apr 01 02:00:57.823644 2022] [php7:error] [pid 127303] [client 167.71.117.225:52338] script '/home/bharatsport.com/www/wp-login.php' not found or unable to stat
[Fri Apr 01 02:05:26.394668 2022] [php7:error] [pid 131287] [client 190.145.68.131:33754] script '/home/bharatsport.com/www/xmlrpc.php' not found or unable to stat
[Fri Apr 01 02:08:40.475210 2022] [php7:error] [pid 127302] [client 157.90.165.4:32830] script '/home/bharatsport.com/www/wp-login.php' not found or unable to stat
[Fri Apr 01 02:10:02.769145 2022] [php7:error] [pid 123813] [client 184.168.115.25:52756] script '/home/bharatsport.com/www/xmlrpc.php' not found or unable to stat
[Fri Apr 01 02:15:01.732644 2022] [php7:error] [pid 127302] [client 161.35.224.204:56442] script '/home/bharatsport.com/www/xmlrpc.php' not found or unable to stat
[Fri Apr 01 02:16:14.394492 2022] [php7:error] [pid 128988] [client 5.253.181.177:53408] script '/home/bharatsport.com/www/wp-login.php' not found or unable to stat
[Fri Apr 01 02:20:13.217141 2022] [php7:error] [pid 135375] [client 167.99.12.57:59172] script '/home/bharatsport.com/www/xmlrpc.php' not found or unable to stat
[Fri Apr 01 02:23:48.822276 2022] [php7:error] [pid 127302] [client 75.119.200.134:33910] script '/home/bharatsport.com/www/wp-login.php' not found or unable to stat
[Fri Apr 01 02:24:46.965099 2022] [php7:error] [pid 123813] [client 148.72.211.177:37150] script '/home/bharatsport.com/www/xmlrpc.php' not found or unable to stat
[Fri Apr 01 02:29:56.901120 2022] [php7:error] [pid 129733] [client 72.167.225.151:33604] script '/home/bharatsport.com/www/xmlrpc.php' not found or unable to stat
[Fri Apr 01 02:31:19.827151 2022] [php7:error] [pid 128995] [client 173.212.212.180:56922] script '/home/bharatsport.com/www/wp-login.php' not found or unable to stat
[Fri Apr 01 02:34:57.680479 2022] [php7:error] [pid 123813] [client 93.113.111.193:34048] script '/home/bharatsport.com/www/xmlrpc.php' not found or unable to stat
[Fri Apr 01 02:39:48.329143 2022] [php7:error] [pid 128995] [client 159.89.85.183:45890] script '/home/bharatsport.com/www/xmlrpc.php' not found or unable to stat
[Fri Apr 01 02:44:49.594251 2022] [php7:error] [pid 144313] [client 162.0.239.18:60302] script '/home/bharatsport.com/www/xmlrpc.php' not found or unable to stat
[Fri Apr 01 02:49:47.911293 2022] [php7:error] [pid 123813] [client 192.163.204.229:41192] script '/home/bharatsport.com/www/xmlrpc.php' not found or unable to stat
[Fri Apr 01 02:53:39.995163 2022] [php7:error] [pid 127303] [client 54.36.149.42:34897] script '/home/bharatsport.com/www/srinagar-01.php' not found or unable to stat
[Fri Apr 01 02:54:37.486270 2022] [php7:error] [pid 129734] [client 184.168.114.51:31999] script '/home/bharatsport.com/www/xmlrpc.php' not found or unable to stat
[Fri Apr 01 02:59:51.809676 2022] [php7:error] [pid 146135] [client 85.214.91.8:34890] script '/home/bharatsport.com/www/xmlrpc.php' not found or unable to stat
[Fri Apr 01 03:04:36.404651 2022] [php7:error] [pid 131287] [client 198.211.115.226:43948] script '/home/bharatsport.com/www/xmlrpc.php' not found or unable to stat
[Fri Apr 01 03:09:58.817191 2022] [php7:error] [pid 127303] [client 167.99.84.255:18734] script '/home/bharatsport.com/www/xmlrpc.php' not found or unable to stat
[Fri Apr 01 03:15:04.780743 2022] [php7:error] [pid 144313] [client 162.214.145.74:50240] script '/home/bharatsport.com/www/xmlrpc.php' not found or unable to stat
[Fri Apr 01 03:20:22.928604 2022] [php7:error] [pid 146135] [client 103.104.73.82:38194] script '/home/bharatsport.com/www/xmlrpc.php' not found or unable to stat
[Fri Apr 01 03:25:20.532467 2022] [php7:error] [pid 146135] [client 176.31.116.73:50004] script '/home/bharatsport.com/www/xmlrpc.php' not found or unable to stat
[Fri Apr 01 03:30:18.444359 2022] [php7:error] [pid 150449] [client 184.168.97.99:63527] script '/home/bharatsport.com/www/xmlrpc.php' not found or unable to stat
[Fri Apr 01 03:36:00.218842 2022] [php7:error] [pid 128988] [client 88.135.37.49:54332] script '/home/bharatsport.com/www/xmlrpc.php' not found or unable to stat
[Fri Apr 01 03:39:53.933738 2022] [php7:error] [pid 150449] [client 89.187.182.24:55320] script '/home/bharatsport.com/www/wp-login.php' not found or unable to stat
[Fri Apr 01 03:41:10.116282 2022] [php7:error] [pid 128988] [client 198.12.149.182:41140] script '/home/bharatsport.com/www/xmlrpc.php' not found or unable to stat
[Fri Apr 01 03:46:25.384883 2022] [php7:error] [pid 144313] [client 148.72.97.73:46008] script '/home/bharatsport.com/www/xmlrpc.php' not found or unable to stat
[Fri Apr 01 03:51:44.148812 2022] [php7:error] [pid 127302] [client 103.129.178.69:42474] script '/home/bharatsport.com/www/xmlrpc.php' not found or unable to stat
[Fri Apr 01 03:53:08.337858 2022] [php7:error] [pid 135375] [client 54.36.148.189:57001] script '/home/bharatsport.com/www/contact.php' not found or unable to stat
[Fri Apr 01 03:57:05.772911 2022] [php7:error] [pid 144313] [client 184.168.115.25:37404] script '/home/bharatsport.com/www/xmlrpc.php' not found or unable to stat
[Fri Apr 01 04:03:03.244341 2022] [php7:error] [pid 146092] [client 158.255.80.210:36266] script '/home/bharatsport.com/www/xmlrpc.php' not found or unable to stat
[Fri Apr 01 04:08:43.413944 2022] [php7:error] [pid 127302] [client 196.203.219.49:59530] script '/home/bharatsport.com/www/xmlrpc.php' not found or unable to stat
[Fri Apr 01 04:10:15.564959 2022] [php7:error] [pid 153260] [client 54.36.148.179:35625] script '/home/bharatsport.com/www/srinagar-20.php' not found or unable to stat
[Fri Apr 01 04:14:28.469153 2022] [php7:error] [pid 131287] [client 150.95.110.113:48802] script '/home/bharatsport.com/www/xmlrpc.php' not found or unable to stat
[Fri Apr 01 04:19:38.107466 2022] [php7:error] [pid 123813] [client 184.168.116.210:30352] script '/home/bharatsport.com/www/xmlrpc.php' not found or unable to stat
[Fri Apr 01 04:35:39.174918 2022] [php7:error] [pid 156375] [client 54.36.148.136:37069] script '/home/bharatsport.com/www/srinagar-06.php' not found or unable to stat
[Fri Apr 01 04:36:45.832260 2022] [php7:error] [pid 155824] [client 159.253.25.213:42660] script '/home/bharatsport.com/www/xmlrpc.php' not found or unable to stat
[Fri Apr 01 04:42:28.118567 2022] [php7:error] [pid 128988] [client 66.115.173.18:54494] script '/home/bharatsport.com/www/xmlrpc.php' not found or unable to stat
[Fri Apr 01 04:48:07.019809 2022] [php7:error] [pid 123813] [client 35.193.222.165:44970] script '/home/bharatsport.com/www/xmlrpc.php' not found or unable to stat
[Fri Apr 01 04:53:51.099448 2022] [php7:error] [pid 156332] [client 176.53.65.237:53198] script '/home/bharatsport.com/www/xmlrpc.php' not found or unable to stat
[Fri Apr 01 04:54:32.039302 2022] [php7:error] [pid 156092] [client 135.181.212.177:13448] script '/home/bharatsport.com/www/ijet.php' not found or unable to stat
[Fri Apr 01 04:55:11.986267 2022] [core:error] [pid 128988] [client 45.155.204.146:51608] AH10244: invalid URI path (/cgi-bin/.%2e/.%2e/.%2e/.%2e/bin/sh)
[Fri Apr 01 05:00:11.644724 2022] [php7:error] [pid 156093] [client 95.173.160.160:55818] script '/home/bharatsport.com/www/phpinfo.php' not found or unable to stat
[Fri Apr 01 05:01:53.912918 2022] [php7:error] [pid 155952] [client 185.191.171.45:27494] script '/home/bharatsport.com/www/grievances-status.php' not found or unable to stat
[Fri Apr 01 05:05:08.232148 2022] [php7:error] [pid 156375] [client 82.145.33.64:43800] script '/home/bharatsport.com/www/xmlrpc.php' not found or unable to stat
[Fri Apr 01 05:08:30.055980 2022] [php7:error] [pid 156093] [client 1.116.195.130:38418] script '/home/bharatsport.com/www/wp-login.php' not found or unable to stat, referer: http://bharatsport.com
[Fri Apr 01 05:09:59.516628 2022] [php7:error] [pid 162059] [client 184.168.103.144:28760] script '/home/bharatsport.com/www/xmlrpc.php' not found or unable to stat
[Fri Apr 01 05:10:52.967657 2022] [php7:error] [pid 156093] [client 54.36.148.88:45151] script '/home/bharatsport.com/www/srinagar-16.php' not found or unable to stat
[Fri Apr 01 05:14:41.898487 2022] [php7:error] [pid 163889] [client 103.42.58.102:44996] script '/home/bharatsport.com/www/xmlrpc.php' not found or unable to stat
[Fri Apr 01 05:19:04.571895 2022] [php7:error] [pid 164664] [client 34.73.162.22:41828] script '/home/bharatsport.com/www/xmlrpc.php' not found or unable to stat
[Fri Apr 01 05:23:30.493152 2022] [php7:error] [pid 163893] [client 88.87.206.123:36156] script '/home/bharatsport.com/www/xmlrpc.php' not found or unable to stat
[Fri Apr 01 05:28:38.241954 2022] [php7:error] [pid 165813] [client 199.188.201.208:39960] script '/home/bharatsport.com/www/xmlrpc.php' not found or unable to stat
[Fri Apr 01 05:36:44.380848 2022] [php7:error] [pid 166875] [client 162.241.218.133:45420] script '/home/bharatsport.com/www/xmlrpc.php' not found or unable to stat
[Fri Apr 01 05:41:53.540108 2022] [php7:error] [pid 167606] [client 54.36.148.178:25239] script '/home/bharatsport.com/www/srinagar-09.php' not found or unable to stat
[Fri Apr 01 05:43:34.949678 2022] [php7:error] [pid 167695] [client 173.212.214.140:51344] script '/home/bharatsport.com/www/xmlrpc.php' not found or unable to stat
[Fri Apr 01 05:46:51.126069 2022] [php7:error] [pid 167399] [client 184.168.102.191:20570] script '/home/bharatsport.com/www/xmlrpc.php' not found or unable to stat
[Fri Apr 01 05:50:21.336214 2022] [php7:error] [pid 168694] [client 74.208.103.228:38070] script '/home/bharatsport.com/www/xmlrpc.php' not found or unable to stat
[Fri Apr 01 05:57:36.668988 2022] [php7:error] [pid 168694] [client 95.128.46.215:48722] script '/home/bharatsport.com/www/xmlrpc.php' not found or unable to stat
[Fri Apr 01 06:00:46.299268 2022] [php7:error] [pid 168906] [client 192.169.150.185:62369] script '/home/bharatsport.com/www/xmlrpc.php' not found or unable to stat
[Fri Apr 01 06:04:35.394345 2022] [php7:error] [pid 170375] [client 69.63.64.21:35326] script '/home/bharatsport.com/www/xmlrpc.php' not found or unable to stat
[Fri Apr 01 06:08:09.351394 2022] [php7:error] [pid 170375] [client 72.167.104.77:62381] script '/home/bharatsport.com/www/xmlrpc.php' not found or unable to stat
[Fri Apr 01 06:11:32.007421 2022] [php7:error] [pid 171132] [client 138.197.173.121:56982] script '/home/bharatsport.com/www/xmlrpc.php' not found or unable to stat
[Fri Apr 01 06:14:55.538069 2022] [php7:error] [pid 171133] [client 184.168.99.160:44624] script '/home/bharatsport.com/www/xmlrpc.php' not found or unable to stat
[Fri Apr 01 06:18:27.382012 2022] [php7:error] [pid 171133] [client 47.96.27.235:34074] script '/home/bharatsport.com/www/xmlrpc.php' not found or unable to stat
[Fri Apr 01 06:21:57.404690 2022] [php7:error] [pid 172159] [client 184.168.113.203:53109] script '/home/bharatsport.com/www/xmlrpc.php' not found or unable to stat
[Fri Apr 01 06:25:43.771734 2022] [php7:error] [pid 170669] [client 45.119.83.250:54836] script '/home/bharatsport.com/www/xmlrpc.php' not found or unable to stat
[Fri Apr 01 06:29:04.588890 2022] [php7:error] [pid 173764] [client 47.105.86.21:46506] script '/home/bharatsport.com/www/xmlrpc.php' not found or unable to stat
[Fri Apr 01 06:32:33.230867 2022] [php7:error] [pid 171820] [client 50.62.137.47:50855] script '/home/bharatsport.com/www/xmlrpc.php' not found or unable to stat
[Fri Apr 01 06:36:23.194849 2022] [php7:error] [pid 171945] [client 209.159.150.110:46896] script '/home/bharatsport.com/www/xmlrpc.php' not found or unable to stat
[Fri Apr 01 06:36:56.821695 2022] [php7:error] [pid 171133] [client 54.36.148.170:18579] script '/home/bharatsport.com/www/srinagar-04.php' not found or unable to stat
[Fri Apr 01 06:39:24.105635 2022] [php7:error] [pid 172159] [client 103.116.16.173:43504] script '/home/bharatsport.com/www/xmlrpc.php' not found or unable to stat
[Fri Apr 01 06:42:48.371357 2022] [php7:error] [pid 175252] [client 8.210.57.22:43470] script '/home/bharatsport.com/www/xmlrpc.php' not found or unable to stat
[Fri Apr 01 06:46:32.085990 2022] [php7:error] [pid 175251] [client 167.99.12.57:37512] script '/home/bharatsport.com/www/xmlrpc.php' not found or unable to stat
[Fri Apr 01 06:49:40.304187 2022] [php7:error] [pid 176402] [client 45.125.239.234:50030] script '/home/bharatsport.com/www/xmlrpc.php' not found or unable to stat
[Fri Apr 01 06:53:06.686297 2022] [php7:error] [pid 176497] [client 120.79.8.125:35152] script '/home/bharatsport.com/www/xmlrpc.php' not found or unable to stat
[Fri Apr 01 06:56:52.369038 2022] [php7:error] [pid 177261] [client 35.202.241.36:17920] script '/home/bharatsport.com/www/xmlrpc.php' not found or unable to stat
[Fri Apr 01 07:00:06.129115 2022] [php7:error] [pid 177262] [client 125.227.127.195:28591] script '/home/bharatsport.com/www/xmlrpc.php' not found or unable to stat
[Fri Apr 01 07:03:57.468121 2022] [php7:error] [pid 173762] [client 213.212.132.47:45604] script '/home/bharatsport.com/www/xmlrpc.php' not found or unable to stat
[Fri Apr 01 07:08:42.939459 2022] [php7:error] [pid 175256] [client 104.223.95.207:44272] script '/home/bharatsport.com/www/xmlrpc.php' not found or unable to stat
[Fri Apr 01 07:13:29.048361 2022] [php7:error] [pid 175256] [client 3.235.252.233:52527] script '/home/bharatsport.com/www/about_us.php' not found or unable to stat, referer: https://www.sagarview.com/about_us.php?id=1
[Fri Apr 01 07:13:29.615064 2022] [php7:error] [pid 175256] [client 3.235.252.233:52527] script '/home/bharatsport.com/www/about_us.php' not found or unable to stat, referer: https://www.sagarview.com/about_us.php?id=1'[0]
[Fri Apr 01 07:13:54.888934 2022] [php7:error] [pid 175256] [client 93.113.111.193:39368] script '/home/bharatsport.com/www/xmlrpc.php' not found or unable to stat
[Fri Apr 01 07:19:27.647962 2022] [php7:error] [pid 176272] [client 123.31.41.38:52402] script '/home/bharatsport.com/www/xmlrpc.php' not found or unable to stat
[Fri Apr 01 07:19:50.323855 2022] [php7:error] [pid 176497] [client 66.249.71.98:48566] script '/home/bharatsport.com/www/rajsthan-11.php' not found or unable to stat
[Fri Apr 01 07:24:23.470417 2022] [php7:error] [pid 180381] [client 212.227.132.232:48062] script '/home/bharatsport.com/www/xmlrpc.php' not found or unable to stat
[Fri Apr 01 07:29:38.097828 2022] [php7:error] [pid 180562] [client 184.168.98.94:51162] script '/home/bharatsport.com/www/xmlrpc.php' not found or unable to stat
[Fri Apr 01 07:32:53.366178 2022] [php7:error] [pid 181910] [client 54.36.148.19:63151] script '/home/bharatsport.com/www/srinagar-15.php' not found or unable to stat
[Fri Apr 01 07:34:45.790311 2022] [php7:error] [pid 182333] [client 198.54.126.241:56414] script '/home/bharatsport.com/www/xmlrpc.php' not found or unable to stat
[Fri Apr 01 07:39:44.067928 2022] [php7:error] [pid 181916] [client 125.227.127.195:25069] script '/home/bharatsport.com/www/xmlrpc.php' not found or unable to stat
[Fri Apr 01 07:44:39.873437 2022] [php7:error] [pid 182751] [client 184.168.98.206:58402] script '/home/bharatsport.com/www/xmlrpc.php' not found or unable to stat
[Fri Apr 01 07:49:04.474698 2022] [php7:error] [pid 184082] [client 148.72.208.241:62388] script '/home/bharatsport.com/www/wp-cron.php' not found or unable to stat, referer: https://www.matrivandana.org/wp-cron.php?doing_wp_cron=1648788297.2433528900146484375000
[Fri Apr 01 07:49:32.148259 2022] [php7:error] [pid 184087] [client 185.61.153.77:57194] script '/home/bharatsport.com/www/xmlrpc.php' not found or unable to stat
[Fri Apr 01 07:54:37.409592 2022] [php7:error] [pid 184638] [client 162.214.145.74:33884] script '/home/bharatsport.com/www/xmlrpc.php' not found or unable to stat
[Fri Apr 01 07:59:10.109603 2022] [php7:error] [pid 184790] [client 173.201.185.124:17954] script '/home/bharatsport.com/www/xmlrpc.php' not found or unable to stat
[Fri Apr 01 09:09:29.164265 2022] [php7:error] [pid 192991] [client 45.9.20.103:34526] script '/home/bharatsport.com/www/about.php' not found or unable to stat
[Fri Apr 01 09:12:06.219364 2022] [php7:error] [pid 193923] [client 20.230.162.47:53605] script '/home/bharatsport.com/www/xmlrpc.php' not found or unable to stat
[Fri Apr 01 10:44:31.494965 2022] [php7:error] [pid 204174] [client 45.9.20.103:39898] script '/home/bharatsport.com/www/about.php' not found or unable to stat
[Fri Apr 01 11:30:55.495749 2022] [php7:error] [pid 210306] [client 66.249.89.128:48694] script '/home/bharatsport.com/www/contact.php' not found or unable to stat
[Fri Apr 01 11:32:28.789882 2022] [php7:error] [pid 210390] [client 157.245.201.126:62548] script '/home/bharatsport.com/www/xmlrpc.php' not found or unable to stat
[Fri Apr 01 12:01:26.893651 2022] [php7:error] [pid 215945] [client 54.36.148.84:43463] script '/home/bharatsport.com/www/srinagar-package.php' not found or unable to stat
[Fri Apr 01 12:55:18.260820 2022] [php7:error] [pid 222887] [client 114.119.150.126:45386] script '/home/bharatsport.com/www/contact.php' not found or unable to stat
[Fri Apr 01 13:22:35.669745 2022] [php7:error] [pid 225181] [client 54.36.148.149:41511] script '/home/bharatsport.com/www/official.php' not found or unable to stat
[Fri Apr 01 14:43:51.919311 2022] [core:error] [pid 231315] [client 161.35.188.242:46318] AH10244: invalid URI path (/cgi-bin/.%2e/%2e%2e/%2e%2e/%2e%2e/%2e%2e/%2e%2e/%2e%2e/%2e%2e/%2e%2e/etc/hosts)
[Fri Apr 01 15:04:42.393111 2022] [ssl:error] [pid 240124] [client 167.94.138.45:40202] AH02032: Hostname bloomseducation.com provided via SNI and hostname 136.243.92.189 provided via HTTP have no compatible SSL setup
[Fri Apr 01 15:19:36.409966 2022] [ssl:error] [pid 242114] [client 162.142.125.222:41998] AH02032: Hostname gayatricollege.com provided via SNI and hostname 136.243.92.189 provided via HTTP have no compatible SSL setup
[Fri Apr 01 15:36:00.686779 2022] [php7:error] [pid 241943] [client 54.36.149.4:40055] script '/home/bharatsport.com/www/e-journals.php' not found or unable to stat
[Fri Apr 01 16:02:44.800545 2022] [ssl:error] [pid 246471] [client 167.248.133.118:44708] AH02032: Hostname ramaroyal.com provided via SNI and hostname 136.243.92.189 provided via HTTP have no compatible SSL setup
[Fri Apr 01 16:14:22.855669 2022] [php7:error] [pid 249296] [client 157.55.39.164:51328] script '/home/bharatsport.com/www/staff.php' not found or unable to stat
[Fri Apr 01 16:24:17.743559 2022] [php7:error] [pid 248815] [client 52.224.59.238:63267] script '/home/bharatsport.com/www/xmlrpc.php' not found or unable to stat
[Fri Apr 01 16:24:43.534988 2022] [ssl:error] [pid 250058] [client 167.94.138.46:55794] AH02032: Hostname vermamushroomhouse.com provided via SNI and hostname 136.243.92.189 provided via HTTP have no compatible SSL setup
[Fri Apr 01 18:00:23.333478 2022] [php7:error] [pid 258950] [client 20.232.168.81:59986] script '/home/bharatsport.com/www/xmlrpc.php' not found or unable to stat
[Fri Apr 01 18:00:24.384413 2022] [php7:error] [pid 263038] [client 20.232.168.81:60454] script '/home/bharatsport.com/www/xmlrpc.php' not found or unable to stat
[Fri Apr 01 18:03:58.292654 2022] [php7:error] [pid 260643] [client 216.244.66.250:50814] script '/home/bharatsport.com/www/srinagar-14.php' not found or unable to stat
[Fri Apr 01 18:04:03.870698 2022] [php7:error] [pid 263040] [client 216.244.66.250:59130] script '/home/bharatsport.com/www/srinagar-10.php' not found or unable to stat
[Fri Apr 01 18:04:08.078149 2022] [php7:error] [pid 258863] [client 216.244.66.250:59924] script '/home/bharatsport.com/www/srinagar-22.php' not found or unable to stat
[Fri Apr 01 18:40:37.959548 2022] [php7:error] [pid 258268] [client 40.83.23.43:1728] script '/home/bharatsport.com/www/xmlrpc.php' not found or unable to stat
[Fri Apr 01 19:41:50.785133 2022] [php7:error] [pid 273158] [client 216.244.66.250:46192] script '/home/bharatsport.com/www/srinagar-01.php' not found or unable to stat
[Fri Apr 01 19:41:55.956975 2022] [php7:error] [pid 274921] [client 216.244.66.250:48502] script '/home/bharatsport.com/www/srinagar-08.php' not found or unable to stat
[Fri Apr 01 19:42:00.614812 2022] [php7:error] [pid 273157] [client 216.244.66.250:49236] script '/home/bharatsport.com/www/srinagar-11.php' not found or unable to stat
[Fri Apr 01 19:42:04.252863 2022] [php7:error] [pid 271622] [client 216.244.66.250:44488] script '/home/bharatsport.com/www/volvo-03.php' not found or unable to stat
[Fri Apr 01 20:10:22.684097 2022] [php7:error] [pid 271622] [client 17.121.113.221:36994] script '/home/bharatsport.com/www/teriff.php' not found or unable to stat
[Fri Apr 01 20:35:37.685114 2022] [php7:error] [pid 273158] [client 54.36.148.18:60251] script '/home/bharatsport.com/www/event.php' not found or unable to stat
[Fri Apr 01 20:36:53.343633 2022] [php7:error] [pid 281798] [client 17.121.114.137:47472] script '/home/bharatsport.com/www/about_us.php' not found or unable to stat
[Fri Apr 01 20:38:51.118452 2022] [php7:error] [pid 270508] [client 35.213.4.3:52990] script '/home/bharatsport.com/www/about_us.php' not found or unable to stat, referer: https://www.sagarview.com/about_us.php?id=1
[Fri Apr 01 20:38:51.879589 2022] [php7:error] [pid 270508] [client 35.213.4.3:52990] script '/home/bharatsport.com/www/about_us.php' not found or unable to stat, referer: https://www.sagarview.com/about_us.php?id=1'[0]
[Fri Apr 01 20:53:05.854476 2022] [php7:error] [pid 281798] [client 167.172.74.250:60357] script '/home/bharatsport.com/www/xmlrpc.php' not found or unable to stat
[Fri Apr 01 21:45:26.851092 2022] [php7:error] [pid 272777] [client 20.225.44.156:1920] script '/home/bharatsport.com/www/xmlrpc.php' not found or unable to stat
[Fri Apr 01 21:46:21.604063 2022] [core:error] [pid 283845] [client 91.102.225.18:34920] AH10244: invalid URI path (/cgi-bin/%%32%65%%32%65/%%32%65%%32%65/%%32%65%%32%65/%%32%65%%32%65/%%32%65%%32%65/%%32%65%%32%65/%%32%65%%32%65/bin/sh)
[Fri Apr 01 21:54:37.255358 2022] [php7:error] [pid 272777] [client 20.114.250.118:61799] script '/home/bharatsport.com/www/xmlrpc.php' not found or unable to stat
[Fri Apr 01 22:06:56.415090 2022] [php7:error] [pid 284446] [client 157.55.39.184:47232] script '/home/bharatsport.com/www/leh-tour-packages.php' not found or unable to stat
[Fri Apr 01 22:23:15.253014 2022] [php7:error] [pid 272777] [client 139.59.225.119:64848] script '/home/bharatsport.com/www/xmlrpc.php' not found or unable to stat
[Fri Apr 01 23:04:49.162510 2022] [php7:error] [pid 291194] [client 47.57.187.185:43276] script '/home/bharatsport.com/www/about_us.php' not found or unable to stat, referer: https://www.sagarview.com/about_us.php?id=1
[Fri Apr 01 23:04:49.900781 2022] [php7:error] [pid 291194] [client 47.57.187.185:43276] script '/home/bharatsport.com/www/about_us.php' not found or unable to stat, referer: https://www.sagarview.com/about_us.php?id=1'[0]
[Fri Apr 01 23:18:57.142683 2022] [php7:error] [pid 284446] [client 174.138.21.64:59057] script '/home/bharatsport.com/www/xmlrpc.php' not found or unable to stat
[Fri Apr 01 23:29:30.812645 2022] [php7:error] [pid 304445] [client 40.77.167.5:4800] script '/home/bharatsport.com/www/admission_bed.php' not found or unable to stat
[Fri Apr 01 23:53:48.830232 2022] [php7:error] [pid 291194] [client 66.249.71.103:49646] script '/home/bharatsport.com/www/srinagar-05.php' not found or unable to stat
[Sat Apr 02 00:01:59.737386 2022] [php7:error] [pid 309365] [client 54.36.149.6:43917] script '/home/bharatsport.com/www/naac.php' not found or unable to stat
[Sat Apr 02 01:08:43.221680 2022] [php7:error] [pid 310047] [client 114.119.146.7:50168] script '/home/bharatsport.com/www/rajsthan-05.php' not found or unable to stat
[Sat Apr 02 01:56:24.595636 2022] [php7:error] [pid 309368] [client 87.250.224.93:34986] script '/home/bharatsport.com/www/courses1.php' not found or unable to stat
[Sat Apr 02 02:04:17.564074 2022] [php7:error] [pid 309365] [client 66.249.71.3:48580] script '/home/bharatsport.com/www/contact.php' not found or unable to stat
[Sat Apr 02 03:06:50.451616 2022] [php7:error] [pid 330315] [client 114.119.146.51:20922] script '/home/bharatsport.com/www/srinagar-11.php' not found or unable to stat
[Sat Apr 02 03:09:24.813297 2022] [php7:error] [pid 330314] [client 46.161.11.4:63992] script '/home/bharatsport.com/www/srinagar-09.php' not found or unable to stat, referer: https://silentplanet.in/srinagar-09.php
[Sat Apr 02 03:43:05.990789 2022] [php7:error] [pid 335969] [client 114.119.146.77:30444] script '/home/bharatsport.com/www/volvo-07.php' not found or unable to stat
[Sat Apr 02 04:54:09.017953 2022] [php7:error] [pid 345669] [client 157.55.39.113:37248] script '/home/bharatsport.com/www/facilities.php' not found or unable to stat
[Sat Apr 02 06:06:50.213983 2022] [php7:error] [pid 353244] [client 114.119.137.177:42578] script '/home/bharatsport.com/www/contact_us.php' not found or unable to stat
[Sat Apr 02 06:31:19.251130 2022] [php7:error] [pid 358336] [client 54.36.148.107:59419] script '/home/bharatsport.com/www/courses1.php' not found or unable to stat
[Sat Apr 02 07:15:15.024713 2022] [php7:error] [pid 362714] [client 54.36.148.180:29023] script '/home/bharatsport.com/www/feedback.php' not found or unable to stat
[Sat Apr 02 07:37:22.789817 2022] [php7:error] [pid 365277] [client 46.161.11.4:52969] script '/home/bharatsport.com/www/leh-tour-18.php' not found or unable to stat, referer: https://silentplanet.in/leh-tour-18.php
[Sat Apr 02 07:51:18.679263 2022] [php7:error] [pid 369576] [client 54.36.148.228:44137] script '/home/bharatsport.com/www/Composite-status of-institution.php' not found or unable to stat
[Sat Apr 02 08:33:33.927859 2022] [php7:error] [pid 373649] [client 207.46.13.18:2944] script '/home/bharatsport.com/www/srinagar-01.php' not found or unable to stat
[Sat Apr 02 08:44:02.487931 2022] [php7:error] [pid 370881] [client 154.54.249.202:10700] script '/home/bharatsport.com/www/about_us.php' not found or unable to stat
[Sat Apr 02 09:08:09.822101 2022] [php7:error] [pid 377969] [client 157.55.39.164:49600] script '/home/bharatsport.com/www/staff.php' not found or unable to stat
[Sat Apr 02 09:22:47.270016 2022] [php7:error] [pid 380218] [client 66.249.89.128:53507] script '/home/bharatsport.com/www/contact.php' not found or unable to stat
[Sat Apr 02 09:54:03.457646 2022] [php7:error] [pid 377963] [client 207.46.13.125:20608] script '/home/bharatsport.com/www/srinagar-21.php' not found or unable to stat
[Sat Apr 02 15:11:17.860184 2022] [php7:error] [pid 425230] [client 154.54.249.204:22222] script '/home/bharatsport.com/www/volvo-01.php' not found or unable to stat
[Sat Apr 02 15:11:32.925341 2022] [php7:error] [pid 420749] [client 154.54.249.204:39582] script '/home/bharatsport.com/www/leh-tour-13.php' not found or unable to stat
[Sat Apr 02 15:11:47.991196 2022] [php7:error] [pid 425230] [client 154.54.249.204:54330] script '/home/bharatsport.com/www/leh-tour-15.php' not found or unable to stat
[Sat Apr 02 15:12:03.052729 2022] [php7:error] [pid 423857] [client 154.54.249.204:5638] script '/home/bharatsport.com/www/leh-tour-05.php' not found or unable to stat
[Sat Apr 02 15:12:18.122790 2022] [php7:error] [pid 422762] [client 154.54.249.204:19948] script '/home/bharatsport.com/www/leh-tour-17.php' not found or unable to stat
[Sat Apr 02 15:12:33.184169 2022] [php7:error] [pid 424427] [client 154.54.249.204:35014] script '/home/bharatsport.com/www/leh-tour-12.php' not found or unable to stat
[Sat Apr 02 15:12:48.253755 2022] [php7:error] [pid 423812] [client 154.54.249.204:51032] script '/home/bharatsport.com/www/exclusive-himachal.php' not found or unable to stat
[Sat Apr 02 15:13:03.411318 2022] [php7:error] [pid 420749] [client 154.54.249.204:2954] script '/home/bharatsport.com/www/car-package-pathankotpdharamshala-dalhousie-pathankot.php' not found or unable to stat
[Sat Apr 02 15:13:18.476660 2022] [php7:error] [pid 425229] [client 154.54.249.204:17096] script '/home/bharatsport.com/www/car-package-chandigarh-chail-sangla-tabo-kaza-manali-chandigarhi.php' not found or unable to stat
[Sat Apr 02 15:13:33.542637 2022] [php7:error] [pid 424044] [client 154.54.249.204:31104] script '/home/bharatsport.com/www/car-package-delhi-shimla-manali-dharamshala-dalhousie-delhi.php' not found or unable to stat
[Sat Apr 02 15:13:48.748275 2022] [php7:error] [pid 425230] [client 154.54.249.204:48244] script '/home/bharatsport.com/www/car-package-chandigarh-shimla-manali-dharamshala-dalhousie-chandigarh.php' not found or unable to stat
[Sat Apr 02 15:14:03.813179 2022] [php7:error] [pid 423857] [client 154.54.249.204:62598] script '/home/bharatsport.com/www/car-package-pathankot-dharamshala-dalhousie-pathankot-dharamshala.php' not found or unable to stat
[Sat Apr 02 15:14:18.946613 2022] [php7:error] [pid 425229] [client 154.54.249.204:14898] script '/home/bharatsport.com/www/car-package-chandigarh-shimla-manali-dharamshala-dalhousie-amritsar-chandigarh.php' not found or unable to stat
[Sat Apr 02 15:22:09.131424 2022] [php7:error] [pid 427161] [client 40.77.167.1:60288] script '/home/bharatsport.com/www/rajsthan-packages.php' not found or unable to stat
[Sat Apr 02 15:26:34.769403 2022] [php7:error] [pid 424426] [client 66.249.71.190:60490] script '/home/bharatsport.com/www/contact.php' not found or unable to stat
[Sat Apr 02 15:32:50.840402 2022] [php7:error] [pid 427294] [client 54.36.148.218:55615] script '/home/bharatsport.com/www/sangla-sarahan.php' not found or unable to stat
[Sat Apr 02 15:59:08.628444 2022] [php7:error] [pid 431424] [client 114.119.150.127:52044] script '/home/bharatsport.com/www/location.php' not found or unable to stat
[Sat Apr 02 16:08:58.863523 2022] [php7:error] [pid 430838] [client 66.249.71.98:34866] script '/home/bharatsport.com/www/srinagar-12.php' not found or unable to stat
[Sat Apr 02 16:16:03.360695 2022] [php7:error] [pid 429440] [client 66.249.71.29:39836] script '/home/bharatsport.com/www/contact.php' not found or unable to stat
[Sat Apr 02 16:40:56.739896 2022] [php7:error] [pid 436890] [client 54.36.148.64:57431] script '/home/bharatsport.com/www/golden-triangle.php' not found or unable to stat
[Sat Apr 02 16:43:47.362709 2022] [php7:error] [pid 436881] [client 20.122.59.58:51873] script '/home/bharatsport.com/www/xmlrpc.php' not found or unable to stat
[Sat Apr 02 17:13:03.962542 2022] [php7:error] [pid 436882] [client 66.249.71.29:63110] script '/home/bharatsport.com/www/teriff.php' not found or unable to stat
[Sat Apr 02 17:34:36.876727 2022] [php7:error] [pid 443795] [client 20.70.40.17:59381] script '/home/bharatsport.com/www/installer.php' not found or unable to stat
[Sat Apr 02 17:37:43.724296 2022] [php7:error] [pid 443848] [client 66.249.91.8:49712] script '/home/bharatsport.com/www/contact.php' not found or unable to stat
[Sat Apr 02 17:38:18.014400 2022] [php7:error] [pid 444348] [client 54.36.149.87:41061] script '/home/bharatsport.com/www/luxurius-himachal.php' not found or unable to stat
[Sat Apr 02 18:13:50.425859 2022] [php7:error] [pid 447519] [client 66.249.71.103:38442] script '/home/bharatsport.com/www/srinagar-12.php' not found or unable to stat
[Sat Apr 02 18:40:19.203209 2022] [php7:error] [pid 452452] [client 185.191.171.3:8684] script '/home/bharatsport.com/www/event.php' not found or unable to stat
[Sat Apr 02 18:48:38.245257 2022] [php7:error] [pid 453346] [client 54.36.148.156:19257] script '/home/bharatsport.com/www/enquiry.php' not found or unable to stat
[Sat Apr 02 19:03:00.981437 2022] [php7:error] [pid 445069] [client 72.167.127.63:14830] script '/home/bharatsport.com/www/wp-login.php' not found or unable to stat, referer: http://bharatsport.com/wp-login.php
[Sat Apr 02 19:12:06.004455 2022] [php7:error] [pid 455674] [client 185.18.212.66:55116] script '/home/bharatsport.com/www/wp-login.php' not found or unable to stat, referer: http://svntarkwari.com/wp-login.php
[Sat Apr 02 19:43:39.983122 2022] [php7:error] [pid 452452] [client 198.54.114.95:50192] script '/home/bharatsport.com/www/wp-login.php' not found or unable to stat, referer: http://silentplanet.in/wp-login.php
[Sat Apr 02 20:27:26.854291 2022] [php7:error] [pid 452452] [client 66.249.71.98:50759] script '/home/bharatsport.com/www/srinagar-12.php' not found or unable to stat
[Sat Apr 02 20:43:43.789747 2022] [php7:error] [pid 466693] [client 207.46.13.18:4288] script '/home/bharatsport.com/www/car-package-pathankot-dalhousie-pathankot-dalhousie.php' not found or unable to stat
[Sat Apr 02 21:17:37.603861 2022] [php7:error] [pid 464316] [client 45.144.113.252:33388] script '/home/bharatsport.com/www/about_us.php' not found or unable to stat
[Sat Apr 02 21:44:17.010022 2022] [php7:error] [pid 472741] [client 66.249.71.177:59537] script '/home/bharatsport.com/www/about_us.php' not found or unable to stat
[Sat Apr 02 22:07:08.958701 2022] [php7:error] [pid 465315] [client 66.249.71.3:53168] script '/home/bharatsport.com/www/news_detail.php' not found or unable to stat
[Sat Apr 02 22:09:35.028094 2022] [php7:error] [pid 479355] [client 66.249.71.103:36735] script '/home/bharatsport.com/www/tour_packages.php' not found or unable to stat
[Sat Apr 02 22:27:19.110398 2022] [php7:error] [pid 469082] [client 54.36.148.36:17909] script '/home/bharatsport.com/www/classic-himachal.php' not found or unable to stat
[Sat Apr 02 22:49:42.055723 2022] [php7:error] [pid 479355] [client 18.212.206.63:55010] script '/home/bharatsport.com/www/xmlrpc.php' not found or unable to stat
[Sat Apr 02 22:57:48.799860 2022] [php7:error] [pid 466693] [client 157.55.39.164:49920] script '/home/bharatsport.com/www/staff.php' not found or unable to stat
[Sat Apr 02 22:57:58.320247 2022] [php7:error] [pid 479354] [client 66.249.71.7:36461] script '/home/bharatsport.com/www/contact.php' not found or unable to stat
[Sat Apr 02 23:30:56.869996 2022] [php7:error] [pid 475580] [client 54.36.148.190:16831] script '/home/bharatsport.com/www/pehalgam-srinagar.php' not found or unable to stat
[Sun Apr 03 00:33:29.542645 2022] [php7:error] [pid 496927] [client 54.36.148.96:20543] script '/home/bharatsport.com/www/admission1.php' not found or unable to stat
[Sun Apr 03 00:38:05.437810 2022] [php7:error] [pid 496825] [client 114.119.146.7:51070] script '/home/bharatsport.com/www/srinagar-10.php' not found or unable to stat
[Sun Apr 03 01:10:20.118839 2022] [php7:error] [pid 496821] [client 54.36.148.35:42323] script '/home/bharatsport.com/www/contact.php' not found or unable to stat
[Sun Apr 03 01:39:25.255251 2022] [php7:error] [pid 504889] [client 207.46.13.125:33472] script '/home/bharatsport.com/www/srinagar-21.php' not found or unable to stat
[Sun Apr 03 02:23:08.994969 2022] [php7:error] [pid 496825] [client 23.99.103.8:60379] script '/home/bharatsport.com/www/xmlrpc.php' not found or unable to stat
[Sun Apr 03 02:43:31.432514 2022] [php7:error] [pid 521169] [client 54.36.148.104:23041] script '/home/bharatsport.com/www/grievances-status.php' not found or unable to stat
[Sun Apr 03 03:30:58.075247 2022] [authz_core:error] [pid 498903] [client 45.33.101.246:54646] AH01630: client denied by server configuration: /home/bharatsport.com/www/server-status
[Sun Apr 03 03:31:02.634650 2022] [php7:error] [pid 528504] [client 45.33.101.246:33764] script '/home/bharatsport.com/www/index.php' not found or unable to stat
[Sun Apr 03 05:20:58.236755 2022] [php7:error] [pid 544475] [client 20.70.40.17:49472] script '/home/bharatsport.com/www/installer.php' not found or unable to stat
[Sun Apr 03 05:31:49.415737 2022] [php7:error] [pid 543529] [client 135.181.213.220:3924] script '/home/bharatsport.com/www/contact.php' not found or unable to stat
[Sun Apr 03 05:32:04.556821 2022] [php7:error] [pid 539527] [client 135.181.213.220:4030] script '/home/bharatsport.com/www/index.php' not found or unable to stat
[Sun Apr 03 05:49:55.685615 2022] [php7:error] [pid 539527] [client 54.36.148.67:20857] script '/home/bharatsport.com/www/photo.php' not found or unable to stat
[Sun Apr 03 06:10:49.687055 2022] [php7:error] [pid 552171] [client 54.36.149.62:61597] script '/home/bharatsport.com/www/leh-tour-packages.php' not found or unable to stat
[Sun Apr 03 06:29:21.102856 2022] [php7:error] [pid 552123] [client 193.142.58.22:63655] script '/home/bharatsport.com/www/xmlrpc.php' not found or unable to stat
[Sun Apr 03 08:21:32.103132 2022] [core:error] [pid 571863] [client 45.155.204.146:57172] AH10244: invalid URI path (/cgi-bin/.%2e/.%2e/.%2e/.%2e/bin/sh)
[Sun Apr 03 08:21:59.896391 2022] [php7:error] [pid 572916] [client 54.36.148.189:64359] script '/home/bharatsport.com/www/reservatin.php' not found or unable to stat
[Sun Apr 03 08:33:34.758368 2022] [php7:error] [pid 572927] [client 196.196.220.166:55729] script '/home/bharatsport.com/www/contact.php' not found or unable to stat
[Sun Apr 03 12:00:26.134685 2022] [php7:error] [pid 604357] [client 40.77.167.1:58432] script '/home/bharatsport.com/www/rajsthan-10.php' not found or unable to stat
[Sun Apr 03 12:21:15.831927 2022] [php7:error] [pid 608906] [client 212.192.246.161:62329] script '/home/bharatsport.com/www/about_us.php' not found or unable to stat, referer: https://www.sagarview.com/about_us.php?id=1
[Sun Apr 03 12:21:16.324703 2022] [php7:error] [pid 608906] [client 212.192.246.161:62329] script '/home/bharatsport.com/www/about_us.php' not found or unable to stat, referer: https://www.sagarview.com/about_us.php?id=1'[0]
[Sun Apr 03 12:37:19.507237 2022] [php7:error] [pid 601547] [client 66.249.79.118:52073] script '/home/bharatsport.com/www/news_detail.php' not found or unable to stat
[Sun Apr 03 13:17:22.353983 2022] [php7:error] [pid 612244] [client 54.36.148.189:64245] script '/home/bharatsport.com/www/location.php' not found or unable to stat
[Sun Apr 03 14:13:48.987358 2022] [php7:error] [pid 626177] [client 207.46.13.125:20608] script '/home/bharatsport.com/www/srinagar-21.php' not found or unable to stat
[Sun Apr 03 14:43:01.167177 2022] [php7:error] [pid 626999] [client 207.46.13.125:35520] script '/home/bharatsport.com/www/car-package-chandigarh--shimla-chandigarhi.php' not found or unable to stat
[Sun Apr 03 14:56:12.426242 2022] [php7:error] [pid 634068] [client 157.230.43.70:64542] script '/home/bharatsport.com/www/xmlrpc.php' not found or unable to stat
[Sun Apr 03 15:06:53.136866 2022] [php7:error] [pid 634024] [client 66.249.68.70:54332] script '/home/bharatsport.com/www/rajsthan-11.php' not found or unable to stat
[Sun Apr 03 15:43:52.769698 2022] [php7:error] [pid 639630] [client 216.244.66.250:42264] script '/home/bharatsport.com/www/rajsthan-08.php' not found or unable to stat
[Sun Apr 03 15:52:44.702199 2022] [php7:error] [pid 642475] [client 157.55.39.164:50368] script '/home/bharatsport.com/www/staff.php' not found or unable to stat
[Sun Apr 03 16:56:43.377180 2022] [php7:error] [pid 653075] [client 114.119.150.110:59532] script '/home/bharatsport.com/www/reservatin.php' not found or unable to stat
[Sun Apr 03 17:04:14.933532 2022] [php7:error] [pid 653877] [client 167.172.74.250:49593] script '/home/bharatsport.com/www/xmlrpc.php' not found or unable to stat
[Sun Apr 03 17:40:12.132515 2022] [php7:error] [pid 660082] [client 54.36.148.189:58581] script '/home/bharatsport.com/www/about_us.php' not found or unable to stat
[Sun Apr 03 18:55:19.253547 2022] [php7:error] [pid 668562] [client 114.119.146.55:36486] script '/home/bharatsport.com/www/volvo-04.php' not found or unable to stat
[Sun Apr 03 19:04:55.671921 2022] [php7:error] [pid 670065] [client 66.249.68.74:36734] script '/home/bharatsport.com/www/srinagar-12.php' not found or unable to stat
[Sun Apr 03 19:11:16.210377 2022] [php7:error] [pid 667471] [client 167.172.74.250:54938] script '/home/bharatsport.com/www/xmlrpc.php' not found or unable to stat
[Sun Apr 03 19:25:15.111682 2022] [php7:error] [pid 674108] [client 168.61.182.53:2816] script '/home/bharatsport.com/www/xmlrpc.php' not found or unable to stat
[Sun Apr 03 19:30:23.686852 2022] [php7:error] [pid 676514] [client 54.36.148.189:38877] script '/home/bharatsport.com/www/teriff.php' not found or unable to stat
[Sun Apr 03 20:05:57.541015 2022] [php7:error] [pid 682210] [client 207.46.13.18:2944] script '/home/bharatsport.com/www/srinagar-01.php' not found or unable to stat
[Sun Apr 03 20:21:35.234078 2022] [php7:error] [pid 683460] [client 157.55.39.71:64704] script '/home/bharatsport.com/www/srinagar-09.php' not found or unable to stat
[Sun Apr 03 21:14:57.748067 2022] [php7:error] [pid 692023] [client 54.36.148.72:29609] script '/home/bharatsport.com/www/call-for-paper.php' not found or unable to stat
[Sun Apr 03 21:30:42.921799 2022] [php7:error] [pid 692022] [client 185.191.171.11:38748] script '/home/bharatsport.com/www/contact_us.php' not found or unable to stat
[Sun Apr 03 21:40:13.715817 2022] [php7:error] [pid 695869] [client 191.255.32.223:65043] script '/home/bharatsport.com/www/about_us.php' not found or unable to stat
[Sun Apr 03 21:40:15.580467 2022] [php7:error] [pid 692022] [client 191.255.32.223:65058] script '/home/bharatsport.com/www/about_us.php' not found or unable to stat
[Sun Apr 03 22:55:18.285889 2022] [php7:error] [pid 701216] [client 54.36.148.8:27609] script '/home/bharatsport.com/www/manali-kharddungla.php' not found or unable to stat
[Sun Apr 03 23:30:54.348919 2022] [php7:error] [pid 695767] [client 89.36.78.88:54577] script '/home/bharatsport.com/www/about_us.php' not found or unable to stat
[Sun Apr 03 23:30:56.413748 2022] [php7:error] [pid 709234] [client 89.36.78.88:54589] script '/home/bharatsport.com/www/about_us.php' not found or unable to stat
[Sun Apr 03 23:52:46.967740 2022] [php7:error] [pid 715738] [client 220.181.108.101:51953] script '/home/bharatsport.com/www/post-grievances.php' not found or unable to stat
[Mon Apr 04 00:44:27.516004 2022] [php7:error] [pid 719393] [client 66.249.79.207:52761] script '/home/bharatsport.com/www/admission1.php' not found or unable to stat
[Mon Apr 04 01:02:37.828317 2022] [php7:error] [pid 719178] [client 114.119.146.7:42242] script '/home/bharatsport.com/www/car-package-delhi-dharamshala-dalhousie-delhi.php' not found or unable to stat
