PNG  IHDRQgAMA a cHRMz&u0`:pQ<bKGDgmIDATxwUﹻ& ^CX(J I@ "% (** BX +*i"]j(IH{~R)[~>h{}gy)I$Ij .I$I$ʊy@}x.: $I$Ii}VZPC)I$IF ^0ʐJ$I$Q^}{"r=OzI$gRZeC.IOvH eKX $IMpxsk.쒷/&r[޳<v| .I~)@$updYRa$I |M.e JaֶpSYR6j>h%IRز if&uJ)M$I vLi=H;7UJ,],X$I1AҒJ$ XY XzI@GNҥRT)E@;]K*Mw;#5_wOn~\ DC&$(A5 RRFkvIR}l!RytRl;~^ǷJj اy뷦BZJr&ӥ8Pjw~vnv X^(I;4R=P[3]J,]ȏ~:3?[ a&e)`e*P[4]T=Cq6R[ ~ޤrXR Հg(t_HZ-Hg M$ãmL5R uk*`%C-E6/%[t X.{8P9Z.vkXŐKjgKZHg(aK9ڦmKjѺm_ \#$5,)-  61eJ,5m| r'= &ڡd%-]J on Xm|{ RҞe $eڧY XYrԮ-a7RK6h>n$5AVڴi*ֆK)mѦtmr1p| q:흺,)Oi*ֺK)ܬ֦K-5r3>0ԔHjJئEZj,%re~/z%jVMڸmrt)3]J,T K֦OvԒgii*bKiNO~%PW0=dii2tJ9Jݕ{7"I P9JKTbu,%r"6RKU}Ij2HKZXJ,妝 XYrP ެ24c%i^IK|.H,%rb:XRl1X4Pe/`x&P8Pj28Mzsx2r\zRPz4J}yP[g=L) .Q[6RjWgp FIH*-`IMRaK9TXcq*I y[jE>cw%gLRԕiFCj-ďa`#e~I j,%r,)?[gp FI˨mnWX#>mʔ XA DZf9,nKҲzIZXJ,L#kiPz4JZF,I,`61%2s $,VOϚ2/UFJfy7K> X+6 STXIeJILzMfKm LRaK9%|4p9LwJI!`NsiazĔ)%- XMq>pk$-$Q2x#N ؎-QR}ᶦHZډ)J,l#i@yn3LN`;nڔ XuX5pF)m|^0(>BHF9(cզEerJI rg7 4I@z0\JIi䵙RR0s;$s6eJ,`n 䂦0a)S)A 1eJ,堌#635RIgpNHuTH_SԕqVe ` &S)>p;S$魁eKIuX`I4춒o}`m$1":PI<[v9^\pTJjriRŭ P{#{R2,`)e-`mgj~1ϣLKam7&U\j/3mJ,`F;M'䱀 .KR#)yhTq;pcK9(q!w?uRR,n.yw*UXj#\]ɱ(qv2=RqfB#iJmmL<]Y͙#$5 uTU7ӦXR+q,`I}qL'`6Kͷ6r,]0S$- [RKR3oiRE|nӦXR.(i:LDLTJjY%o:)6rxzҒqTJjh㞦I.$YR.ʼnGZ\ֿf:%55 I˼!6dKxm4E"mG_ s? .e*?LRfK9%q#uh$)i3ULRfK9yxm܌bj84$i1U^@Wbm4uJ,ҪA>_Ij?1v32[gLRD96oTaR׿N7%L2 NT,`)7&ƝL*꽙yp_$M2#AS,`)7$rkTA29_Iye"|/0t)$n XT2`YJ;6Jx".e<`$) PI$5V4]29SRI>~=@j]lp2`K9Jaai^" Ԋ29ORI%:XV5]JmN9]H;1UC39NI%Xe78t)a;Oi Ҙ>Xt"~G>_mn:%|~ޅ_+]$o)@ǀ{hgN;IK6G&rp)T2i୦KJuv*T=TOSV>(~D>dm,I*Ɛ:R#ۙNI%D>G.n$o;+#RR!.eU˽TRI28t)1LWϚ>IJa3oFbu&:tJ*(F7y0ZR ^p'Ii L24x| XRI%ۄ>S1]Jy[zL$adB7.eh4%%누>WETf+3IR:I3Xה)3אOۦSRO'ٺ)S}"qOr[B7ϙ.edG)^ETR"RtRݜh0}LFVӦDB^k_JDj\=LS(Iv─aTeZ%eUAM-0;~˃@i|l @S4y72>sX-vA}ϛBI!ݎߨWl*)3{'Y|iSlEڻ(5KtSI$Uv02,~ԩ~x;P4ցCrO%tyn425:KMlD ^4JRxSهF_}شJTS6uj+ﷸk$eZO%G*^V2u3EMj3k%)okI]dT)URKDS 7~m@TJR~荪fT"֛L \sM -0T KfJz+nإKr L&j()[E&I ߴ>e FW_kJR|!O:5/2跌3T-'|zX ryp0JS ~^F>-2< `*%ZFP)bSn"L :)+pʷf(pO3TMW$~>@~ū:TAIsV1}S2<%ޟM?@iT ,Eūoz%i~g|`wS(]oȤ8)$ ntu`өe`6yPl IzMI{ʣzʨ )IZ2= ld:5+請M$-ї;U>_gsY$ÁN5WzWfIZ)-yuXIfp~S*IZdt;t>KūKR|$#LcԀ+2\;kJ`]YǔM1B)UbG"IRߊ<xܾӔJ0Z='Y嵤 Leveg)$znV-º^3Ւof#0Tfk^Zs[*I꯳3{)ˬW4Ւ4 OdpbZRS|*I 55#"&-IvT&/윚Ye:i$ 9{LkuRe[I~_\ؠ%>GL$iY8 9ܕ"S`kS.IlC;Ҏ4x&>u_0JLr<J2(^$5L s=MgV ~,Iju> 7r2)^=G$1:3G< `J3~&IR% 6Tx/rIj3O< ʔ&#f_yXJiގNSz; Tx(i8%#4 ~AS+IjerIUrIj362v885+IjAhK__5X%nV%Iͳ-y|7XV2v4fzo_68"S/I-qbf; LkF)KSM$ Ms>K WNV}^`-큧32ŒVؙGdu,^^m%6~Nn&͓3ŒVZMsRpfEW%IwdǀLm[7W&bIRL@Q|)* i ImsIMmKmyV`i$G+R 0tV'!V)֏28vU7͒vHꦼtxꗞT ;S}7Mf+fIRHNZUkUx5SAJㄌ9MqμAIRi|j5)o*^'<$TwI1hEU^c_j?Е$%d`z cyf,XO IJnTgA UXRD }{H}^S,P5V2\Xx`pZ|Yk:$e ~ @nWL.j+ϝYb퇪bZ BVu)u/IJ_ 1[p.p60bC >|X91P:N\!5qUB}5a5ja `ubcVxYt1N0Zzl4]7­gKj]?4ϻ *[bg$)+À*x쳀ogO$~,5 زUS9 lq3+5mgw@np1sso Ӻ=|N6 /g(Wv7U;zωM=wk,0uTg_`_P`uz?2yI!b`kĸSo+Qx%!\οe|އԁKS-s6pu_(ֿ$i++T8=eY; צP+phxWQv*|p1. ά. XRkIQYP,drZ | B%wP|S5`~́@i޾ E;Չaw{o'Q?%iL{u D?N1BD!owPHReFZ* k_-~{E9b-~P`fE{AܶBJAFO wx6Rox5 K5=WwehS8 (JClJ~ p+Fi;ŗo+:bD#g(C"wA^ r.F8L;dzdIHUX݆ϞXg )IFqem%I4dj&ppT{'{HOx( Rk6^C٫O.)3:s(۳(Z?~ٻ89zmT"PLtw䥈5&b<8GZ-Y&K?e8,`I6e(֍xb83 `rzXj)F=l($Ij 2*(F?h(/9ik:I`m#p3MgLaKjc/U#n5S# m(^)=y=đx8ŬI[U]~SцA4p$-F i(R,7Cx;X=cI>{Km\ o(Tv2vx2qiiDJN,Ҏ!1f 5quBj1!8 rDFd(!WQl,gSkL1Bxg''՞^ǘ;pQ P(c_ IRujg(Wz bs#P­rz> k c&nB=q+ؔXn#r5)co*Ũ+G?7< |PQӣ'G`uOd>%Mctz# Ԫڞ&7CaQ~N'-P.W`Oedp03C!IZcIAMPUۀ5J<\u~+{9(FbbyAeBhOSܳ1 bÈT#ŠyDžs,`5}DC-`̞%r&ڙa87QWWp6e7 Rϫ/oY ꇅ Nܶըtc!LA T7V4Jsū I-0Pxz7QNF_iZgúWkG83 0eWr9 X]㾮݁#Jˢ C}0=3ݱtBi]_ &{{[/o[~ \q鯜00٩|cD3=4B_b RYb$óBRsf&lLX#M*C_L܄:gx)WΘsGSbuL rF$9';\4Ɍq'n[%p.Q`u hNb`eCQyQ|l_C>Lb꟟3hSb #xNxSs^ 88|Mz)}:](vbۢamŖ࿥ 0)Q7@0=?^k(*J}3ibkFn HjB׻NO z x}7p 0tfDX.lwgȔhԾŲ }6g E |LkLZteu+=q\Iv0쮑)QٵpH8/2?Σo>Jvppho~f>%bMM}\//":PTc(v9v!gոQ )UfVG+! 35{=x\2+ki,y$~A1iC6#)vC5^>+gǵ@1Hy٪7u;p psϰu/S <aʸGu'tD1ԝI<pg|6j'p:tպhX{o(7v],*}6a_ wXRk,O]Lܳ~Vo45rp"N5k;m{rZbΦ${#)`(Ŵg,;j%6j.pyYT?}-kBDc3qA`NWQū20/^AZW%NQ MI.X#P#,^Ebc&?XR tAV|Y.1!؅⨉ccww>ivl(JT~ u`ٵDm q)+Ri x/x8cyFO!/*!/&,7<.N,YDŽ&ܑQF1Bz)FPʛ?5d 6`kQձ λc؎%582Y&nD_$Je4>a?! ͨ|ȎWZSsv8 j(I&yj Jb5m?HWp=g}G3#|I,5v珿] H~R3@B[☉9Ox~oMy=J;xUVoj bUsl_35t-(ՃɼRB7U!qc+x4H_Qo֮$[GO<4`&č\GOc[.[*Af%mG/ ňM/r W/Nw~B1U3J?P&Y )`ѓZ1p]^l“W#)lWZilUQu`-m|xĐ,_ƪ|9i:_{*(3Gѧ}UoD+>m_?VPۅ15&}2|/pIOʵ> GZ9cmíتmnz)yߐbD >e}:) r|@R5qVSA10C%E_'^8cR7O;6[eKePGϦX7jb}OTGO^jn*媓7nGMC t,k31Rb (vyܴʭ!iTh8~ZYZp(qsRL ?b}cŨʊGO^!rPJO15MJ[c&~Z`"ѓޔH1C&^|Ш|rʼ,AwĴ?b5)tLU)F| &g٣O]oqSUjy(x<Ϳ3 .FSkoYg2 \_#wj{u'rQ>o;%n|F*O_L"e9umDds?.fuuQbIWz |4\0 sb;OvxOSs; G%T4gFRurj(֍ڑb uԖKDu1MK{1^ q; C=6\8FR艇!%\YÔU| 88m)֓NcLve C6z;o&X x59:q61Z(T7>C?gcļxѐ Z oo-08jہ x,`' ҔOcRlf~`jj".Nv+sM_]Zk g( UOPyεx%pUh2(@il0ݽQXxppx-NS( WO+轾 nFߢ3M<;z)FBZjciu/QoF 7R¥ ZFLF~#ȣߨ^<쩡ݛкvџ))ME>ώx4m#!-m!L;vv#~Y[đKmx9.[,UFS CVkZ +ߟrY٧IZd/ioi$%͝ب_ֶX3ܫhNU ZZgk=]=bbJS[wjU()*I =ώ:}-蹞lUj:1}MWm=̛ _ ¾,8{__m{_PVK^n3esw5ӫh#$-q=A̟> ,^I}P^J$qY~Q[ Xq9{#&T.^GVj__RKpn,b=`żY@^՝;z{paVKkQXj/)y TIc&F;FBG7wg ZZDG!x r_tƢ!}i/V=M/#nB8 XxЫ ^@CR<{䤭YCN)eKOSƟa $&g[i3.C6xrOc8TI;o hH6P&L{@q6[ Gzp^71j(l`J}]e6X☉#͕ ׈$AB1Vjh㭦IRsqFBjwQ_7Xk>y"N=MB0 ,C #o6MRc0|$)ف"1!ixY<B9mx `,tA>)5ػQ?jQ?cn>YZe Tisvh# GMމȇp:ԴVuږ8ɼH]C.5C!UV;F`mbBk LTMvPʍϤj?ԯ/Qr1NB`9s"s TYsz &9S%U԰> {<ؿSMxB|H\3@!U| k']$U+> |HHMLޢ?V9iD!-@x TIî%6Z*9X@HMW#?nN ,oe6?tQwڱ.]-y':mW0#!J82qFjH -`ѓ&M0u Uγmxϵ^-_\])@0Rt.8/?ٰCY]x}=sD3ojަЫNuS%U}ԤwHH>ڗjܷ_3gN q7[q2la*ArǓԖ+p8/RGM ]jacd(JhWko6ڎbj]i5Bj3+3!\j1UZLsLTv8HHmup<>gKMJj0@H%,W΃7R) ">c, xixј^ aܖ>H[i.UIHc U1=yW\=S*GR~)AF=`&2h`DzT󑓶J+?W+}C%P:|0H܆}-<;OC[~o.$~i}~HQ TvXΈr=b}$vizL4:ȰT|4~*!oXQR6Lk+#t/g lԁߖ[Jڶ_N$k*". xsxX7jRVbAAʯKҎU3)zSNN _'s?f)6X!%ssAkʱ>qƷb hg %n ~p1REGMHH=BJiy[<5 ǁJҖgKR*倳e~HUy)Ag,K)`Vw6bRR:qL#\rclK/$sh*$ 6덤 KԖc 3Z9=Ɣ=o>X Ώ"1 )a`SJJ6k(<c e{%kϊP+SL'TcMJWRm ŏ"w)qc ef꒵i?b7b('"2r%~HUS1\<(`1Wx9=8HY9m:X18bgD1u ~|H;K-Uep,, C1 RV.MR5άh,tWO8WC$ XRVsQS]3GJ|12 [vM :k#~tH30Rf-HYݺ-`I9%lIDTm\ S{]9gOڒMNCV\G*2JRŨ;Rҏ^ڽ̱mq1Eu?To3I)y^#jJw^Ńj^vvlB_⋌P4x>0$c>K†Aļ9s_VjTt0l#m>E-,,x,-W)سo&96RE XR.6bXw+)GAEvL)͞K4$p=Ũi_ѱOjb HY/+@θH9޼]Nԥ%n{ &zjT? Ty) s^ULlb,PiTf^<À] 62R^V7)S!nllS6~͝V}-=%* ʻ>G DnK<y&>LPy7'r=Hj 9V`[c"*^8HpcO8bnU`4JȪAƋ#1_\ XϘHPRgik(~G~0DAA_2p|J묭a2\NCr]M_0 ^T%e#vD^%xy-n}-E\3aS%yN!r_{ )sAw ڼp1pEAk~v<:`'ӭ^5 ArXOI驻T (dk)_\ PuA*BY]yB"l\ey hH*tbK)3 IKZ򹞋XjN n *n>k]X_d!ryBH ]*R 0(#'7 %es9??ښFC,ՁQPjARJ\Ρw K#jahgw;2$l*) %Xq5!U᢯6Re] |0[__64ch&_}iL8KEgҎ7 M/\`|.p,~`a=BR?xܐrQ8K XR2M8f ?`sgWS%" Ԉ 7R%$ N}?QL1|-эټwIZ%pvL3Hk>,ImgW7{E xPHx73RA @RS CC !\ȟ5IXR^ZxHл$Q[ŝ40 (>+ _C >BRt<,TrT {O/H+˟Pl6 I B)/VC<6a2~(XwV4gnXR ϱ5ǀHٻ?tw똤Eyxp{#WK qG%5],(0ӈH HZ])ג=K1j&G(FbM@)%I` XRg ʔ KZG(vP,<`[ Kn^ SJRsAʠ5xՅF`0&RbV tx:EaUE/{fi2;.IAwW8/tTxAGOoN?G}l L(n`Zv?pB8K_gI+ܗ #i?ޙ.) p$utc ~DžfՈEo3l/)I-U?aԅ^jxArA ΧX}DmZ@QLےbTXGd.^|xKHR{|ΕW_h] IJ`[G9{).y) 0X YA1]qp?p_k+J*Y@HI>^?gt.06Rn ,` ?);p pSF9ZXLBJPWjgQ|&)7! HjQt<| ؅W5 x W HIzYoVMGP Hjn`+\(dNW)F+IrS[|/a`K|ͻ0Hj{R,Q=\ (F}\WR)AgSG`IsnAR=|8$}G(vC$)s FBJ?]_u XRvύ6z ŨG[36-T9HzpW̞ú Xg큽=7CufzI$)ki^qk-) 0H*N` QZkk]/tnnsI^Gu't=7$ Z;{8^jB% IItRQS7[ϭ3 $_OQJ`7!]W"W,)Iy W AJA;KWG`IY{8k$I$^%9.^(`N|LJ%@$I}ֽp=FB*xN=gI?Q{٥4B)mw $Igc~dZ@G9K X?7)aK%݅K$IZ-`IpC U6$I\0>!9k} Xa IIS0H$I H ?1R.Чj:4~Rw@p$IrA*u}WjWFPJ$I➓/6#! LӾ+ X36x8J |+L;v$Io4301R20M I$-E}@,pS^ޟR[/s¹'0H$IKyfŸfVOπFT*a$I>He~VY/3R/)>d$I>28`Cjw,n@FU*9ttf$I~<;=/4RD~@ X-ѕzἱI$: ԍR a@b X{+Qxuq$IЛzo /~3\8ڒ4BN7$IҀj V]n18H$IYFBj3̵̚ja pp $Is/3R Ӻ-Yj+L;.0ŔI$Av? #!5"aʄj}UKmɽH$IjCYs?h$IDl843.v}m7UiI=&=0Lg0$I4: embe` eQbm0u? $IT!Sƍ'-sv)s#C0:XB2a w I$zbww{."pPzO =Ɔ\[ o($Iaw]`E).Kvi:L*#gР7[$IyGPI=@R 4yR~̮´cg I$I/<tPͽ hDgo 94Z^k盇΄8I56^W$I^0̜N?4*H`237}g+hxoq)SJ@p|` $I%>-hO0eO>\ԣNߌZD6R=K ~n($I$y3D>o4b#px2$yڪtzW~a $I~?x'BwwpH$IZݑnC㧄Pc_9sO gwJ=l1:mKB>Ab<4Lp$Ib o1ZQ@85b̍ S'F,Fe,^I$IjEdù{l4 8Ys_s Z8.x m"+{~?q,Z D!I$ϻ'|XhB)=…']M>5 rgotԎ 獽PH$IjIPhh)n#cÔqA'ug5qwU&rF|1E%I$%]!'3AFD/;Ck_`9 v!ٴtPV;x`'*bQa w I$Ix5 FC3D_~A_#O݆DvV?<qw+I$I{=Z8".#RIYyjǪ=fDl9%M,a8$I$Ywi[7ݍFe$s1ՋBVA?`]#!oz4zjLJo8$I$%@3jAa4(o ;p,,dya=F9ً[LSPH$IJYЉ+3> 5"39aZ<ñh!{TpBGkj}Sp $IlvF.F$I z< '\K*qq.f<2Y!S"-\I$IYwčjF$ w9 \ߪB.1v!Ʊ?+r:^!I$BϹB H"B;L'G[ 4U#5>੐)|#o0aڱ$I>}k&1`U#V?YsV x>{t1[I~D&(I$I/{H0fw"q"y%4 IXyE~M3 8XψL}qE$I[> nD?~sf ]o΁ cT6"?'_Ἣ $I>~.f|'!N?⟩0G KkXZE]ޡ;/&?k OۘH$IRۀwXӨ<7@PnS04aӶp.:@\IWQJ6sS%I$e5ڑv`3:x';wq_vpgHyXZ 3gЂ7{{EuԹn±}$I$8t;b|591nءQ"P6O5i }iR̈́%Q̄p!I䮢]O{H$IRϻ9s֧ a=`- aB\X0"+5"C1Hb?߮3x3&gşggl_hZ^,`5?ߎvĸ%̀M!OZC2#0x LJ0 Gw$I$I}<{Eb+y;iI,`ܚF:5ܛA8-O-|8K7s|#Z8a&><a&/VtbtLʌI$I$I$I$I$I$IRjDD%tEXtdate:create2022-05-31T04:40:26+00:00!Î%tEXtdate:modify2022-05-31T04:40:26+00:00|{2IENDB`Mini Shell

HOME


Mini Shell 1.0
DIR:/home/incinque.ca/log/
Upload File :
Current File : /home/incinque.ca/log/access.log
223.178.210.235 - - [21/Jun/2022:18:35:39 +0200] "GET / HTTP/1.1" 301 562 "-" "Mozilla/5.0 (Windows NT 10.0; Win64; x64; rv:101.0) Gecko/20100101 Firefox/101.0"
132.154.186.125 - - [21/Jun/2022:18:37:09 +0200] "GET / HTTP/1.1" 301 562 "-" "WhatsApp/2.22.9.76 i"
132.154.186.125 - - [21/Jun/2022:18:37:17 +0200] "GET / HTTP/1.1" 301 562 "-" "WhatsApp/2.22.9.76 i"
132.154.186.125 - - [21/Jun/2022:18:37:18 +0200] "GET / HTTP/1.1" 301 562 "-" "WhatsApp/2.22.9.76 i"
132.154.186.125 - - [21/Jun/2022:18:37:19 +0200] "GET /Pay HTTP/1.1" 301 568 "-" "WhatsApp/2.22.9.76 i"
132.154.186.125 - - [21/Jun/2022:18:37:21 +0200] "GET /Pay.h HTTP/1.1" 301 572 "-" "WhatsApp/2.22.9.76 i"
132.154.186.125 - - [21/Jun/2022:18:37:22 +0200] "GET /Pay.html HTTP/1.1" 301 578 "-" "WhatsApp/2.22.9.76 i"
223.178.210.235 - - [21/Jun/2022:18:40:02 +0200] "GET /Pay.html HTTP/1.1" 301 578 "-" "Mozilla/5.0 (Windows NT 10.0; Win64; x64; rv:101.0) Gecko/20100101 Firefox/101.0"
66.249.70.45 - - [21/Jun/2022:22:33:24 +0200] "GET /robots.txt HTTP/1.1" 301 582 "-" "Mozilla/5.0 (compatible; Googlebot/2.1; +http://www.google.com/bot.html)"
66.249.70.49 - - [21/Jun/2022:22:33:24 +0200] "GET / HTTP/1.1" 301 562 "-" "Mozilla/5.0 (compatible; Googlebot/2.1; +http://www.google.com/bot.html)"
66.249.70.45 - - [21/Jun/2022:23:57:49 +0200] "GET /ads.txt HTTP/1.1" 301 576 "-" "Mozilla/5.0 (compatible; Googlebot/2.1; +http://www.google.com/bot.html)"
66.249.64.169 - - [22/Jun/2022:00:08:16 +0200] "GET /robots.txt HTTP/1.1" 301 594 "-" "Mozilla/5.0 (compatible; Googlebot/2.1; +http://www.google.com/bot.html)"
66.249.64.173 - - [22/Jun/2022:00:08:17 +0200] "GET / HTTP/1.1" 301 574 "-" "Mozilla/5.0 (compatible; Googlebot/2.1; +http://www.google.com/bot.html)"
54.236.1.13 - - [22/Jun/2022:01:05:12 +0200] "GET /robots.txt HTTP/1.1" 301 582 "-" "Mozilla/5.0 (compatible; Pinterestbot/1.0; +http://www.pinterest.com/bot.html)"
54.236.1.13 - - [22/Jun/2022:01:05:13 +0200] "GET / HTTP/1.1" 301 561 "-" "Mozilla/5.0 (compatible; Pinterestbot/1.0; +http://www.pinterest.com/bot.html)"
69.27.14.141 - - [22/Jun/2022:01:57:11 +0200] "GET /wp/old-index.php?daksldlkdsadas=1 HTTP/1.1" 301 591 "incinque.ca" "Mozilla/5.0 (Windows NT 6.1; WOW64) AppleWebKit/537.36 (KHTML, like Gecko) Chrome/50.0.2661.75 Safari/537.36"
69.27.14.141 - - [22/Jun/2022:01:58:32 +0200] "GET /wp/wp-load.php?daksldlkdsadas=1 HTTP/1.1" 301 587 "incinque.ca" "Mozilla/5.0 (Windows NT 6.1; WOW64) AppleWebKit/537.36 (KHTML, like Gecko) Chrome/50.0.2661.75 Safari/537.36"
20.112.103.111 - - [22/Jun/2022:02:57:02 +0200] "GET / HTTP/1.1" 301 562 "-" "Mozilla/5.0 (Windows NT 10.0; Win64; x64) AppleWebKit/537.36 (KHTML, like Gecko) Chrome/95.0.4638.69 Safari/537.36"
66.249.70.45 - - [22/Jun/2022:03:30:24 +0200] "GET / HTTP/1.1" 301 562 "-" "Mozilla/5.0 (Linux; Android 6.0.1; Nexus 5X Build/MMB29P) AppleWebKit/537.36 (KHTML, like Gecko) Chrome/102.0.5005.115 Mobile Safari/537.36 (compatible; Googlebot/2.1; +http://www.google.com/bot.html)"
66.249.70.45 - - [22/Jun/2022:03:51:46 +0200] "GET /index.php HTTP/1.1" 301 580 "-" "Mozilla/5.0 (Linux; Android 6.0.1; Nexus 5X Build/MMB29P) AppleWebKit/537.36 (KHTML, like Gecko) Chrome/102.0.5005.115 Mobile Safari/537.36 (compatible; Googlebot/2.1; +http://www.google.com/bot.html)"
34.79.206.246 - - [22/Jun/2022:04:12:21 +0200] "HEAD /Sharklogisticsinc/ HTTP/1.1" 301 254 "-" "Apache-HttpClient/4.5.5 (Java/11.0.9)"
64.71.131.244 - - [22/Jun/2022:04:20:56 +0200] "GET /robots.txt HTTP/1.1" 301 526 "-" "Mozilla/5.0 (compatible; ev-crawler/1.0; +https://headline.com/legal/crawler)"
64.71.131.244 - - [22/Jun/2022:04:20:56 +0200] "GET /robots.txt HTTP/1.1" 301 538 "-" "Mozilla/5.0 (compatible; ev-crawler/1.0; +https://headline.com/legal/crawler)"
66.249.70.47 - - [22/Jun/2022:05:10:07 +0200] "GET / HTTP/1.1" 301 562 "-" "Mozilla/5.0 (Linux; Android 6.0.1; Nexus 5X Build/MMB29P) AppleWebKit/537.36 (KHTML, like Gecko) Chrome/99.0.4844.84 Mobile Safari/537.36 (compatible; Googlebot/2.1; +http://www.google.com/bot.html)"
66.249.70.49 - - [22/Jun/2022:05:10:08 +0200] "GET / HTTP/1.1" 301 562 "-" "Mozilla/5.0 (compatible; Googlebot/2.1; +http://www.google.com/bot.html)"
144.217.135.170 - - [22/Jun/2022:05:37:27 +0200] "GET / HTTP/1.1" 301 574 "-" "Mozilla/5.0 (Windows NT 6.3; Win64; x64) AppleWebKit/537.36 (KHTML, like Gecko) Chrome/60.0.3112.90 Safari/537.36 React.org"
66.249.70.47 - - [22/Jun/2022:05:42:16 +0200] "GET /index.php HTTP/1.1" 301 580 "-" "Mozilla/5.0 (compatible; Googlebot/2.1; +http://www.google.com/bot.html)"
207.46.13.236 - - [22/Jun/2022:05:50:27 +0200] "GET /robots.txt HTTP/1.1" 301 582 "-" "Mozilla/5.0 (compatible; bingbot/2.0; +http://www.bing.com/bingbot.htm)"
157.55.39.205 - - [22/Jun/2022:05:50:34 +0200] "GET / HTTP/1.1" 301 562 "-" "Mozilla/5.0 (compatible; bingbot/2.0; +http://www.bing.com/bingbot.htm)"
194.38.20.161 - - [22/Jun/2022:05:54:31 +0200] "GET /wp-content/plugins/cherry-plugin/admin/import-export/download-content.php?file=upload.php HTTP/1.1" 301 740 "-" "ALittle Client"
193.233.185.127 - - [22/Jun/2022:07:58:53 +0200] "GET /.env HTTP/1.1" 301 570 "-" "Mozilla/5.0 (X11; Linux x86_64) AppleWebKit/537.36 (KHTML, like Gecko) Chrome/81.0.4044.129 Safari/537.36"
193.233.185.127 - - [22/Jun/2022:07:58:54 +0200] "POST / HTTP/1.1" 301 562 "-" "Mozilla/5.0 (X11; Linux x86_64) AppleWebKit/537.36 (KHTML, like Gecko) Chrome/81.0.4044.129 Safari/537.36"
193.233.185.127 - - [22/Jun/2022:08:01:26 +0200] "GET /.env HTTP/1.1" 301 570 "-" "Mozilla/5.0 (X11; Linux x86_64) AppleWebKit/537.36 (KHTML, like Gecko) Chrome/81.0.4044.129 Safari/537.36"
193.233.185.127 - - [22/Jun/2022:08:01:29 +0200] "POST / HTTP/1.1" 301 562 "-" "Mozilla/5.0 (X11; Linux x86_64) AppleWebKit/537.36 (KHTML, like Gecko) Chrome/81.0.4044.129 Safari/537.36"
193.233.185.127 - - [22/Jun/2022:08:02:16 +0200] "GET /.env HTTP/1.1" 301 570 "-" "Mozilla/5.0 (X11; Linux x86_64) AppleWebKit/537.36 (KHTML, like Gecko) Chrome/81.0.4044.129 Safari/537.36"
193.233.185.127 - - [22/Jun/2022:08:02:19 +0200] "POST / HTTP/1.1" 301 562 "-" "Mozilla/5.0 (X11; Linux x86_64) AppleWebKit/537.36 (KHTML, like Gecko) Chrome/81.0.4044.129 Safari/537.36"
66.249.70.47 - - [22/Jun/2022:08:42:16 +0200] "GET /microsoft-windows-support.php HTTP/1.1" 301 620 "-" "Mozilla/5.0 (compatible; Googlebot/2.1; +http://www.google.com/bot.html)"
51.254.201.247 - - [22/Jun/2022:09:57:10 +0200] "GET /wp/.atime HTTP/1.1" 301 543 "incinque.ca" "Mozilla/5.1 (Windows NT 6.0; WOW64) AppleWebKit/533.36 (KHTML, like Gecko) Chrome/46.0.2754.75 Safari/533.36"
66.249.70.45 - - [22/Jun/2022:10:12:16 +0200] "GET /paynow/ HTTP/1.1" 301 576 "-" "Mozilla/5.0 (compatible; Googlebot/2.1; +http://www.google.com/bot.html)"
124.253.3.24 - - [22/Jun/2022:12:18:08 +0200] "GET / HTTP/1.1" 301 562 "-" "Mozilla/5.0 (Windows NT 10.0; Win64; x64) AppleWebKit/537.36 (KHTML, like Gecko) Chrome/102.0.0.0 Safari/537.36"
124.253.3.24 - - [22/Jun/2022:12:18:08 +0200] "GET /robots.txt HTTP/1.1" 301 582 "-" "Mozilla/5.0 (Windows NT 10.0; Win64; x64) AppleWebKit/537.36 (KHTML, like Gecko) Chrome/102.0.0.0 Safari/537.36"
66.249.66.223 - - [22/Jun/2022:12:30:50 +0200] "GET /robots.txt HTTP/1.1" 301 582 "-" "Mozilla/5.0 (compatible; Googlebot/2.1; +http://www.google.com/bot.html)"
66.249.66.17 - - [22/Jun/2022:12:30:51 +0200] "GET / HTTP/1.1" 301 562 "-" "Mozilla/5.0 (Linux; Android 6.0.1; Nexus 5X Build/MMB29P) AppleWebKit/537.36 (KHTML, like Gecko) Chrome/99.0.4844.84 Mobile Safari/537.36 (compatible; Googlebot/2.1; +http://www.google.com/bot.html)"
66.249.66.13 - - [22/Jun/2022:12:30:51 +0200] "GET / HTTP/1.1" 301 562 "-" "Mozilla/5.0 (compatible; Googlebot/2.1; +http://www.google.com/bot.html)"
20.214.8.177 - - [22/Jun/2022:12:32:44 +0200] "GET /wp-content/plugins/dzs-zoomsounds/savepng.php?location=1877.php HTTP/1.1" 301 632 "-" "Mozilla/5.0 (Windows NT 10.0; Win64; x64) AppleWebKit/537.36 (KHTML, like Gecko) Chrome/85.0.4183.102 Safari/537.36"
20.214.8.177 - - [22/Jun/2022:12:32:44 +0200] "POST /ALFA_DATA/alfacgiapi/perl.alfa HTTP/1.1" 301 622 "www.google.com" "Mozlila/5.0 (Linux; Android 7.0; SM-G892A Bulid/NRD90M; wv) AppleWebKit/537.36 (KHTML, like Gecko) Version/4.0 Chrome/60.0.3112.107 Moblie Safari/537.36"
20.214.8.177 - - [22/Jun/2022:12:32:44 +0200] "GET / HTTP/1.1" 301 562 "-" "Mozlila/5.0 (Linux; Android 7.0; SM-G892A Bulid/NRD90M; wv) AppleWebKit/537.36 (KHTML, like Gecko) Version/4.0 Chrome/60.0.3112.107 Moblie Safari/537.36"
18.197.150.111 - - [22/Jun/2022:12:41:48 +0200] "GET /.well-known/acme-challenge/OyeuRj-Ewti3_BA0kIBr7rH0EusjiTchqvSqedA7ozU HTTP/1.1" 200 308 "-" "Mozilla/5.0 (compatible; Let's Encrypt validation server; +https://www.letsencrypt.org)"
3.142.236.155 - - [22/Jun/2022:12:41:48 +0200] "GET /.well-known/acme-challenge/OyeuRj-Ewti3_BA0kIBr7rH0EusjiTchqvSqedA7ozU HTTP/1.1" 200 308 "-" "Mozilla/5.0 (compatible; Let's Encrypt validation server; +https://www.letsencrypt.org)"
64.78.149.164 - - [22/Jun/2022:12:41:49 +0200] "GET /.well-known/acme-challenge/OyeuRj-Ewti3_BA0kIBr7rH0EusjiTchqvSqedA7ozU HTTP/1.1" 200 308 "-" "Mozilla/5.0 (compatible; Let's Encrypt validation server; +https://www.letsencrypt.org)"
35.167.118.106 - - [22/Jun/2022:12:41:58 +0200] "GET /.well-known/acme-challenge/OyeuRj-Ewti3_BA0kIBr7rH0EusjiTchqvSqedA7ozU HTTP/1.1" 200 308 "-" "Mozilla/5.0 (compatible; Let's Encrypt validation server; +https://www.letsencrypt.org)"
124.253.3.24 - - [22/Jun/2022:12:42:43 +0200] "GET / HTTP/1.1" 200 5262 "-" "Mozilla/5.0 (Windows NT 10.0; Win64; x64) AppleWebKit/537.36 (KHTML, like Gecko) Chrome/102.0.0.0 Safari/537.36"
124.253.3.24 - - [22/Jun/2022:12:42:43 +0200] "GET /img.jpg HTTP/1.1" 200 51786 "https://incinque.ca/" "Mozilla/5.0 (Windows NT 10.0; Win64; x64) AppleWebKit/537.36 (KHTML, like Gecko) Chrome/102.0.0.0 Safari/537.36"
124.253.3.24 - - [22/Jun/2022:12:42:47 +0200] "GET / HTTP/1.1" 200 536 "-" "Mozilla/5.0 (Windows NT 10.0; Win64; x64) AppleWebKit/537.36 (KHTML, like Gecko) Chrome/102.0.0.0 Safari/537.36"
18.197.150.111 - - [22/Jun/2022:12:43:07 +0200] "GET /.well-known/acme-challenge/M0p0DCsHAGQEoYKzuM1qmVJo6ObOuWGc0-MlLsAeJ7c HTTP/1.1" 200 308 "-" "Mozilla/5.0 (compatible; Let's Encrypt validation server; +https://www.letsencrypt.org)"
35.167.118.106 - - [22/Jun/2022:12:43:07 +0200] "GET /.well-known/acme-challenge/M0p0DCsHAGQEoYKzuM1qmVJo6ObOuWGc0-MlLsAeJ7c HTTP/1.1" 200 308 "-" "Mozilla/5.0 (compatible; Let's Encrypt validation server; +https://www.letsencrypt.org)"
64.78.149.164 - - [22/Jun/2022:12:43:07 +0200] "GET /.well-known/acme-challenge/M0p0DCsHAGQEoYKzuM1qmVJo6ObOuWGc0-MlLsAeJ7c HTTP/1.1" 200 308 "-" "Mozilla/5.0 (compatible; Let's Encrypt validation server; +https://www.letsencrypt.org)"
3.142.236.155 - - [22/Jun/2022:12:43:08 +0200] "GET /.well-known/acme-challenge/M0p0DCsHAGQEoYKzuM1qmVJo6ObOuWGc0-MlLsAeJ7c HTTP/1.1" 200 308 "-" "Mozilla/5.0 (compatible; Let's Encrypt validation server; +https://www.letsencrypt.org)"
89.175.184.250 - - [22/Jun/2022:12:43:09 +0200] "GET / HTTP/1.1" 200 5219 "-" "Mozilla/5.0 (Windows NT 10.0; WOW64) AppleWebKit/537.36 (KHTML, like Gecko) Chrome/49.0.2568.0 Safari/537.36"
74.84.150.197 - - [22/Jun/2022:12:43:14 +0200] "GET / HTTP/1.1" 200 5226 "-" "node-fetch/1.0 (+https://github.com/bitinn/node-fetch)"
194.26.192.114 - - [22/Jun/2022:12:43:19 +0200] "GET /.git/config HTTP/1.1" 404 5186 "-" "Mozilla/5.0 (Linux; Android 7.1.2; Pixel Build/NHG47N) AppleWebKit/537.36 (KHTML, like Gecko) Chrome/58.0.3029.83 Mobile Safari/537.36"
205.169.39.32 - - [22/Jun/2022:12:43:30 +0200] "GET / HTTP/1.1" 301 562 "-" "Mozilla/5.0 (Windows NT 10.0; Win64; x64) AppleWebKit/537.36 (KHTML, like Gecko) Chrome/76.0.3809.71 Safari/537.36"
205.169.39.32 - - [22/Jun/2022:12:43:36 +0200] "GET / HTTP/1.1" 200 5270 "-" "Mozilla/5.0 (Windows NT 10.0; Win64; x64) AppleWebKit/537.36 (KHTML, like Gecko) Chrome/76.0.3809.71 Safari/537.36"
205.169.39.32 - - [22/Jun/2022:12:43:36 +0200] "GET /img.jpg HTTP/1.1" 200 51786 "https://incinque.ca/" "Mozilla/5.0 (Windows NT 10.0; Win64; x64) AppleWebKit/537.36 (KHTML, like Gecko) Chrome/76.0.3809.71 Safari/537.36"
95.211.187.223 - - [22/Jun/2022:12:43:36 +0200] "GET / HTTP/1.1" 200 5218 "-" "Go-http-client/1.1"
192.155.81.5 - - [22/Jun/2022:12:43:43 +0200] "GET / HTTP/1.1" 200 4718 "-" "-"
96.126.102.44 - - [22/Jun/2022:12:43:43 +0200] "GET / HTTP/1.1" 301 0 "-" "-"
96.126.102.44 - - [22/Jun/2022:12:43:44 +0200] "GET /.env HTTP/1.1" 301 533 "-" "Go-http-client/1.1"
96.126.102.44 - - [22/Jun/2022:12:43:44 +0200] "GET / HTTP/1.1" 301 525 "-" "Mozilla/5.0 (Linux; Android 6.0; HTC One M9 Build/MRA653799) AppleWebKit/537.36 (KHTML, like Gecko) Chrome/52.0.2297.98 Mobile Safari/537.3"
96.126.102.44 - - [22/Jun/2022:12:43:44 +0200] "GET /.DS_Store HTTP/1.1" 301 543 "-" "Go-http-client/1.1"
96.126.102.44 - - [22/Jun/2022:12:43:44 +0200] "GET /s/3133362e3234332e39322e313839/_/;/META-INF/maven/com.atlassian.jira/jira-webapp-dist/pom.properties HTTP/1.1" 301 725 "-" "Go-http-client/1.1"
96.126.102.44 - - [22/Jun/2022:12:43:44 +0200] "GET /ecp/Current/exporttool/microsoft.exchange.ediscovery.exporttool.application HTTP/1.1" 301 675 "-" "Go-http-client/1.1"
96.126.102.44 - - [22/Jun/2022:12:43:44 +0200] "GET /?rest_route=/wp/v2/users/ HTTP/1.1" 301 575 "-" "Go-http-client/1.1"
96.126.102.44 - - [22/Jun/2022:12:43:44 +0200] "GET /server-status HTTP/1.1" 301 551 "-" "Go-http-client/1.1"
96.126.102.44 - - [22/Jun/2022:12:43:44 +0200] "GET /info.php HTTP/1.1" 301 541 "-" "Go-http-client/1.1"
96.126.102.44 - - [22/Jun/2022:12:43:44 +0200] "GET /telescope/requests HTTP/1.1" 301 561 "-" "Go-http-client/1.1"
96.126.102.44 - - [22/Jun/2022:12:43:44 +0200] "GET /.git/config HTTP/1.1" 301 547 "-" "Go-http-client/1.1"
96.126.102.44 - - [22/Jun/2022:12:43:44 +0200] "GET /config.json HTTP/1.1" 301 547 "-" "Go-http-client/1.1"
96.126.102.44 - - [22/Jun/2022:12:43:44 +0200] "GET /login.action HTTP/1.1" 301 549 "-" "Go-http-client/1.1"
192.155.81.5 - - [22/Jun/2022:12:43:47 +0200] "GET /server-status HTTP/1.1" 403 5197 "-" "Go-http-client/1.1"
192.155.81.5 - - [22/Jun/2022:12:43:47 +0200] "GET /s/3133362e3234332e39322e313839/_/;/META-INF/maven/com.atlassian.jira/jira-webapp-dist/pom.properties HTTP/1.1" 404 5194 "-" "Go-http-client/1.1"
192.155.81.5 - - [22/Jun/2022:12:43:47 +0200] "GET /ecp/Current/exporttool/microsoft.exchange.ediscovery.exporttool.application HTTP/1.1" 404 5194 "-" "Go-http-client/1.1"
192.155.81.5 - - [22/Jun/2022:12:43:47 +0200] "GET /telescope/requests HTTP/1.1" 404 5194 "-" "Go-http-client/1.1"
192.155.81.5 - - [22/Jun/2022:12:43:47 +0200] "GET /.DS_Store HTTP/1.1" 404 5194 "-" "Go-http-client/1.1"
192.155.81.5 - - [22/Jun/2022:12:43:47 +0200] "GET / HTTP/1.1" 200 5230 "-" "Mozilla/5.0 (Linux; Android 6.0; HTC One M9 Build/MRA653799) AppleWebKit/537.36 (KHTML, like Gecko) Chrome/52.0.2297.98 Mobile Safari/537.3"
192.155.81.5 - - [22/Jun/2022:12:43:47 +0200] "GET /.env HTTP/1.1" 404 5194 "-" "Go-http-client/1.1"
192.155.81.5 - - [22/Jun/2022:12:43:47 +0200] "GET /info.php HTTP/1.1" 404 5194 "-" "Go-http-client/1.1"
192.155.81.5 - - [22/Jun/2022:12:43:47 +0200] "GET /?rest_route=/wp/v2/users/ HTTP/1.1" 200 5218 "-" "Go-http-client/1.1"
192.155.81.5 - - [22/Jun/2022:12:43:47 +0200] "GET /.git/config HTTP/1.1" 404 5194 "-" "Go-http-client/1.1"
192.155.81.5 - - [22/Jun/2022:12:43:47 +0200] "GET /config.json HTTP/1.1" 404 784 "-" "Go-http-client/1.1"
192.155.81.5 - - [22/Jun/2022:12:43:47 +0200] "GET /login.action HTTP/1.1" 404 784 "-" "Go-http-client/1.1"
124.253.3.24 - - [22/Jun/2022:12:44:16 +0200] "HEAD / HTTP/1.1" 200 5091 "-" "Mozilla/5.0 (Windows NT 10.0; Win64; x64) AppleWebKit/537.36 (KHTML, like Gecko) Chrome/102.0.0.0 Safari/537.36"
124.253.3.24 - - [22/Jun/2022:12:44:17 +0200] "GET / HTTP/1.1" 200 5270 "-" "Mozilla/5.0 (Windows NT 10.0; Win64; x64) AppleWebKit/537.36 (KHTML, like Gecko) Chrome/102.0.0.0 Safari/537.36"
124.253.3.24 - - [22/Jun/2022:12:44:17 +0200] "GET /robots.txt HTTP/1.1" 200 5062 "-" "Mozilla/5.0 (Windows NT 10.0; Win64; x64) AppleWebKit/537.36 (KHTML, like Gecko) Chrome/102.0.0.0 Safari/537.36"
124.253.3.24 - - [22/Jun/2022:12:44:17 +0200] "GET /img.jpg HTTP/1.1" 200 51786 "https://www.incinque.ca/" "Mozilla/5.0 (Windows NT 10.0; Win64; x64) AppleWebKit/537.36 (KHTML, like Gecko) Chrome/102.0.0.0 Safari/537.36"
124.253.3.24 - - [22/Jun/2022:12:44:18 +0200] "GET /favicon.ico HTTP/1.1" 200 317 "https://www.incinque.ca/" "Mozilla/5.0 (Windows NT 10.0; Win64; x64) AppleWebKit/537.36 (KHTML, like Gecko) Chrome/102.0.0.0 Safari/537.36"
179.43.169.181 - - [22/Jun/2022:12:44:31 +0200] "GET / HTTP/1.1" 200 5211 "-" "Mozilla/5.0 (X11; Linux i686; rv:10.0) Gecko/20100101 Firefox/10.0"
167.99.184.35 - - [22/Jun/2022:12:44:32 +0200] "GET / HTTP/1.1" 200 4718 "-" "-"
139.162.49.49 - - [22/Jun/2022:12:44:32 +0200] "GET / HTTP/1.1" 301 0 "-" "-"
139.162.49.49 - - [22/Jun/2022:12:44:32 +0200] "GET /?rest_route=/wp/v2/users/ HTTP/1.1" 301 587 "-" "Go-http-client/1.1"
139.162.49.49 - - [22/Jun/2022:12:44:32 +0200] "GET / HTTP/1.1" 301 537 "-" "Mozilla/5.0 (Linux; Android 6.0; HTC One M9 Build/MRA653799) AppleWebKit/537.36 (KHTML, like Gecko) Chrome/52.0.2297.98 Mobile Safari/537.3"
139.162.49.49 - - [22/Jun/2022:12:44:32 +0200] "GET /server-status HTTP/1.1" 301 563 "-" "Go-http-client/1.1"
139.162.49.49 - - [22/Jun/2022:12:44:32 +0200] "GET /.git/config HTTP/1.1" 301 559 "-" "Go-http-client/1.1"
139.162.49.49 - - [22/Jun/2022:12:44:32 +0200] "GET /info.php HTTP/1.1" 301 553 "-" "Go-http-client/1.1"
139.162.49.49 - - [22/Jun/2022:12:44:32 +0200] "GET /.DS_Store HTTP/1.1" 301 555 "-" "Go-http-client/1.1"
139.162.49.49 - - [22/Jun/2022:12:44:32 +0200] "GET /.env HTTP/1.1" 301 545 "-" "Go-http-client/1.1"
139.162.49.49 - - [22/Jun/2022:12:44:32 +0200] "GET /ecp/Current/exporttool/microsoft.exchange.ediscovery.exporttool.application HTTP/1.1" 301 687 "-" "Go-http-client/1.1"
139.162.49.49 - - [22/Jun/2022:12:44:33 +0200] "GET /s/3133362e3234332e39322e313839/_/;/META-INF/maven/com.atlassian.jira/jira-webapp-dist/pom.properties HTTP/1.1" 301 737 "-" "Go-http-client/1.1"
139.162.49.49 - - [22/Jun/2022:12:44:33 +0200] "GET /telescope/requests HTTP/1.1" 301 573 "-" "Go-http-client/1.1"
139.162.49.49 - - [22/Jun/2022:12:44:33 +0200] "GET /login.action HTTP/1.1" 301 561 "-" "Go-http-client/1.1"
139.162.49.49 - - [22/Jun/2022:12:44:33 +0200] "GET /config.json HTTP/1.1" 301 559 "-" "Go-http-client/1.1"
179.43.169.181 - - [22/Jun/2022:12:44:35 +0200] "GET / HTTP/1.1" 200 493 "-" "Mozilla/5.0 (X11; Linux i686; rv:10.0) Gecko/20100101 Firefox/10.0"
167.99.184.35 - - [22/Jun/2022:12:44:35 +0200] "GET /ecp/Current/exporttool/microsoft.exchange.ediscovery.exporttool.application HTTP/1.1" 404 5198 "-" "Go-http-client/1.1"
167.99.184.35 - - [22/Jun/2022:12:44:35 +0200] "GET /.env HTTP/1.1" 404 5198 "-" "Go-http-client/1.1"
167.99.184.35 - - [22/Jun/2022:12:44:35 +0200] "GET /.git/config HTTP/1.1" 404 5198 "-" "Go-http-client/1.1"
167.99.184.35 - - [22/Jun/2022:12:44:35 +0200] "GET /info.php HTTP/1.1" 404 5198 "-" "Go-http-client/1.1"
167.99.184.35 - - [22/Jun/2022:12:44:35 +0200] "GET /server-status HTTP/1.1" 403 5201 "-" "Go-http-client/1.1"
167.99.184.35 - - [22/Jun/2022:12:44:35 +0200] "GET / HTTP/1.1" 200 5230 "-" "Mozilla/5.0 (Linux; Android 6.0; HTC One M9 Build/MRA653799) AppleWebKit/537.36 (KHTML, like Gecko) Chrome/52.0.2297.98 Mobile Safari/537.3"
167.99.184.35 - - [22/Jun/2022:12:44:35 +0200] "GET /.DS_Store HTTP/1.1" 404 5198 "-" "Go-http-client/1.1"
167.99.184.35 - - [22/Jun/2022:12:44:35 +0200] "GET /telescope/requests HTTP/1.1" 404 5198 "-" "Go-http-client/1.1"
167.99.184.35 - - [22/Jun/2022:12:44:35 +0200] "GET /s/3133362e3234332e39322e313839/_/;/META-INF/maven/com.atlassian.jira/jira-webapp-dist/pom.properties HTTP/1.1" 404 5198 "-" "Go-http-client/1.1"
167.99.184.35 - - [22/Jun/2022:12:44:35 +0200] "GET /?rest_route=/wp/v2/users/ HTTP/1.1" 200 5218 "-" "Go-http-client/1.1"
167.99.184.35 - - [22/Jun/2022:12:44:36 +0200] "GET /config.json HTTP/1.1" 404 788 "-" "Go-http-client/1.1"
167.99.184.35 - - [22/Jun/2022:12:44:36 +0200] "GET /login.action HTTP/1.1" 404 788 "-" "Go-http-client/1.1"
194.26.192.114 - - [22/Jun/2022:12:44:47 +0200] "GET /.git/config HTTP/1.1" 404 5198 "-" "Mozilla/5.0 (iPod; U; CPU iPhone OS 6_1 like Mac OS X; en-HK) AppleWebKit/534.35 (KHTML, like Gecko) Chrome/11.0.696.65 Safari/534.35 Puffin/3.9174IP Mobile"
124.253.3.24 - - [22/Jun/2022:12:44:54 +0200] "GET / HTTP/1.1" 200 860 "-" "Mozilla/5.0 (Windows NT 10.0; Win64; x64) AppleWebKit/537.36 (KHTML, like Gecko) Chrome/102.0.0.0 Safari/537.36"
124.253.3.24 - - [22/Jun/2022:12:44:59 +0200] "GET /Pay.html HTTP/1.1" 200 1966 "-" "Mozilla/5.0 (Windows NT 10.0; Win64; x64) AppleWebKit/537.36 (KHTML, like Gecko) Chrome/102.0.0.0 Safari/537.36"
179.43.169.181 - - [22/Jun/2022:12:45:11 +0200] "GET / HTTP/1.1" 200 5211 "-" "Mozilla/5.0 (X11; Linux i686; rv:10.0) Gecko/20100101 Firefox/10.0"
205.169.39.54 - - [22/Jun/2022:12:45:15 +0200] "GET / HTTP/1.1" 301 574 "-" "Mozilla/5.0 (Windows NT 10.0; Win64; x64) AppleWebKit/537.36 (KHTML, like Gecko) Chrome/76.0.3809.71 Safari/537.36"
205.169.39.54 - - [22/Jun/2022:12:45:15 +0200] "GET / HTTP/1.1" 200 5270 "-" "Mozilla/5.0 (Windows NT 10.0; Win64; x64) AppleWebKit/537.36 (KHTML, like Gecko) Chrome/76.0.3809.71 Safari/537.36"
205.169.39.54 - - [22/Jun/2022:12:45:16 +0200] "GET /img.jpg HTTP/1.1" 200 51786 "https://www.incinque.ca/" "Mozilla/5.0 (Windows NT 10.0; Win64; x64) AppleWebKit/537.36 (KHTML, like Gecko) Chrome/76.0.3809.71 Safari/537.36"
95.211.187.223 - - [22/Jun/2022:12:45:36 +0200] "GET / HTTP/1.1" 200 5218 "-" "Go-http-client/1.1"
223.178.210.229 - - [22/Jun/2022:12:45:44 +0200] "GET /Pay.html HTTP/1.1" 200 6376 "-" "Mozilla/5.0 (iPhone; CPU iPhone OS 15_4_1 like Mac OS X) AppleWebKit/605.1.15 (KHTML, like Gecko) Version/15.4 Mobile/15E148 Safari/604.1"
223.178.210.229 - - [22/Jun/2022:12:45:44 +0200] "GET /favicon.ico HTTP/1.1" 200 5051 "https://www.incinque.ca/Pay.html" "Mozilla/5.0 (iPhone; CPU iPhone OS 15_4_1 like Mac OS X) AppleWebKit/605.1.15 (KHTML, like Gecko) Version/15.4 Mobile/15E148 Safari/604.1"
223.178.210.229 - - [22/Jun/2022:12:45:54 +0200] "GET / HTTP/1.1" 200 5270 "-" "Mozilla/5.0 (iPhone; CPU iPhone OS 15_4_1 like Mac OS X) AppleWebKit/605.1.15 (KHTML, like Gecko) Version/15.4 Mobile/15E148 Safari/604.1"
223.178.210.229 - - [22/Jun/2022:12:45:54 +0200] "GET /img.jpg HTTP/1.1" 200 51786 "https://www.incinque.ca/" "Mozilla/5.0 (iPhone; CPU iPhone OS 15_4_1 like Mac OS X) AppleWebKit/605.1.15 (KHTML, like Gecko) Version/15.4 Mobile/15E148 Safari/604.1"
223.178.210.229 - - [22/Jun/2022:12:45:58 +0200] "GET / HTTP/1.1" 301 562 "-" "Mozilla/5.0 (iPhone; CPU iPhone OS 15_4_1 like Mac OS X) AppleWebKit/605.1.15 (KHTML, like Gecko) Version/15.4 Mobile/15E148 Safari/604.1"
95.211.187.223 - - [22/Jun/2022:12:47:36 +0200] "GET / HTTP/1.1" 200 5218 "-" "Go-http-client/1.1"
51.81.167.146 - - [22/Jun/2022:12:48:14 +0200] "GET / HTTP/1.1" 301 506 "-" "Mozilla/5.0 (iPhone; CPU iPhone OS 15_1_1 like Mac OS X) AppleWebKit/605.1.15 (KHTML, like Gecko) Version/15.1 Mobile/15E148 Safari/604.1"
51.81.167.146 - - [22/Jun/2022:12:49:11 +0200] "GET / HTTP/1.1" 301 518 "-" "Mozilla/5.0 (iPhone; CPU iPhone OS 15_1_1 like Mac OS X) AppleWebKit/605.1.15 (KHTML, like Gecko) Version/15.1 Mobile/15E148 Safari/604.1"
51.81.167.146 - - [22/Jun/2022:12:49:11 +0200] "GET / HTTP/1.1" 200 5259 "-" "Mozilla/5.0 (iPhone; CPU iPhone OS 15_1_1 like Mac OS X) AppleWebKit/605.1.15 (KHTML, like Gecko) Version/15.1 Mobile/15E148 Safari/604.1"
95.211.187.223 - - [22/Jun/2022:12:49:37 +0200] "GET / HTTP/1.1" 200 5218 "-" "Go-http-client/1.1"
95.211.187.223 - - [22/Jun/2022:12:51:37 +0200] "GET / HTTP/1.1" 200 5218 "-" "Go-http-client/1.1"
79.104.53.14 - - [22/Jun/2022:12:53:24 +0200] "GET / HTTP/1.1" 301 562 "-" "Mozilla/5.0 (Windows NT 6.1; Win64; x64; rv:59.0) Gecko/20100101 Firefox/59.0"
133.242.140.127 - - [22/Jun/2022:14:43:17 +0200] "GET / HTTP/1.1" 200 5215 "-" "Mozilla/5.0 (Linux; U; Android 2.2; ja-jp; SC-02B Build/FROYO) AppleWebKit/533.1 (KHTML, like Gecko) Version/4.0 Mobile Safari/533.1"
133.242.140.127 - - [22/Jun/2022:14:43:35 +0200] "GET / HTTP/1.1" 200 5215 "-" "Mozilla/5.0 (Linux; U; Android 2.2; ja-jp; SC-02B Build/FROYO) AppleWebKit/533.1 (KHTML, like Gecko) Version/4.0 Mobile Safari/533.1"
133.242.174.119 - - [22/Jun/2022:14:43:42 +0200] "GET / HTTP/1.1" 200 5215 "-" "Mozilla/5.0 (Linux; U; Android 2.2; ja-jp; SC-02B Build/FROYO) AppleWebKit/533.1 (KHTML, like Gecko) Version/4.0 Mobile Safari/533.1"
133.242.174.119 - - [22/Jun/2022:14:43:46 +0200] "GET / HTTP/1.1" 200 5215 "-" "Mozilla/5.0 (Linux; U; Android 2.2; ja-jp; SC-02B Build/FROYO) AppleWebKit/533.1 (KHTML, like Gecko) Version/4.0 Mobile Safari/533.1"
133.242.140.127 - - [22/Jun/2022:14:44:57 +0200] "GET / HTTP/1.1" 200 5215 "-" "Mozilla/5.0 (Linux; U; Android 2.2; ja-jp; SC-02B Build/FROYO) AppleWebKit/533.1 (KHTML, like Gecko) Version/4.0 Mobile Safari/533.1"
133.242.174.119 - - [22/Jun/2022:14:44:58 +0200] "GET / HTTP/1.1" 200 5215 "-" "Mozilla/5.0 (Linux; U; Android 2.2; ja-jp; SC-02B Build/FROYO) AppleWebKit/533.1 (KHTML, like Gecko) Version/4.0 Mobile Safari/533.1"
133.242.140.127 - - [22/Jun/2022:14:45:04 +0200] "GET / HTTP/1.1" 200 5215 "-" "Mozilla/5.0 (Linux; U; Android 2.2; ja-jp; SC-02B Build/FROYO) AppleWebKit/533.1 (KHTML, like Gecko) Version/4.0 Mobile Safari/533.1"
133.242.174.119 - - [22/Jun/2022:14:45:04 +0200] "GET / HTTP/1.1" 200 5215 "-" "Mozilla/5.0 (Linux; U; Android 2.2; ja-jp; SC-02B Build/FROYO) AppleWebKit/533.1 (KHTML, like Gecko) Version/4.0 Mobile Safari/533.1"
207.46.13.236 - - [22/Jun/2022:15:19:27 +0200] "GET /robots.txt HTTP/1.1" 301 594 "-" "Mozilla/5.0 (compatible; bingbot/2.0; +http://www.bing.com/bingbot.htm)"
207.46.13.236 - - [22/Jun/2022:15:19:27 +0200] "GET /robots.txt HTTP/1.1" 200 5159 "-" "Mozilla/5.0 (compatible; bingbot/2.0; +http://www.bing.com/bingbot.htm)"
157.55.39.205 - - [22/Jun/2022:15:19:39 +0200] "GET /Project_Management.html HTTP/1.1" 301 620 "-" "Mozilla/5.0 (compatible; bingbot/2.0; +http://www.bing.com/bingbot.htm)"
34.244.45.36 - - [22/Jun/2022:15:28:33 +0200] "GET / HTTP/1.1" 200 5082 "www.ask.com" "Mozilla/5.0 (X11; Linux x86_64; rv:83.0) Gecko/20100101 Firefox/83.0"
34.244.45.36 - - [22/Jun/2022:15:28:38 +0200] "GET /favicon.ico HTTP/1.1" 200 4863 "www.ask.com" "Mozilla/5.0 (X11; Linux x86_64; rv:83.0) Gecko/20100101 Firefox/83.0"
149.210.203.36 - - [22/Jun/2022:17:24:44 +0200] "POST /cgi-bin/%%32%65%%32%65/%%32%65%%32%65/%%32%65%%32%65/%%32%65%%32%65/%%32%65%%32%65/%%32%65%%32%65/%%32%65%%32%65/bin/sh HTTP/1.1" 400 485 "-" "-"
35.182.9.117 - - [22/Jun/2022:19:17:12 +0200] "GET / HTTP/1.1" 200 5271 "-" "a simple request"
107.172.100.198 - - [22/Jun/2022:19:40:14 +0200] "GET / HTTP/1.1" 301 562 "-" "python-requests/2.27.1"
176.53.219.75 - - [22/Jun/2022:19:44:49 +0200] "GET / HTTP/1.1" 200 5215 "-" "Mozilla/5.0 (Windows NT 10.0; Win64; x64) AppleWebKit/537.36 (KHTML, like Gecko) Chrome/94.0.4606.61 Safari/537.36"
176.53.219.75 - - [22/Jun/2022:19:44:49 +0200] "GET /favicon.ico HTTP/1.1" 200 262 "-" "Mozilla/5.0 (Windows NT 10.0; Win64; x64) AppleWebKit/537.36 (KHTML, like Gecko) Chrome/94.0.4606.61 Safari/537.36"
66.249.66.87 - - [22/Jun/2022:19:56:29 +0200] "GET / HTTP/1.1" 301 562 "-" "Mozilla/5.0 (Linux; Android 6.0.1; Nexus 5X Build/MMB29P) AppleWebKit/537.36 (KHTML, like Gecko) Chrome/102.0.5005.115 Mobile Safari/537.36 (compatible; Googlebot/2.1; +http://www.google.com/bot.html)"
66.249.66.14 - - [22/Jun/2022:19:56:30 +0200] "GET / HTTP/1.1" 200 5255 "-" "Mozilla/5.0 (Linux; Android 6.0.1; Nexus 5X Build/MMB29P) AppleWebKit/537.36 (KHTML, like Gecko) Chrome/102.0.5005.115 Mobile Safari/537.36 (compatible; Googlebot/2.1; +http://www.google.com/bot.html)"
66.249.66.15 - - [22/Jun/2022:21:30:42 +0200] "GET / HTTP/1.1" 301 562 "-" "Mozilla/5.0 (compatible; Googlebot/2.1; +http://www.google.com/bot.html)"
66.249.66.154 - - [22/Jun/2022:21:30:43 +0200] "GET / HTTP/1.1" 200 5255 "-" "Mozilla/5.0 (compatible; Googlebot/2.1; +http://www.google.com/bot.html)"
176.53.219.39 - - [22/Jun/2022:22:04:10 +0200] "GET / HTTP/1.1" 200 5215 "-" "Mozilla/5.0 (Windows NT 10.0; Win64; x64) AppleWebKit/537.36 (KHTML, like Gecko) Chrome/94.0.4606.61 Safari/537.36"
176.53.219.39 - - [22/Jun/2022:22:04:11 +0200] "GET /favicon.ico HTTP/1.1" 200 262 "-" "Mozilla/5.0 (Windows NT 10.0; Win64; x64) AppleWebKit/537.36 (KHTML, like Gecko) Chrome/94.0.4606.61 Safari/537.36"
51.159.37.26 - - [22/Jun/2022:23:16:42 +0200] "GET /Sharklogisticsinc/hello-world/ HTTP/1.1" 404 5225 "-" "Mozilla/5.0 (Windows NT 10.0; Win64; x64) AppleWebKit/537.36 (KHTML, like Gecko) Chrome/86.0.4240.193 Safari/537.36"
66.249.66.17 - - [22/Jun/2022:23:35:59 +0200] "GET /ads.txt HTTP/1.1" 301 576 "-" "Mozilla/5.0 (compatible; Googlebot/2.1; +http://www.google.com/bot.html)"
66.249.66.14 - - [22/Jun/2022:23:35:59 +0200] "GET /ads.txt HTTP/1.1" 404 5231 "-" "Mozilla/5.0 (compatible; Googlebot/2.1; +http://www.google.com/bot.html)"
198.57.163.139 - - [23/Jun/2022:00:19:42 +0200] "GET /wp/old-index.php?daksldlkdsadas=1 HTTP/1.1" 301 591 "incinque.ca" "Mozilla/5.0 (Windows NT 6.1; WOW64) AppleWebKit/537.36 (KHTML, like Gecko) Chrome/50.0.2661.75 Safari/537.36"
198.57.163.139 - - [23/Jun/2022:00:19:44 +0200] "GET /wp/old-index.php?daksldlkdsadas=1 HTTP/1.1" 500 5154 "incinque.ca" "Mozilla/5.0 (Windows NT 6.1; WOW64) AppleWebKit/537.36 (KHTML, like Gecko) Chrome/50.0.2661.75 Safari/537.36"
198.57.163.139 - - [23/Jun/2022:00:19:55 +0200] "GET /wp/wp-load.php?daksldlkdsadas=1 HTTP/1.1" 301 587 "incinque.ca" "Mozilla/5.0 (Windows NT 6.1; WOW64) AppleWebKit/537.36 (KHTML, like Gecko) Chrome/50.0.2661.75 Safari/537.36"
198.57.163.139 - - [23/Jun/2022:00:19:57 +0200] "GET /wp/wp-load.php?daksldlkdsadas=1 HTTP/1.1" 500 5154 "incinque.ca" "Mozilla/5.0 (Windows NT 6.1; WOW64) AppleWebKit/537.36 (KHTML, like Gecko) Chrome/50.0.2661.75 Safari/537.36"
51.81.167.146 - - [23/Jun/2022:01:20:27 +0200] "GET / HTTP/1.1" 301 518 "-" "Mozilla/5.0 (iPhone; CPU iPhone OS 15_1_1 like Mac OS X) AppleWebKit/605.1.15 (KHTML, like Gecko) Version/15.1 Mobile/15E148 Safari/604.1"
51.81.167.146 - - [23/Jun/2022:01:20:27 +0200] "GET / HTTP/1.1" 200 5259 "-" "Mozilla/5.0 (iPhone; CPU iPhone OS 15_1_1 like Mac OS X) AppleWebKit/605.1.15 (KHTML, like Gecko) Version/15.1 Mobile/15E148 Safari/604.1"
66.249.66.152 - - [23/Jun/2022:03:06:02 +0200] "GET /robots.txt HTTP/1.1" 200 5047 "-" "Mozilla/5.0 (compatible; Googlebot/2.1; +http://www.google.com/bot.html)"
35.245.188.175 - - [23/Jun/2022:03:28:30 +0200] "GET / HTTP/1.1" 301 562 "-" "Mozilla/5.0 (Windows NT 6.1; WOW64; Trident/7.0; rv:11.0) like Gecko"
35.245.188.175 - - [23/Jun/2022:03:28:31 +0200] "GET / HTTP/1.1" 200 5283 "-" "Mozilla/5.0 (Windows NT 6.1; WOW64; Trident/7.0; rv:11.0) like Gecko"
34.217.108.138 - - [23/Jun/2022:04:07:12 +0200] "GET / HTTP/1.1" 301 562 "-" "Mozilla/5.0 (Windows NT 10.0; Win64; x64) AppleWebKit/537.36 (KHTML, like Gecko) Chrome/87.0.4280.88 Safari/537.36"
34.217.108.138 - - [23/Jun/2022:04:07:13 +0200] "GET / HTTP/1.1" 200 5270 "-" "Mozilla/5.0 (Windows NT 10.0; Win64; x64) AppleWebKit/537.36 (KHTML, like Gecko) Chrome/87.0.4280.88 Safari/537.36"
34.217.108.138 - - [23/Jun/2022:04:07:13 +0200] "GET /img.jpg HTTP/1.1" 200 51786 "https://incinque.ca/" "Mozilla/5.0 (Windows NT 10.0; Win64; x64) AppleWebKit/537.36 (KHTML, like Gecko) Chrome/87.0.4280.88 Safari/537.36"
104.199.41.31 - - [23/Jun/2022:04:40:16 +0200] "HEAD /Sharklogisticsinc/ HTTP/1.1" 301 254 "-" "Apache-HttpClient/4.5.5 (Java/11.0.9)"
207.46.13.236 - - [23/Jun/2022:05:59:05 +0200] "GET /robots.txt HTTP/1.1" 301 582 "-" "Mozilla/5.0 (compatible; bingbot/2.0; +http://www.bing.com/bingbot.htm)"
157.55.39.205 - - [23/Jun/2022:05:59:12 +0200] "GET / HTTP/1.1" 301 562 "-" "Mozilla/5.0 (compatible; bingbot/2.0; +http://www.bing.com/bingbot.htm)"
154.3.129.67 - - [23/Jun/2022:06:10:35 +0200] "GET / HTTP/1.1" 301 562 "-" "Mozilla/5.0 (Windows NT 10.0; Win64; x64) AppleWebKit/537.36 (KHTML, like Gecko) Chrome/63.0.3239.132 Safari/537.36"
66.249.66.15 - - [23/Jun/2022:07:54:13 +0200] "GET /robots.txt HTTP/1.1" 301 582 "-" "Mozilla/5.0 (compatible; Googlebot/2.1; +http://www.google.com/bot.html)"
66.249.66.14 - - [23/Jun/2022:07:54:14 +0200] "GET /robots.txt HTTP/1.1" 200 5047 "-" "Mozilla/5.0 (compatible; Googlebot/2.1; +http://www.google.com/bot.html)"
66.249.66.17 - - [23/Jun/2022:07:54:14 +0200] "GET /contact-us.php HTTP/1.1" 301 590 "-" "Mozilla/5.0 (compatible; Googlebot/2.1; +http://www.google.com/bot.html)"
66.249.66.16 - - [23/Jun/2022:07:54:14 +0200] "GET /contact-us.php HTTP/1.1" 404 5231 "-" "Mozilla/5.0 (compatible; Googlebot/2.1; +http://www.google.com/bot.html)"
66.249.66.158 - - [23/Jun/2022:08:39:14 +0200] "GET /robots.txt HTTP/1.1" 301 594 "-" "Mozilla/5.0 (compatible; Googlebot/2.1; +http://www.google.com/bot.html)"
66.249.66.131 - - [23/Jun/2022:08:39:14 +0200] "GET /robots.txt HTTP/1.1" 200 5047 "-" "Mozilla/5.0 (compatible; Googlebot/2.1; +http://www.google.com/bot.html)"
66.249.66.159 - - [23/Jun/2022:08:39:14 +0200] "GET / HTTP/1.1" 301 574 "-" "Mozilla/5.0 (Linux; Android 6.0.1; Nexus 5X Build/MMB29P) AppleWebKit/537.36 (KHTML, like Gecko) Chrome/102.0.5005.115 Mobile Safari/537.36 (compatible; Googlebot/2.1; +http://www.google.com/bot.html)"
66.249.66.159 - - [23/Jun/2022:08:39:15 +0200] "GET / HTTP/1.1" 200 5255 "-" "Mozilla/5.0 (Linux; Android 6.0.1; Nexus 5X Build/MMB29P) AppleWebKit/537.36 (KHTML, like Gecko) Chrome/102.0.5005.115 Mobile Safari/537.36 (compatible; Googlebot/2.1; +http://www.google.com/bot.html)"
66.249.66.159 - - [23/Jun/2022:08:39:50 +0200] "GET / HTTP/1.1" 200 5255 "-" "Mozilla/5.0 (Linux; Android 6.0.1; Nexus 5X Build/MMB29P) AppleWebKit/537.36 (KHTML, like Gecko) Chrome/99.0.4844.84 Mobile Safari/537.36 (compatible; Googlebot/2.1; +http://www.google.com/bot.html)"
66.249.66.159 - - [23/Jun/2022:08:39:50 +0200] "GET / HTTP/1.1" 200 536 "-" "Mozilla/5.0 (compatible; Googlebot/2.1; +http://www.google.com/bot.html)"
66.249.66.159 - - [23/Jun/2022:08:39:51 +0200] "GET /favicon.ico HTTP/1.1" 200 5036 "-" "Googlebot-Image/1.0"
37.120.153.227 - - [23/Jun/2022:09:07:11 +0200] "GET / HTTP/1.1" 301 562 "http://incinque.ca" "Mozilla/5.0 (Macintosh; Intel Mac OS X 10_13_5) AppleWebKit/537.36 (KHTML, like Gecko) Chrome/67.0.3396.62 Safari/537.36"
37.120.153.227 - - [23/Jun/2022:09:07:11 +0200] "GET / HTTP/1.1" 200 5067 "http://incinque.ca" "Mozilla/5.0 (Macintosh; Intel Mac OS X 10_13_5) AppleWebKit/537.36 (KHTML, like Gecko) Chrome/67.0.3396.62 Safari/537.36"
103.30.245.94 - - [23/Jun/2022:09:17:54 +0200] "GET /wp-content/plugins/easy-wp-smtp/ HTTP/1.1" 301 626 "-" "Mozilla/5.0 (Windows NT 10.0; Win64; x64; rv:76.0) Gecko/20100101 Firefox/76.0"
103.30.245.94 - - [23/Jun/2022:09:17:55 +0200] "GET /wp-content/plugins/easy-wp-smtp/ HTTP/1.1" 404 5043 "-" "Mozilla/5.0 (Windows NT 10.0; Win64; x64; rv:76.0) Gecko/20100101 Firefox/76.0"
66.249.66.131 - - [23/Jun/2022:09:24:13 +0200] "GET / HTTP/1.1" 200 5255 "-" "Mozilla/5.0 (compatible; Googlebot/2.1; +http://www.google.com/bot.html)"
66.249.66.159 - - [23/Jun/2022:09:26:42 +0200] "GET / HTTP/1.1" 200 5255 "-" "Mozilla/5.0 (compatible; Googlebot/2.1; +http://www.google.com/bot.html)"
66.249.66.159 - - [23/Jun/2022:09:26:42 +0200] "GET / HTTP/1.1" 200 536 "-" "Mozilla/5.0 (Linux; Android 6.0.1; Nexus 5X Build/MMB29P) AppleWebKit/537.36 (KHTML, like Gecko) Chrome/99.0.4844.84 Mobile Safari/537.36 (compatible; Googlebot/2.1; +http://www.google.com/bot.html)"
66.249.66.129 - - [23/Jun/2022:09:26:43 +0200] "GET /favicon.ico HTTP/1.1" 200 5036 "-" "Googlebot-Image/1.0"
66.249.66.157 - - [23/Jun/2022:10:09:13 +0200] "GET / HTTP/1.1" 301 574 "-" "Mozilla/5.0 (compatible; Googlebot/2.1; +http://www.google.com/bot.html)"
66.249.66.14 - - [23/Jun/2022:10:54:13 +0200] "GET / HTTP/1.1" 200 5255 "-" "Mozilla/5.0 (Linux; Android 6.0.1; Nexus 5X Build/MMB29P) AppleWebKit/537.36 (KHTML, like Gecko) Chrome/102.0.5005.115 Mobile Safari/537.36 (compatible; Googlebot/2.1; +http://www.google.com/bot.html)"
66.249.66.17 - - [23/Jun/2022:11:39:13 +0200] "GET /diagnostics.php HTTP/1.1" 301 592 "-" "Mozilla/5.0 (compatible; Googlebot/2.1; +http://www.google.com/bot.html)"
66.249.66.18 - - [23/Jun/2022:11:39:14 +0200] "GET /diagnostics.php HTTP/1.1" 404 5231 "-" "Mozilla/5.0 (compatible; Googlebot/2.1; +http://www.google.com/bot.html)"
49.12.131.60 - - [23/Jun/2022:12:32:57 +0200] "GET /wp-login.php HTTP/1.1" 301 549 "-" "Mozilla/5.0 (Windows NT 10.0; Win64; x64; rv:96.0) Gecko/20100101 Firefox/96"
49.12.131.60 - - [23/Jun/2022:12:32:57 +0200] "GET /wp-login.php HTTP/1.1" 404 4973 "http://incinque.ca/wp-login.php" "Mozilla/5.0 (Windows NT 10.0; Win64; x64; rv:96.0) Gecko/20100101 Firefox/96"
66.249.66.87 - - [23/Jun/2022:12:56:11 +0200] "GET / HTTP/1.1" 301 562 "-" "Mozilla/5.0 (Linux; Android 6.0.1; Nexus 5X Build/MMB29P) AppleWebKit/537.36 (KHTML, like Gecko) Chrome/102.0.5005.115 Mobile Safari/537.36 (compatible; Googlebot/2.1; +http://www.google.com/bot.html)"
66.249.64.189 - - [23/Jun/2022:13:12:56 +0200] "GET /favicon.ico HTTP/1.1" 200 5036 "-" "Googlebot-Image/1.0"
212.192.241.80 - - [23/Jun/2022:13:40:27 +0200] "GET / HTTP/1.1" 301 562 "-" "Mozilla/5.0 (Windows NT 10.0; Win64; x64) AppleWebKit/537.36 (KHTML, like Gecko) Chrome/88.0.4240.193 Safari/537.36"
212.192.241.80 - - [23/Jun/2022:13:40:27 +0200] "GET / HTTP/1.1" 200 5079 "-" "Mozilla/5.0 (Windows NT 10.0; Win64; x64) AppleWebKit/537.36 (KHTML, like Gecko) Chrome/88.0.4240.193 Safari/537.36"
212.192.241.80 - - [23/Jun/2022:13:40:27 +0200] "GET //wp-includes/wlwmanifest.xml HTTP/1.1" 404 519 "-" "Mozilla/5.0 (Windows NT 10.0; Win64; x64) AppleWebKit/537.36 (KHTML, like Gecko) Chrome/88.0.4240.193 Safari/537.36"
212.192.241.80 - - [23/Jun/2022:13:40:27 +0200] "GET //xmlrpc.php?rsd HTTP/1.1" 404 519 "-" "Mozilla/5.0 (Windows NT 10.0; Win64; x64) AppleWebKit/537.36 (KHTML, like Gecko) Chrome/88.0.4240.193 Safari/537.36"
212.192.241.80 - - [23/Jun/2022:13:40:27 +0200] "GET / HTTP/1.1" 200 555 "-" "Mozilla/5.0 (Windows NT 10.0; Win64; x64) AppleWebKit/537.36 (KHTML, like Gecko) Chrome/88.0.4240.193 Safari/537.36"
212.192.241.80 - - [23/Jun/2022:13:40:27 +0200] "GET //blog/wp-includes/wlwmanifest.xml HTTP/1.1" 404 519 "-" "Mozilla/5.0 (Windows NT 10.0; Win64; x64) AppleWebKit/537.36 (KHTML, like Gecko) Chrome/88.0.4240.193 Safari/537.36"
212.192.241.80 - - [23/Jun/2022:13:40:27 +0200] "GET //web/wp-includes/wlwmanifest.xml HTTP/1.1" 404 519 "-" "Mozilla/5.0 (Windows NT 10.0; Win64; x64) AppleWebKit/537.36 (KHTML, like Gecko) Chrome/88.0.4240.193 Safari/537.36"
212.192.241.80 - - [23/Jun/2022:13:40:27 +0200] "GET //wordpress/wp-includes/wlwmanifest.xml HTTP/1.1" 404 519 "-" "Mozilla/5.0 (Windows NT 10.0; Win64; x64) AppleWebKit/537.36 (KHTML, like Gecko) Chrome/88.0.4240.193 Safari/537.36"
212.192.241.80 - - [23/Jun/2022:13:40:27 +0200] "GET //website/wp-includes/wlwmanifest.xml HTTP/1.1" 404 519 "-" "Mozilla/5.0 (Windows NT 10.0; Win64; x64) AppleWebKit/537.36 (KHTML, like Gecko) Chrome/88.0.4240.193 Safari/537.36"
212.192.241.80 - - [23/Jun/2022:13:40:27 +0200] "GET //wp/wp-includes/wlwmanifest.xml HTTP/1.1" 200 1388 "-" "Mozilla/5.0 (Windows NT 10.0; Win64; x64) AppleWebKit/537.36 (KHTML, like Gecko) Chrome/88.0.4240.193 Safari/537.36"
212.192.241.80 - - [23/Jun/2022:13:40:27 +0200] "GET //wp//?author=1 HTTP/1.1" 500 561 "-" "Mozilla/5.0 (Windows NT 10.0; Win64; x64) AppleWebKit/537.36 (KHTML, like Gecko) Chrome/88.0.4240.193 Safari/537.36"
212.192.241.80 - - [23/Jun/2022:13:40:28 +0200] "GET //wp//?author=2 HTTP/1.1" 500 5084 "-" "Mozilla/5.0 (Windows NT 10.0; Win64; x64) AppleWebKit/537.36 (KHTML, like Gecko) Chrome/88.0.4240.193 Safari/537.36"
212.192.241.80 - - [23/Jun/2022:13:40:28 +0200] "GET //wp//?author=3 HTTP/1.1" 500 5084 "-" "Mozilla/5.0 (Windows NT 10.0; Win64; x64) AppleWebKit/537.36 (KHTML, like Gecko) Chrome/88.0.4240.193 Safari/537.36"
212.192.241.80 - - [23/Jun/2022:13:40:28 +0200] "GET //wp//wp-json/wp/v2/users/ HTTP/1.1" 500 5084 "-" "Mozilla/5.0 (Windows NT 10.0; Win64; x64) AppleWebKit/537.36 (KHTML, like Gecko) Chrome/88.0.4240.193 Safari/537.36"
212.192.241.80 - - [23/Jun/2022:13:40:28 +0200] "GET //wp//wp-json/oembed/1.0/embed?url=https://incinque.ca//wp/ HTTP/1.1" 500 5084 "-" "Mozilla/5.0 (Windows NT 10.0; Win64; x64) AppleWebKit/537.36 (KHTML, like Gecko) Chrome/88.0.4240.193 Safari/537.36"
212.192.241.80 - - [23/Jun/2022:13:40:28 +0200] "POST //wp//xmlrpc.php HTTP/1.1" 500 5084 "-" "Mozilla/5.0 (Windows NT 10.0; Win64; x64) AppleWebKit/537.36 (KHTML, like Gecko) Chrome/88.0.4240.193 Safari/537.36"
51.255.62.5 - - [23/Jun/2022:14:34:04 +0200] "GET / HTTP/1.1" 301 525 "-" "Mozilla/5.0 (X11; Ubuntu; Linux x86_64; rv:58.0) Gecko/20100101 Firefox/58.0"
51.255.62.2 - - [23/Jun/2022:14:34:04 +0200] "GET / HTTP/1.1" 200 5246 "-" "Mozilla/5.0 (X11; Ubuntu; Linux x86_64; rv:58.0) Gecko/20100101 Firefox/58.0"
54.214.223.94 - - [23/Jun/2022:14:38:12 +0200] "GET / HTTP/1.1" 301 506 "-" "Mozilla/5.0 (X11; Linux x86_64) AppleWebKit/537.36 (KHTML, like Gecko) Chrome/83.0.4103.97 Safari/537.36"
34.211.112.100 - - [23/Jun/2022:14:38:14 +0200] "GET / HTTP/1.1" 200 5199 "-" "Mozilla/5.0 (X11; Linux x86_64) AppleWebKit/537.36 (KHTML, like Gecko) Chrome/83.0.4103.97 Safari/537.36"
54.214.223.94 - - [23/Jun/2022:14:38:16 +0200] "GET / HTTP/1.1" 200 5199 "-" "Mozilla/5.0 (X11; Linux x86_64) AppleWebKit/537.36 (KHTML, like Gecko) Chrome/83.0.4103.97 Safari/537.36"
18.236.67.243 - - [23/Jun/2022:14:38:27 +0200] "GET /favicon.ico HTTP/1.1" 200 4980 "-" "Mozilla/5.0 (X11; Linux x86_64) AppleWebKit/537.36 (KHTML, like Gecko) Chrome/83.0.4103.97 Safari/537.36"
