40.77.139.45 - - [15/Apr/2022:23:03:27 +0200] "GET /wp-content/uploads/2022/03/High-Quality-Polycarbonate-Luggage-Case-Hot-Selling-Travel-Luggage-Bag.webp HTTP/1.1" 200 32452 "https://masmexico.com.mx/hot-wholesale-hardside-expandable-luggage-with-spinner-wheels-emerald-green-3-piece-set-20-24-28/" "Mozilla/5.0 (Windows NT 6.1; WOW64) AppleWebKit/534+ (KHTML, like Gecko) BingPreview/1.0b"
157.55.39.96 - - [15/Apr/2022:23:03:26 +0200] "GET /exterior-facade-aluminum-honeycomb-wall-sheet/ HTTP/1.1" 200 33388 "-" "Mozilla/5.0 (compatible; bingbot/2.0; +http://www.bing.com/bingbot.htm)"
157.55.39.167 - - [15/Apr/2022:23:03:27 +0200] "GET /wholesale-remove-dead-skin-additive-of-hair-care-product/ HTTP/1.1" 200 33611 "-" "Mozilla/5.0 (compatible; bingbot/2.0; +http://www.bing.com/bingbot.htm)"
157.55.39.14 - - [15/Apr/2022:23:03:28 +0200] "GET /aluminum-perforated-sheet/ HTTP/1.1" 200 33770 "-" "Mozilla/5.0 (compatible; bingbot/2.0; +http://www.bing.com/bingbot.htm)"
157.55.39.96 - - [15/Apr/2022:23:03:29 +0200] "GET /humic-acid-fertilizer/ HTTP/1.1" 200 32968 "-" "Mozilla/5.0 (compatible; bingbot/2.0; +http://www.bing.com/bingbot.htm)"
157.55.39.14 - - [15/Apr/2022:23:03:30 +0200] "GET /south-america-bath-soap-toilet-soap-new-protex-santex-soap/ HTTP/1.1" 200 33522 "-" "Mozilla/5.0 (compatible; bingbot/2.0; +http://www.bing.com/bingbot.htm)"
157.55.39.56 - - [15/Apr/2022:23:03:32 +0200] "GET /author/mmadmin/page/2/ HTTP/1.1" 200 27469 "-" "Mozilla/5.0 (compatible; bingbot/2.0; +http://www.bing.com/bingbot.htm)"
40.77.139.63 - - [15/Apr/2022:23:03:33 +0200] "GET /wp-content/uploads/2022/03/product-675879-t-1558953578-o.webp HTTP/1.1" 200 16064 "-" "Mozilla/5.0 (Windows NT 6.1; WOW64) AppleWebKit/534+ (KHTML, like Gecko) BingPreview/1.0b"
157.55.39.39 - - [15/Apr/2022:23:03:33 +0200] "GET /wall-mortar-cement-spray-plaster-machine-for-construction/ HTTP/1.1" 200 33265 "-" "Mozilla/5.0 (compatible; bingbot/2.0; +http://www.bing.com/bingbot.htm)"
157.55.39.96 - - [15/Apr/2022:23:03:34 +0200] "GET /category/machinery/page/3/ HTTP/1.1" 200 31934 "-" "Mozilla/5.0 (compatible; bingbot/2.0; +http://www.bing.com/bingbot.htm)"
40.77.139.69 - - [15/Apr/2022:23:03:37 +0200] "GET /wp-content/uploads/2022/03/product-1014070-t-1628531853.webp HTTP/1.1" 200 37513 "-" "Mozilla/5.0 (Windows NT 6.1; WOW64) AppleWebKit/534+ (KHTML, like Gecko) BingPreview/1.0b"
157.55.39.96 - - [15/Apr/2022:23:03:37 +0200] "GET /tractor-drilling-rig-for-seismic-oil-prospecting/ HTTP/1.1" 200 33375 "-" "Mozilla/5.0 (compatible; bingbot/2.0; +http://www.bing.com/bingbot.htm)"
157.55.39.14 - - [15/Apr/2022:23:03:38 +0200] "GET /front-frontal-back-aluminium-aluminum-metal-profile-bar-connector-for-diy-canopy-awning-in-silver-color/ HTTP/1.1" 200 34025 "-" "Mozilla/5.0 (compatible; bingbot/2.0; +http://www.bing.com/bingbot.htm)"
157.55.39.57 - - [15/Apr/2022:23:03:40 +0200] "GET /stay-rest-assured-for-the-products-that-we-offer-as-they-will-remain-damage-free-for-this-we-make-use-of-only-premium-packaging-material-for-the-packing-of-the-products-we-have-trustworthy-shipping/ HTTP/1.1" 200 34057 "-" "Mozilla/5.0 (compatible; bingbot/2.0; +http://www.bing.com/bingbot.htm)"
157.55.39.100 - - [15/Apr/2022:23:03:43 +0200] "GET /c35330-cu61-7as1-3pb2-5zn34-5-brass-billet/ HTTP/1.1" 200 33358 "-" "Mozilla/5.0 (compatible; bingbot/2.0; +http://www.bing.com/bingbot.htm)"
157.55.39.56 - - [15/Apr/2022:23:03:44 +0200] "GET /category/minerals/titanium/ HTTP/1.1" 200 31346 "-" "Mozilla/5.0 (compatible; bingbot/2.0; +http://www.bing.com/bingbot.htm)"
72.167.33.0 - - [15/Apr/2022:23:03:45 +0200] "POST /wp-cron.php?doing_wp_cron=1650056625.5086929798126220703125 HTTP/1.1" 200 5107 "https://masmexico.com.mx/wp-cron.php?doing_wp_cron=1650056625.5086929798126220703125" "WordPress/5.8.4; https://masmexico.com.mx"
157.55.39.56 - - [15/Apr/2022:23:03:45 +0200] "GET /water-based-temperature-keeping-primer-paint-surface-paint-2/ HTTP/1.1" 200 34285 "-" "Mozilla/5.0 (compatible; bingbot/2.0; +http://www.bing.com/bingbot.htm)"
157.55.39.100 - - [15/Apr/2022:23:03:46 +0200] "GET /magnesium-sulphate-fertilizer/ HTTP/1.1" 200 32997 "-" "Mozilla/5.0 (compatible; bingbot/2.0; +http://www.bing.com/bingbot.htm)"
157.55.39.96 - - [15/Apr/2022:23:03:49 +0200] "GET /wholesale-luggage-3-piece-set-suitcase-spinner-hardshell-lightweight-tsa-lock/ HTTP/1.1" 200 33544 "-" "Mozilla/5.0 (compatible; bingbot/2.0; +http://www.bing.com/bingbot.htm)"
157.55.39.100 - - [15/Apr/2022:23:03:49 +0200] "GET /maltodextrin-carbohydrate-powder-linear-segregator-maltodextrin-for-drink-frozen-food-candy-cereal/ HTTP/1.1" 200 36066 "-" "Mozilla/5.0 (compatible; bingbot/2.0; +http://www.bing.com/bingbot.htm)"
157.55.39.56 - - [15/Apr/2022:23:03:52 +0200] "GET /category/machinery/food-beverage-machinery/ HTTP/1.1" 200 30831 "-" "Mozilla/5.0 (compatible; bingbot/2.0; +http://www.bing.com/bingbot.htm)"
157.55.39.96 - - [15/Apr/2022:23:03:52 +0200] "GET /category/chemicals/agrochemicals/ HTTP/1.1" 200 32243 "-" "Mozilla/5.0 (compatible; bingbot/2.0; +http://www.bing.com/bingbot.htm)"
157.55.39.96 - - [15/Apr/2022:23:03:55 +0200] "GET /aluminium-ubc-scraps-in-bales/ HTTP/1.1" 200 33833 "-" "Mozilla/5.0 (compatible; bingbot/2.0; +http://www.bing.com/bingbot.htm)"
157.55.39.96 - - [15/Apr/2022:23:03:57 +0200] "GET /category/luggage-bags/business-bags-cases/ HTTP/1.1" 200 32053 "-" "Mozilla/5.0 (compatible; bingbot/2.0; +http://www.bing.com/bingbot.htm)"
157.55.39.14 - - [15/Apr/2022:23:03:57 +0200] "GET /category/security-protection-2/workplace-safety-supplies/ HTTP/1.1" 200 28881 "-" "Mozilla/5.0 (compatible; bingbot/2.0; +http://www.bing.com/bingbot.htm)"
40.77.139.69 - - [15/Apr/2022:23:03:58 +0200] "GET /wp-content/uploads/2022/03/product-675898-t-1558954584-o.webp HTTP/1.1" 200 31222 "-" "Mozilla/5.0 (Windows NT 6.1; WOW64) AppleWebKit/534+ (KHTML, like Gecko) BingPreview/1.0b"
157.55.39.96 - - [15/Apr/2022:23:04:00 +0200] "GET /category/minerals/tungsten/ HTTP/1.1" 200 31355 "-" "Mozilla/5.0 (compatible; bingbot/2.0; +http://www.bing.com/bingbot.htm)"
157.55.39.14 - - [15/Apr/2022:23:03:59 +0200] "GET /100x100mm-130x130mm-150x150mm-prime-square-steel-billet/ HTTP/1.1" 200 33440 "-" "Mozilla/5.0 (compatible; bingbot/2.0; +http://www.bing.com/bingbot.htm)"
157.55.39.100 - - [15/Apr/2022:23:04:02 +0200] "GET /1050-aluminum-sheet/ HTTP/1.1" 200 33384 "-" "Mozilla/5.0 (compatible; bingbot/2.0; +http://www.bing.com/bingbot.htm)"
157.55.39.39 - - [15/Apr/2022:23:04:03 +0200] "GET /category/pets-animals/cats/ HTTP/1.1" 200 28826 "-" "Mozilla/5.0 (compatible; bingbot/2.0; +http://www.bing.com/bingbot.htm)"
157.55.39.100 - - [15/Apr/2022:23:04:04 +0200] "GET /quick-freeze-ice-cream-maker-machine/ HTTP/1.1" 200 33047 "-" "Mozilla/5.0 (compatible; bingbot/2.0; +http://www.bing.com/bingbot.htm)"
157.55.39.167 - - [15/Apr/2022:23:04:06 +0200] "GET /category/luggage-bags/ HTTP/1.1" 200 33635 "-" "Mozilla/5.0 (compatible; bingbot/2.0; +http://www.bing.com/bingbot.htm)"
157.55.39.14 - - [15/Apr/2022:23:04:07 +0200] "GET /category/toys-hobbies/cleaning-washing/ HTTP/1.1" 200 28865 "-" "Mozilla/5.0 (compatible; bingbot/2.0; +http://www.bing.com/bingbot.htm)"
157.55.39.167 - - [15/Apr/2022:23:04:09 +0200] "GET /hi-rib-6x6-concrete-welded-wire-reinforcing-mesh/ HTTP/1.1" 200 33389 "-" "Mozilla/5.0 (compatible; bingbot/2.0; +http://www.bing.com/bingbot.htm)"
157.55.39.56 - - [15/Apr/2022:23:04:10 +0200] "GET /soap-noodels-and-laudry-toilet-soap/ HTTP/1.1" 200 33444 "-" "Mozilla/5.0 (compatible; bingbot/2.0; +http://www.bing.com/bingbot.htm)"
157.55.39.56 - - [15/Apr/2022:23:04:12 +0200] "GET /category/pets-animals/grey-parrots/ HTTP/1.1" 200 28855 "-" "Mozilla/5.0 (compatible; bingbot/2.0; +http://www.bing.com/bingbot.htm)"
157.55.39.39 - - [15/Apr/2022:23:04:12 +0200] "GET /new-design-price-pure-titanium-rectangular-tube/ HTTP/1.1" 200 34217 "-" "Mozilla/5.0 (compatible; bingbot/2.0; +http://www.bing.com/bingbot.htm)"
157.55.39.167 - - [15/Apr/2022:23:04:12 +0200] "GET /olive-oil-deep-cleaning-shower-moisturizing-baby-bath-gel/ HTTP/1.1" 200 33589 "-" "Mozilla/5.0 (compatible; bingbot/2.0; +http://www.bing.com/bingbot.htm)"
157.55.39.167 - - [15/Apr/2022:23:04:15 +0200] "GET /submit-ad/ HTTP/1.1" 302 5520 "-" "Mozilla/5.0 (compatible; bingbot/2.0; +http://www.bing.com/bingbot.htm)"
157.55.39.56 - - [15/Apr/2022:23:04:16 +0200] "GET /liquid-seaweed-fertilizer-s9/ HTTP/1.1" 200 33449 "-" "Mozilla/5.0 (compatible; bingbot/2.0; +http://www.bing.com/bingbot.htm)"
157.55.39.96 - - [15/Apr/2022:23:04:16 +0200] "GET /dr-organic-pomegranate-soap-100g/ HTTP/1.1" 200 33328 "-" "Mozilla/5.0 (compatible; bingbot/2.0; +http://www.bing.com/bingbot.htm)"
157.55.39.167 - - [15/Apr/2022:23:04:18 +0200] "GET /login/ HTTP/1.1" 200 26001 "-" "Mozilla/5.0 (compatible; bingbot/2.0; +http://www.bing.com/bingbot.htm)"
157.55.39.56 - - [15/Apr/2022:23:04:19 +0200] "GET /wholesale-yg8-yg11-yl10-2-k10-k30-customized-all-grade-cemented-carbide-rod-bars-oem-tungsten-carbide/ HTTP/1.1" 200 33696 "-" "Mozilla/5.0 (compatible; bingbot/2.0; +http://www.bing.com/bingbot.htm)"
157.55.39.56 - - [15/Apr/2022:23:04:21 +0200] "GET /titanium-woven-wire-mesh-50-micron-stainless-steel-wire-mesh/ HTTP/1.1" 200 33587 "-" "Mozilla/5.0 (compatible; bingbot/2.0; +http://www.bing.com/bingbot.htm)"
157.55.39.167 - - [15/Apr/2022:23:04:21 +0200] "GET /humic-acid-organic-fertilizer/ HTTP/1.1" 200 33430 "-" "Mozilla/5.0 (compatible; bingbot/2.0; +http://www.bing.com/bingbot.htm)"
40.77.139.122 - - [15/Apr/2022:23:04:22 +0200] "GET /wp-content/uploads/2022/03/product-811048-t-1589334573-o.webp HTTP/1.1" 200 26273 "-" "Mozilla/5.0 (Windows NT 6.1; WOW64) AppleWebKit/534+ (KHTML, like Gecko) BingPreview/1.0b"
157.55.39.56 - - [15/Apr/2022:23:04:22 +0200] "GET /pasteurized-and-processed-crab-meat/ HTTP/1.1" 200 33218 "-" "Mozilla/5.0 (compatible; bingbot/2.0; +http://www.bing.com/bingbot.htm)"
157.55.39.100 - - [15/Apr/2022:23:04:24 +0200] "GET /building-materials-3sp-5sp-hot-rolled-carbon-steel-billets/ HTTP/1.1" 200 33453 "-" "Mozilla/5.0 (compatible; bingbot/2.0; +http://www.bing.com/bingbot.htm)"
157.55.39.167 - - [15/Apr/2022:23:04:26 +0200] "GET /harmony-fruit-bar-soap-70gr/ HTTP/1.1" 200 33332 "-" "Mozilla/5.0 (compatible; bingbot/2.0; +http://www.bing.com/bingbot.htm)"
157.55.39.100 - - [15/Apr/2022:23:04:27 +0200] "GET /jute-suger-twill/ HTTP/1.1" 200 33516 "-" "Mozilla/5.0 (compatible; bingbot/2.0; +http://www.bing.com/bingbot.htm)"
40.77.139.80 - - [15/Apr/2022:23:04:30 +0200] "GET /wp-content/uploads/2022/03/product-1024870-t-1630653557-o-370x250.webp HTTP/1.1" 200 9044 "-" "Mozilla/5.0 (Windows NT 6.1; WOW64) AppleWebKit/534+ (KHTML, like Gecko) BingPreview/1.0b"
157.55.39.167 - - [15/Apr/2022:23:04:29 +0200] "GET /marula-oil-shampoo/ HTTP/1.1" 200 33154 "-" "Mozilla/5.0 (compatible; bingbot/2.0; +http://www.bing.com/bingbot.htm)"
157.55.39.100 - - [15/Apr/2022:23:04:30 +0200] "GET /wooden-bamboo-toothpick-shaping-forming-machine/ HTTP/1.1" 200 33107 "-" "Mozilla/5.0 (compatible; bingbot/2.0; +http://www.bing.com/bingbot.htm)"
157.55.39.14 - - [15/Apr/2022:23:04:33 +0200] "GET /tag/sales/ HTTP/1.1" 200 27868 "-" "Mozilla/5.0 (compatible; bingbot/2.0; +http://www.bing.com/bingbot.htm)"
157.55.39.167 - - [15/Apr/2022:23:04:32 +0200] "GET /aluminium-billet-from-russia-diameter-127-145-178-190-mm/ HTTP/1.1" 200 33252 "-" "Mozilla/5.0 (compatible; bingbot/2.0; +http://www.bing.com/bingbot.htm)"
40.77.139.49 - - [15/Apr/2022:23:04:34 +0200] "GET /wp-content/uploads/2022/03/product-675914-t-1558955444-o.webp HTTP/1.1" 200 31848 "https://masmexico.com.mx/humic-acid-organic-fertilizer/" "Mozilla/5.0 (Windows NT 6.1; WOW64) AppleWebKit/534+ (KHTML, like Gecko) BingPreview/1.0b"
40.77.191.242 - - [15/Apr/2022:23:04:34 +0200] "GET /wp-content/uploads/2022/03/blonde-curly-premiumspot-9-original-imag9ypxyjjwyw77-312x250.webp HTTP/1.1" 200 15336 "-" "Mozilla/5.0 (Windows NT 6.1; WOW64) AppleWebKit/534+ (KHTML, like Gecko) BingPreview/1.0b"
40.77.139.13 - - [15/Apr/2022:23:04:35 +0200] "GET /wp-content/uploads/2022/03/talcum-powder-options-350x250.webp HTTP/1.1" 200 15836 "-" "Mozilla/5.0 (Windows NT 6.1; WOW64) AppleWebKit/534+ (KHTML, like Gecko) BingPreview/1.0b"
157.55.39.14 - - [15/Apr/2022:23:04:36 +0200] "GET /category/luggage-bags/handbags-messenger-bags/ HTTP/1.1" 200 31437 "-" "Mozilla/5.0 (compatible; bingbot/2.0; +http://www.bing.com/bingbot.htm)"
157.55.39.167 - - [15/Apr/2022:23:04:35 +0200] "GET /zinc-sulphate-fertilizer/ HTTP/1.1" 200 33315 "-" "Mozilla/5.0 (compatible; bingbot/2.0; +http://www.bing.com/bingbot.htm)"
40.77.139.77 - - [15/Apr/2022:23:04:38 +0200] "GET /wp-content/uploads/2022/03/Colossal-Crab-Meat_5000x-scaled.webp HTTP/1.1" 200 276576 "-" "Mozilla/5.0 (Windows NT 6.1; WOW64) AppleWebKit/534+ (KHTML, like Gecko) BingPreview/1.0b"
157.55.39.96 - - [15/Apr/2022:23:04:38 +0200] "GET /category/services/home-office-removals/ HTTP/1.1" 200 28870 "-" "Mozilla/5.0 (compatible; bingbot/2.0; +http://www.bing.com/bingbot.htm)"
157.55.39.57 - - [15/Apr/2022:23:04:39 +0200] "GET /laptop-repairing-services-at-your-doorstep/ HTTP/1.1" 200 34874 "-" "Mozilla/5.0 (compatible; bingbot/2.0; +http://www.bing.com/bingbot.htm)"
157.55.39.96 - - [15/Apr/2022:23:04:41 +0200] "GET /vacuum-lifter-for-tilting-fork/ HTTP/1.1" 200 32948 "-" "Mozilla/5.0 (compatible; bingbot/2.0; +http://www.bing.com/bingbot.htm)"
157.55.39.100 - - [15/Apr/2022:23:04:41 +0200] "GET /r22-refrigerant-gas-net-weight-13-6kg-used-for-air-conditioning/ HTTP/1.1" 200 33829 "-" "Mozilla/5.0 (compatible; bingbot/2.0; +http://www.bing.com/bingbot.htm)"
157.55.39.56 - - [15/Apr/2022:23:04:42 +0200] "GET /tsp-40-man-portable-drilling-rig/ HTTP/1.1" 200 33274 "-" "Mozilla/5.0 (compatible; bingbot/2.0; +http://www.bing.com/bingbot.htm)"
40.77.167.22 - - [15/Apr/2022:23:04:43 +0200] "GET /r410a-refrigerant-gas-net-weight-11-3kg-25lb-disposable-cylinder/ HTTP/1.1" 200 34017 "-" "Mozilla/5.0 (compatible; bingbot/2.0; +http://www.bing.com/bingbot.htm)"
157.55.39.100 - - [15/Apr/2022:23:04:43 +0200] "GET /category/beauty-personal-care/makeup-tools/ HTTP/1.1" 200 32809 "-" "Mozilla/5.0 (compatible; bingbot/2.0; +http://www.bing.com/bingbot.htm)"
157.55.39.39 - - [15/Apr/2022:23:04:44 +0200] "GET /category/beauty-personal-care/beauty-equipment/ HTTP/1.1" 200 31745 "-" "Mozilla/5.0 (compatible; bingbot/2.0; +http://www.bing.com/bingbot.htm)"
157.55.39.56 - - [15/Apr/2022:23:04:45 +0200] "GET /china-manufactured-flat-bar-aluminium/ HTTP/1.1" 200 33162 "-" "Mozilla/5.0 (compatible; bingbot/2.0; +http://www.bing.com/bingbot.htm)"
157.55.39.167 - - [15/Apr/2022:23:04:46 +0200] "GET /category/minerals/wire-mesh/ HTTP/1.1" 200 31965 "-" "Mozilla/5.0 (compatible; bingbot/2.0; +http://www.bing.com/bingbot.htm)"
157.55.39.100 - - [15/Apr/2022:23:04:46 +0200] "GET /high-quality-titanium-seamless-or-welded-tube-pipe-for-chemical-use/ HTTP/1.1" 200 33560 "-" "Mozilla/5.0 (compatible; bingbot/2.0; +http://www.bing.com/bingbot.htm)"
157.55.39.39 - - [15/Apr/2022:23:04:47 +0200] "GET /hot-sale-astm-tungsten-nickel-and-iron-alloy-pipes-tungsten-nickel-and-copper-alloy-pipes/ HTTP/1.1" 200 33163 "-" "Mozilla/5.0 (compatible; bingbot/2.0; +http://www.bing.com/bingbot.htm)"
157.55.39.56 - - [15/Apr/2022:23:04:48 +0200] "GET /pasteurized-butter/ HTTP/1.1" 200 33033 "-" "Mozilla/5.0 (compatible; bingbot/2.0; +http://www.bing.com/bingbot.htm)"
40.77.139.39 - - [15/Apr/2022:23:04:51 +0200] "GET /wp-content/uploads/2022/03/Hd53dda82c40648319924cb5bae7e203a3.jpg_.webp HTTP/1.1" 200 36148 "-" "Mozilla/5.0 (Windows NT 6.1; WOW64) AppleWebKit/534+ (KHTML, like Gecko) BingPreview/1.0b"
157.55.39.14 - - [15/Apr/2022:23:04:50 +0200] "GET /r290-propane-refrigerant-gas/ HTTP/1.1" 200 33737 "-" "Mozilla/5.0 (compatible; bingbot/2.0; +http://www.bing.com/bingbot.htm)"
157.55.39.39 - - [15/Apr/2022:23:04:50 +0200] "GET /targus-grove-notebook-carrying-backpack/ HTTP/1.1" 200 34011 "-" "Mozilla/5.0 (compatible; bingbot/2.0; +http://www.bing.com/bingbot.htm)"
157.55.39.56 - - [15/Apr/2022:23:04:51 +0200] "GET /category/minerals/titanium/ HTTP/1.1" 200 31361 "-" "Mozilla/5.0 (compatible; bingbot/2.0; +http://www.bing.com/bingbot.htm)"
157.55.39.100 - - [15/Apr/2022:23:04:51 +0200] "GET /precision-grinding-carbide-rods-manufacture-tungsten-carbide-rods-supplier/ HTTP/1.1" 200 33400 "-" "Mozilla/5.0 (compatible; bingbot/2.0; +http://www.bing.com/bingbot.htm)"
40.77.139.50 - - [15/Apr/2022:23:04:55 +0200] "GET /wp-content/uploads/2022/03/product-691855-t-1565799834-o.webp HTTP/1.1" 200 54871 "-" "Mozilla/5.0 (Windows NT 6.1; WOW64) AppleWebKit/534+ (KHTML, like Gecko) BingPreview/1.0b"
157.55.39.96 - - [15/Apr/2022:23:04:54 +0200] "GET /easy-operation-full-auto-150ton-chopstick-majongmaking-machine/ HTTP/1.1" 200 33311 "-" "Mozilla/5.0 (compatible; bingbot/2.0; +http://www.bing.com/bingbot.htm)"
157.55.39.100 - - [15/Apr/2022:23:04:54 +0200] "GET /non-slip-3003-aluminum-tread-brite-plate/ HTTP/1.1" 200 34413 "-" "Mozilla/5.0 (compatible; bingbot/2.0; +http://www.bing.com/bingbot.htm)"
157.55.39.96 - - [15/Apr/2022:23:04:56 +0200] "GET /electronic-outdoor-street-food-cartmobile-kitchen-food-truck/ HTTP/1.1" 200 33351 "-" "Mozilla/5.0 (compatible; bingbot/2.0; +http://www.bing.com/bingbot.htm)"
157.55.39.14 - - [15/Apr/2022:23:04:57 +0200] "GET /nanjing-success-sb43-automatic-u-shaped-drinking-straw-packing-machine/ HTTP/1.1" 200 33147 "-" "Mozilla/5.0 (compatible; bingbot/2.0; +http://www.bing.com/bingbot.htm)"
157.55.39.57 - - [15/Apr/2022:23:05:00 +0200] "GET /vibro-ripper/ HTTP/1.1" 200 33212 "-" "Mozilla/5.0 (compatible; bingbot/2.0; +http://www.bing.com/bingbot.htm)"
157.55.39.100 - - [15/Apr/2022:23:05:02 +0200] "GET /category/minerals/aluminum/ HTTP/1.1" 200 32640 "-" "Mozilla/5.0 (compatible; bingbot/2.0; +http://www.bing.com/bingbot.htm)"
40.77.139.122 - - [15/Apr/2022:23:05:02 +0200] "GET /wp-content/uploads/2022/03/product-691859-t-1565799242-o.webp HTTP/1.1" 200 22702 "https://masmexico.com.mx/r290-propane-refrigerant-gas/" "Mozilla/5.0 (Windows NT 6.1; WOW64) AppleWebKit/534+ (KHTML, like Gecko) BingPreview/1.0b"
40.77.139.31 - - [15/Apr/2022:23:05:03 +0200] "GET /wp-content/uploads/2022/03/H4b5e0fdaa41749cba0960f0efbd252daS.jpg_300x300.webp HTTP/1.1" 200 21089 "-" "Mozilla/5.0 (Windows NT 6.1; WOW64) AppleWebKit/534+ (KHTML, like Gecko) BingPreview/1.0b"
157.55.39.57 - - [15/Apr/2022:23:05:03 +0200] "GET /universal-milling-machine/ HTTP/1.1" 200 33107 "-" "Mozilla/5.0 (compatible; bingbot/2.0; +http://www.bing.com/bingbot.htm)"
40.77.139.124 - - [15/Apr/2022:23:05:04 +0200] "GET /wp-content/uploads/2022/03/Electric-Street-Fast-Food-Truck-Mobile-Kitchen-Coffee-Catering-Trailer-Vending-Kiosk-Outdoor-Bubble-Tea-Ice.jpg_Q90.jpg_.webp HTTP/1.1" 200 39926 "https://masmexico.com.mx/electronic-outdoor-street-food-cartmobile-kitchen-food-truck/" "Mozilla/5.0 (Windows NT 6.1; WOW64) AppleWebKit/534+ (KHTML, like Gecko) BingPreview/1.0b"
157.55.39.56 - - [15/Apr/2022:23:05:05 +0200] "GET /wholesale-high-quality-sand-casting-idler-wheel-for-engineering-construction-machinery/ HTTP/1.1" 200 33368 "-" "Mozilla/5.0 (compatible; bingbot/2.0; +http://www.bing.com/bingbot.htm)"
157.55.39.96 - - [15/Apr/2022:23:05:06 +0200] "GET /category/toys-hobbies/design-code/ HTTP/1.1" 200 28866 "-" "Mozilla/5.0 (compatible; bingbot/2.0; +http://www.bing.com/bingbot.htm)"
157.55.39.14 - - [15/Apr/2022:23:05:08 +0200] "GET /scrap-q195-q235-steel-billet-price/ HTTP/1.1" 200 33411 "-" "Mozilla/5.0 (compatible; bingbot/2.0; +http://www.bing.com/bingbot.htm)"
40.77.139.44 - - [15/Apr/2022:23:05:10 +0200] "GET /wp-content/uploads/2022/03/product-691856-t-1565800198-o.webp HTTP/1.1" 200 14521 "-" "Mozilla/5.0 (Windows NT 6.1; WOW64) AppleWebKit/534+ (KHTML, like Gecko) BingPreview/1.0b"
72.167.33.0 - - [15/Apr/2022:23:05:10 +0200] "POST /wp-cron.php?doing_wp_cron=1650056710.1992590427398681640625 HTTP/1.1" 200 5107 "https://masmexico.com.mx/wp-cron.php?doing_wp_cron=1650056710.1992590427398681640625" "WordPress/5.8.4; https://masmexico.com.mx"
157.55.39.56 - - [15/Apr/2022:23:05:11 +0200] "GET /cenosphere-oil-filed-cementing-other-non-metallic-minerals-products/ HTTP/1.1" 200 33397 "-" "Mozilla/5.0 (compatible; bingbot/2.0; +http://www.bing.com/bingbot.htm)"
157.55.39.96 - - [15/Apr/2022:23:05:14 +0200] "GET /cosmetic-cotton-pad-making-machine/ HTTP/1.1" 200 33127 "-" "Mozilla/5.0 (compatible; bingbot/2.0; +http://www.bing.com/bingbot.htm)"
157.55.39.167 - - [15/Apr/2022:23:05:16 +0200] "GET /vacuum-lifter-tilting-90-degree/ HTTP/1.1" 200 33072 "-" "Mozilla/5.0 (compatible; bingbot/2.0; +http://www.bing.com/bingbot.htm)"
157.55.39.14 - - [15/Apr/2022:23:05:18 +0200] "GET /category/machinery/page/4/ HTTP/1.1" 200 31658 "-" "Mozilla/5.0 (compatible; bingbot/2.0; +http://www.bing.com/bingbot.htm)"
157.55.39.167 - - [15/Apr/2022:23:05:19 +0200] "GET /hot-sale-high-temperature-metal-melting-furnace-tungsten-crucible/ HTTP/1.1" 200 33227 "-" "Mozilla/5.0 (compatible; bingbot/2.0; +http://www.bing.com/bingbot.htm)"
157.55.39.56 - - [15/Apr/2022:23:05:20 +0200] "GET /track-chain-assembly-for-hitachi-sumitomo-links-type-cranes/ HTTP/1.1" 200 33366 "-" "Mozilla/5.0 (compatible; bingbot/2.0; +http://www.bing.com/bingbot.htm)"
157.55.39.14 - - [15/Apr/2022:23:05:20 +0200] "GET /premium-leather-briefcase-mens-handcrafted-black-briefcase-business-bag/ HTTP/1.1" 200 33653 "-" "Mozilla/5.0 (compatible; bingbot/2.0; +http://www.bing.com/bingbot.htm)"
157.55.39.39 - - [15/Apr/2022:23:05:22 +0200] "GET /q275-5sp-square-steel-billets-factory-sale-directly/ HTTP/1.1" 200 33338 "-" "Mozilla/5.0 (compatible; bingbot/2.0; +http://www.bing.com/bingbot.htm)"
157.55.39.39 - - [15/Apr/2022:23:05:24 +0200] "GET /category/pets-animals/fancy-hens/ HTTP/1.1" 200 28856 "-" "Mozilla/5.0 (compatible; bingbot/2.0; +http://www.bing.com/bingbot.htm)"
157.55.39.57 - - [15/Apr/2022:23:05:24 +0200] "GET /best-zinc-iodide/ HTTP/1.1" 200 33656 "-" "Mozilla/5.0 (compatible; bingbot/2.0; +http://www.bing.com/bingbot.htm)"
157.55.39.96 - - [15/Apr/2022:23:05:25 +0200] "GET /3_ho_pc/ HTTP/1.1" 200 32948 "-" "Mozilla/5.0 (compatible; bingbot/2.0; +http://www.bing.com/bingbot.htm)"
157.55.39.56 - - [15/Apr/2022:23:05:25 +0200] "GET /titanium-ti-6al-4v-titanium-alloy-parts-manufacturer/ HTTP/1.1" 200 33570 "-" "Mozilla/5.0 (compatible; bingbot/2.0; +http://www.bing.com/bingbot.htm)"
157.55.39.39 - - [15/Apr/2022:23:05:27 +0200] "GET /category/services/cleaning-services/ HTTP/1.1" 200 28856 "-" "Mozilla/5.0 (compatible; bingbot/2.0; +http://www.bing.com/bingbot.htm)"
157.55.39.96 - - [15/Apr/2022:23:05:27 +0200] "GET /aluminum-scrap-6063-customized-available/ HTTP/1.1" 200 33883 "-" "Mozilla/5.0 (compatible; bingbot/2.0; +http://www.bing.com/bingbot.htm)"
157.55.39.167 - - [15/Apr/2022:23:05:29 +0200] "GET /category/machinery/food-beverage-machinery/page/2/ HTTP/1.1" 200 29739 "-" "Mozilla/5.0 (compatible; bingbot/2.0; +http://www.bing.com/bingbot.htm)"
70.42.131.189 - - [15/Apr/2022:23:05:29 +0200] "GET / HTTP/1.1" 301 449 "-" "Mozilla/5.0 (Windows NT 10.0; Win64; x64) AppleWebKit/537.36 (KHTML, like Gecko) Chrome/76.0.3809.71 Safari/537.36"
70.42.131.189 - - [15/Apr/2022:23:05:30 +0200] "GET / HTTP/1.1" 200 30293 "-" "Mozilla/5.0 (Windows NT 10.0; Win64; x64) AppleWebKit/537.36 (KHTML, like Gecko) Chrome/76.0.3809.71 Safari/537.36"
70.42.131.189 - - [15/Apr/2022:23:05:31 +0200] "GET /wp-content/plugins/LayerSlider/assets/static/layerslider/css/layerslider.css?ver=7.0.7 HTTP/1.1" 200 4626 "https://masmexico.com.mx/" "Mozilla/5.0 (Windows NT 10.0; Win64; x64) AppleWebKit/537.36 (KHTML, like Gecko) Chrome/76.0.3809.71 Safari/537.36"
70.42.131.189 - - [15/Apr/2022:23:05:31 +0200] "GET /wp-includes/css/dist/block-library/style.min.css?ver=5.9.3 HTTP/1.1" 200 11633 "https://masmexico.com.mx/" "Mozilla/5.0 (Windows NT 10.0; Win64; x64) AppleWebKit/537.36 (KHTML, like Gecko) Chrome/76.0.3809.71 Safari/537.36"
70.42.131.189 - - [15/Apr/2022:23:05:31 +0200] "GET /wp-content/plugins/accesspress-social-login-lite/css/frontend.css?ver=3.4.8 HTTP/1.1" 200 2825 "https://masmexico.com.mx/" "Mozilla/5.0 (Windows NT 10.0; Win64; x64) AppleWebKit/537.36 (KHTML, like Gecko) Chrome/76.0.3809.71 Safari/537.36"
70.42.131.189 - - [15/Apr/2022:23:05:31 +0200] "GET /wp-content/themes/classiera/style.css?ver=5.9.3 HTTP/1.1" 200 5496 "https://masmexico.com.mx/" "Mozilla/5.0 (Windows NT 10.0; Win64; x64) AppleWebKit/537.36 (KHTML, like Gecko) Chrome/76.0.3809.71 Safari/537.36"
70.42.131.189 - - [15/Apr/2022:23:05:31 +0200] "GET /wp-content/plugins/accesspress-social-share/css/frontend.css?ver=4.5.6 HTTP/1.1" 200 8914 "https://masmexico.com.mx/" "Mozilla/5.0 (Windows NT 10.0; Win64; x64) AppleWebKit/537.36 (KHTML, like Gecko) Chrome/76.0.3809.71 Safari/537.36"
70.42.131.189 - - [15/Apr/2022:23:05:31 +0200] "GET /wp-content/plugins/accesspress-social-login-lite/css/font-awesome/all.min.css?ver=3.4.8 HTTP/1.1" 200 13608 "https://masmexico.com.mx/" "Mozilla/5.0 (Windows NT 10.0; Win64; x64) AppleWebKit/537.36 (KHTML, like Gecko) Chrome/76.0.3809.71 Safari/537.36"
70.42.131.189 - - [15/Apr/2022:23:05:31 +0200] "GET /wp-content/plugins/accesspress-social-share/css/fontawesome-all.css?ver=4.5.6 HTTP/1.1" 200 13637 "https://masmexico.com.mx/" "Mozilla/5.0 (Windows NT 10.0; Win64; x64) AppleWebKit/537.36 (KHTML, like Gecko) Chrome/76.0.3809.71 Safari/537.36"
70.42.131.189 - - [15/Apr/2022:23:05:31 +0200] "GET /wp-content/themes/classiera-child/style.css?ver=5.9.3 HTTP/1.1" 200 1338 "https://masmexico.com.mx/" "Mozilla/5.0 (Windows NT 10.0; Win64; x64) AppleWebKit/537.36 (KHTML, like Gecko) Chrome/76.0.3809.71 Safari/537.36"
70.42.131.189 - - [15/Apr/2022:23:05:31 +0200] "GET /wp-content/themes/classiera/css/select2.min.css?ver=1 HTTP/1.1" 200 2346 "https://masmexico.com.mx/" "Mozilla/5.0 (Windows NT 10.0; Win64; x64) AppleWebKit/537.36 (KHTML, like Gecko) Chrome/76.0.3809.71 Safari/537.36"
70.42.131.189 - - [15/Apr/2022:23:05:31 +0200] "GET /wp-content/themes/classiera/css/jquery-ui.min.css?ver=1 HTTP/1.1" 200 7956 "https://masmexico.com.mx/" "Mozilla/5.0 (Windows NT 10.0; Win64; x64) AppleWebKit/537.36 (KHTML, like Gecko) Chrome/76.0.3809.71 Safari/537.36"
70.42.131.189 - - [15/Apr/2022:23:05:31 +0200] "GET /wp-content/themes/classiera/css/animate.min.css?ver=1 HTTP/1.1" 200 3957 "https://masmexico.com.mx/" "Mozilla/5.0 (Windows NT 10.0; Win64; x64) AppleWebKit/537.36 (KHTML, like Gecko) Chrome/76.0.3809.71 Safari/537.36"
70.42.131.189 - - [15/Apr/2022:23:05:31 +0200] "GET /wp-content/themes/classiera/css/bootstrap-dropdownhover.min.css?ver=1 HTTP/1.1" 200 833 "https://masmexico.com.mx/" "Mozilla/5.0 (Windows NT 10.0; Win64; x64) AppleWebKit/537.36 (KHTML, like Gecko) Chrome/76.0.3809.71 Safari/537.36"
70.42.131.189 - - [15/Apr/2022:23:05:31 +0200] "GET /wp-content/themes/classiera/css/bootstrap.css?ver=1 HTTP/1.1" 200 21735 "https://masmexico.com.mx/" "Mozilla/5.0 (Windows NT 10.0; Win64; x64) AppleWebKit/537.36 (KHTML, like Gecko) Chrome/76.0.3809.71 Safari/537.36"
70.42.131.189 - - [15/Apr/2022:23:05:32 +0200] "GET /wp-content/themes/classiera/css/classiera-components.css?ver=1 HTTP/1.1" 200 12889 "https://masmexico.com.mx/" "Mozilla/5.0 (Windows NT 10.0; Win64; x64) AppleWebKit/537.36 (KHTML, like Gecko) Chrome/76.0.3809.71 Safari/537.36"
70.42.131.189 - - [15/Apr/2022:23:05:32 +0200] "GET /wp-content/themes/classiera/css/fontawesome.css?ver=1 HTTP/1.1" 200 13804 "https://masmexico.com.mx/" "Mozilla/5.0 (Windows NT 10.0; Win64; x64) AppleWebKit/537.36 (KHTML, like Gecko) Chrome/76.0.3809.71 Safari/537.36"
70.42.131.189 - - [15/Apr/2022:23:05:32 +0200] "GET /wp-content/themes/classiera/css/owl.carousel.min.css?ver=1 HTTP/1.1" 200 1332 "https://masmexico.com.mx/" "Mozilla/5.0 (Windows NT 10.0; Win64; x64) AppleWebKit/537.36 (KHTML, like Gecko) Chrome/76.0.3809.71 Safari/537.36"
70.42.131.189 - - [15/Apr/2022:23:05:32 +0200] "GET /wp-content/themes/classiera/css/material-design-iconic-font.css?ver=1 HTTP/1.1" 200 14576 "https://masmexico.com.mx/" "Mozilla/5.0 (Windows NT 10.0; Win64; x64) AppleWebKit/537.36 (KHTML, like Gecko) Chrome/76.0.3809.71 Safari/537.36"
70.42.131.189 - - [15/Apr/2022:23:05:32 +0200] "GET /wp-content/themes/classiera/css/classiera.css?ver=1 HTTP/1.1" 200 33535 "https://masmexico.com.mx/" "Mozilla/5.0 (Windows NT 10.0; Win64; x64) AppleWebKit/537.36 (KHTML, like Gecko) Chrome/76.0.3809.71 Safari/537.36"
157.55.39.96 - - [15/Apr/2022:23:05:30 +0200] "GET /travel-laptop-backpack-outdoor-rucksack-school-backpack-fits-15-6/ HTTP/1.1" 200 34205 "-" "Mozilla/5.0 (compatible; bingbot/2.0; +http://www.bing.com/bingbot.htm)"
40.77.139.36 - - [15/Apr/2022:23:05:32 +0200] "GET /wp-content/uploads/2022/03/product-743529-t-1586039394-o.webp HTTP/1.1" 200 16612 "-" "Mozilla/5.0 (Windows NT 6.1; WOW64) AppleWebKit/534+ (KHTML, like Gecko) BingPreview/1.0b"
70.42.131.189 - - [15/Apr/2022:23:05:32 +0200] "GET /wp-content/themes/classiera/css/owl.theme.default.min.css?ver=1 HTTP/1.1" 200 836 "https://masmexico.com.mx/" "Mozilla/5.0 (Windows NT 10.0; Win64; x64) AppleWebKit/537.36 (KHTML, like Gecko) Chrome/76.0.3809.71 Safari/537.36"
70.42.131.189 - - [15/Apr/2022:23:05:32 +0200] "GET /wp-content/themes/classiera/css/responsive.css?ver=1 HTTP/1.1" 200 4661 "https://masmexico.com.mx/" "Mozilla/5.0 (Windows NT 10.0; Win64; x64) AppleWebKit/537.36 (KHTML, like Gecko) Chrome/76.0.3809.71 Safari/537.36"
70.42.131.189 - - [15/Apr/2022:23:05:32 +0200] "GET /wp-content/themes/classiera/css/classiera-map.css?ver=1 HTTP/1.1" 200 4069 "https://masmexico.com.mx/" "Mozilla/5.0 (Windows NT 10.0; Win64; x64) AppleWebKit/537.36 (KHTML, like Gecko) Chrome/76.0.3809.71 Safari/537.36"
70.42.131.189 - - [15/Apr/2022:23:05:32 +0200] "GET /wp-content/themes/classiera/css/bootstrap-slider.css?ver=1 HTTP/1.1" 200 2479 "https://masmexico.com.mx/" "Mozilla/5.0 (Windows NT 10.0; Win64; x64) AppleWebKit/537.36 (KHTML, like Gecko) Chrome/76.0.3809.71 Safari/537.36"
70.42.131.189 - - [15/Apr/2022:23:05:32 +0200] "GET /wp-content/plugins/LayerSlider/assets/static/font-awesome-4/css/font-awesome.min.css?ver=4.7.0 HTTP/1.1" 200 7394 "https://masmexico.com.mx/" "Mozilla/5.0 (Windows NT 10.0; Win64; x64) AppleWebKit/537.36 (KHTML, like Gecko) Chrome/76.0.3809.71 Safari/537.36"
70.42.131.189 - - [15/Apr/2022:23:05:32 +0200] "GET /wp-includes/js/jquery/jquery-migrate.min.js?ver=3.3.2 HTTP/1.1" 200 4542 "https://masmexico.com.mx/" "Mozilla/5.0 (Windows NT 10.0; Win64; x64) AppleWebKit/537.36 (KHTML, like Gecko) Chrome/76.0.3809.71 Safari/537.36"
70.42.131.189 - - [15/Apr/2022:23:05:32 +0200] "GET /wp-includes/js/jquery/jquery.min.js?ver=3.6.0 HTTP/1.1" 200 31393 "https://masmexico.com.mx/" "Mozilla/5.0 (Windows NT 10.0; Win64; x64) AppleWebKit/537.36 (KHTML, like Gecko) Chrome/76.0.3809.71 Safari/537.36"
70.42.131.189 - - [15/Apr/2022:23:05:32 +0200] "GET /wp-content/plugins/accesspress-social-login-lite/js/frontend.js?ver=3.4.8 HTTP/1.1" 200 527 "https://masmexico.com.mx/" "Mozilla/5.0 (Windows NT 10.0; Win64; x64) AppleWebKit/537.36 (KHTML, like Gecko) Chrome/76.0.3809.71 Safari/537.36"
70.42.131.189 - - [15/Apr/2022:23:05:32 +0200] "GET /wp-content/plugins/LayerSlider/assets/static/layerslider/js/layerslider.transitions.js?ver=7.0.7 HTTP/1.1" 200 3745 "https://masmexico.com.mx/" "Mozilla/5.0 (Windows NT 10.0; Win64; x64) AppleWebKit/537.36 (KHTML, like Gecko) Chrome/76.0.3809.71 Safari/537.36"
70.42.131.189 - - [15/Apr/2022:23:05:32 +0200] "GET /wp-content/plugins/LayerSlider/assets/static/layerslider/js/layerslider.utils.js?ver=7.0.7 HTTP/1.1" 200 42509 "https://masmexico.com.mx/" "Mozilla/5.0 (Windows NT 10.0; Win64; x64) AppleWebKit/537.36 (KHTML, like Gecko) Chrome/76.0.3809.71 Safari/537.36"
70.42.131.189 - - [15/Apr/2022:23:05:32 +0200] "GET /wp-content/plugins/LayerSlider/assets/static/layerslider/js/layerslider.kreaturamedia.jquery.js?ver=7.0.7 HTTP/1.1" 200 48507 "https://masmexico.com.mx/" "Mozilla/5.0 (Windows NT 10.0; Win64; x64) AppleWebKit/537.36 (KHTML, like Gecko) Chrome/76.0.3809.71 Safari/537.36"
157.55.39.39 - - [15/Apr/2022:23:05:30 +0200] "GET /awp-250-four-side-sealing-alcohol-wet-tissue-making-machine/ HTTP/1.1" 200 33287 "-" "Mozilla/5.0 (compatible; bingbot/2.0; +http://www.bing.com/bingbot.htm)"
70.42.131.189 - - [15/Apr/2022:23:05:32 +0200] "GET /wp-content/uploads/2022/02/banner-pequeno.png HTTP/1.1" 200 28535 "https://masmexico.com.mx/" "Mozilla/5.0 (Windows NT 10.0; Win64; x64) AppleWebKit/537.36 (KHTML, like Gecko) Chrome/76.0.3809.71 Safari/537.36"
70.42.131.189 - - [15/Apr/2022:23:05:32 +0200] "GET /wp-includes/js/thickbox/thickbox.js?ver=3.1-20121105 HTTP/1.1" 200 4374 "https://masmexico.com.mx/" "Mozilla/5.0 (Windows NT 10.0; Win64; x64) AppleWebKit/537.36 (KHTML, like Gecko) Chrome/76.0.3809.71 Safari/537.36"
70.42.131.189 - - [15/Apr/2022:23:05:32 +0200] "GET /wp-content/plugins/accesspress-social-share/js/frontend.js?ver=4.5.6 HTTP/1.1" 200 886 "https://masmexico.com.mx/" "Mozilla/5.0 (Windows NT 10.0; Win64; x64) AppleWebKit/537.36 (KHTML, like Gecko) Chrome/76.0.3809.71 Safari/537.36"
70.42.131.189 - - [15/Apr/2022:23:05:32 +0200] "GET /wp-content/themes/classiera-child/classiera-child.js?ver=5.9.3 HTTP/1.1" 200 462 "https://masmexico.com.mx/" "Mozilla/5.0 (Windows NT 10.0; Win64; x64) AppleWebKit/537.36 (KHTML, like Gecko) Chrome/76.0.3809.71 Safari/537.36"
70.42.131.189 - - [15/Apr/2022:23:05:32 +0200] "GET /wp-content/plugins/classiera-helper/js/classiera-helper.js?ver=5.9.3 HTTP/1.1" 200 1068 "https://masmexico.com.mx/" "Mozilla/5.0 (Windows NT 10.0; Win64; x64) AppleWebKit/537.36 (KHTML, like Gecko) Chrome/76.0.3809.71 Safari/537.36"
70.42.131.189 - - [15/Apr/2022:23:05:32 +0200] "GET /wp-content/plugins/classiera-helper/js/dropzone.js?ver=5.9.3 HTTP/1.1" 200 31252 "https://masmexico.com.mx/" "Mozilla/5.0 (Windows NT 10.0; Win64; x64) AppleWebKit/537.36 (KHTML, like Gecko) Chrome/76.0.3809.71 Safari/537.36"
70.42.131.189 - - [15/Apr/2022:23:05:32 +0200] "GET /wp-content/uploads/layerslider/projects/lime/slider-v1-bg-1.png HTTP/1.1" 200 829090 "https://masmexico.com.mx/" "Mozilla/5.0 (Windows NT 10.0; Win64; x64) AppleWebKit/537.36 (KHTML, like Gecko) Chrome/76.0.3809.71 Safari/537.36"
70.42.131.189 - - [15/Apr/2022:23:05:32 +0200] "GET /wp-content/themes/classiera/webfonts/fa-solid-900.woff2 HTTP/1.1" 200 78705 "https://masmexico.com.mx/wp-content/themes/classiera/css/fontawesome.css?ver=1" "Mozilla/5.0 (Windows NT 10.0; Win64; x64) AppleWebKit/537.36 (KHTML, like Gecko) Chrome/76.0.3809.71 Safari/537.36"
70.42.131.189 - - [15/Apr/2022:23:05:32 +0200] "GET /wp-content/plugins/LayerSlider/assets/static/font-awesome-4/fonts/fontawesome-webfont.woff2?v=4.7.0 HTTP/1.1" 200 77669 "https://masmexico.com.mx/wp-content/plugins/LayerSlider/assets/static/font-awesome-4/css/font-awesome.min.css?ver=4.7.0" "Mozilla/5.0 (Windows NT 10.0; Win64; x64) AppleWebKit/537.36 (KHTML, like Gecko) Chrome/76.0.3809.71 Safari/537.36"
70.42.131.189 - - [15/Apr/2022:23:05:32 +0200] "GET /wp-content/themes/classiera/webfonts/fa-brands-400.woff2 HTTP/1.1" 200 77273 "https://masmexico.com.mx/wp-content/themes/classiera/css/fontawesome.css?ver=1" "Mozilla/5.0 (Windows NT 10.0; Win64; x64) AppleWebKit/537.36 (KHTML, like Gecko) Chrome/76.0.3809.71 Safari/537.36"
70.42.131.189 - - [15/Apr/2022:23:05:32 +0200] "GET /wp-content/uploads/2022/03/png-transparent-mobile-phones-portable-communications-device-advertising-cellular-network-telephone-supermarket-advertising-miscellaneous-gadget-mobile-phone-removebg-preview.png HTTP/1.1" 200 69072 "https://masmexico.com.mx/" "Mozilla/5.0 (Windows NT 10.0; Win64; x64) AppleWebKit/537.36 (KHTML, like Gecko) Chrome/76.0.3809.71 Safari/537.36"
70.42.131.189 - - [15/Apr/2022:23:05:32 +0200] "GET /wp-content/uploads/layerslider/projects/lime/slider-v1-bg-2.png HTTP/1.1" 200 634598 "https://masmexico.com.mx/" "Mozilla/5.0 (Windows NT 10.0; Win64; x64) AppleWebKit/537.36 (KHTML, like Gecko) Chrome/76.0.3809.71 Safari/537.36"
157.55.39.167 - - [15/Apr/2022:23:05:32 +0200] "GET /excellent-tungsten-carbide-rolling-scissors/ HTTP/1.1" 200 33266 "-" "Mozilla/5.0 (compatible; bingbot/2.0; +http://www.bing.com/bingbot.htm)"
70.42.131.189 - - [15/Apr/2022:23:05:33 +0200] "GET /wp-content/uploads/2022/03/png-transparent-digital-marketing-web-design-internet-advertising-iphone-mobile-marketing-online-presence-management-web-development_prev_ui.png HTTP/1.1" 200 170977 "https://masmexico.com.mx/" "Mozilla/5.0 (Windows NT 10.0; Win64; x64) AppleWebKit/537.36 (KHTML, like Gecko) Chrome/76.0.3809.71 Safari/537.36"
70.42.131.189 - - [15/Apr/2022:23:05:33 +0200] "GET /wp-content/themes/classiera/js/bootstrap.min.js?ver=5.9.3 HTTP/1.1" 200 10272 "https://masmexico.com.mx/" "Mozilla/5.0 (Windows NT 10.0; Win64; x64) AppleWebKit/537.36 (KHTML, like Gecko) Chrome/76.0.3809.71 Safari/537.36"
70.42.131.189 - - [15/Apr/2022:23:05:33 +0200] "GET /wp-content/themes/classiera/js/bootstrap-dropdownhover.js?ver=5.9.3 HTTP/1.1" 200 2487 "https://masmexico.com.mx/" "Mozilla/5.0 (Windows NT 10.0; Win64; x64) AppleWebKit/537.36 (KHTML, like Gecko) Chrome/76.0.3809.71 Safari/537.36"
70.42.131.189 - - [15/Apr/2022:23:05:33 +0200] "GET /wp-content/themes/classiera/js/validator.min.js?ver=5.9.3 HTTP/1.1" 200 2954 "https://masmexico.com.mx/" "Mozilla/5.0 (Windows NT 10.0; Win64; x64) AppleWebKit/537.36 (KHTML, like Gecko) Chrome/76.0.3809.71 Safari/537.36"
70.42.131.189 - - [15/Apr/2022:23:05:33 +0200] "GET /wp-content/themes/classiera/js/owl.carousel.min.js?ver=5.9.3 HTTP/1.1" 200 11768 "https://masmexico.com.mx/" "Mozilla/5.0 (Windows NT 10.0; Win64; x64) AppleWebKit/537.36 (KHTML, like Gecko) Chrome/76.0.3809.71 Safari/537.36"
70.42.131.189 - - [15/Apr/2022:23:05:33 +0200] "GET /wp-content/themes/classiera/js/infinitescroll.js?ver=5.9.3 HTTP/1.1" 200 1374 "https://masmexico.com.mx/" "Mozilla/5.0 (Windows NT 10.0; Win64; x64) AppleWebKit/537.36 (KHTML, like Gecko) Chrome/76.0.3809.71 Safari/537.36"
70.42.131.189 - - [15/Apr/2022:23:05:33 +0200] "GET /wp-content/themes/classiera/js/jquery.matchHeight.js?ver=5.9.3 HTTP/1.1" 200 3406 "https://masmexico.com.mx/" "Mozilla/5.0 (Windows NT 10.0; Win64; x64) AppleWebKit/537.36 (KHTML, like Gecko) Chrome/76.0.3809.71 Safari/537.36"
70.42.131.189 - - [15/Apr/2022:23:05:33 +0200] "GET /wp-content/themes/classiera/js/masonry.pkgd.min.js?ver=5.9.3 HTTP/1.1" 200 7729 "https://masmexico.com.mx/" "Mozilla/5.0 (Windows NT 10.0; Win64; x64) AppleWebKit/537.36 (KHTML, like Gecko) Chrome/76.0.3809.71 Safari/537.36"
70.42.131.189 - - [15/Apr/2022:23:05:33 +0200] "GET /wp-content/themes/classiera/js/classiera.js?ver=5.9.3 HTTP/1.1" 200 11632 "https://masmexico.com.mx/" "Mozilla/5.0 (Windows NT 10.0; Win64; x64) AppleWebKit/537.36 (KHTML, like Gecko) Chrome/76.0.3809.71 Safari/537.36"
70.42.131.189 - - [15/Apr/2022:23:05:33 +0200] "GET /wp-content/themes/classiera/js/select2.min.js?ver=5.9.3 HTTP/1.1" 200 22493 "https://masmexico.com.mx/" "Mozilla/5.0 (Windows NT 10.0; Win64; x64) AppleWebKit/537.36 (KHTML, like Gecko) Chrome/76.0.3809.71 Safari/537.36"
40.77.191.244 - - [15/Apr/2022:23:05:33 +0200] "GET /wp-content/uploads/2022/03/product-1018516-t-1629382025.webp HTTP/1.1" 200 15272 "https://masmexico.com.mx/3_ho_pc/" "Mozilla/5.0 (Windows NT 6.1; WOW64) AppleWebKit/534+ (KHTML, like Gecko) BingPreview/1.0b"
70.42.131.189 - - [15/Apr/2022:23:05:33 +0200] "GET /wp-content/themes/classiera/js/jquery-ui.min.js?ver=5.9.3 HTTP/1.1" 200 68521 "https://masmexico.com.mx/" "Mozilla/5.0 (Windows NT 10.0; Win64; x64) AppleWebKit/537.36 (KHTML, like Gecko) Chrome/76.0.3809.71 Safari/537.36"
70.42.131.189 - - [15/Apr/2022:23:05:34 +0200] "GET /wp-content/themes/classiera/images/loader.gif HTTP/1.1" 200 42723 "https://masmexico.com.mx/" "Mozilla/5.0 (Windows NT 10.0; Win64; x64) AppleWebKit/537.36 (KHTML, like Gecko) Chrome/76.0.3809.71 Safari/537.36"
70.42.131.189 - - [15/Apr/2022:23:05:34 +0200] "GET /wp-content/themes/classiera/js/classiera-map.js?ver=5.9.3 HTTP/1.1" 200 119576 "https://masmexico.com.mx/" "Mozilla/5.0 (Windows NT 10.0; Win64; x64) AppleWebKit/537.36 (KHTML, like Gecko) Chrome/76.0.3809.71 Safari/537.36"
157.55.39.96 - - [15/Apr/2022:23:05:33 +0200] "GET /tag/new-jersey/ HTTP/1.1" 200 27886 "-" "Mozilla/5.0 (compatible; bingbot/2.0; +http://www.bing.com/bingbot.htm)"
70.42.131.189 - - [15/Apr/2022:23:05:34 +0200] "GET /wp-content/uploads/2017/05/partner-img-1.png HTTP/1.1" 200 2748 "https://masmexico.com.mx/" "Mozilla/5.0 (Windows NT 10.0; Win64; x64) AppleWebKit/537.36 (KHTML, like Gecko) Chrome/76.0.3809.71 Safari/537.36"
70.42.131.189 - - [15/Apr/2022:23:05:34 +0200] "GET /wp-content/uploads/2017/05/partner-img-2.png HTTP/1.1" 200 2917 "https://masmexico.com.mx/" "Mozilla/5.0 (Windows NT 10.0; Win64; x64) AppleWebKit/537.36 (KHTML, like Gecko) Chrome/76.0.3809.71 Safari/537.36"
70.42.131.189 - - [15/Apr/2022:23:05:34 +0200] "GET /wp-content/uploads/2017/05/partner-img-3.png HTTP/1.1" 200 2190 "https://masmexico.com.mx/" "Mozilla/5.0 (Windows NT 10.0; Win64; x64) AppleWebKit/537.36 (KHTML, like Gecko) Chrome/76.0.3809.71 Safari/537.36"
70.42.131.189 - - [15/Apr/2022:23:05:34 +0200] "GET /wp-content/uploads/2017/05/partner-img-4.png HTTP/1.1" 200 3740 "https://masmexico.com.mx/" "Mozilla/5.0 (Windows NT 10.0; Win64; x64) AppleWebKit/537.36 (KHTML, like Gecko) Chrome/76.0.3809.71 Safari/537.36"
157.55.39.39 - - [15/Apr/2022:23:05:33 +0200] "GET /tsp-40f-lush-drilling-rig/ HTTP/1.1" 200 33206 "-" "Mozilla/5.0 (compatible; bingbot/2.0; +http://www.bing.com/bingbot.htm)"
70.42.131.189 - - [15/Apr/2022:23:05:34 +0200] "GET /wp-content/uploads/2022/03/services-title-15-1.png HTTP/1.1" 200 501807 "https://masmexico.com.mx/" "Mozilla/5.0 (Windows NT 10.0; Win64; x64) AppleWebKit/537.36 (KHTML, like Gecko) Chrome/76.0.3809.71 Safari/537.36"
70.42.131.189 - - [15/Apr/2022:23:05:34 +0200] "GET /wp-content/uploads/2022/03/products-title-15.png HTTP/1.1" 200 694060 "https://masmexico.com.mx/" "Mozilla/5.0 (Windows NT 10.0; Win64; x64) AppleWebKit/537.36 (KHTML, like Gecko) Chrome/76.0.3809.71 Safari/537.36"
70.42.131.189 - - [15/Apr/2022:23:05:34 +0200] "GET /wp-content/uploads/2017/05/partner-img-5.png HTTP/1.1" 200 1653 "https://masmexico.com.mx/" "Mozilla/5.0 (Windows NT 10.0; Win64; x64) AppleWebKit/537.36 (KHTML, like Gecko) Chrome/76.0.3809.71 Safari/537.36"
70.42.131.189 - - [15/Apr/2022:23:05:35 +0200] "GET /wp-content/uploads/2017/05/partner-img-6.png HTTP/1.1" 200 3341 "https://masmexico.com.mx/" "Mozilla/5.0 (Windows NT 10.0; Win64; x64) AppleWebKit/537.36 (KHTML, like Gecko) Chrome/76.0.3809.71 Safari/537.36"
70.42.131.189 - - [15/Apr/2022:23:05:35 +0200] "GET /wp-content/uploads/2017/05/05-100x100.jpg HTTP/1.1" 200 4126 "https://masmexico.com.mx/" "Mozilla/5.0 (Windows NT 10.0; Win64; x64) AppleWebKit/537.36 (KHTML, like Gecko) Chrome/76.0.3809.71 Safari/537.36"
70.42.131.189 - - [15/Apr/2022:23:05:35 +0200] "GET /wp-content/uploads/2017/05/06-1-100x100.jpg HTTP/1.1" 200 4363 "https://masmexico.com.mx/" "Mozilla/5.0 (Windows NT 10.0; Win64; x64) AppleWebKit/537.36 (KHTML, like Gecko) Chrome/76.0.3809.71 Safari/537.36"
70.42.131.189 - - [15/Apr/2022:23:05:35 +0200] "GET /wp-content/uploads/2022/03/download-1-1-100x100.jpg HTTP/1.1" 200 5193 "https://masmexico.com.mx/" "Mozilla/5.0 (Windows NT 10.0; Win64; x64) AppleWebKit/537.36 (KHTML, like Gecko) Chrome/76.0.3809.71 Safari/537.36"
70.42.131.189 - - [15/Apr/2022:23:05:35 +0200] "GET /wp-content/themes/classiera/images/nothumb.png HTTP/1.1" 200 16942 "https://masmexico.com.mx/" "Mozilla/5.0 (Windows NT 10.0; Win64; x64) AppleWebKit/537.36 (KHTML, like Gecko) Chrome/76.0.3809.71 Safari/537.36"
70.42.131.189 - - [15/Apr/2022:23:05:35 +0200] "GET /wp-content/uploads/2022/03/product-1009165-t-1627461236-o-100x100.webp HTTP/1.1" 200 1816 "https://masmexico.com.mx/" "Mozilla/5.0 (Windows NT 10.0; Win64; x64) AppleWebKit/537.36 (KHTML, like Gecko) Chrome/76.0.3809.71 Safari/537.36"
70.42.131.189 - - [15/Apr/2022:23:05:35 +0200] "GET /wp-content/uploads/2022/03/81pDXg3NGoL._UL1500_-100x100.jpg HTTP/1.1" 200 4306 "https://masmexico.com.mx/" "Mozilla/5.0 (Windows NT 10.0; Win64; x64) AppleWebKit/537.36 (KHTML, like Gecko) Chrome/76.0.3809.71 Safari/537.36"
70.42.131.189 - - [15/Apr/2022:23:05:35 +0200] "GET /wp-includes/js/thickbox/loadingAnimation.gif HTTP/1.1" 200 15569 "https://masmexico.com.mx/" "Mozilla/5.0 (Windows NT 10.0; Win64; x64) AppleWebKit/537.36 (KHTML, like Gecko) Chrome/76.0.3809.71 Safari/537.36"
70.42.131.189 - - [15/Apr/2022:23:05:35 +0200] "GET /wp-content/plugins/LayerSlider/assets/static/layerslider/skins/v6/skin.css HTTP/1.1" 200 1396 "https://masmexico.com.mx/" "Mozilla/5.0 (Windows NT 10.0; Win64; x64) AppleWebKit/537.36 (KHTML, like Gecko) Chrome/76.0.3809.71 Safari/537.36"
157.55.39.57 - - [15/Apr/2022:23:05:34 +0200] "GET /pet-bottle-cooling-tunnel/ HTTP/1.1" 200 33155 "-" "Mozilla/5.0 (compatible; bingbot/2.0; +http://www.bing.com/bingbot.htm)"
70.42.131.189 - - [15/Apr/2022:23:05:36 +0200] "POST /wp-admin/admin-ajax.php HTTP/1.1" 200 565 "https://masmexico.com.mx/" "Mozilla/5.0 (Windows NT 10.0; Win64; x64) AppleWebKit/537.36 (KHTML, like Gecko) Chrome/76.0.3809.71 Safari/537.36"
70.42.131.189 - - [15/Apr/2022:23:05:37 +0200] "GET /wp-content/uploads/2017/05/partner-img-1.png HTTP/1.1" 200 2748 "https://masmexico.com.mx/" "Mozilla/5.0 (Windows NT 10.0; Win64; x64) AppleWebKit/537.36 (KHTML, like Gecko) Chrome/76.0.3809.71 Safari/537.36"
70.42.131.189 - - [15/Apr/2022:23:05:37 +0200] "GET /wp-content/uploads/2017/05/partner-img-6.png HTTP/1.1" 200 3341 "https://masmexico.com.mx/" "Mozilla/5.0 (Windows NT 10.0; Win64; x64) AppleWebKit/537.36 (KHTML, like Gecko) Chrome/76.0.3809.71 Safari/537.36"
70.42.131.189 - - [15/Apr/2022:23:05:37 +0200] "GET /wp-content/uploads/2017/05/partner-img-3.png HTTP/1.1" 200 2190 "https://masmexico.com.mx/" "Mozilla/5.0 (Windows NT 10.0; Win64; x64) AppleWebKit/537.36 (KHTML, like Gecko) Chrome/76.0.3809.71 Safari/537.36"
70.42.131.189 - - [15/Apr/2022:23:05:37 +0200] "GET /wp-content/uploads/2017/05/partner-img-2.png HTTP/1.1" 200 2917 "https://masmexico.com.mx/" "Mozilla/5.0 (Windows NT 10.0; Win64; x64) AppleWebKit/537.36 (KHTML, like Gecko) Chrome/76.0.3809.71 Safari/537.36"
70.42.131.189 - - [15/Apr/2022:23:05:37 +0200] "GET /wp-content/uploads/2017/05/partner-img-5.png HTTP/1.1" 200 1653 "https://masmexico.com.mx/" "Mozilla/5.0 (Windows NT 10.0; Win64; x64) AppleWebKit/537.36 (KHTML, like Gecko) Chrome/76.0.3809.71 Safari/537.36"
70.42.131.189 - - [15/Apr/2022:23:05:37 +0200] "GET /wp-content/uploads/2017/05/partner-img-4.png HTTP/1.1" 200 3740 "https://masmexico.com.mx/" "Mozilla/5.0 (Windows NT 10.0; Win64; x64) AppleWebKit/537.36 (KHTML, like Gecko) Chrome/76.0.3809.71 Safari/537.36"
70.42.131.189 - - [15/Apr/2022:23:05:37 +0200] "GET /wp-content/uploads/2022/03/png-transparent-mobile-phones-portable-communications-device-advertising-cellular-network-telephone-supermarket-advertising-miscellaneous-gadget-mobile-phone-removebg-preview.png HTTP/1.1" 200 69072 "https://masmexico.com.mx/" "Mozilla/5.0 (Windows NT 10.0; Win64; x64) AppleWebKit/537.36 (KHTML, like Gecko) Chrome/76.0.3809.71 Safari/537.36"
70.42.131.189 - - [15/Apr/2022:23:05:37 +0200] "GET /wp-content/uploads/layerslider/projects/lime/slider-v1-bg-2.png HTTP/1.1" 200 634598 "https://masmexico.com.mx/" "Mozilla/5.0 (Windows NT 10.0; Win64; x64) AppleWebKit/537.36 (KHTML, like Gecko) Chrome/76.0.3809.71 Safari/537.36"
157.55.39.96 - - [15/Apr/2022:23:05:36 +0200] "GET /titanium-31-8mm-cnc-seatpost-titanium-alloy-3al2-5v-folding-bike-520mm-550mm-580mm-600mm/ HTTP/1.1" 200 33751 "-" "Mozilla/5.0 (compatible; bingbot/2.0; +http://www.bing.com/bingbot.htm)"
157.55.39.167 - - [15/Apr/2022:23:05:37 +0200] "GET /high-efficiency-single-needle-mesh-scrubber-machine-automatic-weaving-machine/ HTTP/1.1" 200 33357 "-" "Mozilla/5.0 (compatible; bingbot/2.0; +http://www.bing.com/bingbot.htm)"
157.55.39.96 - - [15/Apr/2022:23:05:38 +0200] "GET /2017-universal-swimming-waterproof-bagwaterproof-phone-case-pouch/ HTTP/1.1" 200 33299 "-" "Mozilla/5.0 (compatible; bingbot/2.0; +http://www.bing.com/bingbot.htm)"
157.55.39.14 - - [15/Apr/2022:23:05:39 +0200] "GET /pure-coiled-tungsten-filament-price-for-vacuum-coating/ HTTP/1.1" 200 33283 "-" "Mozilla/5.0 (compatible; bingbot/2.0; +http://www.bing.com/bingbot.htm)"
157.55.39.167 - - [15/Apr/2022:23:05:40 +0200] "GET /thermoplastic-road-marking-paint/ HTTP/1.1" 200 34453 "-" "Mozilla/5.0 (compatible; bingbot/2.0; +http://www.bing.com/bingbot.htm)"
157.55.39.56 - - [15/Apr/2022:23:05:42 +0200] "GET /new-cheap-price-high-precision-customized-micro-gran-yg8yl10-2yg10k20k30-china-cemented-carbide-rods-tungsten-carbide/ HTTP/1.1" 200 33535 "-" "Mozilla/5.0 (compatible; bingbot/2.0; +http://www.bing.com/bingbot.htm)"
157.55.39.96 - - [15/Apr/2022:23:05:44 +0200] "GET /decorative-pvdf-coating-exterior-and-interior-aluminum-wall-sheet-customized-aluminum-sheet/ HTTP/1.1" 200 33698 "-" "Mozilla/5.0 (compatible; bingbot/2.0; +http://www.bing.com/bingbot.htm)"
157.55.39.96 - - [15/Apr/2022:23:05:46 +0200] "GET /category/luggage-bags/business-bags-cases/page/2/ HTTP/1.1" 200 30723 "-" "Mozilla/5.0 (compatible; bingbot/2.0; +http://www.bing.com/bingbot.htm)"
157.55.39.167 - - [15/Apr/2022:23:05:46 +0200] "GET /astm-a786-standards-aluminum-brite-tread-plate/ HTTP/1.1" 200 33900 "-" "Mozilla/5.0 (compatible; bingbot/2.0; +http://www.bing.com/bingbot.htm)"
40.77.139.6 - - [15/Apr/2022:23:05:48 +0200] "GET /wp-content/uploads/2022/03/product-676501-t-1559140710-o.webp HTTP/1.1" 200 39399 "-" "Mozilla/5.0 (Windows NT 6.1; WOW64) AppleWebKit/534+ (KHTML, like Gecko) BingPreview/1.0b"
157.55.39.14 - - [15/Apr/2022:23:05:48 +0200] "GET /2017-hot-sale-low-price-astm-b760-tungsten-plate-for-sale/ HTTP/1.1" 200 33106 "-" "Mozilla/5.0 (compatible; bingbot/2.0; +http://www.bing.com/bingbot.htm)"
