157.55.39.100 - - [15/Apr/2022:22:59:51 +0200] "GET /author/mmadmin/ HTTP/1.1" 200 27350 "-" "Mozilla/5.0 (compatible; bingbot/2.0; +http://www.bing.com/bingbot.htm)"
157.55.39.39 - - [15/Apr/2022:22:59:52 +0200] "GET /calcium-nitrate-boron-fertilizer/ HTTP/1.1" 200 33076 "-" "Mozilla/5.0 (compatible; bingbot/2.0; +http://www.bing.com/bingbot.htm)"
157.55.39.96 - - [15/Apr/2022:22:59:53 +0200] "GET /pets-for-sales-in-new-jersey-usa/ HTTP/1.1" 200 33700 "-" "Mozilla/5.0 (compatible; bingbot/2.0; +http://www.bing.com/bingbot.htm)"
40.77.167.95 - - [15/Apr/2022:22:59:55 +0200] "GET /robots.txt HTTP/1.1" 200 5363 "-" "Mozilla/5.0 (compatible; bingbot/2.0; +http://www.bing.com/bingbot.htm)"
40.77.191.242 - - [15/Apr/2022:22:59:58 +0200] "GET /wp-includes/js/thickbox/thickbox.js?ver=3.1-20121105 HTTP/1.1" 200 9110 "https://masmexico.com.mx/calcium-nitrate-boron-fertilizer/" "Mozilla/5.0 (Windows NT 6.1; WOW64) AppleWebKit/534+ (KHTML, like Gecko) BingPreview/1.0b"
157.55.39.56 - - [15/Apr/2022:22:59:59 +0200] "GET /register/ HTTP/1.1" 200 26098 "-" "Mozilla/5.0 (compatible; bingbot/2.0; +http://www.bing.com/bingbot.htm)"
40.77.191.242 - - [15/Apr/2022:23:00:00 +0200] "GET /wp-includes/js/comment-reply.min.js?ver=5.9.3 HTTP/1.1" 200 1717 "https://masmexico.com.mx/calcium-nitrate-boron-fertilizer/" "Mozilla/5.0 (Windows NT 6.1; WOW64) AppleWebKit/534+ (KHTML, like Gecko) BingPreview/1.0b"
40.77.191.242 - - [15/Apr/2022:23:00:01 +0200] "GET /wp-content/uploads/2022/03/product-675900-t-1558954692-o.webp HTTP/1.1" 200 31112 "https://masmexico.com.mx/calcium-nitrate-boron-fertilizer/" "Mozilla/5.0 (Windows NT 6.1; WOW64) AppleWebKit/534+ (KHTML, like Gecko) BingPreview/1.0b"
40.77.191.242 - - [15/Apr/2022:23:00:01 +0200] "GET /wp-content/uploads/2022/03/2226A2B8-C5F9-4767-94FE-B8BA10BFEA10_vdd620115fcbb4f4747e98347c7f0e771-100x100.webp HTTP/1.1" 200 2678 "https://masmexico.com.mx/calcium-nitrate-boron-fertilizer/" "Mozilla/5.0 (Windows NT 6.1; WOW64) AppleWebKit/534+ (KHTML, like Gecko) BingPreview/1.0b"
40.77.191.242 - - [15/Apr/2022:23:00:01 +0200] "GET /wp-content/uploads/2022/03/product-675897-t-1558954535-o-370x250.webp HTTP/1.1" 200 21744 "https://masmexico.com.mx/calcium-nitrate-boron-fertilizer/" "Mozilla/5.0 (Windows NT 6.1; WOW64) AppleWebKit/534+ (KHTML, like Gecko) BingPreview/1.0b"
40.77.191.242 - - [15/Apr/2022:23:00:01 +0200] "GET /wp-content/uploads/2022/03/product-929969-t-1612963856-o-1-370x250.webp HTTP/1.1" 200 21026 "https://masmexico.com.mx/calcium-nitrate-boron-fertilizer/" "Mozilla/5.0 (Windows NT 6.1; WOW64) AppleWebKit/534+ (KHTML, like Gecko) BingPreview/1.0b"
40.77.191.242 - - [15/Apr/2022:23:00:01 +0200] "GET /wp-content/uploads/2022/03/product-709712-t-1574275891-370x250.webp HTTP/1.1" 200 18054 "https://masmexico.com.mx/calcium-nitrate-boron-fertilizer/" "Mozilla/5.0 (Windows NT 6.1; WOW64) AppleWebKit/534+ (KHTML, like Gecko) BingPreview/1.0b"
40.77.191.242 - - [15/Apr/2022:23:00:01 +0200] "GET /wp-content/uploads/2022/03/product-743529-t-1586039394-o-344x250.webp HTTP/1.1" 200 15832 "https://masmexico.com.mx/calcium-nitrate-boron-fertilizer/" "Mozilla/5.0 (Windows NT 6.1; WOW64) AppleWebKit/534+ (KHTML, like Gecko) BingPreview/1.0b"
40.77.191.242 - - [15/Apr/2022:23:00:01 +0200] "GET /wp-content/uploads/2022/03/product-1010128-t-1627648300-o-370x250.webp HTTP/1.1" 200 7489 "https://masmexico.com.mx/calcium-nitrate-boron-fertilizer/" "Mozilla/5.0 (Windows NT 6.1; WOW64) AppleWebKit/534+ (KHTML, like Gecko) BingPreview/1.0b"
40.77.191.242 - - [15/Apr/2022:23:00:01 +0200] "GET /wp-content/uploads/2022/03/product-675914-t-1558955444-o-370x250.webp HTTP/1.1" 200 12656 "https://masmexico.com.mx/calcium-nitrate-boron-fertilizer/" "Mozilla/5.0 (Windows NT 6.1; WOW64) AppleWebKit/534+ (KHTML, like Gecko) BingPreview/1.0b"
40.77.191.242 - - [15/Apr/2022:23:00:01 +0200] "GET /wp-content/uploads/2022/03/product-691860-t-1565800437-o-370x250.webp HTTP/1.1" 200 12710 "https://masmexico.com.mx/calcium-nitrate-boron-fertilizer/" "Mozilla/5.0 (Windows NT 6.1; WOW64) AppleWebKit/534+ (KHTML, like Gecko) BingPreview/1.0b"
40.77.191.242 - - [15/Apr/2022:23:00:01 +0200] "GET /wp-content/uploads/2022/03/product-691858-t-1565800311-o-370x250.webp HTTP/1.1" 200 5455 "https://masmexico.com.mx/calcium-nitrate-boron-fertilizer/" "Mozilla/5.0 (Windows NT 6.1; WOW64) AppleWebKit/534+ (KHTML, like Gecko) BingPreview/1.0b"
40.77.191.242 - - [15/Apr/2022:23:00:01 +0200] "GET /wp-content/uploads/2022/03/product-936329-t-1614055610-o-360x250.webp HTTP/1.1" 200 3442 "https://masmexico.com.mx/calcium-nitrate-boron-fertilizer/" "Mozilla/5.0 (Windows NT 6.1; WOW64) AppleWebKit/534+ (KHTML, like Gecko) BingPreview/1.0b"
40.77.191.242 - - [15/Apr/2022:23:00:01 +0200] "GET /wp-content/uploads/2022/03/product-929987-t-1612964647-o-370x250.webp HTTP/1.1" 200 20122 "https://masmexico.com.mx/calcium-nitrate-boron-fertilizer/" "Mozilla/5.0 (Windows NT 6.1; WOW64) AppleWebKit/534+ (KHTML, like Gecko) BingPreview/1.0b"
40.77.191.242 - - [15/Apr/2022:23:00:01 +0200] "GET /wp-content/uploads/2022/03/product-691856-t-1565800198-o-370x250.webp HTTP/1.1" 200 4859 "https://masmexico.com.mx/calcium-nitrate-boron-fertilizer/" "Mozilla/5.0 (Windows NT 6.1; WOW64) AppleWebKit/534+ (KHTML, like Gecko) BingPreview/1.0b"
157.55.39.100 - - [15/Apr/2022:23:00:01 +0200] "GET /author/mmadmin/ HTTP/1.1" 200 27351 "-" "Mozilla/5.0 (compatible; bingbot/2.0; +http://www.bing.com/bingbot.htm)"
40.77.191.242 - - [15/Apr/2022:23:00:01 +0200] "GET /wp-content/plugins/accesspress-social-login-lite/css/webfonts/fa-solid-900.woff2 HTTP/1.1" 200 78777 "https://masmexico.com.mx/wp-content/plugins/accesspress-social-login-lite/css/font-awesome/all.min.css?ver=3.4.8" "Mozilla/5.0 (Windows NT 6.1; WOW64) AppleWebKit/534+ (KHTML, like Gecko) BingPreview/1.0b"
40.77.139.64 - - [15/Apr/2022:23:00:02 +0200] "GET /wp-content/uploads/2022/03/product-1009165-t-1627461236-o-370x250.webp HTTP/1.1" 200 13189 "https://masmexico.com.mx/author/mmadmin/" "Mozilla/5.0 (Windows NT 6.1; WOW64) AppleWebKit/534+ (KHTML, like Gecko) BingPreview/1.0b"
40.77.139.64 - - [15/Apr/2022:23:00:02 +0200] "GET /wp-content/uploads/2022/03/2226A2B8-C5F9-4767-94FE-B8BA10BFEA10_vdd620115fcbb4f4747e98347c7f0e771-370x250.webp HTTP/1.1" 200 11987 "https://masmexico.com.mx/author/mmadmin/" "Mozilla/5.0 (Windows NT 6.1; WOW64) AppleWebKit/534+ (KHTML, like Gecko) BingPreview/1.0b"
40.77.139.28 - - [15/Apr/2022:23:00:14 +0200] "GET /wp-content/plugins/accesspress-social-login-lite/css/webfonts/fa-solid-900.woff2 HTTP/1.1" 200 83359 "-" "Mozilla/5.0 (Windows NT 6.1; WOW64) AppleWebKit/534+ (KHTML, like Gecko) BingPreview/1.0b"
194.90.234.21 - - [15/Apr/2022:23:00:20 +0200] "POST /wp-login.php HTTP/1.1" 200 7670 "-" "Mozilla/5.0 (Windows NT 6.1; Win64; x64) AppleWebKit/537.36 (KHTML, like Gecko) Chrome/70.0.3538.67 Safari/537.36"
157.55.39.96 - - [15/Apr/2022:23:00:24 +0200] "GET /category/beauty-personal-care/baby-care/ HTTP/1.1" 200 31472 "-" "Mozilla/5.0 (compatible; bingbot/2.0; +http://www.bing.com/bingbot.htm)"
157.55.39.96 - - [15/Apr/2022:23:00:26 +0200] "GET /contact-us/ HTTP/1.1" 200 27444 "-" "Mozilla/5.0 (compatible; bingbot/2.0; +http://www.bing.com/bingbot.htm)"
157.55.39.96 - - [15/Apr/2022:23:00:29 +0200] "GET /category/luggage-bags/luggage-travel-bags/ HTTP/1.1" 200 31089 "-" "Mozilla/5.0 (compatible; bingbot/2.0; +http://www.bing.com/bingbot.htm)"
157.55.39.56 - - [15/Apr/2022:23:00:30 +0200] "GET /category/minerals/ HTTP/1.1" 200 33934 "-" "Mozilla/5.0 (compatible; bingbot/2.0; +http://www.bing.com/bingbot.htm)"
40.77.139.84 - - [15/Apr/2022:23:00:33 +0200] "GET /wp-content/uploads/2022/03/40013494_3-himalaya-baby-diaper-rash-cream-370x250.webp HTTP/1.1" 200 10263 "https://masmexico.com.mx/category/beauty-personal-care/baby-care/" "Mozilla/5.0 (Windows NT 6.1; WOW64) AppleWebKit/534+ (KHTML, like Gecko) BingPreview/1.0b"
40.77.139.84 - - [15/Apr/2022:23:00:33 +0200] "GET /wp-content/uploads/2022/03/7160-mastela-mother-s-touch-deluxe-baby-bather-original-imadfqqt4y9twfa9-370x250.webp HTTP/1.1" 200 16034 "https://masmexico.com.mx/category/beauty-personal-care/baby-care/" "Mozilla/5.0 (Windows NT 6.1; WOW64) AppleWebKit/534+ (KHTML, like Gecko) BingPreview/1.0b"
40.77.139.84 - - [15/Apr/2022:23:00:33 +0200] "GET /wp-content/uploads/2022/03/product-1046511-t-1635751920-o-370x250.webp HTTP/1.1" 200 18432 "https://masmexico.com.mx/category/beauty-personal-care/baby-care/" "Mozilla/5.0 (Windows NT 6.1; WOW64) AppleWebKit/534+ (KHTML, like Gecko) BingPreview/1.0b"
40.77.139.84 - - [15/Apr/2022:23:00:33 +0200] "GET /wp-content/uploads/2022/03/product-1028244-t-1631179741-o-370x250.webp HTTP/1.1" 200 20294 "https://masmexico.com.mx/category/beauty-personal-care/baby-care/" "Mozilla/5.0 (Windows NT 6.1; WOW64) AppleWebKit/534+ (KHTML, like Gecko) BingPreview/1.0b"
40.77.139.84 - - [15/Apr/2022:23:00:33 +0200] "GET /wp-content/uploads/2022/03/a7d2d6d6e39d11ea883f06c82c63b760-370x250.webp HTTP/1.1" 200 16886 "https://masmexico.com.mx/category/beauty-personal-care/baby-care/" "Mozilla/5.0 (Windows NT 6.1; WOW64) AppleWebKit/534+ (KHTML, like Gecko) BingPreview/1.0b"
40.77.139.84 - - [15/Apr/2022:23:00:33 +0200] "GET /wp-content/uploads/2022/03/swaddlers-disposable-diapers-size-4-150-count-premature-150-original-imafqb7g29wfhsd3-370x250.webp HTTP/1.1" 200 16576 "https://masmexico.com.mx/category/beauty-personal-care/baby-care/" "Mozilla/5.0 (Windows NT 6.1; WOW64) AppleWebKit/534+ (KHTML, like Gecko) BingPreview/1.0b"
157.55.39.100 - - [15/Apr/2022:23:00:32 +0200] "GET /test-test/ HTTP/1.1" 200 33738 "-" "Mozilla/5.0 (compatible; bingbot/2.0; +http://www.bing.com/bingbot.htm)"
157.55.39.56 - - [15/Apr/2022:23:00:33 +0200] "GET /urea-prilled-granular-russian-origin/ HTTP/1.1" 200 33493 "-" "Mozilla/5.0 (compatible; bingbot/2.0; +http://www.bing.com/bingbot.htm)"
157.55.39.56 - - [15/Apr/2022:23:00:40 +0200] "GET /baby-diaper-bag/ HTTP/1.1" 200 33503 "-" "Mozilla/5.0 (compatible; bingbot/2.0; +http://www.bing.com/bingbot.htm)"
157.55.39.39 - - [15/Apr/2022:23:00:42 +0200] "GET /all-categories/ HTTP/1.1" 200 29056 "-" "Mozilla/5.0 (compatible; bingbot/2.0; +http://www.bing.com/bingbot.htm)"
40.77.139.10 - - [15/Apr/2022:23:00:42 +0200] "GET /wp-content/uploads/2022/03/product-1033387-t-1632226341-o.webp HTTP/1.1" 200 20694 "https://masmexico.com.mx/urea-prilled-granular-russian-origin/" "Mozilla/5.0 (Windows NT 6.1; WOW64) AppleWebKit/534+ (KHTML, like Gecko) BingPreview/1.0b"
40.77.139.10 - - [15/Apr/2022:23:00:42 +0200] "GET /wp-content/uploads/2022/03/product-691855-t-1565799834-o-370x250.webp HTTP/1.1" 200 21412 "https://masmexico.com.mx/urea-prilled-granular-russian-origin/" "Mozilla/5.0 (Windows NT 6.1; WOW64) AppleWebKit/534+ (KHTML, like Gecko) BingPreview/1.0b"
40.77.139.10 - - [15/Apr/2022:23:00:42 +0200] "GET /wp-content/uploads/2022/03/product-691859-t-1565799242-o-370x250.webp HTTP/1.1" 200 17868 "https://masmexico.com.mx/urea-prilled-granular-russian-origin/" "Mozilla/5.0 (Windows NT 6.1; WOW64) AppleWebKit/534+ (KHTML, like Gecko) BingPreview/1.0b"
40.77.139.10 - - [15/Apr/2022:23:00:42 +0200] "GET /wp-content/uploads/2022/03/product-1025931-t-1630928296-o-370x250.webp HTTP/1.1" 200 15356 "https://masmexico.com.mx/urea-prilled-granular-russian-origin/" "Mozilla/5.0 (Windows NT 6.1; WOW64) AppleWebKit/534+ (KHTML, like Gecko) BingPreview/1.0b"
40.77.139.10 - - [15/Apr/2022:23:00:42 +0200] "GET /wp-content/uploads/2022/03/product-721886-t-1579443291-o-370x250.webp HTTP/1.1" 200 8900 "https://masmexico.com.mx/urea-prilled-granular-russian-origin/" "Mozilla/5.0 (Windows NT 6.1; WOW64) AppleWebKit/534+ (KHTML, like Gecko) BingPreview/1.0b"
40.77.139.10 - - [15/Apr/2022:23:00:42 +0200] "GET /wp-content/uploads/2022/03/product-691854-t-1565800518-o-370x250.webp HTTP/1.1" 200 9731 "https://masmexico.com.mx/urea-prilled-granular-russian-origin/" "Mozilla/5.0 (Windows NT 6.1; WOW64) AppleWebKit/534+ (KHTML, like Gecko) BingPreview/1.0b"
40.77.139.10 - - [15/Apr/2022:23:00:42 +0200] "GET /wp-content/uploads/2022/03/product-1018516-t-1629382025-370x250.webp HTTP/1.1" 200 10778 "https://masmexico.com.mx/urea-prilled-granular-russian-origin/" "Mozilla/5.0 (Windows NT 6.1; WOW64) AppleWebKit/534+ (KHTML, like Gecko) BingPreview/1.0b"
157.55.39.100 - - [15/Apr/2022:23:00:42 +0200] "GET /hot-wholesale-3-piece-set-suitcase-with-tsa-lock-spinner-softshell-20in24in28in/ HTTP/1.1" 200 33690 "-" "Mozilla/5.0 (compatible; bingbot/2.0; +http://www.bing.com/bingbot.htm)"
157.55.39.56 - - [15/Apr/2022:23:00:43 +0200] "GET /organic-liquid-bio-fertilizer-2/ HTTP/1.1" 200 33611 "-" "Mozilla/5.0 (compatible; bingbot/2.0; +http://www.bing.com/bingbot.htm)"
157.55.39.96 - - [15/Apr/2022:23:00:44 +0200] "GET /r134a-refrigerant-gas-net-weight-12kg-12l-ce-cylinder-used-for-automobile/ HTTP/1.1" 200 35642 "-" "Mozilla/5.0 (compatible; bingbot/2.0; +http://www.bing.com/bingbot.htm)"
40.77.139.47 - - [15/Apr/2022:23:00:45 +0200] "GET /wp-content/uploads/2022/03/honeycomb-wire-mesh-belt16382697242-370x250.webp HTTP/1.1" 200 32910 "https://masmexico.com.mx/category/minerals/" "Mozilla/5.0 (Windows NT 6.1; WOW64) AppleWebKit/534+ (KHTML, like Gecko) BingPreview/1.0b"
157.55.39.39 - - [15/Apr/2022:23:00:44 +0200] "GET /acetic_acid/ HTTP/1.1" 200 32867 "-" "Mozilla/5.0 (compatible; bingbot/2.0; +http://www.bing.com/bingbot.htm)"
40.77.139.30 - - [15/Apr/2022:23:00:48 +0200] "GET /wp-content/uploads/2022/03/274795-8_1-lux-beauty-soap-for-glowing-skin-rose-vitamin-e-mega-370x250.webp HTTP/1.1" 200 18562 "-" "Mozilla/5.0 (Windows NT 6.1; WOW64) AppleWebKit/534+ (KHTML, like Gecko) BingPreview/1.0b"
40.77.139.69 - - [15/Apr/2022:23:00:48 +0200] "GET /wp-content/uploads/2022/03/product-907134-t-1609473192-o-370x250.webp HTTP/1.1" 200 17336 "-" "Mozilla/5.0 (Windows NT 6.1; WOW64) AppleWebKit/534+ (KHTML, like Gecko) BingPreview/1.0b"
40.77.191.247 - - [15/Apr/2022:23:00:49 +0200] "GET /wp-content/plugins/elementor/assets/lib/eicons/css/elementor-icons.min.css?ver=5.14.0 HTTP/1.1" 200 23958 "-" "Mozilla/5.0 (Windows NT 6.1; WOW64) AppleWebKit/534+ (KHTML, like Gecko) BingPreview/1.0b"
40.77.139.3 - - [15/Apr/2022:23:00:49 +0200] "GET /wp-content/plugins/elementor/assets/css/frontend-lite.min.css?ver=3.5.5 HTTP/1.1" 200 104019 "-" "Mozilla/5.0 (Windows NT 6.1; WOW64) AppleWebKit/534+ (KHTML, like Gecko) BingPreview/1.0b"
40.77.139.108 - - [15/Apr/2022:23:00:49 +0200] "GET /wp-content/uploads/elementor/css/post-5.css?ver=1647841082 HTTP/1.1" 200 5793 "-" "Mozilla/5.0 (Windows NT 6.1; WOW64) AppleWebKit/534+ (KHTML, like Gecko) BingPreview/1.0b"
40.77.139.48 - - [15/Apr/2022:23:00:49 +0200] "GET /wp-content/uploads/2022/03/HTB1pAG9kdzJ8KJjSspkq6zF7VXaw.jpg_-370x250.webp HTTP/1.1" 200 18978 "-" "Mozilla/5.0 (Windows NT 6.1; WOW64) AppleWebKit/534+ (KHTML, like Gecko) BingPreview/1.0b"
40.77.191.250 - - [15/Apr/2022:23:00:49 +0200] "GET /wp-content/uploads/elementor/css/global.css?ver=1647841715 HTTP/1.1" 200 14353 "-" "Mozilla/5.0 (Windows NT 6.1; WOW64) AppleWebKit/534+ (KHTML, like Gecko) BingPreview/1.0b"
40.77.139.115 - - [15/Apr/2022:23:00:50 +0200] "GET /wp-content/uploads/2022/03/product-675895-t-1558954455-o.webp HTTP/1.1" 200 32412 "-" "Mozilla/5.0 (Windows NT 6.1; WOW64) AppleWebKit/534+ (KHTML, like Gecko) BingPreview/1.0b"
40.77.191.232 - - [15/Apr/2022:23:00:50 +0200] "GET /wp-content/uploads/2022/03/product-691857-t-1565800277-o-370x250.webp HTTP/1.1" 200 10118 "-" "Mozilla/5.0 (Windows NT 6.1; WOW64) AppleWebKit/534+ (KHTML, like Gecko) BingPreview/1.0b"
40.77.139.47 - - [15/Apr/2022:23:00:50 +0200] "GET /wp-content/uploads/2022/03/product-1014068-t-1628529673-370x250.webp HTTP/1.1" 200 16282 "-" "Mozilla/5.0 (Windows NT 6.1; WOW64) AppleWebKit/534+ (KHTML, like Gecko) BingPreview/1.0b"
40.77.139.78 - - [15/Apr/2022:23:00:50 +0200] "GET /wp-content/uploads/2022/03/product-1013593-t-1628434959-370x250.webp HTTP/1.1" 200 26843 "-" "Mozilla/5.0 (Windows NT 6.1; WOW64) AppleWebKit/534+ (KHTML, like Gecko) BingPreview/1.0b"
40.77.139.20 - - [15/Apr/2022:23:00:51 +0200] "GET /wp-content/uploads/2022/03/product-675894-t-1558954396-o.webp HTTP/1.1" 200 28003 "-" "Mozilla/5.0 (Windows NT 6.1; WOW64) AppleWebKit/534+ (KHTML, like Gecko) BingPreview/1.0b"
40.77.191.247 - - [15/Apr/2022:23:00:51 +0200] "GET /wp-content/uploads/2022/03/product-675924-t-1558956053-370x250.webp HTTP/1.1" 200 15570 "-" "Mozilla/5.0 (Windows NT 6.1; WOW64) AppleWebKit/534+ (KHTML, like Gecko) BingPreview/1.0b"
157.55.39.39 - - [15/Apr/2022:23:00:52 +0200] "GET /tag/bike/ HTTP/1.1" 200 27833 "-" "Mozilla/5.0 (compatible; bingbot/2.0; +http://www.bing.com/bingbot.htm)"
157.55.39.56 - - [15/Apr/2022:23:00:49 +0200] "GET /feed/ HTTP/1.1" 200 7416 "-" "Mozilla/5.0 (compatible; bingbot/2.0; +http://www.bing.com/bingbot.htm)"
40.77.139.45 - - [15/Apr/2022:23:00:55 +0200] "GET /wp-content/uploads/2022/03/product-1014066-t-1628529054.webp HTTP/1.1" 200 16242 "-" "Mozilla/5.0 (Windows NT 6.1; WOW64) AppleWebKit/534+ (KHTML, like Gecko) BingPreview/1.0b"
40.77.139.1 - - [15/Apr/2022:23:00:55 +0200] "GET /wp-content/uploads/2022/03/product-1014070-t-1628531853-370x250.webp HTTP/1.1" 200 21593 "-" "Mozilla/5.0 (Windows NT 6.1; WOW64) AppleWebKit/534+ (KHTML, like Gecko) BingPreview/1.0b"
157.55.39.56 - - [15/Apr/2022:23:00:55 +0200] "GET /customized-shopping-30g-40g-t-shirt-non-woven-bag/ HTTP/1.1" 200 33501 "-" "Mozilla/5.0 (compatible; bingbot/2.0; +http://www.bing.com/bingbot.htm)"
40.77.191.228 - - [15/Apr/2022:23:00:56 +0200] "GET /wp-content/uploads/2022/03/product-1014069-t-1628531303-370x250.webp HTTP/1.1" 200 9780 "-" "Mozilla/5.0 (Windows NT 6.1; WOW64) AppleWebKit/534+ (KHTML, like Gecko) BingPreview/1.0b"
40.77.139.40 - - [15/Apr/2022:23:00:56 +0200] "GET /wp-content/uploads/2022/03/product-675898-t-1558954584-o-370x250.webp HTTP/1.1" 200 20534 "-" "Mozilla/5.0 (Windows NT 6.1; WOW64) AppleWebKit/534+ (KHTML, like Gecko) BingPreview/1.0b"
40.77.139.51 - - [15/Apr/2022:23:00:56 +0200] "GET /wp-content/uploads/2022/03/product-1016472-t-1629118045-370x250.webp HTTP/1.1" 200 10196 "-" "Mozilla/5.0 (Windows NT 6.1; WOW64) AppleWebKit/534+ (KHTML, like Gecko) BingPreview/1.0b"
40.77.139.82 - - [15/Apr/2022:23:00:56 +0200] "GET /wp-content/uploads/2022/03/product-676501-t-1559140710-o-370x250.webp HTTP/1.1" 200 17626 "-" "Mozilla/5.0 (Windows NT 6.1; WOW64) AppleWebKit/534+ (KHTML, like Gecko) BingPreview/1.0b"
40.77.139.47 - - [15/Apr/2022:23:00:57 +0200] "GET /wp-content/uploads/2022/03/product-675928-t-1558956296.webp HTTP/1.1" 200 6863 "-" "Mozilla/5.0 (Windows NT 6.1; WOW64) AppleWebKit/534+ (KHTML, like Gecko) BingPreview/1.0b"
40.77.139.1 - - [15/Apr/2022:23:00:57 +0200] "GET /wp-content/uploads/2022/03/product-675895-t-1558954455-o-370x250.webp HTTP/1.1" 200 19042 "-" "Mozilla/5.0 (Windows NT 6.1; WOW64) AppleWebKit/534+ (KHTML, like Gecko) BingPreview/1.0b"
157.55.39.14 - - [15/Apr/2022:23:00:57 +0200] "GET /category/pets-animals/ HTTP/1.1" 200 29703 "-" "Mozilla/5.0 (compatible; bingbot/2.0; +http://www.bing.com/bingbot.htm)"
157.55.39.39 - - [15/Apr/2022:23:01:02 +0200] "GET /all-categories/ HTTP/1.1" 200 29053 "-" "Mozilla/5.0 (compatible; bingbot/2.0; +http://www.bing.com/bingbot.htm)"
188.166.226.196 - - [15/Apr/2022:23:01:04 +0200] "POST /wp-login.php HTTP/1.1" 200 7666 "-" "Mozilla/5.0 (Windows NT 10.0; Win64; x64) AppleWebKit/537.36 (KHTML, like Gecko) Chrome/54.0.2840.99 Safari/537.36"
157.55.39.39 - - [15/Apr/2022:23:01:04 +0200] "GET /acetic_acid/ HTTP/1.1" 200 32858 "-" "Mozilla/5.0 (compatible; bingbot/2.0; +http://www.bing.com/bingbot.htm)"
40.77.139.78 - - [15/Apr/2022:23:01:05 +0200] "GET /wp-content/uploads/2022/03/product-691853-t-1565795486-o.webp HTTP/1.1" 200 61498 "-" "Mozilla/5.0 (Windows NT 6.1; WOW64) AppleWebKit/534+ (KHTML, like Gecko) BingPreview/1.0b"
157.55.39.14 - - [15/Apr/2022:23:01:07 +0200] "GET /laptop-backpack-for-women-fashion-travel-bags-business-computer-purse-work-bag-with-usb-port/ HTTP/1.1" 200 33635 "-" "Mozilla/5.0 (compatible; bingbot/2.0; +http://www.bing.com/bingbot.htm)"
157.55.39.100 - - [15/Apr/2022:23:01:11 +0200] "GET /chemical-fertilizer/ HTTP/1.1" 200 33373 "-" "Mozilla/5.0 (compatible; bingbot/2.0; +http://www.bing.com/bingbot.htm)"
157.55.39.100 - - [15/Apr/2022:23:01:13 +0200] "GET /category/toys-hobbies/finance-jobs/ HTTP/1.1" 200 28860 "-" "Mozilla/5.0 (compatible; bingbot/2.0; +http://www.bing.com/bingbot.htm)"
157.55.39.14 - - [15/Apr/2022:23:01:17 +0200] "GET /tag/photography/ HTTP/1.1" 200 27847 "-" "Mozilla/5.0 (compatible; bingbot/2.0; +http://www.bing.com/bingbot.htm)"
157.55.39.56 - - [15/Apr/2022:23:01:19 +0200] "GET /category/luggage-bags/digital-gear-camera-bags/ HTTP/1.1" 200 31531 "-" "Mozilla/5.0 (compatible; bingbot/2.0; +http://www.bing.com/bingbot.htm)"
40.77.139.41 - - [15/Apr/2022:23:01:22 +0200] "GET /wp-content/uploads/2022/03/product-675897-t-1558954535-o.webp HTTP/1.1" 200 26651 "-" "Mozilla/5.0 (Windows NT 6.1; WOW64) AppleWebKit/534+ (KHTML, like Gecko) BingPreview/1.0b"
40.77.139.33 - - [15/Apr/2022:23:01:22 +0200] "GET /wp-content/uploads/2022/03/product-675914-t-1558955444-370x250.webp HTTP/1.1" 200 17182 "-" "Mozilla/5.0 (Windows NT 6.1; WOW64) AppleWebKit/534+ (KHTML, like Gecko) BingPreview/1.0b"
40.77.191.247 - - [15/Apr/2022:23:01:22 +0200] "GET /wp-content/uploads/2022/03/product-929984-t-1612964546-o-370x250.webp HTTP/1.1" 200 22229 "-" "Mozilla/5.0 (Windows NT 6.1; WOW64) AppleWebKit/534+ (KHTML, like Gecko) BingPreview/1.0b"
40.77.139.53 - - [15/Apr/2022:23:01:22 +0200] "GET /wp-content/uploads/2022/03/product-120550-t-202-370x250.webp HTTP/1.1" 200 16002 "-" "Mozilla/5.0 (Windows NT 6.1; WOW64) AppleWebKit/534+ (KHTML, like Gecko) BingPreview/1.0b"
157.55.39.39 - - [15/Apr/2022:23:01:22 +0200] "GET /prilled-urea/ HTTP/1.1" 200 33472 "-" "Mozilla/5.0 (compatible; bingbot/2.0; +http://www.bing.com/bingbot.htm)"
157.55.39.56 - - [15/Apr/2022:23:01:23 +0200] "GET /category/security-protection-2/access-control-systems-products/ HTTP/1.1" 200 28884 "-" "Mozilla/5.0 (compatible; bingbot/2.0; +http://www.bing.com/bingbot.htm)"
157.55.39.14 - - [15/Apr/2022:23:01:27 +0200] "GET /category/luggage-bags/special-purpose-bags-cases/ HTTP/1.1" 200 29743 "-" "Mozilla/5.0 (compatible; bingbot/2.0; +http://www.bing.com/bingbot.htm)"
40.77.191.247 - - [15/Apr/2022:23:01:30 +0200] "GET /wp-content/uploads/2022/03/product-677092-t-1559429327-o-370x250.webp HTTP/1.1" 200 19338 "-" "Mozilla/5.0 (Windows NT 6.1; WOW64) AppleWebKit/534+ (KHTML, like Gecko) BingPreview/1.0b"
40.77.139.30 - - [15/Apr/2022:23:01:30 +0200] "GET /wp-content/uploads/2022/03/product-675879-t-1558953578-o-360x250.webp HTTP/1.1" 200 13713 "-" "Mozilla/5.0 (Windows NT 6.1; WOW64) AppleWebKit/534+ (KHTML, like Gecko) BingPreview/1.0b"
40.77.139.30 - - [15/Apr/2022:23:01:30 +0200] "GET /wp-content/uploads/2022/03/product-929968-t-1612963755-o-370x250.webp HTTP/1.1" 200 18620 "-" "Mozilla/5.0 (Windows NT 6.1; WOW64) AppleWebKit/534+ (KHTML, like Gecko) BingPreview/1.0b"
157.55.39.100 - - [15/Apr/2022:23:01:31 +0200] "GET /factory-direct-sales-abs-pc-keai-multi-functional-storage-box-password-box-6-piece-universal-wheel-suitcase/ HTTP/1.1" 200 33808 "-" "Mozilla/5.0 (compatible; bingbot/2.0; +http://www.bing.com/bingbot.htm)"
157.55.39.39 - - [15/Apr/2022:23:01:31 +0200] "GET /3-piece-hardshell-luggage-set-hardside-lightweight-fashion-pcabs-suitcase-with-spinner-wheels-tsa-lock/ HTTP/1.1" 200 33699 "-" "Mozilla/5.0 (compatible; bingbot/2.0; +http://www.bing.com/bingbot.htm)"
157.55.39.100 - - [15/Apr/2022:23:01:33 +0200] "GET /tag/mobile/ HTTP/1.1" 200 27896 "-" "Mozilla/5.0 (compatible; bingbot/2.0; +http://www.bing.com/bingbot.htm)"
157.55.39.39 - - [15/Apr/2022:23:01:34 +0200] "GET /category/toys-hobbies/accounts-jobs/ HTTP/1.1" 200 29291 "-" "Mozilla/5.0 (compatible; bingbot/2.0; +http://www.bing.com/bingbot.htm)"
157.55.39.96 - - [15/Apr/2022:23:01:34 +0200] "GET /category/machinery/home-product-making-machinery/ HTTP/1.1" 200 30967 "-" "Mozilla/5.0 (compatible; bingbot/2.0; +http://www.bing.com/bingbot.htm)"
157.55.39.14 - - [15/Apr/2022:23:01:37 +0200] "GET /category/pets-animals/ HTTP/1.1" 200 29701 "-" "Mozilla/5.0 (compatible; bingbot/2.0; +http://www.bing.com/bingbot.htm)"
157.55.39.56 - - [15/Apr/2022:23:01:40 +0200] "GET /gbl-gamma-butyrolactone/ HTTP/1.1" 200 33302 "-" "Mozilla/5.0 (compatible; bingbot/2.0; +http://www.bing.com/bingbot.htm)"
157.55.39.100 - - [15/Apr/2022:23:01:41 +0200] "GET /tag/ads/ HTTP/1.1" 200 28419 "-" "Mozilla/5.0 (compatible; bingbot/2.0; +http://www.bing.com/bingbot.htm)"
157.55.39.39 - - [15/Apr/2022:23:01:41 +0200] "GET /prilled-urea/ HTTP/1.1" 200 33851 "-" "Mozilla/5.0 (compatible; bingbot/2.0; +http://www.bing.com/bingbot.htm)"
157.55.39.56 - - [15/Apr/2022:23:01:42 +0200] "GET /category/machinery/ HTTP/1.1" 200 31748 "-" "Mozilla/5.0 (compatible; bingbot/2.0; +http://www.bing.com/bingbot.htm)"
157.55.39.39 - - [15/Apr/2022:23:01:45 +0200] "GET /category/beauty-personal-care/beauty-equipment/ HTTP/1.1" 200 31745 "-" "Mozilla/5.0 (compatible; bingbot/2.0; +http://www.bing.com/bingbot.htm)"
157.55.39.39 - - [15/Apr/2022:23:01:48 +0200] "GET /category/toys-hobbies/accounts-jobs/ HTTP/1.1" 200 29293 "-" "Mozilla/5.0 (compatible; bingbot/2.0; +http://www.bing.com/bingbot.htm)"
40.77.139.36 - - [15/Apr/2022:23:01:49 +0200] "GET /wp-content/uploads/2022/03/Had420767bf6947ed92aab2ecacd42193C.jpg_300x300-300x250.webp HTTP/1.1" 200 11079 "https://masmexico.com.mx/category/machinery/home-product-making-machinery/" "Mozilla/5.0 (Windows NT 6.1; WOW64) AppleWebKit/534+ (KHTML, like Gecko) BingPreview/1.0b"
40.77.139.36 - - [15/Apr/2022:23:01:49 +0200] "GET /wp-content/uploads/2022/03/H4b5e0fdaa41749cba0960f0efbd252daS.jpg_300x300-300x250.webp HTTP/1.1" 200 21698 "https://masmexico.com.mx/category/machinery/home-product-making-machinery/" "Mozilla/5.0 (Windows NT 6.1; WOW64) AppleWebKit/534+ (KHTML, like Gecko) BingPreview/1.0b"
40.77.139.115 - - [15/Apr/2022:23:01:50 +0200] "GET /wp-content/uploads/2022/03/Had420767bf6947ed92aab2ecacd42193C.jpg_300x300-300x250.webp HTTP/1.1" 200 11079 "https://masmexico.com.mx/category/machinery/" "Mozilla/5.0 (Windows NT 6.1; WOW64) AppleWebKit/534+ (KHTML, like Gecko) BingPreview/1.0b"
40.77.139.115 - - [15/Apr/2022:23:01:50 +0200] "GET /wp-content/uploads/2022/03/H4b5e0fdaa41749cba0960f0efbd252daS.jpg_300x300-300x250.webp HTTP/1.1" 200 21698 "https://masmexico.com.mx/category/machinery/" "Mozilla/5.0 (Windows NT 6.1; WOW64) AppleWebKit/534+ (KHTML, like Gecko) BingPreview/1.0b"
40.77.139.115 - - [15/Apr/2022:23:01:50 +0200] "GET /wp-content/uploads/2022/03/Hd53dda82c40648319924cb5bae7e203a3.jpg_-370x250.webp HTTP/1.1" 200 14379 "https://masmexico.com.mx/category/machinery/" "Mozilla/5.0 (Windows NT 6.1; WOW64) AppleWebKit/534+ (KHTML, like Gecko) BingPreview/1.0b"
157.55.39.57 - - [15/Apr/2022:23:01:50 +0200] "GET /category/minerals/billets/ HTTP/1.1" 200 30898 "-" "Mozilla/5.0 (compatible; bingbot/2.0; +http://www.bing.com/bingbot.htm)"
157.55.39.57 - - [15/Apr/2022:23:01:50 +0200] "GET /category/machinery/ HTTP/1.1" 200 31748 "-" "Mozilla/5.0 (compatible; bingbot/2.0; +http://www.bing.com/bingbot.htm)"
40.77.139.110 - - [15/Apr/2022:23:01:51 +0200] "GET /wp-content/uploads/2022/03/product-961566-t-1617851537-o-370x250.webp HTTP/1.1" 200 8108 "https://masmexico.com.mx/category/beauty-personal-care/beauty-equipment/" "Mozilla/5.0 (Windows NT 6.1; WOW64) AppleWebKit/534+ (KHTML, like Gecko) BingPreview/1.0b"
40.77.139.110 - - [15/Apr/2022:23:01:51 +0200] "GET /wp-content/uploads/2022/03/product-964439-t-1618292676-o-370x250.webp HTTP/1.1" 200 11263 "https://masmexico.com.mx/category/beauty-personal-care/beauty-equipment/" "Mozilla/5.0 (Windows NT 6.1; WOW64) AppleWebKit/534+ (KHTML, like Gecko) BingPreview/1.0b"
40.77.139.110 - - [15/Apr/2022:23:01:51 +0200] "GET /wp-content/uploads/2022/03/product-909353-t-1609993072-o-370x250.webp HTTP/1.1" 200 17420 "https://masmexico.com.mx/category/beauty-personal-care/beauty-equipment/" "Mozilla/5.0 (Windows NT 6.1; WOW64) AppleWebKit/534+ (KHTML, like Gecko) BingPreview/1.0b"
40.77.139.110 - - [15/Apr/2022:23:01:51 +0200] "GET /wp-content/uploads/2022/03/Order2_2000x-370x250.webp HTTP/1.1" 200 16134 "https://masmexico.com.mx/category/beauty-personal-care/beauty-equipment/" "Mozilla/5.0 (Windows NT 6.1; WOW64) AppleWebKit/534+ (KHTML, like Gecko) BingPreview/1.0b"
157.55.39.39 - - [15/Apr/2022:23:01:52 +0200] "GET /category/pets-animals/cats/ HTTP/1.1" 200 28840 "-" "Mozilla/5.0 (compatible; bingbot/2.0; +http://www.bing.com/bingbot.htm)"
157.55.39.57 - - [15/Apr/2022:23:01:52 +0200] "GET /category/minerals/billets/ HTTP/1.1" 200 30901 "-" "Mozilla/5.0 (compatible; bingbot/2.0; +http://www.bing.com/bingbot.htm)"
157.55.39.100 - - [15/Apr/2022:23:01:53 +0200] "GET /author/mmadmin/page/3/ HTTP/1.1" 200 27289 "-" "Mozilla/5.0 (compatible; bingbot/2.0; +http://www.bing.com/bingbot.htm)"
40.77.191.229 - - [15/Apr/2022:23:01:55 +0200] "GET /wp-content/uploads/2022/03/product-1025933-t-1630928563-o.webp HTTP/1.1" 200 12803 "-" "Mozilla/5.0 (Windows NT 6.1; WOW64) AppleWebKit/534+ (KHTML, like Gecko) BingPreview/1.0b"
157.55.39.96 - - [15/Apr/2022:23:01:54 +0200] "GET /urea-prilled-granular-russian-origin-2/ HTTP/1.1" 200 33571 "-" "Mozilla/5.0 (compatible; bingbot/2.0; +http://www.bing.com/bingbot.htm)"
40.77.139.71 - - [15/Apr/2022:23:01:55 +0200] "GET /wp-content/uploads/2022/03/product-1033389-t-1632226341-o-370x250.webp HTTP/1.1" 200 11600 "-" "Mozilla/5.0 (Windows NT 6.1; WOW64) AppleWebKit/534+ (KHTML, like Gecko) BingPreview/1.0b"
40.77.139.123 - - [15/Apr/2022:23:01:56 +0200] "GET /wp-content/uploads/2022/03/product-1014066-t-1628529054-370x250.webp HTTP/1.1" 200 10588 "-" "Mozilla/5.0 (Windows NT 6.1; WOW64) AppleWebKit/534+ (KHTML, like Gecko) BingPreview/1.0b"
157.55.39.100 - - [15/Apr/2022:23:01:56 +0200] "GET /category/toys-hobbies/finance-jobs/ HTTP/1.1" 200 28864 "-" "Mozilla/5.0 (compatible; bingbot/2.0; +http://www.bing.com/bingbot.htm)"
157.55.39.14 - - [15/Apr/2022:23:01:57 +0200] "GET /category/pets-animals/fishes/ HTTP/1.1" 200 28845 "-" "Mozilla/5.0 (compatible; bingbot/2.0; +http://www.bing.com/bingbot.htm)"
157.55.39.39 - - [15/Apr/2022:23:02:02 +0200] "GET /category/services/photography/ HTTP/1.1" 200 29439 "-" "Mozilla/5.0 (compatible; bingbot/2.0; +http://www.bing.com/bingbot.htm)"
157.55.39.100 - - [15/Apr/2022:23:02:02 +0200] "GET /category/minerals/aluminum/ HTTP/1.1" 200 32519 "-" "Mozilla/5.0 (compatible; bingbot/2.0; +http://www.bing.com/bingbot.htm)"
157.55.39.96 - - [15/Apr/2022:23:02:03 +0200] "GET /tag/apple/ HTTP/1.1" 200 27885 "-" "Mozilla/5.0 (compatible; bingbot/2.0; +http://www.bing.com/bingbot.htm)"
157.55.39.100 - - [15/Apr/2022:23:02:04 +0200] "GET /category/beauty-personal-care/bath-supplies/ HTTP/1.1" 200 31203 "-" "Mozilla/5.0 (compatible; bingbot/2.0; +http://www.bing.com/bingbot.htm)"
157.55.39.39 - - [15/Apr/2022:23:02:04 +0200] "GET /good-price-plastic-drinking-straws-making-machine/ HTTP/1.1" 200 33177 "-" "Mozilla/5.0 (compatible; bingbot/2.0; +http://www.bing.com/bingbot.htm)"
40.77.139.110 - - [15/Apr/2022:23:02:06 +0200] "GET /wp-content/uploads/2022/03/product-1033389-t-1632226341-o.webp HTTP/1.1" 200 20484 "-" "Mozilla/5.0 (Windows NT 6.1; WOW64) AppleWebKit/534+ (KHTML, like Gecko) BingPreview/1.0b"
40.77.191.234 - - [15/Apr/2022:23:02:06 +0200] "GET /wp-content/uploads/2022/03/product-1025933-t-1630928563-o-370x250.webp HTTP/1.1" 200 9632 "-" "Mozilla/5.0 (Windows NT 6.1; WOW64) AppleWebKit/534+ (KHTML, like Gecko) BingPreview/1.0b"
157.55.39.96 - - [15/Apr/2022:23:02:06 +0200] "GET /tag/pets/ HTTP/1.1" 200 27870 "-" "Mozilla/5.0 (compatible; bingbot/2.0; +http://www.bing.com/bingbot.htm)"
40.77.139.22 - - [15/Apr/2022:23:02:07 +0200] "GET /wp-content/uploads/2022/03/product-1016496-t-1629120098-370x250.webp HTTP/1.1" 200 9158 "-" "Mozilla/5.0 (Windows NT 6.1; WOW64) AppleWebKit/534+ (KHTML, like Gecko) BingPreview/1.0b"
40.77.139.76 - - [15/Apr/2022:23:02:07 +0200] "GET /wp-content/uploads/2022/03/product-1013594-t-1628435253-370x250.webp HTTP/1.1" 200 18934 "-" "Mozilla/5.0 (Windows NT 6.1; WOW64) AppleWebKit/534+ (KHTML, like Gecko) BingPreview/1.0b"
40.77.191.234 - - [15/Apr/2022:23:02:07 +0200] "GET /wp-content/uploads/2022/03/product-1013597-t-1628437578-370x250.webp HTTP/1.1" 200 12054 "-" "Mozilla/5.0 (Windows NT 6.1; WOW64) AppleWebKit/534+ (KHTML, like Gecko) BingPreview/1.0b"
157.55.39.14 - - [15/Apr/2022:23:02:08 +0200] "GET /category/services/food-services/ HTTP/1.1" 200 29452 "-" "Mozilla/5.0 (compatible; bingbot/2.0; +http://www.bing.com/bingbot.htm)"
157.55.39.14 - - [15/Apr/2022:23:02:10 +0200] "GET /gypsum-joint-compound-for-drywall/ HTTP/1.1" 200 33872 "-" "Mozilla/5.0 (compatible; bingbot/2.0; +http://www.bing.com/bingbot.htm)"
157.55.39.96 - - [15/Apr/2022:23:02:14 +0200] "GET /category/luggage-bags/business-bags-cases/ HTTP/1.1" 200 32046 "-" "Mozilla/5.0 (compatible; bingbot/2.0; +http://www.bing.com/bingbot.htm)"
157.55.39.14 - - [15/Apr/2022:23:02:18 +0200] "GET /gypsum-joint-compound-for-drywall/ HTTP/1.1" 200 33930 "-" "Mozilla/5.0 (compatible; bingbot/2.0; +http://www.bing.com/bingbot.htm)"
40.77.139.36 - - [15/Apr/2022:23:02:19 +0200] "GET /wp-content/uploads/2022/03/product-929968-t-1612963755-o.webp HTTP/1.1" 200 35320 "-" "Mozilla/5.0 (Windows NT 6.1; WOW64) AppleWebKit/534+ (KHTML, like Gecko) BingPreview/1.0b"
157.55.39.56 - - [15/Apr/2022:23:02:19 +0200] "GET /lux-soap/ HTTP/1.1" 200 33367 "-" "Mozilla/5.0 (compatible; bingbot/2.0; +http://www.bing.com/bingbot.htm)"
157.55.39.100 - - [15/Apr/2022:23:02:23 +0200] "GET /category/machinery/energy-mineral-equipment/ HTTP/1.1" 200 31025 "-" "Mozilla/5.0 (compatible; bingbot/2.0; +http://www.bing.com/bingbot.htm)"
157.55.39.96 - - [15/Apr/2022:23:02:24 +0200] "GET /double-curved-exterior-interior-aluminum-wall-panel-metal-facde-sheet/ HTTP/1.1" 200 33737 "-" "Mozilla/5.0 (compatible; bingbot/2.0; +http://www.bing.com/bingbot.htm)"
157.55.39.100 - - [15/Apr/2022:23:02:26 +0200] "GET /category/beauty-personal-care/bath-supplies/ HTTP/1.1" 200 31267 "-" "Mozilla/5.0 (compatible; bingbot/2.0; +http://www.bing.com/bingbot.htm)"
40.77.139.106 - - [15/Apr/2022:23:02:27 +0200] "GET /wp-content/uploads/2022/03/274795-8_1-lux-beauty-soap-for-glowing-skin-rose-vitamin-e-mega.webp HTTP/1.1" 200 35014 "-" "Mozilla/5.0 (Windows NT 6.1; WOW64) AppleWebKit/534+ (KHTML, like Gecko) BingPreview/1.0b"
157.55.39.96 - - [15/Apr/2022:23:02:26 +0200] "GET /steel-aluminum-plate-mesh/ HTTP/1.1" 200 33369 "-" "Mozilla/5.0 (compatible; bingbot/2.0; +http://www.bing.com/bingbot.htm)"
40.77.191.252 - - [15/Apr/2022:23:02:27 +0200] "GET /wp-content/uploads/2022/03/18-inch-long-hair-100-human-hair-extn-natural-black-original-original-imafbndu4yv7qcs2-370x250.webp HTTP/1.1" 200 11524 "-" "Mozilla/5.0 (Windows NT 6.1; WOW64) AppleWebKit/534+ (KHTML, like Gecko) BingPreview/1.0b"
40.77.139.4 - - [15/Apr/2022:23:02:28 +0200] "GET /wp-content/uploads/2022/03/HTB17Ps1HL5TBuNjSspcq6znGFXa0.jpg_300x300-300x250.webp HTTP/1.1" 200 13617 "https://masmexico.com.mx/category/machinery/energy-mineral-equipment/" "Mozilla/5.0 (Windows NT 6.1; WOW64) AppleWebKit/534+ (KHTML, like Gecko) BingPreview/1.0b"
157.55.39.14 - - [15/Apr/2022:23:02:28 +0200] "GET /category/machinery/general-industrial-equipment/ HTTP/1.1" 200 30651 "-" "Mozilla/5.0 (compatible; bingbot/2.0; +http://www.bing.com/bingbot.htm)"
157.55.39.56 - - [15/Apr/2022:23:02:29 +0200] "GET /r404a-refrigerant-net-weight-10-9kg-24lb-disposable-cylinder-packing/ HTTP/1.1" 200 34157 "-" "Mozilla/5.0 (compatible; bingbot/2.0; +http://www.bing.com/bingbot.htm)"
40.77.139.116 - - [15/Apr/2022:23:02:32 +0200] "GET /wp-content/uploads/2022/03/HTB1wTtoXErrK1RkSne1q6ArVVXab.jpg_300x300-300x250.webp HTTP/1.1" 200 30416 "-" "Mozilla/5.0 (Windows NT 6.1; WOW64) AppleWebKit/534+ (KHTML, like Gecko) BingPreview/1.0b"
157.55.39.56 - - [15/Apr/2022:23:02:33 +0200] "GET /category/chemicals/pharmaceuticals/ HTTP/1.1" 200 31181 "-" "Mozilla/5.0 (compatible; bingbot/2.0; +http://www.bing.com/bingbot.htm)"
157.55.39.39 - - [15/Apr/2022:23:02:33 +0200] "GET /category/machinery/engineering-construction-machinery/ HTTP/1.1" 200 30771 "-" "Mozilla/5.0 (compatible; bingbot/2.0; +http://www.bing.com/bingbot.htm)"
157.55.39.96 - - [15/Apr/2022:23:02:34 +0200] "GET /category/minerals/tungsten/ HTTP/1.1" 200 31356 "-" "Mozilla/5.0 (compatible; bingbot/2.0; +http://www.bing.com/bingbot.htm)"
179.43.169.181 - - [15/Apr/2022:23:02:34 +0200] "GET / HTTP/1.1" 200 181805 "-" "Mozilla/5.0 (X11; Linux i686; rv:10.0) Gecko/20100101 Firefox/10.0"
157.55.39.56 - - [15/Apr/2022:23:02:35 +0200] "GET /water-based-temperature-keeping-primer-paint-surface-paint-2/ HTTP/1.1" 200 34364 "-" "Mozilla/5.0 (compatible; bingbot/2.0; +http://www.bing.com/bingbot.htm)"
40.77.139.90 - - [15/Apr/2022:23:02:37 +0200] "GET /wp-content/uploads/2022/03/product-691857-t-1565800277-o.webp HTTP/1.1" 200 16302 "-" "Mozilla/5.0 (Windows NT 6.1; WOW64) AppleWebKit/534+ (KHTML, like Gecko) BingPreview/1.0b"
40.77.139.24 - - [15/Apr/2022:23:02:37 +0200] "GET /wp-content/uploads/2022/03/product-675900-t-1558954692-o-370x250.webp HTTP/1.1" 200 22511 "-" "Mozilla/5.0 (Windows NT 6.1; WOW64) AppleWebKit/534+ (KHTML, like Gecko) BingPreview/1.0b"
40.77.139.110 - - [15/Apr/2022:23:02:37 +0200] "GET /wp-content/uploads/2022/03/product-675923-t-1558955991-370x250.webp HTTP/1.1" 200 17706 "-" "Mozilla/5.0 (Windows NT 6.1; WOW64) AppleWebKit/534+ (KHTML, like Gecko) BingPreview/1.0b"
157.55.39.96 - - [15/Apr/2022:23:02:36 +0200] "GET /r134a-refrigerant-gas-net-weight-13-6kg-used-for-automobile/ HTTP/1.1" 200 35960 "-" "Mozilla/5.0 (compatible; bingbot/2.0; +http://www.bing.com/bingbot.htm)"
40.77.139.88 - - [15/Apr/2022:23:02:38 +0200] "GET /wp-content/uploads/2022/03/product-1031785-t-1631796519-o-370x250.webp HTTP/1.1" 200 12264 "-" "Mozilla/5.0 (Windows NT 6.1; WOW64) AppleWebKit/534+ (KHTML, like Gecko) BingPreview/1.0b"
40.77.191.218 - - [15/Apr/2022:23:02:38 +0200] "GET /wp-content/uploads/2022/03/1c847b85060176671683__4_-370x250.webp HTTP/1.1" 200 12915 "-" "Mozilla/5.0 (Windows NT 6.1; WOW64) AppleWebKit/534+ (KHTML, like Gecko) BingPreview/1.0b"
40.77.191.239 - - [15/Apr/2022:23:02:38 +0200] "GET /wp-content/uploads/2022/03/product-811048-t-1589334573-o-370x250.webp HTTP/1.1" 200 13781 "-" "Mozilla/5.0 (Windows NT 6.1; WOW64) AppleWebKit/534+ (KHTML, like Gecko) BingPreview/1.0b"
157.55.39.14 - - [15/Apr/2022:23:02:37 +0200] "GET /automatic-stator-insulation-paper-inserting-machine/ HTTP/1.1" 200 33268 "-" "Mozilla/5.0 (compatible; bingbot/2.0; +http://www.bing.com/bingbot.htm)"
40.77.139.39 - - [15/Apr/2022:23:02:39 +0200] "GET /wp-content/uploads/2022/03/53222548-370x250.webp HTTP/1.1" 200 12271 "https://masmexico.com.mx/category/machinery/general-industrial-equipment/" "Mozilla/5.0 (Windows NT 6.1; WOW64) AppleWebKit/534+ (KHTML, like Gecko) BingPreview/1.0b"
40.77.139.43 - - [15/Apr/2022:23:02:40 +0200] "GET /wp-content/uploads/2022/03/product-1055574-t-1638796447-o-370x250.webp HTTP/1.1" 200 12189 "https://masmexico.com.mx/category/machinery/engineering-construction-machinery/" "Mozilla/5.0 (Windows NT 6.1; WOW64) AppleWebKit/534+ (KHTML, like Gecko) BingPreview/1.0b"
40.77.139.43 - - [15/Apr/2022:23:02:40 +0200] "GET /wp-content/uploads/2022/03/product-1023018-t-1630333683-o-370x250.webp HTTP/1.1" 200 21854 "https://masmexico.com.mx/category/machinery/engineering-construction-machinery/" "Mozilla/5.0 (Windows NT 6.1; WOW64) AppleWebKit/534+ (KHTML, like Gecko) BingPreview/1.0b"
40.77.139.43 - - [15/Apr/2022:23:02:40 +0200] "GET /wp-content/uploads/2022/03/product-1055576-t-1638796669-o-370x250.webp HTTP/1.1" 200 9133 "https://masmexico.com.mx/category/machinery/engineering-construction-machinery/" "Mozilla/5.0 (Windows NT 6.1; WOW64) AppleWebKit/534+ (KHTML, like Gecko) BingPreview/1.0b"
157.55.39.96 - - [15/Apr/2022:23:02:39 +0200] "GET /organic-vermicompost-fertilizer/ HTTP/1.1" 200 32857 "-" "Mozilla/5.0 (compatible; bingbot/2.0; +http://www.bing.com/bingbot.htm)"
157.55.39.57 - - [15/Apr/2022:23:02:42 +0200] "GET /scrap-q195-q235-steel-billet-price-2/ HTTP/1.1" 200 33410 "-" "Mozilla/5.0 (compatible; bingbot/2.0; +http://www.bing.com/bingbot.htm)"
40.77.139.34 - - [15/Apr/2022:23:02:44 +0200] "GET /wp-content/uploads/2022/03/product-1033387-t-1632226341-o-370x250.webp HTTP/1.1" 200 11817 "https://masmexico.com.mx/water-based-temperature-keeping-primer-paint-surface-paint-2/" "Mozilla/5.0 (Windows NT 6.1; WOW64) AppleWebKit/534+ (KHTML, like Gecko) BingPreview/1.0b"
40.77.139.34 - - [15/Apr/2022:23:02:44 +0200] "GET /wp-content/uploads/2022/03/product-929969-t-1612963856-o-1.webp HTTP/1.1" 200 36510 "https://masmexico.com.mx/water-based-temperature-keeping-primer-paint-surface-paint-2/" "Mozilla/5.0 (Windows NT 6.1; WOW64) AppleWebKit/534+ (KHTML, like Gecko) BingPreview/1.0b"
157.55.39.96 - - [15/Apr/2022:23:02:44 +0200] "GET /category/services/ HTTP/1.1" 200 29829 "-" "Mozilla/5.0 (compatible; bingbot/2.0; +http://www.bing.com/bingbot.htm)"
157.55.39.56 - - [15/Apr/2022:23:02:45 +0200] "GET /category/machinery/food-beverage-machinery/ HTTP/1.1" 200 30828 "-" "Mozilla/5.0 (compatible; bingbot/2.0; +http://www.bing.com/bingbot.htm)"
157.55.39.56 - - [15/Apr/2022:23:02:48 +0200] "GET /register/ HTTP/1.1" 200 26090 "-" "Mozilla/5.0 (compatible; bingbot/2.0; +http://www.bing.com/bingbot.htm)"
40.77.139.18 - - [15/Apr/2022:23:02:50 +0200] "GET /wp-content/uploads/2022/03/product-691854-t-1565800518-o.webp HTTP/1.1" 200 15001 "https://masmexico.com.mx/r134a-refrigerant-gas-net-weight-13-6kg-used-for-automobile/" "Mozilla/5.0 (Windows NT 6.1; WOW64) AppleWebKit/534+ (KHTML, like Gecko) BingPreview/1.0b"
40.77.139.18 - - [15/Apr/2022:23:02:50 +0200] "GET /wp-content/uploads/2022/03/product-691853-t-1565795486-o-370x250.webp HTTP/1.1" 200 25770 "https://masmexico.com.mx/r134a-refrigerant-gas-net-weight-13-6kg-used-for-automobile/" "Mozilla/5.0 (Windows NT 6.1; WOW64) AppleWebKit/534+ (KHTML, like Gecko) BingPreview/1.0b"
157.55.39.56 - - [15/Apr/2022:23:02:50 +0200] "GET /terms-and-conditions/ HTTP/1.1" 200 29245 "-" "Mozilla/5.0 (compatible; bingbot/2.0; +http://www.bing.com/bingbot.htm)"
40.77.139.61 - - [15/Apr/2022:23:02:50 +0200] "GET /wp-content/uploads/2022/03/product-70026-t-404-370x250.webp HTTP/1.1" 200 23365 "-" "Mozilla/5.0 (Windows NT 6.1; WOW64) AppleWebKit/534+ (KHTML, like Gecko) BingPreview/1.0b"
157.55.39.39 - - [15/Apr/2022:23:02:51 +0200] "GET /category/security-protection-2/police-military-supplies/ HTTP/1.1" 200 28870 "-" "Mozilla/5.0 (compatible; bingbot/2.0; +http://www.bing.com/bingbot.htm)"
157.55.39.57 - - [15/Apr/2022:23:02:52 +0200] "GET /soap-making-machine-toilet-soap-making-machine-laundry-soap-making-machine/ HTTP/1.1" 200 33286 "-" "Mozilla/5.0 (compatible; bingbot/2.0; +http://www.bing.com/bingbot.htm)"
157.55.39.96 - - [15/Apr/2022:23:02:54 +0200] "GET /tag/dog/ HTTP/1.1" 200 27869 "-" "Mozilla/5.0 (compatible; bingbot/2.0; +http://www.bing.com/bingbot.htm)"
157.55.39.96 - - [15/Apr/2022:23:02:54 +0200] "GET /category/minerals/aluminum/page/2/ HTTP/1.1" 200 30549 "-" "Mozilla/5.0 (compatible; bingbot/2.0; +http://www.bing.com/bingbot.htm)"
157.55.39.39 - - [15/Apr/2022:23:02:54 +0200] "GET /category/chemicals/fertilizer/ HTTP/1.1" 200 32427 "-" "Mozilla/5.0 (compatible; bingbot/2.0; +http://www.bing.com/bingbot.htm)"
157.55.39.56 - - [15/Apr/2022:23:02:55 +0200] "GET /category/chemicals/ HTTP/1.1" 200 33835 "-" "Mozilla/5.0 (compatible; bingbot/2.0; +http://www.bing.com/bingbot.htm)"
157.55.39.39 - - [15/Apr/2022:23:02:57 +0200] "GET /category/chemicals/basic-organic-chemicals/ HTTP/1.1" 200 32185 "-" "Mozilla/5.0 (compatible; bingbot/2.0; +http://www.bing.com/bingbot.htm)"
157.55.39.14 - - [15/Apr/2022:23:02:58 +0200] "GET /login/ HTTP/1.1" 200 26062 "-" "Mozilla/5.0 (compatible; bingbot/2.0; +http://www.bing.com/bingbot.htm)"
157.55.39.96 - - [15/Apr/2022:23:02:57 +0200] "GET /irish-cream-deodorant-soap/ HTTP/1.1" 200 33077 "-" "Mozilla/5.0 (compatible; bingbot/2.0; +http://www.bing.com/bingbot.htm)"
40.77.191.231 - - [15/Apr/2022:23:02:59 +0200] "GET /wp-content/themes/classiera/css/bootstrap-dropdownhover.min.css?ver=1 HTTP/1.1" 200 6078 "-" "Mozilla/5.0 (Windows NT 6.1; WOW64) AppleWebKit/534+ (KHTML, like Gecko) BingPreview/1.0b"
40.77.139.88 - - [15/Apr/2022:23:02:59 +0200] "GET /wp-content/uploads/2022/03/Electric-Street-Fast-Food-Truck-Mobile-Kitchen-Coffee-Catering-Trailer-Vending-Kiosk-Outdoor-Bubble-Tea-Ice.jpg_Q90.jpg_-370x250.webp HTTP/1.1" 200 15596 "https://masmexico.com.mx/category/machinery/food-beverage-machinery/" "Mozilla/5.0 (Windows NT 6.1; WOW64) AppleWebKit/534+ (KHTML, like Gecko) BingPreview/1.0b"
40.77.139.88 - - [15/Apr/2022:23:02:59 +0200] "GET /wp-content/uploads/2022/03/Colossal-Crab-Meat_5000x-370x250.webp HTTP/1.1" 200 20246 "https://masmexico.com.mx/category/machinery/food-beverage-machinery/" "Mozilla/5.0 (Windows NT 6.1; WOW64) AppleWebKit/534+ (KHTML, like Gecko) BingPreview/1.0b"
157.55.39.57 - - [15/Apr/2022:23:03:00 +0200] "GET /marine-epoxy-zinc-rich-primer-anti-corrosion-primer-paint/ HTTP/1.1" 200 33746 "-" "Mozilla/5.0 (compatible; bingbot/2.0; +http://www.bing.com/bingbot.htm)"
157.55.39.100 - - [15/Apr/2022:23:03:02 +0200] "GET /for-building-water-based-alkali-resistant-white-emulsion-wall-latex-paint-primer/ HTTP/1.1" 200 33914 "-" "Mozilla/5.0 (compatible; bingbot/2.0; +http://www.bing.com/bingbot.htm)"
157.55.39.39 - - [15/Apr/2022:23:03:02 +0200] "GET /liquid-organic-fertilizer/ HTTP/1.1" 200 33195 "-" "Mozilla/5.0 (compatible; bingbot/2.0; +http://www.bing.com/bingbot.htm)"
157.55.39.96 - - [15/Apr/2022:23:03:03 +0200] "GET /punched-pvdf-coating-exterior-and-interior-aluminum-sheet-customized-by-design/ HTTP/1.1" 200 33632 "-" "Mozilla/5.0 (compatible; bingbot/2.0; +http://www.bing.com/bingbot.htm)"
40.77.139.75 - - [15/Apr/2022:23:03:04 +0200] "GET /wp-content/themes/classiera/css/bootstrap.css?ver=1 HTTP/1.1" 200 151341 "-" "Mozilla/5.0 (Windows NT 6.1; WOW64) AppleWebKit/534+ (KHTML, like Gecko) BingPreview/1.0b"
157.55.39.167 - - [15/Apr/2022:23:03:06 +0200] "GET /clip-pen-antibacterial-spray-pocket-alcohol-waterless-hand-sanitizer-gel-liquid-soap-10ml/ HTTP/1.1" 200 33705 "-" "Mozilla/5.0 (compatible; bingbot/2.0; +http://www.bing.com/bingbot.htm)"
157.55.39.14 - - [15/Apr/2022:23:03:07 +0200] "GET /dr-organic-tea-tree-body-wash-250ml/ HTTP/1.1" 200 33301 "-" "Mozilla/5.0 (compatible; bingbot/2.0; +http://www.bing.com/bingbot.htm)"
40.77.139.106 - - [15/Apr/2022:23:03:09 +0200] "GET /wp-content/uploads/2022/03/product-929984-t-1612964546-o.webp HTTP/1.1" 200 36088 "-" "Mozilla/5.0 (Windows NT 6.1; WOW64) AppleWebKit/534+ (KHTML, like Gecko) BingPreview/1.0b"
157.55.39.56 - - [15/Apr/2022:23:03:10 +0200] "GET /jieyang-jy021-factory-price-automatic-pp-pe-flexible-drinking-straw-making-machine/ HTTP/1.1" 200 33248 "-" "Mozilla/5.0 (compatible; bingbot/2.0; +http://www.bing.com/bingbot.htm)"
157.55.39.14 - - [15/Apr/2022:23:03:10 +0200] "GET /anti-slip-safety-aluminum-tread-plates/ HTTP/1.1" 200 33664 "-" "Mozilla/5.0 (compatible; bingbot/2.0; +http://www.bing.com/bingbot.htm)"
157.55.39.100 - - [15/Apr/2022:23:03:12 +0200] "GET /steel-billets-130x130x12-mtrs-150x150x12-mtrs/ HTTP/1.1" 200 33331 "-" "Mozilla/5.0 (compatible; bingbot/2.0; +http://www.bing.com/bingbot.htm)"
157.55.39.14 - - [15/Apr/2022:23:03:13 +0200] "GET /factory-8-wires-4-balls-cleaning-scourer-making-machine/ HTTP/1.1" 200 33094 "-" "Mozilla/5.0 (compatible; bingbot/2.0; +http://www.bing.com/bingbot.htm)"
157.55.39.39 - - [15/Apr/2022:23:03:14 +0200] "GET /category/security-protection-2/firefighting-supplies/ HTTP/1.1" 200 28866 "-" "Mozilla/5.0 (compatible; bingbot/2.0; +http://www.bing.com/bingbot.htm)"
157.55.39.100 - - [15/Apr/2022:23:03:14 +0200] "GET /custom-printing-plastic-die-cut-shopping-bag/ HTTP/1.1" 200 33328 "-" "Mozilla/5.0 (compatible; bingbot/2.0; +http://www.bing.com/bingbot.htm)"
40.77.139.118 - - [15/Apr/2022:23:03:15 +0200] "GET /wp-content/uploads/2022/03/1c847b85060176671683__4_.webp HTTP/1.1" 200 19004 "-" "Mozilla/5.0 (Windows NT 6.1; WOW64) AppleWebKit/534+ (KHTML, like Gecko) BingPreview/1.0b"
40.77.139.108 - - [15/Apr/2022:23:03:18 +0200] "GET /wp-content/themes/classiera/css/classiera.css?ver=1 HTTP/1.1" 200 280184 "-" "Mozilla/5.0 (Windows NT 6.1; WOW64) AppleWebKit/534+ (KHTML, like Gecko) BingPreview/1.0b"
157.55.39.14 - - [15/Apr/2022:23:03:18 +0200] "GET /hot-wholesale-hardside-expandable-luggage-with-spinner-wheels-emerald-green-3-piece-set-20-24-28/ HTTP/1.1" 200 33608 "-" "Mozilla/5.0 (compatible; bingbot/2.0; +http://www.bing.com/bingbot.htm)"
157.55.39.39 - - [15/Apr/2022:23:03:17 +0200] "GET /5sp-120mmx120mmx12m-chinese-steel-billet-price-from-china/ HTTP/1.1" 200 33257 "-" "Mozilla/5.0 (compatible; bingbot/2.0; +http://www.bing.com/bingbot.htm)"
157.55.39.14 - - [15/Apr/2022:23:03:20 +0200] "GET /organic-chelated-npk-liquid-fertilizers-ecogold-pp-mix/ HTTP/1.1" 200 34328 "-" "Mozilla/5.0 (compatible; bingbot/2.0; +http://www.bing.com/bingbot.htm)"
157.55.39.39 - - [15/Apr/2022:23:03:23 +0200] "GET /mercuric_oxide/ HTTP/1.1" 200 32845 "-" "Mozilla/5.0 (compatible; bingbot/2.0; +http://www.bing.com/bingbot.htm)"
40.77.139.104 - - [15/Apr/2022:23:03:25 +0200] "GET /wp-content/uploads/2022/03/product-1055573-t-1638794199-o-370x250.webp HTTP/1.1" 200 12155 "https://masmexico.com.mx/factory-8-wires-4-balls-cleaning-scourer-making-machine/" "Mozilla/5.0 (Windows NT 6.1; WOW64) AppleWebKit/534+ (KHTML, like Gecko) BingPreview/1.0b"
