86.96.72.121 - - [15/Apr/2022:14:41:52 +0200] "GET /wp-content/plugins/accesspress-social-login-lite/css/webfonts/fa-brands-400.woff2 HTTP/1.1" 200 77245 "https://masmexico.com.mx/" "Mozilla/5.0 (iPhone; CPU iPhone OS 15_2_1 like Mac OS X) AppleWebKit/605.1.15 (KHTML, like Gecko) Version/15.2 Mobile/15E148 Safari/604.1"
86.96.72.121 - - [15/Apr/2022:14:41:53 +0200] "GET /wp-content/uploads/2022/03/png-transparent-digital-marketing-web-design-internet-advertising-iphone-mobile-marketing-online-presence-management-web-development_prev_ui.png HTTP/1.1" 200 170977 "https://masmexico.com.mx/" "Mozilla/5.0 (iPhone; CPU iPhone OS 15_2_1 like Mac OS X) AppleWebKit/605.1.15 (KHTML, like Gecko) Version/15.2 Mobile/15E148 Safari/604.1"
86.96.72.121 - - [15/Apr/2022:14:41:53 +0200] "GET /wp-content/plugins/LayerSlider/assets/static/layerslider/skins/v6/skin.css HTTP/1.1" 200 1396 "https://masmexico.com.mx/" "Mozilla/5.0 (iPhone; CPU iPhone OS 15_2_1 like Mac OS X) AppleWebKit/605.1.15 (KHTML, like Gecko) Version/15.2 Mobile/15E148 Safari/604.1"
86.96.72.121 - - [15/Apr/2022:14:41:53 +0200] "GET /wp-content/uploads/2022/03/png-transparent-mobile-phones-portable-communications-device-advertising-cellular-network-telephone-supermarket-advertising-miscellaneous-gadget-mobile-phone-removebg-preview.png HTTP/1.1" 200 69072 "https://masmexico.com.mx/" "Mozilla/5.0 (iPhone; CPU iPhone OS 15_2_1 like Mac OS X) AppleWebKit/605.1.15 (KHTML, like Gecko) Version/15.2 Mobile/15E148 Safari/604.1"
86.96.72.121 - - [15/Apr/2022:14:41:53 +0200] "GET /wp-content/themes/classiera/images/loader.gif HTTP/1.1" 200 42723 "https://masmexico.com.mx/" "Mozilla/5.0 (iPhone; CPU iPhone OS 15_2_1 like Mac OS X) AppleWebKit/605.1.15 (KHTML, like Gecko) Version/15.2 Mobile/15E148 Safari/604.1"
86.96.72.121 - - [15/Apr/2022:14:41:53 +0200] "GET /wp-content/themes/classiera/webfonts/fa-regular-400.woff2 HTTP/1.1" 200 13608 "https://masmexico.com.mx/" "Mozilla/5.0 (iPhone; CPU iPhone OS 15_2_1 like Mac OS X) AppleWebKit/605.1.15 (KHTML, like Gecko) Version/15.2 Mobile/15E148 Safari/604.1"
86.96.72.121 - - [15/Apr/2022:14:41:53 +0200] "GET /wp-content/plugins/accesspress-social-share/webfonts/fa-regular-400.woff2 HTTP/1.1" 200 12548 "https://masmexico.com.mx/" "Mozilla/5.0 (iPhone; CPU iPhone OS 15_2_1 like Mac OS X) AppleWebKit/605.1.15 (KHTML, like Gecko) Version/15.2 Mobile/15E148 Safari/604.1"
86.96.72.121 - - [15/Apr/2022:14:41:53 +0200] "GET /wp-content/uploads/2017/05/partner-img-1.png HTTP/1.1" 200 2748 "https://masmexico.com.mx/" "Mozilla/5.0 (iPhone; CPU iPhone OS 15_2_1 like Mac OS X) AppleWebKit/605.1.15 (KHTML, like Gecko) Version/15.2 Mobile/15E148 Safari/604.1"
86.96.72.121 - - [15/Apr/2022:14:41:53 +0200] "GET /wp-content/uploads/2017/05/partner-img-2.png HTTP/1.1" 200 2917 "https://masmexico.com.mx/" "Mozilla/5.0 (iPhone; CPU iPhone OS 15_2_1 like Mac OS X) AppleWebKit/605.1.15 (KHTML, like Gecko) Version/15.2 Mobile/15E148 Safari/604.1"
86.96.72.121 - - [15/Apr/2022:14:41:54 +0200] "GET /wp-content/plugins/accesspress-social-login-lite/css/webfonts/fa-regular-400.woff2 HTTP/1.1" 200 13556 "https://masmexico.com.mx/" "Mozilla/5.0 (iPhone; CPU iPhone OS 15_2_1 like Mac OS X) AppleWebKit/605.1.15 (KHTML, like Gecko) Version/15.2 Mobile/15E148 Safari/604.1"
86.96.72.121 - - [15/Apr/2022:14:41:54 +0200] "GET /wp-content/uploads/2017/05/partner-img-3.png HTTP/1.1" 200 2190 "https://masmexico.com.mx/" "Mozilla/5.0 (iPhone; CPU iPhone OS 15_2_1 like Mac OS X) AppleWebKit/605.1.15 (KHTML, like Gecko) Version/15.2 Mobile/15E148 Safari/604.1"
86.96.72.121 - - [15/Apr/2022:14:41:54 +0200] "GET /wp-content/uploads/2017/05/partner-img-4.png HTTP/1.1" 200 3740 "https://masmexico.com.mx/" "Mozilla/5.0 (iPhone; CPU iPhone OS 15_2_1 like Mac OS X) AppleWebKit/605.1.15 (KHTML, like Gecko) Version/15.2 Mobile/15E148 Safari/604.1"
86.96.72.121 - - [15/Apr/2022:14:41:54 +0200] "GET /wp-content/uploads/2017/05/partner-img-5.png HTTP/1.1" 200 1653 "https://masmexico.com.mx/" "Mozilla/5.0 (iPhone; CPU iPhone OS 15_2_1 like Mac OS X) AppleWebKit/605.1.15 (KHTML, like Gecko) Version/15.2 Mobile/15E148 Safari/604.1"
86.96.72.121 - - [15/Apr/2022:14:41:54 +0200] "GET /wp-content/uploads/2017/05/partner-img-6.png HTTP/1.1" 200 3341 "https://masmexico.com.mx/" "Mozilla/5.0 (iPhone; CPU iPhone OS 15_2_1 like Mac OS X) AppleWebKit/605.1.15 (KHTML, like Gecko) Version/15.2 Mobile/15E148 Safari/604.1"
86.96.72.121 - - [15/Apr/2022:14:41:54 +0200] "GET /wp-content/uploads/2022/03/download-1-1-100x100.jpg HTTP/1.1" 200 5193 "https://masmexico.com.mx/" "Mozilla/5.0 (iPhone; CPU iPhone OS 15_2_1 like Mac OS X) AppleWebKit/605.1.15 (KHTML, like Gecko) Version/15.2 Mobile/15E148 Safari/604.1"
86.96.72.121 - - [15/Apr/2022:14:41:53 +0200] "GET /wp-content/uploads/2022/03/services-title-15-1.png HTTP/1.1" 200 501807 "https://masmexico.com.mx/" "Mozilla/5.0 (iPhone; CPU iPhone OS 15_2_1 like Mac OS X) AppleWebKit/605.1.15 (KHTML, like Gecko) Version/15.2 Mobile/15E148 Safari/604.1"
86.96.72.121 - - [15/Apr/2022:14:41:54 +0200] "GET /wp-content/uploads/2017/05/06-1-100x100.jpg HTTP/1.1" 200 4363 "https://masmexico.com.mx/" "Mozilla/5.0 (iPhone; CPU iPhone OS 15_2_1 like Mac OS X) AppleWebKit/605.1.15 (KHTML, like Gecko) Version/15.2 Mobile/15E148 Safari/604.1"
86.96.72.121 - - [15/Apr/2022:14:41:54 +0200] "GET /wp-content/uploads/2017/05/05-100x100.jpg HTTP/1.1" 200 4126 "https://masmexico.com.mx/" "Mozilla/5.0 (iPhone; CPU iPhone OS 15_2_1 like Mac OS X) AppleWebKit/605.1.15 (KHTML, like Gecko) Version/15.2 Mobile/15E148 Safari/604.1"
86.96.72.121 - - [15/Apr/2022:14:41:54 +0200] "GET /wp-content/themes/classiera/images/nothumb.png HTTP/1.1" 200 16942 "https://masmexico.com.mx/" "Mozilla/5.0 (iPhone; CPU iPhone OS 15_2_1 like Mac OS X) AppleWebKit/605.1.15 (KHTML, like Gecko) Version/15.2 Mobile/15E148 Safari/604.1"
86.96.72.121 - - [15/Apr/2022:14:41:53 +0200] "GET /wp-content/uploads/layerslider/projects/lime/slider-v1-bg-1-1536x480.png HTTP/1.1" 200 743803 "https://masmexico.com.mx/" "Mozilla/5.0 (iPhone; CPU iPhone OS 15_2_1 like Mac OS X) AppleWebKit/605.1.15 (KHTML, like Gecko) Version/15.2 Mobile/15E148 Safari/604.1"
86.96.72.121 - - [15/Apr/2022:14:41:54 +0200] "GET /wp-content/uploads/2022/03/product-1009165-t-1627461236-o-100x100.webp HTTP/1.1" 200 1816 "https://masmexico.com.mx/" "Mozilla/5.0 (iPhone; CPU iPhone OS 15_2_1 like Mac OS X) AppleWebKit/605.1.15 (KHTML, like Gecko) Version/15.2 Mobile/15E148 Safari/604.1"
86.96.72.121 - - [15/Apr/2022:14:41:55 +0200] "GET /wp-content/uploads/2022/03/81pDXg3NGoL._UL1500_-100x100.jpg HTTP/1.1" 200 4306 "https://masmexico.com.mx/" "Mozilla/5.0 (iPhone; CPU iPhone OS 15_2_1 like Mac OS X) AppleWebKit/605.1.15 (KHTML, like Gecko) Version/15.2 Mobile/15E148 Safari/604.1"
86.96.72.121 - - [15/Apr/2022:14:41:55 +0200] "GET /wp-includes/js/thickbox/loadingAnimation.gif HTTP/1.1" 200 15569 "https://masmexico.com.mx/" "Mozilla/5.0 (iPhone; CPU iPhone OS 15_2_1 like Mac OS X) AppleWebKit/605.1.15 (KHTML, like Gecko) Version/15.2 Mobile/15E148 Safari/604.1"
86.96.72.121 - - [15/Apr/2022:14:41:55 +0200] "GET /wp-content/plugins/LayerSlider/assets/static/layerslider/skins/v6/loading.gif HTTP/1.1" 200 4714 "https://masmexico.com.mx/" "Mozilla/5.0 (iPhone; CPU iPhone OS 15_2_1 like Mac OS X) AppleWebKit/605.1.15 (KHTML, like Gecko) Version/15.2 Mobile/15E148 Safari/604.1"
86.96.72.121 - - [15/Apr/2022:14:41:53 +0200] "GET /wp-content/uploads/layerslider/projects/lime/slider-v1-bg-2-1536x480.png HTTP/1.1" 200 596095 "https://masmexico.com.mx/" "Mozilla/5.0 (iPhone; CPU iPhone OS 15_2_1 like Mac OS X) AppleWebKit/605.1.15 (KHTML, like Gecko) Version/15.2 Mobile/15E148 Safari/604.1"
86.96.72.121 - - [15/Apr/2022:14:41:53 +0200] "GET /wp-content/uploads/2022/03/products-title-15.png HTTP/1.1" 200 694060 "https://masmexico.com.mx/" "Mozilla/5.0 (iPhone; CPU iPhone OS 15_2_1 like Mac OS X) AppleWebKit/605.1.15 (KHTML, like Gecko) Version/15.2 Mobile/15E148 Safari/604.1"
86.96.72.121 - - [15/Apr/2022:14:41:55 +0200] "GET /wp-content/uploads/layerslider/projects/lime/slider-v1-bg-2.png HTTP/1.1" 200 634598 "https://masmexico.com.mx/" "Mozilla/5.0 (iPhone; CPU iPhone OS 15_2_1 like Mac OS X) AppleWebKit/605.1.15 (KHTML, like Gecko) Version/15.2 Mobile/15E148 Safari/604.1"
86.96.72.121 - - [15/Apr/2022:14:41:55 +0200] "GET /wp-content/uploads/layerslider/projects/lime/slider-v1-bg-1.png HTTP/1.1" 200 829090 "https://masmexico.com.mx/" "Mozilla/5.0 (iPhone; CPU iPhone OS 15_2_1 like Mac OS X) AppleWebKit/605.1.15 (KHTML, like Gecko) Version/15.2 Mobile/15E148 Safari/604.1"
86.96.72.121 - - [15/Apr/2022:14:41:59 +0200] "GET /favicon.ico HTTP/1.1" 302 5248 "https://masmexico.com.mx/" "Mozilla/5.0 (iPhone; CPU iPhone OS 15_2_1 like Mac OS X) AppleWebKit/605.1.15 (KHTML, like Gecko) Version/15.2 Mobile/15E148 Safari/604.1"
86.96.72.121 - - [15/Apr/2022:14:41:59 +0200] "GET /wp-includes/images/w-logo-blue-white-bg.png HTTP/1.1" 200 4427 "https://masmexico.com.mx/" "Mozilla/5.0 (iPhone; CPU iPhone OS 15_2_1 like Mac OS X) AppleWebKit/605.1.15 (KHTML, like Gecko) Version/15.2 Mobile/15E148 Safari/604.1"
86.96.72.121 - - [15/Apr/2022:14:41:59 +0200] "POST /wp-admin/admin-ajax.php HTTP/1.1" 200 565 "https://masmexico.com.mx/" "Mozilla/5.0 (iPhone; CPU iPhone OS 15_2_1 like Mac OS X) AppleWebKit/605.1.15 (KHTML, like Gecko) Version/15.2 Mobile/15E148 Safari/604.1"
159.89.23.231 - - [15/Apr/2022:14:42:41 +0200] "GET /wp-login.php HTTP/1.1" 302 5028 "-" "Mozilla/5.0 (X11; Ubuntu; Linux x86_64; rv:62.0) Gecko/20100101 Firefox/62.0"
159.89.23.231 - - [15/Apr/2022:14:42:41 +0200] "GET /login/ HTTP/1.1" 200 25658 "https://masmexico.com.mx/wp-login.php" "Mozilla/5.0 (X11; Ubuntu; Linux x86_64; rv:62.0) Gecko/20100101 Firefox/62.0"
159.89.23.231 - - [15/Apr/2022:14:42:47 +0200] "POST /wp-login.php HTTP/1.1" 200 7395 "-" "Mozilla/5.0 (X11; Ubuntu; Linux x86_64; rv:62.0) Gecko/20100101 Firefox/62.0"
159.89.23.231 - - [15/Apr/2022:14:42:47 +0200] "POST /xmlrpc.php HTTP/1.1" 200 5128 "-" "Mozilla/5.0 (X11; Ubuntu; Linux x86_64; rv:62.0) Gecko/20100101 Firefox/62.0"
159.89.199.237 - - [15/Apr/2022:14:44:38 +0200] "POST /wp-login.php HTTP/1.1" 200 7674 "-" "Mozilla/5.0 (Windows NT 6.1) AppleWebKit/537.36 (KHTML, like Gecko) Chrome/80.0.3987.132 Safari/537.36"
103.148.76.92 - - [15/Apr/2022:14:45:36 +0200] "GET /wp-login.php HTTP/1.1" 302 5028 "-" "Mozilla/5.0 (X11; Ubuntu; Linux x86_64; rv:62.0) Gecko/20100101 Firefox/62.0"
103.148.76.92 - - [15/Apr/2022:14:45:37 +0200] "GET /login/ HTTP/1.1" 200 25658 "https://masmexico.com.mx/wp-login.php" "Mozilla/5.0 (X11; Ubuntu; Linux x86_64; rv:62.0) Gecko/20100101 Firefox/62.0"
103.148.76.92 - - [15/Apr/2022:14:45:38 +0200] "POST /wp-login.php HTTP/1.1" 200 7395 "-" "Mozilla/5.0 (X11; Ubuntu; Linux x86_64; rv:62.0) Gecko/20100101 Firefox/62.0"
103.148.76.92 - - [15/Apr/2022:14:45:40 +0200] "POST /xmlrpc.php HTTP/1.1" 200 5128 "-" "Mozilla/5.0 (X11; Ubuntu; Linux x86_64; rv:62.0) Gecko/20100101 Firefox/62.0"
27.255.221.43 - - [15/Apr/2022:14:46:34 +0200] "POST /wp-admin/admin-ajax.php HTTP/1.1" 200 5301 "https://masmexico.com.mx/" "Mozilla/5.0 (Windows NT 10.0; Win64; x64) AppleWebKit/537.36 (KHTML, like Gecko) Chrome/100.0.4896.88 Safari/537.36"
123.25.21.16 - - [15/Apr/2022:14:46:55 +0200] "POST /wp-login.php HTTP/1.1" 200 7670 "-" "Mozilla/5.0 (Windows NT 6.1; Win64; x64) AppleWebKit/537.36 (KHTML, like Gecko) Chrome/80.0.3987.163 Safari/537.36"
94.74.96.42 - - [15/Apr/2022:14:47:02 +0200] "POST /wp-login.php HTTP/1.1" 200 7670 "-" "Mozilla/5.0 (Windows NT 5.1) AppleWebKit/537.36 (KHTML, like Gecko) Chrome/47.0.2526.106 Safari/537.36"
114.119.133.26 - - [15/Apr/2022:14:47:48 +0200] "GET /Category/products/animal-and-vegetable/ HTTP/1.1" 404 150884 "-" "Mozilla/5.0 (Linux; Android 7.0;) AppleWebKit/537.36 (KHTML, like Gecko) Mobile Safari/537.36 (compatible; PetalBot;+https://webmaster.petalsearch.com/site/petalbot)"
35.246.197.88 - - [15/Apr/2022:14:47:57 +0200] "GET /wp-login.php HTTP/1.1" 302 5028 "-" "Mozilla/5.0 (X11; Ubuntu; Linux x86_64; rv:62.0) Gecko/20100101 Firefox/62.0"
35.246.197.88 - - [15/Apr/2022:14:47:58 +0200] "GET /login/ HTTP/1.1" 200 25662 "https://masmexico.com.mx/wp-login.php" "Mozilla/5.0 (X11; Ubuntu; Linux x86_64; rv:62.0) Gecko/20100101 Firefox/62.0"
72.167.33.0 - - [15/Apr/2022:14:47:58 +0200] "POST /wp-cron.php?doing_wp_cron=1650026878.4722709655761718750000 HTTP/1.1" 200 5107 "https://masmexico.com.mx/wp-cron.php?doing_wp_cron=1650026878.4722709655761718750000" "WordPress/5.8.4; https://masmexico.com.mx"
35.246.197.88 - - [15/Apr/2022:14:47:58 +0200] "POST /wp-login.php HTTP/1.1" 200 7395 "-" "Mozilla/5.0 (X11; Ubuntu; Linux x86_64; rv:62.0) Gecko/20100101 Firefox/62.0"
35.246.197.88 - - [15/Apr/2022:14:47:58 +0200] "POST /xmlrpc.php HTTP/1.1" 200 5128 "-" "Mozilla/5.0 (X11; Ubuntu; Linux x86_64; rv:62.0) Gecko/20100101 Firefox/62.0"
136.243.92.189 - - [15/Apr/2022:14:47:57 +0200] "POST /wp-cron.php?doing_wp_cron=1650026877.5621500015258789062500 HTTP/1.1" 200 5107 "https://masmexico.com.mx/wp-cron.php?doing_wp_cron=1650026877.5621500015258789062500" "WordPress/5.9.3; https://masmexico.com.mx"
216.139.241.148 - - [15/Apr/2022:14:48:59 +0200] "POST /wp-login.php HTTP/1.1" 200 7666 "-" "Mozilla/5.0 (Windows NT 10.0; Win64; x64) AppleWebKit/537.36 (KHTML, like Gecko) Chrome/87.0.4280.88 Safari/537.36"
185.230.138.4 - - [15/Apr/2022:14:49:48 +0200] "POST /wp-login.php HTTP/1.1" 200 7669 "-" "Mozilla/5.0 (Windows NT 10.0; Win64; x64) AppleWebKit/537.36 (KHTML, like Gecko) Chrome/70.0.3538.67 Safari/537.36"
66.249.65.131 - - [15/Apr/2022:14:50:20 +0200] "GET / HTTP/1.1" 200 30331 "-" "Mozilla/5.0 (compatible; Googlebot/2.1; +http://www.google.com/bot.html)"
158.69.125.189 - - [15/Apr/2022:14:51:24 +0200] "POST /wp-login.php HTTP/1.1" 200 7674 "-" "Mozilla/5.0 (Windows NT 10.0; Win64; x64) AppleWebKit/537.36 (KHTML, like Gecko) Chrome/70.0.3538.67 Safari/537.36"
27.255.221.43 - - [15/Apr/2022:14:51:34 +0200] "POST /wp-admin/admin-ajax.php HTTP/1.1" 200 5301 "https://masmexico.com.mx/" "Mozilla/5.0 (Windows NT 10.0; Win64; x64) AppleWebKit/537.36 (KHTML, like Gecko) Chrome/100.0.4896.88 Safari/537.36"
66.249.65.131 - - [15/Apr/2022:14:52:13 +0200] "GET /wp-content/themes/classiera/css/owl.carousel.min.css?ver=1 HTTP/1.1" 200 6053 "https://masmexico.com.mx/" "Mozilla/5.0 AppleWebKit/537.36 (KHTML, like Gecko; compatible; Googlebot/2.1; +http://www.google.com/bot.html) Chrome/100.0.4896.75 Safari/537.36"
66.249.65.134 - - [15/Apr/2022:14:52:14 +0200] "GET /wp-content/plugins/accesspress-social-share/css/frontend.css?ver=4.5.6 HTTP/1.1" 200 8899 "https://masmexico.com.mx/" "Mozilla/5.0 AppleWebKit/537.36 (KHTML, like Gecko; compatible; Googlebot/2.1; +http://www.google.com/bot.html) Chrome/100.0.4896.75 Safari/537.36"
66.249.65.134 - - [15/Apr/2022:14:52:15 +0200] "GET /wp-content/plugins/accesspress-social-login-lite/css/font-awesome/all.min.css?ver=3.4.8 HTTP/1.1" 200 13284 "https://masmexico.com.mx/" "Mozilla/5.0 AppleWebKit/537.36 (KHTML, like Gecko; compatible; Googlebot/2.1; +http://www.google.com/bot.html) Chrome/100.0.4896.75 Safari/537.36"
66.249.65.131 - - [15/Apr/2022:14:52:16 +0200] "GET /wp-content/themes/classiera/css/select2.min.css?ver=1 HTTP/1.1" 200 2346 "https://masmexico.com.mx/" "Mozilla/5.0 AppleWebKit/537.36 (KHTML, like Gecko; compatible; Googlebot/2.1; +http://www.google.com/bot.html) Chrome/100.0.4896.75 Safari/537.36"
66.249.65.134 - - [15/Apr/2022:14:52:18 +0200] "GET /wp-content/themes/classiera/css/jquery-ui.min.css?ver=1 HTTP/1.1" 200 7956 "https://masmexico.com.mx/" "Mozilla/5.0 AppleWebKit/537.36 (KHTML, like Gecko; compatible; Googlebot/2.1; +http://www.google.com/bot.html) Chrome/100.0.4896.75 Safari/537.36"
66.249.65.131 - - [15/Apr/2022:14:52:19 +0200] "GET /wp-includes/css/dist/block-library/style.min.css?ver=5.9.3 HTTP/1.1" 200 11633 "https://masmexico.com.mx/" "Mozilla/5.0 AppleWebKit/537.36 (KHTML, like Gecko; compatible; Googlebot/2.1; +http://www.google.com/bot.html) Chrome/100.0.4896.75 Safari/537.36"
66.249.65.131 - - [15/Apr/2022:14:52:21 +0200] "GET /wp-content/plugins/accesspress-social-login-lite/css/frontend.css?ver=3.4.8 HTTP/1.1" 200 2501 "https://masmexico.com.mx/" "Mozilla/5.0 AppleWebKit/537.36 (KHTML, like Gecko; compatible; Googlebot/2.1; +http://www.google.com/bot.html) Chrome/100.0.4896.75 Safari/537.36"
66.249.65.131 - - [15/Apr/2022:14:52:23 +0200] "GET /wp-content/plugins/LayerSlider/assets/static/layerslider/js/layerslider.kreaturamedia.jquery.js?ver=7.0.7 HTTP/1.1" 200 48507 "https://masmexico.com.mx/" "Mozilla/5.0 AppleWebKit/537.36 (KHTML, like Gecko; compatible; Googlebot/2.1; +http://www.google.com/bot.html) Chrome/100.0.4896.75 Safari/537.36"
66.249.65.131 - - [15/Apr/2022:14:52:24 +0200] "GET /wp-content/plugins/accesspress-social-login-lite/js/frontend.js?ver=3.4.8 HTTP/1.1" 200 527 "https://masmexico.com.mx/" "Mozilla/5.0 AppleWebKit/537.36 (KHTML, like Gecko; compatible; Googlebot/2.1; +http://www.google.com/bot.html) Chrome/100.0.4896.75 Safari/537.36"
148.66.147.42 - - [15/Apr/2022:14:52:35 +0200] "POST /xmlrpc.php HTTP/1.1" 200 5330 "-" "Mozilla/5.0 (iPhone; CPU iPhone OS 15_3_1 like Mac OS X) AppleWebKit/605.1.115 (KHTML, like Gecko) Mobile/961388 wp-iphone/19.5"
132.154.6.89 - - [15/Apr/2022:14:53:05 +0200] "GET / HTTP/1.1" 301 449 "-" "Mozilla/5.0 (iPhone; CPU iPhone OS 15_3 like Mac OS X) AppleWebKit/605.1.15 (KHTML, like Gecko) GSA/206.1.438432329 Mobile/15E148 Safari/604.1"
132.154.6.89 - - [15/Apr/2022:14:53:17 +0200] "GET / HTTP/1.1" 200 30295 "-" "Mozilla/5.0 (iPhone; CPU iPhone OS 15_3 like Mac OS X) AppleWebKit/605.1.15 (KHTML, like Gecko) GSA/206.1.438432329 Mobile/15E148 Safari/604.1"
132.154.6.89 - - [15/Apr/2022:14:53:20 +0200] "GET /wp-content/plugins/accesspress-social-share/css/frontend.css?ver=4.5.6 HTTP/1.1" 200 4178 "https://masmexico.com.mx/" "Mozilla/5.0 (iPhone; CPU iPhone OS 15_3 like Mac OS X) AppleWebKit/605.1.15 (KHTML, like Gecko) GSA/206.1.438432329 Mobile/15E148 Safari/604.1"
116.193.191.152 - - [15/Apr/2022:14:53:21 +0200] "POST /wp-login.php HTTP/1.1" 200 7669 "-" "Mozilla/5.0 (Windows NT 10.0; WOW64) AppleWebKit/537.36 (KHTML, like Gecko) Chrome/46.0.2490.86 Safari/537.36"
132.154.6.89 - - [15/Apr/2022:14:53:25 +0200] "GET /wp-content/plugins/accesspress-social-login-lite/css/frontend.css?ver=3.4.8 HTTP/1.1" 200 7237 "https://masmexico.com.mx/" "Mozilla/5.0 (iPhone; CPU iPhone OS 15_3 like Mac OS X) AppleWebKit/605.1.15 (KHTML, like Gecko) GSA/206.1.438432329 Mobile/15E148 Safari/604.1"
132.154.6.89 - - [15/Apr/2022:14:53:25 +0200] "GET /wp-content/plugins/accesspress-social-share/css/fontawesome-all.css?ver=4.5.6 HTTP/1.1" 200 13637 "https://masmexico.com.mx/" "Mozilla/5.0 (iPhone; CPU iPhone OS 15_3 like Mac OS X) AppleWebKit/605.1.15 (KHTML, like Gecko) GSA/206.1.438432329 Mobile/15E148 Safari/604.1"
132.154.6.89 - - [15/Apr/2022:14:53:26 +0200] "GET /wp-content/themes/classiera/style.css?ver=5.9.3 HTTP/1.1" 200 760 "https://masmexico.com.mx/" "Mozilla/5.0 (iPhone; CPU iPhone OS 15_3 like Mac OS X) AppleWebKit/605.1.15 (KHTML, like Gecko) GSA/206.1.438432329 Mobile/15E148 Safari/604.1"
132.154.6.89 - - [15/Apr/2022:14:53:28 +0200] "GET /wp-content/themes/classiera/css/select2.min.css?ver=1 HTTP/1.1" 200 2346 "https://masmexico.com.mx/" "Mozilla/5.0 (iPhone; CPU iPhone OS 15_3 like Mac OS X) AppleWebKit/605.1.15 (KHTML, like Gecko) GSA/206.1.438432329 Mobile/15E148 Safari/604.1"
132.154.6.89 - - [15/Apr/2022:14:53:29 +0200] "GET /wp-includes/css/dist/block-library/style.min.css?ver=5.9.3 HTTP/1.1" 200 16369 "https://masmexico.com.mx/" "Mozilla/5.0 (iPhone; CPU iPhone OS 15_3 like Mac OS X) AppleWebKit/605.1.15 (KHTML, like Gecko) GSA/206.1.438432329 Mobile/15E148 Safari/604.1"
132.154.6.89 - - [15/Apr/2022:14:53:29 +0200] "GET /wp-content/themes/classiera/css/jquery-ui.min.css?ver=1 HTTP/1.1" 200 7956 "https://masmexico.com.mx/" "Mozilla/5.0 (iPhone; CPU iPhone OS 15_3 like Mac OS X) AppleWebKit/605.1.15 (KHTML, like Gecko) GSA/206.1.438432329 Mobile/15E148 Safari/604.1"
132.154.6.89 - - [15/Apr/2022:14:53:29 +0200] "GET /wp-content/plugins/accesspress-social-login-lite/css/font-awesome/all.min.css?ver=3.4.8 HTTP/1.1" 200 18020 "https://masmexico.com.mx/" "Mozilla/5.0 (iPhone; CPU iPhone OS 15_3 like Mac OS X) AppleWebKit/605.1.15 (KHTML, like Gecko) GSA/206.1.438432329 Mobile/15E148 Safari/604.1"
74.125.215.42 - - [15/Apr/2022:14:53:29 +0200] "GET / HTTP/1.1" 200 30331 "-" "Mozilla/5.0 (Linux; Android 7.0; SM-G930V Build/NRD90M) AppleWebKit/537.36 (KHTML, like Gecko) Chrome/59.0.3071.125 Mobile Safari/537.36 (compatible; Google-Read-Aloud; +https://support.google.com/webmasters/answer/1061943)"
132.154.6.89 - - [15/Apr/2022:14:53:30 +0200] "GET /wp-content/plugins/LayerSlider/assets/static/layerslider/css/layerslider.css?ver=7.0.7 HTTP/1.1" 200 9362 "https://masmexico.com.mx/" "Mozilla/5.0 (iPhone; CPU iPhone OS 15_3 like Mac OS X) AppleWebKit/605.1.15 (KHTML, like Gecko) GSA/206.1.438432329 Mobile/15E148 Safari/604.1"
64.233.173.235 - - [15/Apr/2022:14:53:30 +0200] "GET / HTTP/1.1" 200 30331 "-" "Mozilla/5.0 (Linux; Android 7.0; SM-G930V Build/NRD90M) AppleWebKit/537.36 (KHTML, like Gecko) Chrome/59.0.3071.125 Mobile Safari/537.36 (compatible; Google-Read-Aloud; +https://support.google.com/webmasters/answer/1061943)"
64.233.173.237 - - [15/Apr/2022:14:53:30 +0200] "GET / HTTP/1.1" 200 30332 "-" "Mozilla/5.0 (Linux; Android 7.0; SM-G930V Build/NRD90M) AppleWebKit/537.36 (KHTML, like Gecko) Chrome/59.0.3071.125 Mobile Safari/537.36 (compatible; Google-Read-Aloud; +https://support.google.com/webmasters/answer/1061943)"
64.233.173.233 - - [15/Apr/2022:14:53:30 +0200] "GET / HTTP/1.1" 200 30333 "-" "Mozilla/5.0 (Linux; Android 7.0; SM-G930V Build/NRD90M) AppleWebKit/537.36 (KHTML, like Gecko) Chrome/59.0.3071.125 Mobile Safari/537.36 (compatible; Google-Read-Aloud; +https://support.google.com/webmasters/answer/1061943)"
74.125.215.42 - - [15/Apr/2022:14:53:30 +0200] "GET /wp-includes/css/dist/block-library/style.min.css?ver=5.9.3 HTTP/1.1" 200 11633 "https://masmexico.com.mx/" "Mozilla/5.0 (Linux; Android 7.0; SM-G930V Build/NRD90M) AppleWebKit/537.36 (KHTML, like Gecko) Chrome/59.0.3071.125 Mobile Safari/537.36 (compatible; Google-Read-Aloud; +https://support.google.com/webmasters/answer/1061943)"
64.233.173.237 - - [15/Apr/2022:14:53:30 +0200] "GET / HTTP/1.1" 200 30331 "-" "Mozilla/5.0 (Linux; Android 7.0; SM-G930V Build/NRD90M) AppleWebKit/537.36 (KHTML, like Gecko) Chrome/59.0.3071.125 Mobile Safari/537.36 (compatible; Google-Read-Aloud; +https://support.google.com/webmasters/answer/1061943)"
64.233.173.233 - - [15/Apr/2022:14:53:30 +0200] "GET / HTTP/1.1" 200 30331 "-" "Mozilla/5.0 (Linux; Android 7.0; SM-G930V Build/NRD90M) AppleWebKit/537.36 (KHTML, like Gecko) Chrome/59.0.3071.125 Mobile Safari/537.36 (compatible; Google-Read-Aloud; +https://support.google.com/webmasters/answer/1061943)"
74.125.215.42 - - [15/Apr/2022:14:53:30 +0200] "GET /wp-content/themes/classiera/css/classiera-map.css?ver=1 HTTP/1.1" 200 4069 "https://masmexico.com.mx/" "Mozilla/5.0 (Linux; Android 7.0; SM-G930V Build/NRD90M) AppleWebKit/537.36 (KHTML, like Gecko) Chrome/59.0.3071.125 Mobile Safari/537.36 (compatible; Google-Read-Aloud; +https://support.google.com/webmasters/answer/1061943)"
74.125.215.44 - - [15/Apr/2022:14:53:30 +0200] "GET /wp-content/themes/classiera/css/jquery-ui.min.css?ver=1 HTTP/1.1" 200 12677 "https://masmexico.com.mx/" "Mozilla/5.0 (Linux; Android 7.0; SM-G930V Build/NRD90M) AppleWebKit/537.36 (KHTML, like Gecko) Chrome/59.0.3071.125 Mobile Safari/537.36 (compatible; Google-Read-Aloud; +https://support.google.com/webmasters/answer/1061943)"
74.125.215.42 - - [15/Apr/2022:14:53:30 +0200] "GET /wp-content/plugins/LayerSlider/assets/static/layerslider/css/layerslider.css?ver=7.0.7 HTTP/1.1" 200 9347 "https://masmexico.com.mx/" "Mozilla/5.0 (Linux; Android 7.0; SM-G930V Build/NRD90M) AppleWebKit/537.36 (KHTML, like Gecko) Chrome/59.0.3071.125 Mobile Safari/537.36 (compatible; Google-Read-Aloud; +https://support.google.com/webmasters/answer/1061943)"
74.125.215.42 - - [15/Apr/2022:14:53:30 +0200] "GET /wp-content/plugins/accesspress-social-login-lite/css/frontend.css?ver=3.4.8 HTTP/1.1" 200 7222 "https://masmexico.com.mx/" "Mozilla/5.0 (Linux; Android 7.0; SM-G930V Build/NRD90M) AppleWebKit/537.36 (KHTML, like Gecko) Chrome/59.0.3071.125 Mobile Safari/537.36 (compatible; Google-Read-Aloud; +https://support.google.com/webmasters/answer/1061943)"
74.125.215.44 - - [15/Apr/2022:14:53:30 +0200] "GET /wp-content/plugins/accesspress-social-login-lite/css/font-awesome/all.min.css?ver=3.4.8 HTTP/1.1" 200 18005 "https://masmexico.com.mx/" "Mozilla/5.0 (Linux; Android 7.0; SM-G930V Build/NRD90M) AppleWebKit/537.36 (KHTML, like Gecko) Chrome/59.0.3071.125 Mobile Safari/537.36 (compatible; Google-Read-Aloud; +https://support.google.com/webmasters/answer/1061943)"
74.125.215.42 - - [15/Apr/2022:14:53:30 +0200] "GET /wp-content/themes/classiera/css/classiera-components.css?ver=1 HTTP/1.1" 200 17610 "https://masmexico.com.mx/" "Mozilla/5.0 (Linux; Android 7.0; SM-G930V Build/NRD90M) AppleWebKit/537.36 (KHTML, like Gecko) Chrome/59.0.3071.125 Mobile Safari/537.36 (compatible; Google-Read-Aloud; +https://support.google.com/webmasters/answer/1061943)"
132.154.6.89 - - [15/Apr/2022:14:53:30 +0200] "GET /wp-content/themes/classiera-child/style.css?ver=5.9.3 HTTP/1.1" 200 6074 "https://masmexico.com.mx/" "Mozilla/5.0 (iPhone; CPU iPhone OS 15_3 like Mac OS X) AppleWebKit/605.1.15 (KHTML, like Gecko) GSA/206.1.438432329 Mobile/15E148 Safari/604.1"
74.125.215.44 - - [15/Apr/2022:14:53:30 +0200] "GET /wp-includes/js/jquery/jquery.min.js?ver=3.6.0 HTTP/1.1" 200 31393 "https://masmexico.com.mx/" "Mozilla/5.0 (Linux; Android 7.0; SM-G930V Build/NRD90M) AppleWebKit/537.36 (KHTML, like Gecko) Chrome/59.0.3071.125 Mobile Safari/537.36 (compatible; Google-Read-Aloud; +https://support.google.com/webmasters/answer/1061943)"
74.125.215.42 - - [15/Apr/2022:14:53:30 +0200] "GET /wp-content/plugins/LayerSlider/assets/static/layerslider/js/layerslider.utils.js?ver=7.0.7 HTTP/1.1" 200 42509 "https://masmexico.com.mx/" "Mozilla/5.0 (Linux; Android 7.0; SM-G930V Build/NRD90M) AppleWebKit/537.36 (KHTML, like Gecko) Chrome/59.0.3071.125 Mobile Safari/537.36 (compatible; Google-Read-Aloud; +https://support.google.com/webmasters/answer/1061943)"
74.125.215.42 - - [15/Apr/2022:14:53:30 +0200] "GET /wp-content/plugins/accesspress-social-login-lite/js/frontend.js?ver=3.4.8 HTTP/1.1" 200 527 "https://masmexico.com.mx/" "Mozilla/5.0 (Linux; Android 7.0; SM-G930V Build/NRD90M) AppleWebKit/537.36 (KHTML, like Gecko) Chrome/59.0.3071.125 Mobile Safari/537.36 (compatible; Google-Read-Aloud; +https://support.google.com/webmasters/answer/1061943)"
64.233.173.235 - - [15/Apr/2022:14:53:30 +0200] "GET /wp-includes/css/dist/block-library/style.min.css?ver=5.9.3 HTTP/1.1" 200 11633 "https://masmexico.com.mx/" "Mozilla/5.0 (Linux; Android 7.0; SM-G930V Build/NRD90M) AppleWebKit/537.36 (KHTML, like Gecko) Chrome/59.0.3071.125 Mobile Safari/537.36 (compatible; Google-Read-Aloud; +https://support.google.com/webmasters/answer/1061943)"
64.233.173.237 - - [15/Apr/2022:14:53:30 +0200] "GET /wp-content/plugins/accesspress-social-login-lite/css/font-awesome/all.min.css?ver=3.4.8 HTTP/1.1" 200 13284 "https://masmexico.com.mx/" "Mozilla/5.0 (Linux; Android 7.0; SM-G930V Build/NRD90M) AppleWebKit/537.36 (KHTML, like Gecko) Chrome/59.0.3071.125 Mobile Safari/537.36 (compatible; Google-Read-Aloud; +https://support.google.com/webmasters/answer/1061943)"
64.233.173.233 - - [15/Apr/2022:14:53:30 +0200] "GET /wp-content/plugins/accesspress-social-login-lite/css/font-awesome/all.min.css?ver=3.4.8 HTTP/1.1" 200 13284 "https://masmexico.com.mx/" "Mozilla/5.0 (Linux; Android 7.0; SM-G930V Build/NRD90M) AppleWebKit/537.36 (KHTML, like Gecko) Chrome/59.0.3071.125 Mobile Safari/537.36 (compatible; Google-Read-Aloud; +https://support.google.com/webmasters/answer/1061943)"
64.233.173.237 - - [15/Apr/2022:14:53:31 +0200] "GET /wp-content/themes/classiera/css/owl.carousel.min.css?ver=1 HTTP/1.1" 200 1332 "https://masmexico.com.mx/" "Mozilla/5.0 (Linux; Android 7.0; SM-G930V Build/NRD90M) AppleWebKit/537.36 (KHTML, like Gecko) Chrome/59.0.3071.125 Mobile Safari/537.36 (compatible; Google-Read-Aloud; +https://support.google.com/webmasters/answer/1061943)"
64.233.173.233 - - [15/Apr/2022:14:53:31 +0200] "GET /wp-includes/css/dist/block-library/style.min.css?ver=5.9.3 HTTP/1.1" 200 11633 "https://masmexico.com.mx/" "Mozilla/5.0 (Linux; Android 7.0; SM-G930V Build/NRD90M) AppleWebKit/537.36 (KHTML, like Gecko) Chrome/59.0.3071.125 Mobile Safari/537.36 (compatible; Google-Read-Aloud; +https://support.google.com/webmasters/answer/1061943)"
64.233.173.237 - - [15/Apr/2022:14:53:31 +0200] "GET /wp-content/themes/classiera/css/bootstrap-slider.css?ver=1 HTTP/1.1" 200 2479 "https://masmexico.com.mx/" "Mozilla/5.0 (Linux; Android 7.0; SM-G930V Build/NRD90M) AppleWebKit/537.36 (KHTML, like Gecko) Chrome/59.0.3071.125 Mobile Safari/537.36 (compatible; Google-Read-Aloud; +https://support.google.com/webmasters/answer/1061943)"
64.233.173.233 - - [15/Apr/2022:14:53:31 +0200] "GET /wp-content/themes/classiera/css/classiera-map.css?ver=1 HTTP/1.1" 200 4069 "https://masmexico.com.mx/" "Mozilla/5.0 (Linux; Android 7.0; SM-G930V Build/NRD90M) AppleWebKit/537.36 (KHTML, like Gecko) Chrome/59.0.3071.125 Mobile Safari/537.36 (compatible; Google-Read-Aloud; +https://support.google.com/webmasters/answer/1061943)"
74.125.215.44 - - [15/Apr/2022:14:53:31 +0200] "GET /wp-content/themes/classiera-child/style.css?ver=5.9.3 HTTP/1.1" 200 6059 "https://masmexico.com.mx/" "Mozilla/5.0 (Linux; Android 7.0; SM-G930V Build/NRD90M) AppleWebKit/537.36 (KHTML, like Gecko) Chrome/59.0.3071.125 Mobile Safari/537.36 (compatible; Google-Read-Aloud; +https://support.google.com/webmasters/answer/1061943)"
74.125.215.46 - - [15/Apr/2022:14:53:31 +0200] "GET /wp-content/plugins/accesspress-social-share/css/frontend.css?ver=4.5.6 HTTP/1.1" 200 8899 "https://masmexico.com.mx/" "Mozilla/5.0 (Linux; Android 7.0; SM-G930V Build/NRD90M) AppleWebKit/537.36 (KHTML, like Gecko) Chrome/59.0.3071.125 Mobile Safari/537.36 (compatible; Google-Read-Aloud; +https://support.google.com/webmasters/answer/1061943)"
64.233.173.235 - - [15/Apr/2022:14:53:31 +0200] "GET /wp-includes/js/jquery/jquery.min.js?ver=3.6.0 HTTP/1.1" 200 31393 "https://masmexico.com.mx/" "Mozilla/5.0 (Linux; Android 7.0; SM-G930V Build/NRD90M) AppleWebKit/537.36 (KHTML, like Gecko) Chrome/59.0.3071.125 Mobile Safari/537.36 (compatible; Google-Read-Aloud; +https://support.google.com/webmasters/answer/1061943)"
64.233.173.233 - - [15/Apr/2022:14:53:31 +0200] "GET /wp-content/themes/classiera/css/classiera-map.css?ver=1 HTTP/1.1" 200 4069 "https://masmexico.com.mx/" "Mozilla/5.0 (Linux; Android 7.0; SM-G930V Build/NRD90M) AppleWebKit/537.36 (KHTML, like Gecko) Chrome/59.0.3071.125 Mobile Safari/537.36 (compatible; Google-Read-Aloud; +https://support.google.com/webmasters/answer/1061943)"
64.233.173.237 - - [15/Apr/2022:14:53:31 +0200] "GET /wp-content/plugins/LayerSlider/assets/static/font-awesome-4/css/font-awesome.min.css?ver=4.7.0 HTTP/1.1" 200 7394 "https://masmexico.com.mx/" "Mozilla/5.0 (Linux; Android 7.0; SM-G930V Build/NRD90M) AppleWebKit/537.36 (KHTML, like Gecko) Chrome/59.0.3071.125 Mobile Safari/537.36 (compatible; Google-Read-Aloud; +https://support.google.com/webmasters/answer/1061943)"
64.233.173.235 - - [15/Apr/2022:14:53:31 +0200] "GET /wp-content/plugins/LayerSlider/assets/static/layerslider/js/layerslider.utils.js?ver=7.0.7 HTTP/1.1" 200 42509 "https://masmexico.com.mx/" "Mozilla/5.0 (Linux; Android 7.0; SM-G930V Build/NRD90M) AppleWebKit/537.36 (KHTML, like Gecko) Chrome/59.0.3071.125 Mobile Safari/537.36 (compatible; Google-Read-Aloud; +https://support.google.com/webmasters/answer/1061943)"
64.233.173.237 - - [15/Apr/2022:14:53:31 +0200] "GET /wp-content/plugins/LayerSlider/assets/static/font-awesome-4/css/font-awesome.min.css?ver=4.7.0 HTTP/1.1" 200 7394 "https://masmexico.com.mx/" "Mozilla/5.0 (Linux; Android 7.0; SM-G930V Build/NRD90M) AppleWebKit/537.36 (KHTML, like Gecko) Chrome/59.0.3071.125 Mobile Safari/537.36 (compatible; Google-Read-Aloud; +https://support.google.com/webmasters/answer/1061943)"
132.154.6.89 - - [15/Apr/2022:14:53:31 +0200] "GET /wp-content/themes/classiera/css/bootstrap.css?ver=1 HTTP/1.1" 200 21735 "https://masmexico.com.mx/" "Mozilla/5.0 (iPhone; CPU iPhone OS 15_3 like Mac OS X) AppleWebKit/605.1.15 (KHTML, like Gecko) GSA/206.1.438432329 Mobile/15E148 Safari/604.1"
64.233.173.235 - - [15/Apr/2022:14:53:31 +0200] "GET /wp-content/plugins/LayerSlider/assets/static/layerslider/js/layerslider.kreaturamedia.jquery.js?ver=7.0.7 HTTP/1.1" 200 48507 "https://masmexico.com.mx/" "Mozilla/5.0 (Linux; Android 7.0; SM-G930V Build/NRD90M) AppleWebKit/537.36 (KHTML, like Gecko) Chrome/59.0.3071.125 Mobile Safari/537.36 (compatible; Google-Read-Aloud; +https://support.google.com/webmasters/answer/1061943)"
132.154.6.89 - - [15/Apr/2022:14:53:31 +0200] "GET /wp-content/themes/classiera/css/animate.min.css?ver=1 HTTP/1.1" 200 3957 "https://masmexico.com.mx/" "Mozilla/5.0 (iPhone; CPU iPhone OS 15_3 like Mac OS X) AppleWebKit/605.1.15 (KHTML, like Gecko) GSA/206.1.438432329 Mobile/15E148 Safari/604.1"
74.125.215.44 - - [15/Apr/2022:14:53:32 +0200] "GET /wp-content/themes/classiera/css/classiera.css?ver=1 HTTP/1.1" 200 38256 "https://masmexico.com.mx/" "Mozilla/5.0 (Linux; Android 7.0; SM-G930V Build/NRD90M) AppleWebKit/537.36 (KHTML, like Gecko) Chrome/59.0.3071.125 Mobile Safari/537.36 (compatible; Google-Read-Aloud; +https://support.google.com/webmasters/answer/1061943)"
64.233.173.237 - - [15/Apr/2022:14:53:32 +0200] "GET /wp-content/plugins/LayerSlider/assets/static/layerslider/js/layerslider.transitions.js?ver=7.0.7 HTTP/1.1" 200 3745 "https://masmexico.com.mx/" "Mozilla/5.0 (Linux; Android 7.0; SM-G930V Build/NRD90M) AppleWebKit/537.36 (KHTML, like Gecko) Chrome/59.0.3071.125 Mobile Safari/537.36 (compatible; Google-Read-Aloud; +https://support.google.com/webmasters/answer/1061943)"
74.125.215.46 - - [15/Apr/2022:14:53:32 +0200] "GET /wp-content/plugins/accesspress-social-share/css/fontawesome-all.css?ver=4.5.6 HTTP/1.1" 200 13622 "https://masmexico.com.mx/" "Mozilla/5.0 (Linux; Android 7.0; SM-G930V Build/NRD90M) AppleWebKit/537.36 (KHTML, like Gecko) Chrome/59.0.3071.125 Mobile Safari/537.36 (compatible; Google-Read-Aloud; +https://support.google.com/webmasters/answer/1061943)"
74.125.215.46 - - [15/Apr/2022:14:53:32 +0200] "GET /wp-content/themes/classiera/css/material-design-iconic-font.css?ver=1 HTTP/1.1" 200 19297 "https://masmexico.com.mx/" "Mozilla/5.0 (Linux; Android 7.0; SM-G930V Build/NRD90M) AppleWebKit/537.36 (KHTML, like Gecko) Chrome/59.0.3071.125 Mobile Safari/537.36 (compatible; Google-Read-Aloud; +https://support.google.com/webmasters/answer/1061943)"
74.125.215.44 - - [15/Apr/2022:14:53:32 +0200] "GET /wp-content/themes/classiera/css/fontawesome.css?ver=1 HTTP/1.1" 200 18525 "https://masmexico.com.mx/" "Mozilla/5.0 (Linux; Android 7.0; SM-G930V Build/NRD90M) AppleWebKit/537.36 (KHTML, like Gecko) Chrome/59.0.3071.125 Mobile Safari/537.36 (compatible; Google-Read-Aloud; +https://support.google.com/webmasters/answer/1061943)"
74.125.215.46 - - [15/Apr/2022:14:53:32 +0200] "GET /wp-content/themes/classiera/css/animate.min.css?ver=1 HTTP/1.1" 200 8678 "https://masmexico.com.mx/" "Mozilla/5.0 (Linux; Android 7.0; SM-G930V Build/NRD90M) AppleWebKit/537.36 (KHTML, like Gecko) Chrome/59.0.3071.125 Mobile Safari/537.36 (compatible; Google-Read-Aloud; +https://support.google.com/webmasters/answer/1061943)"
64.233.173.233 - - [15/Apr/2022:14:53:32 +0200] "GET /wp-content/plugins/accesspress-social-login-lite/js/frontend.js?ver=3.4.8 HTTP/1.1" 200 527 "https://masmexico.com.mx/" "Mozilla/5.0 (Linux; Android 7.0; SM-G930V Build/NRD90M) AppleWebKit/537.36 (KHTML, like Gecko) Chrome/59.0.3071.125 Mobile Safari/537.36 (compatible; Google-Read-Aloud; +https://support.google.com/webmasters/answer/1061943)"
74.125.215.46 - - [15/Apr/2022:14:53:33 +0200] "GET /wp-content/themes/classiera/style.css?ver=5.9.3 HTTP/1.1" 200 5481 "https://masmexico.com.mx/" "Mozilla/5.0 (Linux; Android 7.0; SM-G930V Build/NRD90M) AppleWebKit/537.36 (KHTML, like Gecko) Chrome/59.0.3071.125 Mobile Safari/537.36 (compatible; Google-Read-Aloud; +https://support.google.com/webmasters/answer/1061943)"
74.125.215.42 - - [15/Apr/2022:14:53:33 +0200] "GET /wp-content/themes/classiera/css/bootstrap-dropdownhover.min.css?ver=1 HTTP/1.1" 200 5554 "https://masmexico.com.mx/" "Mozilla/5.0 (Linux; Android 7.0; SM-G930V Build/NRD90M) AppleWebKit/537.36 (KHTML, like Gecko) Chrome/59.0.3071.125 Mobile Safari/537.36 (compatible; Google-Read-Aloud; +https://support.google.com/webmasters/answer/1061943)"
74.125.215.44 - - [15/Apr/2022:14:53:33 +0200] "GET /wp-content/themes/classiera/css/owl.theme.default.min.css?ver=1 HTTP/1.1" 200 5557 "https://masmexico.com.mx/" "Mozilla/5.0 (Linux; Android 7.0; SM-G930V Build/NRD90M) AppleWebKit/537.36 (KHTML, like Gecko) Chrome/59.0.3071.125 Mobile Safari/537.36 (compatible; Google-Read-Aloud; +https://support.google.com/webmasters/answer/1061943)"
74.125.215.46 - - [15/Apr/2022:14:53:33 +0200] "GET /wp-content/themes/classiera/css/responsive.css?ver=1 HTTP/1.1" 200 9382 "https://masmexico.com.mx/" "Mozilla/5.0 (Linux; Android 7.0; SM-G930V Build/NRD90M) AppleWebKit/537.36 (KHTML, like Gecko) Chrome/59.0.3071.125 Mobile Safari/537.36 (compatible; Google-Read-Aloud; +https://support.google.com/webmasters/answer/1061943)"
74.125.215.42 - - [15/Apr/2022:14:53:33 +0200] "GET /wp-content/themes/classiera/css/select2.min.css?ver=1 HTTP/1.1" 200 7067 "https://masmexico.com.mx/" "Mozilla/5.0 (Linux; Android 7.0; SM-G930V Build/NRD90M) AppleWebKit/537.36 (KHTML, like Gecko) Chrome/59.0.3071.125 Mobile Safari/537.36 (compatible; Google-Read-Aloud; +https://support.google.com/webmasters/answer/1061943)"
74.125.215.42 - - [15/Apr/2022:14:53:33 +0200] "GET /wp-content/themes/classiera/css/bootstrap.css?ver=1 HTTP/1.1" 200 26456 "https://masmexico.com.mx/" "Mozilla/5.0 (Linux; Android 7.0; SM-G930V Build/NRD90M) AppleWebKit/537.36 (KHTML, like Gecko) Chrome/59.0.3071.125 Mobile Safari/537.36 (compatible; Google-Read-Aloud; +https://support.google.com/webmasters/answer/1061943)"
74.125.215.44 - - [15/Apr/2022:14:53:33 +0200] "GET /wp-content/themes/classiera/css/owl.carousel.min.css?ver=1 HTTP/1.1" 200 6053 "https://masmexico.com.mx/" "Mozilla/5.0 (Linux; Android 7.0; SM-G930V Build/NRD90M) AppleWebKit/537.36 (KHTML, like Gecko) Chrome/59.0.3071.125 Mobile Safari/537.36 (compatible; Google-Read-Aloud; +https://support.google.com/webmasters/answer/1061943)"
74.125.215.44 - - [15/Apr/2022:14:53:33 +0200] "GET /wp-content/themes/classiera/css/bootstrap-slider.css?ver=1 HTTP/1.1" 200 7200 "https://masmexico.com.mx/" "Mozilla/5.0 (Linux; Android 7.0; SM-G930V Build/NRD90M) AppleWebKit/537.36 (KHTML, like Gecko) Chrome/59.0.3071.125 Mobile Safari/537.36 (compatible; Google-Read-Aloud; +https://support.google.com/webmasters/answer/1061943)"
74.125.215.46 - - [15/Apr/2022:14:53:34 +0200] "GET /wp-includes/js/jquery/jquery-migrate.min.js?ver=3.3.2 HTTP/1.1" 200 9263 "https://masmexico.com.mx/" "Mozilla/5.0 (Linux; Android 7.0; SM-G930V Build/NRD90M) AppleWebKit/537.36 (KHTML, like Gecko) Chrome/59.0.3071.125 Mobile Safari/537.36 (compatible; Google-Read-Aloud; +https://support.google.com/webmasters/answer/1061943)"
74.125.215.46 - - [15/Apr/2022:14:53:34 +0200] "GET /wp-content/plugins/LayerSlider/assets/static/layerslider/js/layerslider.transitions.js?ver=7.0.7 HTTP/1.1" 200 8466 "https://masmexico.com.mx/" "Mozilla/5.0 (Linux; Android 7.0; SM-G930V Build/NRD90M) AppleWebKit/537.36 (KHTML, like Gecko) Chrome/59.0.3071.125 Mobile Safari/537.36 (compatible; Google-Read-Aloud; +https://support.google.com/webmasters/answer/1061943)"
74.125.215.46 - - [15/Apr/2022:14:53:34 +0200] "GET /wp-content/plugins/LayerSlider/assets/static/layerslider/js/layerslider.kreaturamedia.jquery.js?ver=7.0.7 HTTP/1.1" 200 53228 "https://masmexico.com.mx/" "Mozilla/5.0 (Linux; Android 7.0; SM-G930V Build/NRD90M) AppleWebKit/537.36 (KHTML, like Gecko) Chrome/59.0.3071.125 Mobile Safari/537.36 (compatible; Google-Read-Aloud; +https://support.google.com/webmasters/answer/1061943)"
74.125.215.42 - - [15/Apr/2022:14:53:34 +0200] "GET /wp-content/plugins/LayerSlider/assets/static/font-awesome-4/css/font-awesome.min.css?ver=4.7.0 HTTP/1.1" 200 7394 "https://masmexico.com.mx/" "Mozilla/5.0 (Linux; Android 7.0; SM-G930V Build/NRD90M) AppleWebKit/537.36 (KHTML, like Gecko) Chrome/59.0.3071.125 Mobile Safari/537.36 (compatible; Google-Read-Aloud; +https://support.google.com/webmasters/answer/1061943)"
64.233.173.233 - - [15/Apr/2022:14:53:34 +0200] "GET /wp-content/themes/classiera/css/select2.min.css?ver=1 HTTP/1.1" 200 7067 "https://masmexico.com.mx/" "Mozilla/5.0 (Linux; Android 7.0; SM-G930V Build/NRD90M) AppleWebKit/537.36 (KHTML, like Gecko) Chrome/59.0.3071.125 Mobile Safari/537.36 (compatible; Google-Read-Aloud; +https://support.google.com/webmasters/answer/1061943)"
64.233.173.237 - - [15/Apr/2022:14:53:34 +0200] "GET /wp-content/themes/classiera/style.css?ver=5.9.3 HTTP/1.1" 200 5481 "https://masmexico.com.mx/" "Mozilla/5.0 (Linux; Android 7.0; SM-G930V Build/NRD90M) AppleWebKit/537.36 (KHTML, like Gecko) Chrome/59.0.3071.125 Mobile Safari/537.36 (compatible; Google-Read-Aloud; +https://support.google.com/webmasters/answer/1061943)"
64.233.173.233 - - [15/Apr/2022:14:53:34 +0200] "GET /wp-content/plugins/accesspress-social-share/css/fontawesome-all.css?ver=4.5.6 HTTP/1.1" 200 13622 "https://masmexico.com.mx/" "Mozilla/5.0 (Linux; Android 7.0; SM-G930V Build/NRD90M) AppleWebKit/537.36 (KHTML, like Gecko) Chrome/59.0.3071.125 Mobile Safari/537.36 (compatible; Google-Read-Aloud; +https://support.google.com/webmasters/answer/1061943)"
64.233.173.235 - - [15/Apr/2022:14:53:34 +0200] "GET /wp-content/plugins/accesspress-social-login-lite/css/frontend.css?ver=3.4.8 HTTP/1.1" 200 7222 "https://masmexico.com.mx/" "Mozilla/5.0 (Linux; Android 7.0; SM-G930V Build/NRD90M) AppleWebKit/537.36 (KHTML, like Gecko) Chrome/59.0.3071.125 Mobile Safari/537.36 (compatible; Google-Read-Aloud; +https://support.google.com/webmasters/answer/1061943)"
64.233.173.235 - - [15/Apr/2022:14:53:34 +0200] "GET /wp-content/themes/classiera/css/bootstrap-dropdownhover.min.css?ver=1 HTTP/1.1" 200 5554 "https://masmexico.com.mx/" "Mozilla/5.0 (Linux; Android 7.0; SM-G930V Build/NRD90M) AppleWebKit/537.36 (KHTML, like Gecko) Chrome/59.0.3071.125 Mobile Safari/537.36 (compatible; Google-Read-Aloud; +https://support.google.com/webmasters/answer/1061943)"
64.233.173.235 - - [15/Apr/2022:14:53:34 +0200] "GET /wp-content/plugins/accesspress-social-share/css/frontend.css?ver=4.5.6 HTTP/1.1" 200 8899 "https://masmexico.com.mx/" "Mozilla/5.0 (Linux; Android 7.0; SM-G930V Build/NRD90M) AppleWebKit/537.36 (KHTML, like Gecko) Chrome/59.0.3071.125 Mobile Safari/537.36 (compatible; Google-Read-Aloud; +https://support.google.com/webmasters/answer/1061943)"
64.233.173.235 - - [15/Apr/2022:14:53:34 +0200] "GET /wp-content/themes/classiera/css/jquery-ui.min.css?ver=1 HTTP/1.1" 200 12677 "https://masmexico.com.mx/" "Mozilla/5.0 (Linux; Android 7.0; SM-G930V Build/NRD90M) AppleWebKit/537.36 (KHTML, like Gecko) Chrome/59.0.3071.125 Mobile Safari/537.36 (compatible; Google-Read-Aloud; +https://support.google.com/webmasters/answer/1061943)"
64.233.173.235 - - [15/Apr/2022:14:53:34 +0200] "GET /wp-content/themes/classiera/css/responsive.css?ver=1 HTTP/1.1" 200 9382 "https://masmexico.com.mx/" "Mozilla/5.0 (Linux; Android 7.0; SM-G930V Build/NRD90M) AppleWebKit/537.36 (KHTML, like Gecko) Chrome/59.0.3071.125 Mobile Safari/537.36 (compatible; Google-Read-Aloud; +https://support.google.com/webmasters/answer/1061943)"
64.233.173.235 - - [15/Apr/2022:14:53:34 +0200] "GET /wp-content/plugins/LayerSlider/assets/static/layerslider/css/layerslider.css?ver=7.0.7 HTTP/1.1" 200 9347 "https://masmexico.com.mx/" "Mozilla/5.0 (Linux; Android 7.0; SM-G930V Build/NRD90M) AppleWebKit/537.36 (KHTML, like Gecko) Chrome/59.0.3071.125 Mobile Safari/537.36 (compatible; Google-Read-Aloud; +https://support.google.com/webmasters/answer/1061943)"
64.233.173.237 - - [15/Apr/2022:14:53:34 +0200] "GET /wp-content/themes/classiera/css/animate.min.css?ver=1 HTTP/1.1" 200 8678 "https://masmexico.com.mx/" "Mozilla/5.0 (Linux; Android 7.0; SM-G930V Build/NRD90M) AppleWebKit/537.36 (KHTML, like Gecko) Chrome/59.0.3071.125 Mobile Safari/537.36 (compatible; Google-Read-Aloud; +https://support.google.com/webmasters/answer/1061943)"
64.233.173.237 - - [15/Apr/2022:14:53:34 +0200] "GET /wp-content/themes/classiera/css/fontawesome.css?ver=1 HTTP/1.1" 200 18525 "https://masmexico.com.mx/" "Mozilla/5.0 (Linux; Android 7.0; SM-G930V Build/NRD90M) AppleWebKit/537.36 (KHTML, like Gecko) Chrome/59.0.3071.125 Mobile Safari/537.36 (compatible; Google-Read-Aloud; +https://support.google.com/webmasters/answer/1061943)"
64.233.173.237 - - [15/Apr/2022:14:53:34 +0200] "GET /wp-content/themes/classiera/css/bootstrap.css?ver=1 HTTP/1.1" 200 26456 "https://masmexico.com.mx/" "Mozilla/5.0 (Linux; Android 7.0; SM-G930V Build/NRD90M) AppleWebKit/537.36 (KHTML, like Gecko) Chrome/59.0.3071.125 Mobile Safari/537.36 (compatible; Google-Read-Aloud; +https://support.google.com/webmasters/answer/1061943)"
64.233.173.237 - - [15/Apr/2022:14:53:34 +0200] "GET /wp-content/themes/classiera/css/classiera.css?ver=1 HTTP/1.1" 200 38256 "https://masmexico.com.mx/" "Mozilla/5.0 (Linux; Android 7.0; SM-G930V Build/NRD90M) AppleWebKit/537.36 (KHTML, like Gecko) Chrome/59.0.3071.125 Mobile Safari/537.36 (compatible; Google-Read-Aloud; +https://support.google.com/webmasters/answer/1061943)"
74.125.215.42 - - [15/Apr/2022:14:53:34 +0200] "GET /wp-includes/js/thickbox/thickbox.js?ver=3.1-20121105 HTTP/1.1" 200 4374 "https://masmexico.com.mx/" "Mozilla/5.0 (Linux; Android 7.0; SM-G930V Build/NRD90M) AppleWebKit/537.36 (KHTML, like Gecko) Chrome/59.0.3071.125 Mobile Safari/537.36 (compatible; Google-Read-Aloud; +https://support.google.com/webmasters/answer/1061943)"
74.125.215.42 - - [15/Apr/2022:14:53:34 +0200] "GET /wp-content/plugins/accesspress-social-share/js/frontend.js?ver=4.5.6 HTTP/1.1" 200 886 "https://masmexico.com.mx/" "Mozilla/5.0 (Linux; Android 7.0; SM-G930V Build/NRD90M) AppleWebKit/537.36 (KHTML, like Gecko) Chrome/59.0.3071.125 Mobile Safari/537.36 (compatible; Google-Read-Aloud; +https://support.google.com/webmasters/answer/1061943)"
74.125.215.46 - - [15/Apr/2022:14:53:34 +0200] "GET /wp-content/plugins/classiera-helper/js/dropzone.js?ver=5.9.3 HTTP/1.1" 200 31252 "https://masmexico.com.mx/" "Mozilla/5.0 (Linux; Android 7.0; SM-G930V Build/NRD90M) AppleWebKit/537.36 (KHTML, like Gecko) Chrome/59.0.3071.125 Mobile Safari/537.36 (compatible; Google-Read-Aloud; +https://support.google.com/webmasters/answer/1061943)"
74.125.215.42 - - [15/Apr/2022:14:53:34 +0200] "GET /wp-content/plugins/classiera-helper/js/classiera-helper.js?ver=5.9.3 HTTP/1.1" 200 1068 "https://masmexico.com.mx/" "Mozilla/5.0 (Linux; Android 7.0; SM-G930V Build/NRD90M) AppleWebKit/537.36 (KHTML, like Gecko) Chrome/59.0.3071.125 Mobile Safari/537.36 (compatible; Google-Read-Aloud; +https://support.google.com/webmasters/answer/1061943)"
74.125.215.46 - - [15/Apr/2022:14:53:34 +0200] "GET /wp-content/themes/classiera-child/classiera-child.js?ver=5.9.3 HTTP/1.1" 200 462 "https://masmexico.com.mx/" "Mozilla/5.0 (Linux; Android 7.0; SM-G930V Build/NRD90M) AppleWebKit/537.36 (KHTML, like Gecko) Chrome/59.0.3071.125 Mobile Safari/537.36 (compatible; Google-Read-Aloud; +https://support.google.com/webmasters/answer/1061943)"
74.125.215.46 - - [15/Apr/2022:14:53:34 +0200] "GET /wp-content/themes/classiera/js/bootstrap.min.js?ver=5.9.3 HTTP/1.1" 200 10272 "https://masmexico.com.mx/" "Mozilla/5.0 (Linux; Android 7.0; SM-G930V Build/NRD90M) AppleWebKit/537.36 (KHTML, like Gecko) Chrome/59.0.3071.125 Mobile Safari/537.36 (compatible; Google-Read-Aloud; +https://support.google.com/webmasters/answer/1061943)"
74.125.215.46 - - [15/Apr/2022:14:53:35 +0200] "GET /wp-content/themes/classiera/js/bootstrap-dropdownhover.js?ver=5.9.3 HTTP/1.1" 200 2487 "https://masmexico.com.mx/" "Mozilla/5.0 (Linux; Android 7.0; SM-G930V Build/NRD90M) AppleWebKit/537.36 (KHTML, like Gecko) Chrome/59.0.3071.125 Mobile Safari/537.36 (compatible; Google-Read-Aloud; +https://support.google.com/webmasters/answer/1061943)"
74.125.215.44 - - [15/Apr/2022:14:53:35 +0200] "GET /wp-content/themes/classiera/js/validator.min.js?ver=5.9.3 HTTP/1.1" 200 2954 "https://masmexico.com.mx/" "Mozilla/5.0 (Linux; Android 7.0; SM-G930V Build/NRD90M) AppleWebKit/537.36 (KHTML, like Gecko) Chrome/59.0.3071.125 Mobile Safari/537.36 (compatible; Google-Read-Aloud; +https://support.google.com/webmasters/answer/1061943)"
74.125.215.42 - - [15/Apr/2022:14:53:35 +0200] "GET /wp-content/themes/classiera/js/owl.carousel.min.js?ver=5.9.3 HTTP/1.1" 200 11768 "https://masmexico.com.mx/" "Mozilla/5.0 (Linux; Android 7.0; SM-G930V Build/NRD90M) AppleWebKit/537.36 (KHTML, like Gecko) Chrome/59.0.3071.125 Mobile Safari/537.36 (compatible; Google-Read-Aloud; +https://support.google.com/webmasters/answer/1061943)"
74.125.215.44 - - [15/Apr/2022:14:53:35 +0200] "GET /wp-content/themes/classiera/js/jquery.matchHeight.js?ver=5.9.3 HTTP/1.1" 200 3406 "https://masmexico.com.mx/" "Mozilla/5.0 (Linux; Android 7.0; SM-G930V Build/NRD90M) AppleWebKit/537.36 (KHTML, like Gecko) Chrome/59.0.3071.125 Mobile Safari/537.36 (compatible; Google-Read-Aloud; +https://support.google.com/webmasters/answer/1061943)"
