40.77.139.118 - - [15/Apr/2022:23:05:52 +0200] "GET /wp-content/uploads/2022/03/Had420767bf6947ed92aab2ecacd42193C.jpg_300x300.webp HTTP/1.1" 200 9209 "https://masmexico.com.mx/high-efficiency-single-needle-mesh-scrubber-machine-automatic-weaving-machine/" "Mozilla/5.0 (Windows NT 6.1; WOW64) AppleWebKit/534+ (KHTML, like Gecko) BingPreview/1.0b"
157.55.39.14 - - [15/Apr/2022:23:05:51 +0200] "GET /laptop-bag-for-men-women-ocraho-computer-bags-15-6-school-college-briefcase-fashion-travel-shoulder-messenger-bags/ HTTP/1.1" 200 34356 "-" "Mozilla/5.0 (compatible; bingbot/2.0; +http://www.bing.com/bingbot.htm)"
157.55.39.100 - - [15/Apr/2022:23:05:51 +0200] "GET /manufacturer-directly-wholesale-titanium-used-in-nitinol-stents/ HTTP/1.1" 200 33341 "-" "Mozilla/5.0 (compatible; bingbot/2.0; +http://www.bing.com/bingbot.htm)"
157.55.39.39 - - [15/Apr/2022:23:05:54 +0200] "GET /alibaba-china-copper-mesh-fabric-with-low-price-for-decoration/ HTTP/1.1" 200 32003 "-" "Mozilla/5.0 (compatible; bingbot/2.0; +http://www.bing.com/bingbot.htm)"
157.55.39.100 - - [15/Apr/2022:23:05:54 +0200] "GET /sea-magik-salted-himalayan-spa-salts-1kg/ HTTP/1.1" 200 33422 "-" "Mozilla/5.0 (compatible; bingbot/2.0; +http://www.bing.com/bingbot.htm)"
157.55.39.167 - - [15/Apr/2022:23:05:56 +0200] "GET /xawee-hss-step-cone-taper-drill-metal-plastic-hole-cutter-metric-4-12-20-32mm-titanium-cone-bits-dril/ HTTP/1.1" 200 33865 "-" "Mozilla/5.0 (compatible; bingbot/2.0; +http://www.bing.com/bingbot.htm)"
157.55.39.39 - - [15/Apr/2022:23:05:57 +0200] "GET /tag/post/ HTTP/1.1" 200 27392 "-" "Mozilla/5.0 (compatible; bingbot/2.0; +http://www.bing.com/bingbot.htm)"
157.55.39.100 - - [15/Apr/2022:23:05:57 +0200] "GET /food-uv-sterilizer/ HTTP/1.1" 200 33062 "-" "Mozilla/5.0 (compatible; bingbot/2.0; +http://www.bing.com/bingbot.htm)"
157.55.39.167 - - [15/Apr/2022:23:05:58 +0200] "GET /category/uncategorized/ HTTP/1.1" 200 29916 "-" "Mozilla/5.0 (compatible; bingbot/2.0; +http://www.bing.com/bingbot.htm)"
157.55.39.100 - - [15/Apr/2022:23:06:00 +0200] "GET /tag/blog/ HTTP/1.1" 200 27393 "-" "Mozilla/5.0 (compatible; bingbot/2.0; +http://www.bing.com/bingbot.htm)"
157.55.39.39 - - [15/Apr/2022:23:06:01 +0200] "GET /tag/services/ HTTP/1.1" 200 28088 "-" "Mozilla/5.0 (compatible; bingbot/2.0; +http://www.bing.com/bingbot.htm)"
157.55.39.14 - - [15/Apr/2022:23:06:01 +0200] "GET /anti-slip-safety-aluminum-tread-plates/ HTTP/1.1" 200 33812 "-" "Mozilla/5.0 (compatible; bingbot/2.0; +http://www.bing.com/bingbot.htm)"
157.55.39.39 - - [15/Apr/2022:23:06:03 +0200] "GET /category/machinery/engineering-construction-machinery/ HTTP/1.1" 200 30875 "-" "Mozilla/5.0 (compatible; bingbot/2.0; +http://www.bing.com/bingbot.htm)"
198.71.231.38 - - [15/Apr/2022:23:06:03 +0200] "POST /xmlrpc.php HTTP/1.1" 200 5330 "-" "Mozilla/5.0 (iPhone; CPU iPhone OS 15_3_1 like Mac OS X) AppleWebKit/605.1.115 (KHTML, like Gecko) Mobile/908845 wp-iphone/19.5"
157.55.39.96 - - [15/Apr/2022:23:06:04 +0200] "GET /samsung-book-cover-ef-bt720-flip-cover-for-tablet/ HTTP/1.1" 200 33693 "-" "Mozilla/5.0 (compatible; bingbot/2.0; +http://www.bing.com/bingbot.htm)"
157.55.39.39 - - [15/Apr/2022:23:06:06 +0200] "GET /category/chemicals/basic-organic-chemicals/ HTTP/1.1" 200 32266 "-" "Mozilla/5.0 (compatible; bingbot/2.0; +http://www.bing.com/bingbot.htm)"
157.55.39.167 - - [15/Apr/2022:23:06:06 +0200] "GET /hot-wholesale-outdoor-travel-computer-bag-backpack-water-resistant-anti-theft-bag-with-usb/ HTTP/1.1" 200 34412 "-" "Mozilla/5.0 (compatible; bingbot/2.0; +http://www.bing.com/bingbot.htm)"
157.55.39.57 - - [15/Apr/2022:23:06:10 +0200] "GET /category/minerals/billets/page/2/ HTTP/1.1" 200 28978 "-" "Mozilla/5.0 (compatible; bingbot/2.0; +http://www.bing.com/bingbot.htm)"
157.55.39.100 - - [15/Apr/2022:23:06:11 +0200] "GET /gbl-cleaner-gamma-butyrolacton-gbl-chemical-procleaner-gbl/ HTTP/1.1" 200 33216 "-" "Mozilla/5.0 (compatible; bingbot/2.0; +http://www.bing.com/bingbot.htm)"
157.55.39.56 - - [15/Apr/2022:23:06:20 +0200] "GET /tsp-40-man-portable-drilling-rig/ HTTP/1.1" 200 33141 "-" "Mozilla/5.0 (compatible; bingbot/2.0; +http://www.bing.com/bingbot.htm)"
40.77.191.237 - - [15/Apr/2022:23:06:22 +0200] "GET /wp-content/uploads/2022/03/product-1025931-t-1630928296-o.webp HTTP/1.1" 200 31622 "-" "Mozilla/5.0 (Windows NT 6.1; WOW64) AppleWebKit/534+ (KHTML, like Gecko) BingPreview/1.0b"
157.55.39.100 - - [15/Apr/2022:23:06:22 +0200] "GET /99-8-tungsten-of-crystalline-tungsten-metal-powder-for-coating-powder/ HTTP/1.1" 200 33345 "-" "Mozilla/5.0 (compatible; bingbot/2.0; +http://www.bing.com/bingbot.htm)"
157.55.39.96 - - [15/Apr/2022:23:06:25 +0200] "GET /desmethylmoramide-inn/ HTTP/1.1" 200 33076 "-" "Mozilla/5.0 (compatible; bingbot/2.0; +http://www.bing.com/bingbot.htm)"
157.55.39.14 - - [15/Apr/2022:23:06:28 +0200] "GET /high-grade-rutile-type-titanium-dioxide-for-high-grade-ceramics/ HTTP/1.1" 200 33566 "-" "Mozilla/5.0 (compatible; bingbot/2.0; +http://www.bing.com/bingbot.htm)"
157.55.39.96 - - [15/Apr/2022:23:06:28 +0200] "GET /tungsten-carbide-indexable-inserts-wood-chipper-machine-used/ HTTP/1.1" 200 33446 "-" "Mozilla/5.0 (compatible; bingbot/2.0; +http://www.bing.com/bingbot.htm)"
157.55.39.100 - - [15/Apr/2022:23:06:32 +0200] "GET /author/mmadmin/page/4/ HTTP/1.1" 200 27104 "-" "Mozilla/5.0 (compatible; bingbot/2.0; +http://www.bing.com/bingbot.htm)"
40.77.191.235 - - [15/Apr/2022:23:06:33 +0200] "GET /wp-content/uploads/2022/03/product-1010128-t-1627648300-o.webp HTTP/1.1" 200 13971 "https://masmexico.com.mx/desmethylmoramide-inn/" "Mozilla/5.0 (Windows NT 6.1; WOW64) AppleWebKit/534+ (KHTML, like Gecko) BingPreview/1.0b"
157.55.39.39 - - [15/Apr/2022:23:06:32 +0200] "GET /oil-wax-leather-wine-red-business-briefcase-with-lock/ HTTP/1.1" 200 33576 "-" "Mozilla/5.0 (compatible; bingbot/2.0; +http://www.bing.com/bingbot.htm)"
157.55.39.39 - - [15/Apr/2022:23:06:35 +0200] "GET /fryer-machines/ HTTP/1.1" 200 33162 "-" "Mozilla/5.0 (compatible; bingbot/2.0; +http://www.bing.com/bingbot.htm)"
157.55.39.100 - - [15/Apr/2022:23:06:36 +0200] "GET /china-professional-supplier-automatic-cotton-swab-making-machine-cotton-bud-making-machine/ HTTP/1.1" 200 33345 "-" "Mozilla/5.0 (compatible; bingbot/2.0; +http://www.bing.com/bingbot.htm)"
157.55.39.167 - - [15/Apr/2022:23:06:37 +0200] "GET /drum-grinder/ HTTP/1.1" 200 33087 "-" "Mozilla/5.0 (compatible; bingbot/2.0; +http://www.bing.com/bingbot.htm)"
157.55.39.14 - - [15/Apr/2022:23:06:38 +0200] "GET /multi-function-household-digital-air-fryer/ HTTP/1.1" 200 33110 "-" "Mozilla/5.0 (compatible; bingbot/2.0; +http://www.bing.com/bingbot.htm)"
157.55.39.100 - - [15/Apr/2022:23:06:39 +0200] "GET /15-6-inch-nylon-laptop-bag-shoulder-bag-with-strap-multicompartment-messenger-hand-bag-tablet-briefcase/ HTTP/1.1" 200 33697 "-" "Mozilla/5.0 (compatible; bingbot/2.0; +http://www.bing.com/bingbot.htm)"
157.55.39.100 - - [15/Apr/2022:23:06:41 +0200] "GET /category/beauty-personal-care/bath-supplies/page/2/ HTTP/1.1" 200 29750 "-" "Mozilla/5.0 (compatible; bingbot/2.0; +http://www.bing.com/bingbot.htm)"
157.55.39.39 - - [15/Apr/2022:23:06:42 +0200] "GET /category/machinery/engineering-construction-machinery/page/2/ HTTP/1.1" 200 29659 "-" "Mozilla/5.0 (compatible; bingbot/2.0; +http://www.bing.com/bingbot.htm)"
157.55.39.14 - - [15/Apr/2022:23:06:48 +0200] "GET /multi-function-household-digital-air-fryer/ HTTP/1.1" 200 33210 "-" "Mozilla/5.0 (compatible; bingbot/2.0; +http://www.bing.com/bingbot.htm)"
40.77.139.7 - - [15/Apr/2022:23:06:48 +0200] "GET /wp-content/uploads/2022/03/product-1055576-t-1638796669-o.webp HTTP/1.1" 200 10470 "-" "Mozilla/5.0 (Windows NT 6.1; WOW64) AppleWebKit/534+ (KHTML, like Gecko) BingPreview/1.0b"
157.55.39.167 - - [15/Apr/2022:23:06:48 +0200] "GET /bucket-crusher/ HTTP/1.1" 200 33116 "-" "Mozilla/5.0 (compatible; bingbot/2.0; +http://www.bing.com/bingbot.htm)"
40.77.167.22 - - [15/Apr/2022:23:06:51 +0200] "GET /humic-acid-organic-fertilizer/ HTTP/1.1" 200 33617 "-" "Mozilla/5.0 (compatible; bingbot/2.0; +http://www.bing.com/bingbot.htm)"
157.55.39.39 - - [15/Apr/2022:23:06:52 +0200] "GET /waterproofing-fiberglass-mesh-tape-tissue-mat-tape-roll/ HTTP/1.1" 200 33393 "-" "Mozilla/5.0 (compatible; bingbot/2.0; +http://www.bing.com/bingbot.htm)"
157.55.39.167 - - [15/Apr/2022:23:06:57 +0200] "GET /category/chemicals/basic-organic-chemicals/page/2/ HTTP/1.1" 200 28988 "-" "Mozilla/5.0 (compatible; bingbot/2.0; +http://www.bing.com/bingbot.htm)"
157.55.39.39 - - [15/Apr/2022:23:07:03 +0200] "GET /fryer-machines/ HTTP/1.1" 200 32937 "-" "Mozilla/5.0 (compatible; bingbot/2.0; +http://www.bing.com/bingbot.htm)"
157.55.39.100 - - [15/Apr/2022:23:07:02 +0200] "GET /authentic-innosilicon-litecoin-miner-a4-a4-plus-ltcmaster-with-620mh-s-with-750w-power-consumption/ HTTP/1.1" 200 33280 "-" "Mozilla/5.0 (compatible; bingbot/2.0; +http://www.bing.com/bingbot.htm)"
157.55.39.100 - - [15/Apr/2022:23:07:12 +0200] "GET /1050-aluminum-sheet/ HTTP/1.1" 200 33516 "-" "Mozilla/5.0 (compatible; bingbot/2.0; +http://www.bing.com/bingbot.htm)"
157.55.39.39 - - [15/Apr/2022:23:07:12 +0200] "GET /best-price-gr2-38mm-45mm-50mm-58mm-60mm-63mm-70mm-76mm-80mm-89mm-titanium-exhaust-pipe-wholesale-for-motorcycle/ HTTP/1.1" 200 33758 "-" "Mozilla/5.0 (compatible; bingbot/2.0; +http://www.bing.com/bingbot.htm)"
40.77.167.22 - - [15/Apr/2022:23:07:23 +0200] "GET /category/beauty-personal-care/ HTTP/1.1" 200 34395 "-" "Mozilla/5.0 (compatible; bingbot/2.0; +http://www.bing.com/bingbot.htm)"
157.55.39.167 - - [15/Apr/2022:23:07:26 +0200] "GET /pile-driver/ HTTP/1.1" 200 33078 "-" "Mozilla/5.0 (compatible; bingbot/2.0; +http://www.bing.com/bingbot.htm)"
157.55.39.14 - - [15/Apr/2022:23:07:27 +0200] "GET /high-quality-epoxy-resin-coating/ HTTP/1.1" 200 33587 "-" "Mozilla/5.0 (compatible; bingbot/2.0; +http://www.bing.com/bingbot.htm)"
157.55.39.167 - - [15/Apr/2022:23:07:29 +0200] "GET /construction-real-estate-are-visiting-other-supplier-fiberglass-mesh/ HTTP/1.1" 200 33511 "-" "Mozilla/5.0 (compatible; bingbot/2.0; +http://www.bing.com/bingbot.htm)"
157.55.39.14 - - [15/Apr/2022:23:07:29 +0200] "GET /plain-weaving-fiberglass-fly-screen-mesh/ HTTP/1.1" 200 33357 "-" "Mozilla/5.0 (compatible; bingbot/2.0; +http://www.bing.com/bingbot.htm)"
157.55.39.39 - - [15/Apr/2022:23:07:32 +0200] "GET /jib-crane-with-vacuum-lifter/ HTTP/1.1" 200 33226 "-" "Mozilla/5.0 (compatible; bingbot/2.0; +http://www.bing.com/bingbot.htm)"
40.77.139.11 - - [15/Apr/2022:23:07:42 +0200] "GET /wp-content/uploads/2022/03/product-936329-t-1614055610-o.webp HTTP/1.1" 200 8317 "-" "Mozilla/5.0 (Windows NT 6.1; WOW64) AppleWebKit/534+ (KHTML, like Gecko) BingPreview/1.0b"
157.55.39.100 - - [15/Apr/2022:23:07:42 +0200] "GET /hydrofluoric_acid/ HTTP/1.1" 200 33180 "-" "Mozilla/5.0 (compatible; bingbot/2.0; +http://www.bing.com/bingbot.htm)"
157.55.39.100 - - [15/Apr/2022:23:07:44 +0200] "GET /rubber-roller-impact/ HTTP/1.1" 200 33068 "-" "Mozilla/5.0 (compatible; bingbot/2.0; +http://www.bing.com/bingbot.htm)"
157.55.39.167 - - [15/Apr/2022:23:07:47 +0200] "GET /0-5-2-5-10-20-30-50-60-90-microns-sintered-porous-ss-316l-stainless-steel-filter/ HTTP/1.1" 200 33477 "-" "Mozilla/5.0 (compatible; bingbot/2.0; +http://www.bing.com/bingbot.htm)"
157.55.39.100 - - [15/Apr/2022:23:07:47 +0200] "GET /man-portable-drilling-for-oil-prospecting/ HTTP/1.1" 200 33262 "-" "Mozilla/5.0 (compatible; bingbot/2.0; +http://www.bing.com/bingbot.htm)"
40.77.191.230 - - [15/Apr/2022:23:07:50 +0200] "GET /wp-content/uploads/2022/03/product-1014069-t-1628531303.webp HTTP/1.1" 200 16462 "https://masmexico.com.mx/hydrofluoric_acid/" "Mozilla/5.0 (Windows NT 6.1; WOW64) AppleWebKit/534+ (KHTML, like Gecko) BingPreview/1.0b"
157.55.39.14 - - [15/Apr/2022:23:07:51 +0200] "GET /glass-lifter/ HTTP/1.1" 200 33086 "-" "Mozilla/5.0 (compatible; bingbot/2.0; +http://www.bing.com/bingbot.htm)"
157.55.39.100 - - [15/Apr/2022:23:07:53 +0200] "GET /hydrofluoric_acid/ HTTP/1.1" 200 32988 "-" "Mozilla/5.0 (compatible; bingbot/2.0; +http://www.bing.com/bingbot.htm)"
157.55.39.14 - - [15/Apr/2022:23:07:54 +0200] "GET /chlorine-evaporator/ HTTP/1.1" 200 33002 "-" "Mozilla/5.0 (compatible; bingbot/2.0; +http://www.bing.com/bingbot.htm)"
157.55.39.167 - - [15/Apr/2022:23:07:57 +0200] "GET /44mm-ptfe-fiberglass-mesh-belt/ HTTP/1.1" 200 33322 "-" "Mozilla/5.0 (compatible; bingbot/2.0; +http://www.bing.com/bingbot.htm)"
157.55.39.14 - - [15/Apr/2022:23:07:58 +0200] "GET /chlorine-evaporator/ HTTP/1.1" 200 32934 "-" "Mozilla/5.0 (compatible; bingbot/2.0; +http://www.bing.com/bingbot.htm)"
51.107.184.18 - - [15/Apr/2022:23:08:08 +0200] "POST /wp-login.php HTTP/1.1" 200 7670 "-" "Mozilla/5.0 (Windows NT 6.1; WOW64) AppleWebKit/537.36 (KHTML, like Gecko) Chrome/36.0.1985.125 Safari/537.36"
157.55.39.39 - - [15/Apr/2022:23:08:13 +0200] "GET /china-manufacturer-ptfe-coated-fiber-glass-mesh-with-high-density-tfe-teflon-coated-fiberglass-mesh-conveyor-belt/ HTTP/1.1" 200 33680 "-" "Mozilla/5.0 (compatible; bingbot/2.0; +http://www.bing.com/bingbot.htm)"
40.77.167.22 - - [15/Apr/2022:23:08:21 +0200] "GET /category/chemicals/paints-coatings/ HTTP/1.1" 200 31438 "-" "Mozilla/5.0 (compatible; bingbot/2.0; +http://www.bing.com/bingbot.htm)"
202.131.107.130 - - [15/Apr/2022:23:08:41 +0200] "POST /wp-login.php HTTP/1.1" 200 7666 "-" "Mozilla/5.0 (Windows NT 6.1) AppleWebKit/537.36 (KHTML, like Gecko) Chrome/70.0.3538.77 Safari/537.36"
40.77.167.22 - - [15/Apr/2022:23:09:26 +0200] "GET /factory-price-stone-coated-steel-roofing-sheet-price-for-building-materials/ HTTP/1.1" 200 33197 "-" "Mozilla/5.0 (compatible; bingbot/2.0; +http://www.bing.com/bingbot.htm)"
157.55.39.14 - - [15/Apr/2022:23:09:28 +0200] "GET /phosphine_gas/ HTTP/1.1" 200 32911 "-" "Mozilla/5.0 (compatible; bingbot/2.0; +http://www.bing.com/bingbot.htm)"
157.55.39.56 - - [15/Apr/2022:23:09:30 +0200] "GET /evaporated-and-condensed-milk-for-sale/ HTTP/1.1" 200 33157 "-" "Mozilla/5.0 (compatible; bingbot/2.0; +http://www.bing.com/bingbot.htm)"
40.77.139.30 - - [15/Apr/2022:23:09:38 +0200] "GET /wp-content/uploads/2022/03/53222548.webp HTTP/1.1" 200 23676 "https://masmexico.com.mx/evaporated-and-condensed-milk-for-sale/" "Mozilla/5.0 (Windows NT 6.1; WOW64) AppleWebKit/534+ (KHTML, like Gecko) BingPreview/1.0b"
40.77.139.126 - - [15/Apr/2022:23:09:39 +0200] "GET /wp-content/uploads/2022/03/product-1014068-t-1628529673.webp HTTP/1.1" 200 26848 "https://masmexico.com.mx/phosphine_gas/" "Mozilla/5.0 (Windows NT 6.1; WOW64) AppleWebKit/534+ (KHTML, like Gecko) BingPreview/1.0b"
40.77.191.253 - - [15/Apr/2022:23:09:41 +0200] "GET /wp-content/uploads/2022/03/product-677092-t-1559429327-o.webp HTTP/1.1" 200 31834 "https://masmexico.com.mx/factory-price-stone-coated-steel-roofing-sheet-price-for-building-materials/" "Mozilla/5.0 (Windows NT 6.1; WOW64) AppleWebKit/534+ (KHTML, like Gecko) BingPreview/1.0b"
157.55.39.39 - - [15/Apr/2022:23:09:52 +0200] "GET /thalidomide/ HTTP/1.1" 200 32933 "-" "Mozilla/5.0 (compatible; bingbot/2.0; +http://www.bing.com/bingbot.htm)"
40.77.167.22 - - [15/Apr/2022:23:09:57 +0200] "GET /category/pets-animals/birds/ HTTP/1.1" 200 28841 "-" "Mozilla/5.0 (compatible; bingbot/2.0; +http://www.bing.com/bingbot.htm)"
40.77.139.112 - - [15/Apr/2022:23:10:00 +0200] "GET /wp-content/uploads/2022/03/product-1013597-t-1628437578.webp HTTP/1.1" 200 20348 "-" "Mozilla/5.0 (Windows NT 6.1; WOW64) AppleWebKit/534+ (KHTML, like Gecko) BingPreview/1.0b"
40.77.167.22 - - [15/Apr/2022:23:10:01 +0200] "GET /tag/usa/ HTTP/1.1" 200 27832 "-" "Mozilla/5.0 (compatible; bingbot/2.0; +http://www.bing.com/bingbot.htm)"
42.200.169.14 - - [15/Apr/2022:23:10:10 +0200] "POST /xmlrpc.php HTTP/1.1" 200 5128 "-" "Mozilla/5.0 (X11; Ubuntu; Linux x86_64; rv:62.0) Gecko/20100101 Firefox/62.0"
40.77.167.22 - - [15/Apr/2022:23:10:40 +0200] "GET /category/beauty-personal-care/hair-extensions-wigs/ HTTP/1.1" 200 30896 "-" "Mozilla/5.0 (compatible; bingbot/2.0; +http://www.bing.com/bingbot.htm)"
40.77.167.22 - - [15/Apr/2022:23:10:50 +0200] "GET /special-attachment-boom-and-arm/ HTTP/1.1" 200 33216 "-" "Mozilla/5.0 (compatible; bingbot/2.0; +http://www.bing.com/bingbot.htm)"
40.77.139.25 - - [15/Apr/2022:23:11:01 +0200] "GET /wp-content/uploads/2022/03/human-hair-for-braiding_600x600-370x250.webp HTTP/1.1" 200 30998 "https://masmexico.com.mx/category/beauty-personal-care/hair-extensions-wigs/" "Mozilla/5.0 (Windows NT 6.1; WOW64) AppleWebKit/534+ (KHTML, like Gecko) BingPreview/1.0b"
40.77.167.22 - - [15/Apr/2022:23:11:15 +0200] "GET /category/toys-hobbies/ HTTP/1.1" 200 29471 "-" "Mozilla/5.0 (compatible; bingbot/2.0; +http://www.bing.com/bingbot.htm)"
54.171.208.201 - - [15/Apr/2022:23:11:22 +0200] "GET /category/uncategorized/feed/ HTTP/1.1" 301 519 "-" "Krzana bot"
40.77.167.22 - - [15/Apr/2022:23:11:22 +0200] "GET /category/toys-hobbies/data-entry/ HTTP/1.1" 200 28853 "-" "Mozilla/5.0 (compatible; bingbot/2.0; +http://www.bing.com/bingbot.htm)"
54.171.208.201 - - [15/Apr/2022:23:11:22 +0200] "GET /category/uncategorized/feed/ HTTP/1.1" 200 6868 "-" "Krzana bot"
114.119.133.30 - - [15/Apr/2022:23:11:38 +0200] "GET /Geolocatization/nuevo-leon/ HTTP/1.1" 404 150871 "-" "Mozilla/5.0 (Linux; Android 7.0;) AppleWebKit/537.36 (KHTML, like Gecko) Mobile Safari/537.36 (compatible; PetalBot;+https://webmaster.petalsearch.com/site/petalbot)"
40.77.167.22 - - [15/Apr/2022:23:11:50 +0200] "GET /about-us/ HTTP/1.1" 200 28678 "-" "Mozilla/5.0 (compatible; bingbot/2.0; +http://www.bing.com/bingbot.htm)"
40.77.167.22 - - [15/Apr/2022:23:13:48 +0200] "GET /custom-printed-soft-loop-handle-shopping-bags/ HTTP/1.1" 200 33301 "-" "Mozilla/5.0 (compatible; bingbot/2.0; +http://www.bing.com/bingbot.htm)"
40.77.167.22 - - [15/Apr/2022:23:14:13 +0200] "GET /anodized-aluminum-sheet/ HTTP/1.1" 200 33684 "-" "Mozilla/5.0 (compatible; bingbot/2.0; +http://www.bing.com/bingbot.htm)"
40.77.167.22 - - [15/Apr/2022:23:14:17 +0200] "GET /customized-design-printed-shopping-kraft-paper-bag/ HTTP/1.1" 200 33338 "-" "Mozilla/5.0 (compatible; bingbot/2.0; +http://www.bing.com/bingbot.htm)"
40.77.167.22 - - [15/Apr/2022:23:14:48 +0200] "GET /tag/iphone/ HTTP/1.1" 200 28038 "-" "Mozilla/5.0 (compatible; bingbot/2.0; +http://www.bing.com/bingbot.htm)"
40.77.167.22 - - [15/Apr/2022:23:14:49 +0200] "GET /tag/used-mobile/ HTTP/1.1" 200 27907 "-" "Mozilla/5.0 (compatible; bingbot/2.0; +http://www.bing.com/bingbot.htm)"
40.77.167.22 - - [15/Apr/2022:23:15:20 +0200] "GET /category/security-protection-2/ HTTP/1.1" 200 29128 "-" "Mozilla/5.0 (compatible; bingbot/2.0; +http://www.bing.com/bingbot.htm)"
72.167.33.0 - - [15/Apr/2022:23:16:18 +0200] "POST /wp-cron.php?doing_wp_cron=1650057377.6829009056091308593750 HTTP/1.1" 200 5107 "https://masmexico.com.mx/wp-cron.php?doing_wp_cron=1650057377.6829009056091308593750" "WordPress/5.8.4; https://masmexico.com.mx"
64.37.52.95 - - [15/Apr/2022:23:16:42 +0200] "POST /xmlrpc.php HTTP/1.1" 200 5112 "-" "Mozilla/5.0 (X11; Ubuntu; Linux x86_64; rv:62.0) Gecko/20100101 Firefox/62.0"
40.77.167.22 - - [15/Apr/2022:23:16:44 +0200] "GET /category/machinery/page/2/ HTTP/1.1" 200 32167 "-" "Mozilla/5.0 (compatible; bingbot/2.0; +http://www.bing.com/bingbot.htm)"
40.77.167.22 - - [15/Apr/2022:23:17:26 +0200] "GET /category/security-protection-2/cctv-products/ HTTP/1.1" 200 28871 "-" "Mozilla/5.0 (compatible; bingbot/2.0; +http://www.bing.com/bingbot.htm)"
173.252.79.21 - - [15/Apr/2022:23:18:38 +0200] "GET / HTTP/1.1" 206 30356 "-" "facebookexternalhit/1.1 (+http://www.facebook.com/externalhit_uatext.php)"
173.252.79.20 - - [15/Apr/2022:23:18:41 +0200] "GET /about-us HTTP/1.1" 301 420 "-" "facebookexternalhit/1.1 (+http://www.facebook.com/externalhit_uatext.php)"
173.252.79.20 - - [15/Apr/2022:23:18:41 +0200] "GET /about-us HTTP/1.1" 301 5175 "-" "facebookexternalhit/1.1 (+http://www.facebook.com/externalhit_uatext.php)"
173.252.79.20 - - [15/Apr/2022:23:18:42 +0200] "GET /about-us/ HTTP/1.1" 206 23836 "-" "facebookexternalhit/1.1 (+http://www.facebook.com/externalhit_uatext.php)"
173.252.79.119 - - [15/Apr/2022:23:18:43 +0200] "GET /contact-us HTTP/1.1" 301 422 "-" "facebookexternalhit/1.1 (+http://www.facebook.com/externalhit_uatext.php)"
173.252.79.119 - - [15/Apr/2022:23:18:44 +0200] "GET /contact-us HTTP/1.1" 301 5177 "-" "facebookexternalhit/1.1 (+http://www.facebook.com/externalhit_uatext.php)"
173.252.79.119 - - [15/Apr/2022:23:18:44 +0200] "GET /contact-us/ HTTP/1.1" 206 22608 "-" "facebookexternalhit/1.1 (+http://www.facebook.com/externalhit_uatext.php)"
157.55.39.14 - - [15/Apr/2022:23:23:00 +0200] "GET /wp-sitemap-taxonomies-jobpost_job_type-1.xml HTTP/1.1" 404 151018 "-" "Mozilla/5.0 (compatible; bingbot/2.0; +http://www.bing.com/bingbot.htm)"
157.55.39.167 - - [15/Apr/2022:23:23:08 +0200] "GET /fiberglass-mesh-pvc-angle-bead-wall-angle-bead/ HTTP/1.1" 200 33318 "-" "Mozilla/5.0 (compatible; bingbot/2.0; +http://www.bing.com/bingbot.htm)"
116.255.178.218 - - [15/Apr/2022:23:23:19 +0200] "POST /xmlrpc.php HTTP/1.1" 200 5128 "-" "Mozilla/5.0 (X11; Ubuntu; Linux x86_64; rv:62.0) Gecko/20100101 Firefox/62.0"
167.172.231.100 - - [15/Apr/2022:23:28:11 +0200] "POST /xmlrpc.php HTTP/1.1" 200 5330 "-" "Mozilla/5.0 (iPhone; CPU iPhone OS 15_3_1 like Mac OS X) AppleWebKit/605.1.115 (KHTML, like Gecko) Mobile/599745 wp-iphone/19.5"
34.76.155.134 - - [15/Apr/2022:23:29:33 +0200] "POST /xmlrpc.php HTTP/1.1" 200 5128 "-" "Mozilla/5.0 (X11; Ubuntu; Linux x86_64; rv:62.0) Gecko/20100101 Firefox/62.0"
136.243.92.189 - - [15/Apr/2022:23:33:41 +0200] "POST /wp-cron.php?doing_wp_cron=1650058421.1214849948883056640625 HTTP/1.1" 200 5107 "https://masmexico.com.mx/wp-cron.php?doing_wp_cron=1650058421.1214849948883056640625" "WordPress/5.9.3; https://masmexico.com.mx"
157.55.39.14 - - [15/Apr/2022:23:33:40 +0200] "GET /wp-sitemap-taxonomies-category-1.xml HTTP/1.1" 404 151010 "-" "Mozilla/5.0 (compatible; bingbot/2.0; +http://www.bing.com/bingbot.htm)"
35.202.241.36 - - [15/Apr/2022:23:36:14 +0200] "POST /xmlrpc.php HTTP/1.1" 200 5128 "-" "Mozilla/5.0 (X11; Ubuntu; Linux x86_64; rv:62.0) Gecko/20100101 Firefox/62.0"
171.244.201.17 - - [15/Apr/2022:23:42:43 +0200] "POST /xmlrpc.php HTTP/1.1" 200 5112 "-" "Mozilla/5.0 (X11; Ubuntu; Linux x86_64; rv:62.0) Gecko/20100101 Firefox/62.0"
143.110.177.246 - - [15/Apr/2022:23:48:56 +0200] "POST /xmlrpc.php HTTP/1.1" 200 5128 "-" "Mozilla/5.0 (X11; Ubuntu; Linux x86_64; rv:62.0) Gecko/20100101 Firefox/62.0"
136.243.92.189 - - [15/Apr/2022:23:54:05 +0200] "POST /wp-cron.php?doing_wp_cron=1650059645.2613511085510253906250 HTTP/1.1" 200 5107 "https://masmexico.com.mx/wp-cron.php?doing_wp_cron=1650059645.2613511085510253906250" "WordPress/5.9.3; https://masmexico.com.mx"
58.17.6.9 - - [15/Apr/2022:23:54:05 +0200] "GET / HTTP/1.1" 301 5154 "-" "UCWEB/2.0 (Java; U; MIDP-2.0; Nokia203/20.37) U2/1.0.0 UCMini/11.1.3.1128 (SpeedMode; Proxy; Android 5.0.2; IdeaTabA1000-G ) U2/1.0.0 Mobile"
58.17.6.9 - - [15/Apr/2022:23:54:06 +0200] "GET / HTTP/1.1" 200 30299 "https://www.masmexico.com.mx" "UCWEB/2.0 (Java; U; MIDP-2.0; Nokia203/20.37) U2/1.0.0 UCMini/11.1.3.1128 (SpeedMode; Proxy; Android 5.0.2; IdeaTabA1000-G ) U2/1.0.0 Mobile"
58.17.6.9 - - [15/Apr/2022:23:54:07 +0200] "GET / HTTP/1.1" 301 412 "https://www.masmexico.com.mx" "UCWEB/2.0 (Java; U; MIDP-2.0; Nokia203/20.37) U2/1.0.0 UCMini/11.0.0.1016 (SpeedMode; Proxy; Android 4.4.2; GT-S5360 ) U2/1.0.0 Mobile"
58.17.6.9 - - [15/Apr/2022:23:54:08 +0200] "GET / HTTP/1.1" 200 30296 "http://masmexico.com.mx/" "UCWEB/2.0 (Java; U; MIDP-2.0; Nokia203/20.37) U2/1.0.0 UCMini/11.0.0.1016 (SpeedMode; Proxy; Android 4.4.2; GT-S5360 ) U2/1.0.0 Mobile"
173.249.20.17 - - [15/Apr/2022:23:55:39 +0200] "POST /xmlrpc.php HTTP/1.1" 200 5128 "-" "Mozilla/5.0 (X11; Ubuntu; Linux x86_64; rv:62.0) Gecko/20100101 Firefox/62.0"
157.55.39.100 - - [16/Apr/2022:00:00:17 +0200] "GET /wp-sitemap-taxonomies-jobpost_location-1.xml HTTP/1.1" 404 151018 "-" "Mozilla/5.0 (compatible; bingbot/2.0; +http://www.bing.com/bingbot.htm)"
200.110.145.21 - - [16/Apr/2022:00:01:56 +0200] "POST /xmlrpc.php HTTP/1.1" 200 5128 "-" "Mozilla/5.0 (X11; Ubuntu; Linux x86_64; rv:62.0) Gecko/20100101 Firefox/62.0"
159.226.150.12 - - [16/Apr/2022:00:08:40 +0200] "GET /1 HTTP/1.1" 301 5079 "-" "Mozilla/5.0 (Windows NT 6.1; WOW64; rv:6.0) Gecko/20100101 Firefox/6.0"
159.226.150.12 - - [16/Apr/2022:00:08:41 +0200] "GET /1287-2/ HTTP/1.1" 200 201571 "-" "Mozilla/5.0 (Windows NT 6.1; WOW64; rv:6.0) Gecko/20100101 Firefox/6.0"
119.78.128.248 - - [16/Apr/2022:00:08:42 +0200] "GET /wp-content/plugins/LayerSlider/assets/static/layerslider/css/layerslider.css?ver=7.0.7 HTTP/1.1" 200 23957 "https://masmexico.com.mx/1287-2/" "Mozilla/5.0 (Windows NT 6.1; WOW64; rv:6.0) Gecko/20100101 Firefox/6.0"
141.94.21.233 - - [16/Apr/2022:00:08:42 +0200] "POST /xmlrpc.php HTTP/1.1" 200 5128 "-" "Mozilla/5.0 (X11; Ubuntu; Linux x86_64; rv:62.0) Gecko/20100101 Firefox/62.0"
159.226.150.12 - - [16/Apr/2022:00:08:42 +0200] "GET /wp-content/plugins/accesspress-social-login-lite/css/font-awesome/all.min.css?ver=3.4.8 HTTP/1.1" 200 59846 "https://masmexico.com.mx/1287-2/" "Mozilla/5.0 (Windows NT 6.1; WOW64; rv:6.0) Gecko/20100101 Firefox/6.0"
159.226.253.130 - - [16/Apr/2022:00:08:42 +0200] "GET /wp-includes/css/dist/block-library/style.min.css?ver=5.9.3 HTTP/1.1" 200 84186 "https://masmexico.com.mx/1287-2/" "Mozilla/5.0 (Windows NT 6.1; WOW64; rv:6.0) Gecko/20100101 Firefox/6.0"
210.34.28.41 - - [16/Apr/2022:00:08:43 +0200] "GET /wp-content/plugins/accesspress-social-login-lite/css/frontend.css?ver=3.4.8 HTTP/1.1" 200 18821 "https://masmexico.com.mx/1287-2/" "Mozilla/5.0 (Windows NT 6.1; WOW64; rv:6.0) Gecko/20100101 Firefox/6.0"
159.226.150.12 - - [16/Apr/2022:00:08:43 +0200] "GET /wp-content/plugins/accesspress-social-share/css/fontawesome-all.css?ver=4.5.6 HTTP/1.1" 200 46600 "https://masmexico.com.mx/1287-2/" "Mozilla/5.0 (Windows NT 6.1; WOW64; rv:6.0) Gecko/20100101 Firefox/6.0"
210.76.219.51 - - [16/Apr/2022:00:08:43 +0200] "GET /wp-content/plugins/accesspress-social-share/css/frontend.css?ver=4.5.6 HTTP/1.1" 200 28006 "https://masmexico.com.mx/1287-2/" "Mozilla/5.0 (Windows NT 6.1; WOW64; rv:6.0) Gecko/20100101 Firefox/6.0"
210.76.209.67 - - [16/Apr/2022:00:08:43 +0200] "GET /wp-content/themes/classiera/style.css?ver=5.9.3 HTTP/1.1" 200 1146 "https://masmexico.com.mx/1287-2/" "Mozilla/5.0 (Windows NT 6.1; WOW64; rv:6.0) Gecko/20100101 Firefox/6.0"
119.78.128.248 - - [16/Apr/2022:00:08:43 +0200] "GET /wp-content/themes/classiera-child/style.css?ver=5.9.3 HTTP/1.1" 200 2780 "https://masmexico.com.mx/1287-2/" "Mozilla/5.0 (Windows NT 6.1; WOW64; rv:6.0) Gecko/20100101 Firefox/6.0"
210.34.28.41 - - [16/Apr/2022:00:08:43 +0200] "GET /wp-content/themes/classiera/css/jquery-ui.min.css?ver=1 HTTP/1.1" 200 31155 "https://masmexico.com.mx/1287-2/" "Mozilla/5.0 (Windows NT 6.1; WOW64; rv:6.0) Gecko/20100101 Firefox/6.0"
159.226.150.12 - - [16/Apr/2022:00:08:43 +0200] "GET /wp-content/themes/classiera/css/select2.min.css?ver=1 HTTP/1.1" 200 15563 "https://masmexico.com.mx/1287-2/" "Mozilla/5.0 (Windows NT 6.1; WOW64; rv:6.0) Gecko/20100101 Firefox/6.0"
119.78.128.248 - - [16/Apr/2022:00:08:43 +0200] "GET /wp-content/themes/classiera/css/animate.min.css?ver=1 HTTP/1.1" 200 54190 "https://masmexico.com.mx/1287-2/" "Mozilla/5.0 (Windows NT 6.1; WOW64; rv:6.0) Gecko/20100101 Firefox/6.0"
159.226.253.130 - - [16/Apr/2022:00:08:43 +0200] "GET /wp-content/themes/classiera/css/bootstrap-dropdownhover.min.css?ver=1 HTTP/1.1" 200 1566 "https://masmexico.com.mx/1287-2/" "Mozilla/5.0 (Windows NT 6.1; WOW64; rv:6.0) Gecko/20100101 Firefox/6.0"
159.226.150.12 - - [16/Apr/2022:00:08:43 +0200] "GET /wp-content/themes/classiera/css/classiera-components.css?ver=1 HTTP/1.1" 200 77409 "https://masmexico.com.mx/1287-2/" "Mozilla/5.0 (Windows NT 6.1; WOW64; rv:6.0) Gecko/20100101 Firefox/6.0"
159.226.253.130 - - [16/Apr/2022:00:08:43 +0200] "GET /wp-content/themes/classiera/css/fontawesome.css?ver=1 HTTP/1.1" 200 74225 "https://masmexico.com.mx/1287-2/" "Mozilla/5.0 (Windows NT 6.1; WOW64; rv:6.0) Gecko/20100101 Firefox/6.0"
210.34.28.41 - - [16/Apr/2022:00:08:43 +0200] "GET /wp-content/themes/classiera/css/material-design-iconic-font.css?ver=1 HTTP/1.1" 200 91128 "https://masmexico.com.mx/1287-2/" "Mozilla/5.0 (Windows NT 6.1; WOW64; rv:6.0) Gecko/20100101 Firefox/6.0"
159.226.150.12 - - [16/Apr/2022:00:08:44 +0200] "GET /wp-content/themes/classiera/css/owl.carousel.min.css?ver=1 HTTP/1.1" 200 3564 "https://masmexico.com.mx/1287-2/" "Mozilla/5.0 (Windows NT 6.1; WOW64; rv:6.0) Gecko/20100101 Firefox/6.0"
210.76.209.67 - - [16/Apr/2022:00:08:43 +0200] "GET /wp-content/themes/classiera/css/bootstrap.css?ver=1 HTTP/1.1" 200 146829 "https://masmexico.com.mx/1287-2/" "Mozilla/5.0 (Windows NT 6.1; WOW64; rv:6.0) Gecko/20100101 Firefox/6.0"
119.78.128.248 - - [16/Apr/2022:00:08:44 +0200] "GET /wp-content/themes/classiera/css/owl.theme.default.min.css?ver=1 HTTP/1.1" 200 1339 "https://masmexico.com.mx/1287-2/" "Mozilla/5.0 (Windows NT 6.1; WOW64; rv:6.0) Gecko/20100101 Firefox/6.0"
159.226.253.130 - - [16/Apr/2022:00:08:44 +0200] "GET /wp-content/themes/classiera/css/responsive.css?ver=1 HTTP/1.1" 200 35708 "https://masmexico.com.mx/1287-2/" "Mozilla/5.0 (Windows NT 6.1; WOW64; rv:6.0) Gecko/20100101 Firefox/6.0"
210.34.28.41 - - [16/Apr/2022:00:08:44 +0200] "GET /wp-content/themes/classiera/css/classiera-map.css?ver=1 HTTP/1.1" 200 16969 "https://masmexico.com.mx/1287-2/" "Mozilla/5.0 (Windows NT 6.1; WOW64; rv:6.0) Gecko/20100101 Firefox/6.0"
159.226.150.12 - - [16/Apr/2022:00:08:44 +0200] "GET /wp-content/themes/classiera/css/bootstrap-slider.css?ver=1 HTTP/1.1" 200 10268 "https://masmexico.com.mx/1287-2/" "Mozilla/5.0 (Windows NT 6.1; WOW64; rv:6.0) Gecko/20100101 Firefox/6.0"
210.76.219.51 - - [16/Apr/2022:00:08:43 +0200] "GET /wp-content/themes/classiera/css/classiera.css?ver=1 HTTP/1.1" 200 275672 "https://masmexico.com.mx/1287-2/" "Mozilla/5.0 (Windows NT 6.1; WOW64; rv:6.0) Gecko/20100101 Firefox/6.0"
119.78.128.248 - - [16/Apr/2022:00:08:44 +0200] "GET /wp-includes/js/jquery/jquery.min.js?ver=3.6.0 HTTP/1.1" 200 90193 "https://masmexico.com.mx/1287-2/" "Mozilla/5.0 (Windows NT 6.1; WOW64; rv:6.0) Gecko/20100101 Firefox/6.0"
159.226.253.130 - - [16/Apr/2022:00:08:44 +0200] "GET /wp-includes/js/jquery/jquery-migrate.min.js?ver=3.3.2 HTTP/1.1" 200 11605 "https://masmexico.com.mx/1287-2/" "Mozilla/5.0 (Windows NT 6.1; WOW64; rv:6.0) Gecko/20100101 Firefox/6.0"
210.34.28.41 - - [16/Apr/2022:00:08:44 +0200] "GET /wp-content/plugins/LayerSlider/assets/static/layerslider/js/layerslider.utils.js?ver=7.0.7 HTTP/1.1" 200 123742 "https://masmexico.com.mx/1287-2/" "Mozilla/5.0 (Windows NT 6.1; WOW64; rv:6.0) Gecko/20100101 Firefox/6.0"
159.226.150.12 - - [16/Apr/2022:00:08:44 +0200] "GET /wp-content/plugins/LayerSlider/assets/static/layerslider/js/layerslider.kreaturamedia.jquery.js?ver=7.0.7 HTTP/1.1" 200 127417 "https://masmexico.com.mx/1287-2/" "Mozilla/5.0 (Windows NT 6.1; WOW64; rv:6.0) Gecko/20100101 Firefox/6.0"
210.76.209.67 - - [16/Apr/2022:00:08:44 +0200] "GET /wp-content/plugins/LayerSlider/assets/static/layerslider/js/layerslider.transitions.js?ver=7.0.7 HTTP/1.1" 200 22161 "https://masmexico.com.mx/1287-2/" "Mozilla/5.0 (Windows NT 6.1; WOW64; rv:6.0) Gecko/20100101 Firefox/6.0"
159.226.253.130 - - [16/Apr/2022:00:08:44 +0200] "GET /wp-content/plugins/accesspress-social-login-lite/js/frontend.js?ver=3.4.8 HTTP/1.1" 200 541 "https://masmexico.com.mx/1287-2/" "Mozilla/5.0 (Windows NT 6.1; WOW64; rv:6.0) Gecko/20100101 Firefox/6.0"
210.34.28.41 - - [16/Apr/2022:00:08:44 +0200] "GET /wp-includes/js/thickbox/thickbox.js?ver=3.1-20121105 HTTP/1.1" 200 13575 "https://masmexico.com.mx/1287-2/" "Mozilla/5.0 (Windows NT 6.1; WOW64; rv:6.0) Gecko/20100101 Firefox/6.0"
220.181.116.150 - - [16/Apr/2022:00:08:45 +0200] "GET /1 HTTP/1.1" 301 451 "-" "Mozilla/5.0 (Windows; U; Windows NT 6.1; en-US) AppleWebKit/534.3 (KHTML, like Gecko) Chrome/6.0.472.33 Safari/534.3 SE 2.X MetaSr 1.0"
210.76.221.54 - - [16/Apr/2022:00:08:46 +0200] "GET /1 HTTP/1.1" 301 5021 "-" "Mozilla/5.0 (Windows; U; Windows NT 6.1; en-US) AppleWebKit/534.3 (KHTML, like Gecko) Chrome/6.0.472.33 Safari/534.3 SE 2.X MetaSr 1.0"
210.76.221.54 - - [16/Apr/2022:00:08:46 +0200] "GET /1287-2/ HTTP/1.1" 200 202571 "-" "Mozilla/5.0 (Windows; U; Windows NT 6.1; en-US) AppleWebKit/534.3 (KHTML, like Gecko) Chrome/6.0.472.33 Safari/534.3 SE 2.X MetaSr 1.0"
112.94.183.196 - - [16/Apr/2022:00:08:47 +0200] "GET /wp-content/plugins/LayerSlider/assets/static/layerslider/css/layerslider.css?ver=7.0.7 HTTP/1.1" 200 23957 "https://masmexico.com.mx/1287-2/" "Mozilla/5.0 (Windows; U; Windows NT 6.1; en-US) AppleWebKit/534.3 (KHTML, like Gecko) Chrome/6.0.472.33 Safari/534.3 SE 2.X MetaSr 1.0"
210.39.22.235 - - [16/Apr/2022:00:08:47 +0200] "GET /wp-includes/css/dist/block-library/style.min.css?ver=5.9.3 HTTP/1.1" 200 84186 "https://masmexico.com.mx/1287-2/" "Mozilla/5.0 (Windows; U; Windows NT 6.1; en-US) AppleWebKit/534.3 (KHTML, like Gecko) Chrome/6.0.472.33 Safari/534.3 SE 2.X MetaSr 1.0"
112.94.183.196 - - [16/Apr/2022:00:08:48 +0200] "GET /wp-content/plugins/accesspress-social-login-lite/css/font-awesome/all.min.css?ver=3.4.8 HTTP/1.1" 200 59846 "https://masmexico.com.mx/1287-2/" "Mozilla/5.0 (Windows; U; Windows NT 6.1; en-US) AppleWebKit/534.3 (KHTML, like Gecko) Chrome/6.0.472.33 Safari/534.3 SE 2.X MetaSr 1.0"
210.76.221.54 - - [16/Apr/2022:00:08:48 +0200] "GET /wp-content/plugins/accesspress-social-login-lite/css/frontend.css?ver=3.4.8 HTTP/1.1" 200 18683 "https://masmexico.com.mx/1287-2/" "Mozilla/5.0 (Windows; U; Windows NT 6.1; en-US) AppleWebKit/534.3 (KHTML, like Gecko) Chrome/6.0.472.33 Safari/534.3 SE 2.X MetaSr 1.0"
210.39.22.71 - - [16/Apr/2022:00:08:48 +0200] "GET /wp-content/plugins/accesspress-social-share/css/fontawesome-all.css?ver=4.5.6 HTTP/1.1" 200 46738 "https://masmexico.com.mx/1287-2/" "Mozilla/5.0 (Windows; U; Windows NT 6.1; en-US) AppleWebKit/534.3 (KHTML, like Gecko) Chrome/6.0.472.33 Safari/534.3 SE 2.X MetaSr 1.0"
210.39.22.235 - - [16/Apr/2022:00:08:48 +0200] "GET /wp-content/plugins/accesspress-social-share/css/frontend.css?ver=4.5.6 HTTP/1.1" 200 27868 "https://masmexico.com.mx/1287-2/" "Mozilla/5.0 (Windows; U; Windows NT 6.1; en-US) AppleWebKit/534.3 (KHTML, like Gecko) Chrome/6.0.472.33 Safari/534.3 SE 2.X MetaSr 1.0"
210.76.221.54 - - [16/Apr/2022:00:08:48 +0200] "GET /wp-content/themes/classiera/style.css?ver=5.9.3 HTTP/1.1" 200 1008 "https://masmexico.com.mx/1287-2/" "Mozilla/5.0 (Windows; U; Windows NT 6.1; en-US) AppleWebKit/534.3 (KHTML, like Gecko) Chrome/6.0.472.33 Safari/534.3 SE 2.X MetaSr 1.0"
112.94.183.196 - - [16/Apr/2022:00:08:48 +0200] "GET /wp-content/themes/classiera-child/style.css?ver=5.9.3 HTTP/1.1" 200 2780 "https://masmexico.com.mx/1287-2/" "Mozilla/5.0 (Windows; U; Windows NT 6.1; en-US) AppleWebKit/534.3 (KHTML, like Gecko) Chrome/6.0.472.33 Safari/534.3 SE 2.X MetaSr 1.0"
210.39.22.235 - - [16/Apr/2022:00:08:48 +0200] "GET /wp-content/themes/classiera/css/select2.min.css?ver=1 HTTP/1.1" 200 15563 "https://masmexico.com.mx/1287-2/" "Mozilla/5.0 (Windows; U; Windows NT 6.1; en-US) AppleWebKit/534.3 (KHTML, like Gecko) Chrome/6.0.472.33 Safari/534.3 SE 2.X MetaSr 1.0"
210.76.221.54 - - [16/Apr/2022:00:08:48 +0200] "GET /wp-content/themes/classiera/css/jquery-ui.min.css?ver=1 HTTP/1.1" 200 31155 "https://masmexico.com.mx/1287-2/" "Mozilla/5.0 (Windows; U; Windows NT 6.1; en-US) AppleWebKit/534.3 (KHTML, like Gecko) Chrome/6.0.472.33 Safari/534.3 SE 2.X MetaSr 1.0"
112.94.183.196 - - [16/Apr/2022:00:08:48 +0200] "GET /wp-content/themes/classiera/css/bootstrap.css?ver=1 HTTP/1.1" 200 146829 "https://masmexico.com.mx/1287-2/" "Mozilla/5.0 (Windows; U; Windows NT 6.1; en-US) AppleWebKit/534.3 (KHTML, like Gecko) Chrome/6.0.472.33 Safari/534.3 SE 2.X MetaSr 1.0"
210.39.22.235 - - [16/Apr/2022:00:08:48 +0200] "GET /wp-content/themes/classiera/css/animate.min.css?ver=1 HTTP/1.1" 200 54190 "https://masmexico.com.mx/1287-2/" "Mozilla/5.0 (Windows; U; Windows NT 6.1; en-US) AppleWebKit/534.3 (KHTML, like Gecko) Chrome/6.0.472.33 Safari/534.3 SE 2.X MetaSr 1.0"
210.39.22.71 - - [16/Apr/2022:00:08:49 +0200] "GET /wp-content/themes/classiera/css/bootstrap-dropdownhover.min.css?ver=1 HTTP/1.1" 200 1566 "https://masmexico.com.mx/1287-2/" "Mozilla/5.0 (Windows; U; Windows NT 6.1; en-US) AppleWebKit/534.3 (KHTML, like Gecko) Chrome/6.0.472.33 Safari/534.3 SE 2.X MetaSr 1.0"
210.39.22.235 - - [16/Apr/2022:00:08:49 +0200] "GET /wp-content/themes/classiera/css/classiera-components.css?ver=1 HTTP/1.1" 200 77409 "https://masmexico.com.mx/1287-2/" "Mozilla/5.0 (Windows; U; Windows NT 6.1; en-US) AppleWebKit/534.3 (KHTML, like Gecko) Chrome/6.0.472.33 Safari/534.3 SE 2.X MetaSr 1.0"
112.94.183.196 - - [16/Apr/2022:00:08:49 +0200] "GET /wp-content/themes/classiera/css/fontawesome.css?ver=1 HTTP/1.1" 200 74225 "https://masmexico.com.mx/1287-2/" "Mozilla/5.0 (Windows; U; Windows NT 6.1; en-US) AppleWebKit/534.3 (KHTML, like Gecko) Chrome/6.0.472.33 Safari/534.3 SE 2.X MetaSr 1.0"
210.39.22.71 - - [16/Apr/2022:00:08:49 +0200] "GET /wp-content/themes/classiera/css/material-design-iconic-font.css?ver=1 HTTP/1.1" 200 91128 "https://masmexico.com.mx/1287-2/" "Mozilla/5.0 (Windows; U; Windows NT 6.1; en-US) AppleWebKit/534.3 (KHTML, like Gecko) Chrome/6.0.472.33 Safari/534.3 SE 2.X MetaSr 1.0"
210.39.22.235 - - [16/Apr/2022:00:08:49 +0200] "GET /wp-content/themes/classiera/css/owl.carousel.min.css?ver=1 HTTP/1.1" 200 3564 "https://masmexico.com.mx/1287-2/" "Mozilla/5.0 (Windows; U; Windows NT 6.1; en-US) AppleWebKit/534.3 (KHTML, like Gecko) Chrome/6.0.472.33 Safari/534.3 SE 2.X MetaSr 1.0"
210.76.221.54 - - [16/Apr/2022:00:08:49 +0200] "GET /wp-content/themes/classiera/css/classiera.css?ver=1 HTTP/1.1" 200 275672 "https://masmexico.com.mx/1287-2/" "Mozilla/5.0 (Windows; U; Windows NT 6.1; en-US) AppleWebKit/534.3 (KHTML, like Gecko) Chrome/6.0.472.33 Safari/534.3 SE 2.X MetaSr 1.0"
112.94.183.196 - - [16/Apr/2022:00:08:49 +0200] "GET /wp-content/themes/classiera/css/owl.theme.default.min.css?ver=1 HTTP/1.1" 200 1339 "https://masmexico.com.mx/1287-2/" "Mozilla/5.0 (Windows; U; Windows NT 6.1; en-US) AppleWebKit/534.3 (KHTML, like Gecko) Chrome/6.0.472.33 Safari/534.3 SE 2.X MetaSr 1.0"
210.39.22.235 - - [16/Apr/2022:00:08:49 +0200] "GET /wp-content/themes/classiera/css/responsive.css?ver=1 HTTP/1.1" 200 35708 "https://masmexico.com.mx/1287-2/" "Mozilla/5.0 (Windows; U; Windows NT 6.1; en-US) AppleWebKit/534.3 (KHTML, like Gecko) Chrome/6.0.472.33 Safari/534.3 SE 2.X MetaSr 1.0"
112.94.183.196 - - [16/Apr/2022:00:08:49 +0200] "GET /wp-content/themes/classiera/css/classiera-map.css?ver=1 HTTP/1.1" 200 16969 "https://masmexico.com.mx/1287-2/" "Mozilla/5.0 (Windows; U; Windows NT 6.1; en-US) AppleWebKit/534.3 (KHTML, like Gecko) Chrome/6.0.472.33 Safari/534.3 SE 2.X MetaSr 1.0"
210.76.221.54 - - [16/Apr/2022:00:08:49 +0200] "GET /wp-content/themes/classiera/css/bootstrap-slider.css?ver=1 HTTP/1.1" 200 10268 "https://masmexico.com.mx/1287-2/" "Mozilla/5.0 (Windows; U; Windows NT 6.1; en-US) AppleWebKit/534.3 (KHTML, like Gecko) Chrome/6.0.472.33 Safari/534.3 SE 2.X MetaSr 1.0"
210.39.22.71 - - [16/Apr/2022:00:08:49 +0200] "GET /wp-includes/js/jquery/jquery.min.js?ver=3.6.0 HTTP/1.1" 200 90193 "https://masmexico.com.mx/1287-2/" "Mozilla/5.0 (Windows; U; Windows NT 6.1; en-US) AppleWebKit/534.3 (KHTML, like Gecko) Chrome/6.0.472.33 Safari/534.3 SE 2.X MetaSr 1.0"
210.39.22.235 - - [16/Apr/2022:00:08:49 +0200] "GET /wp-includes/js/jquery/jquery-migrate.min.js?ver=3.3.2 HTTP/1.1" 200 11605 "https://masmexico.com.mx/1287-2/" "Mozilla/5.0 (Windows; U; Windows NT 6.1; en-US) AppleWebKit/534.3 (KHTML, like Gecko) Chrome/6.0.472.33 Safari/534.3 SE 2.X MetaSr 1.0"
66.249.65.131 - - [16/Apr/2022:00:11:05 +0200] "GET / HTTP/1.1" 200 30333 "-" "Mozilla/5.0 (compatible; Googlebot/2.1; +http://www.google.com/bot.html)"
66.249.65.131 - - [16/Apr/2022:00:11:26 +0200] "GET /wp-content/plugins/accesspress-social-login-lite/css/frontend.css?ver=3.4.8 HTTP/1.1" 200 7222 "https://masmexico.com.mx/" "Mozilla/5.0 AppleWebKit/537.36 (KHTML, like Gecko; compatible; Googlebot/2.1; +http://www.google.com/bot.html) Chrome/100.0.4896.75 Safari/537.36"
66.249.65.134 - - [16/Apr/2022:00:11:26 +0200] "GET /wp-content/themes/classiera/css/owl.theme.default.min.css?ver=1 HTTP/1.1" 200 5557 "https://masmexico.com.mx/" "Mozilla/5.0 AppleWebKit/537.36 (KHTML, like Gecko; compatible; Googlebot/2.1; +http://www.google.com/bot.html) Chrome/100.0.4896.75 Safari/537.36"
66.249.65.134 - - [16/Apr/2022:00:11:26 +0200] "GET /wp-content/plugins/accesspress-social-login-lite/css/font-awesome/all.min.css?ver=3.4.8 HTTP/1.1" 200 13284 "https://masmexico.com.mx/" "Mozilla/5.0 AppleWebKit/537.36 (KHTML, like Gecko; compatible; Googlebot/2.1; +http://www.google.com/bot.html) Chrome/100.0.4896.75 Safari/537.36"
66.249.65.131 - - [16/Apr/2022:00:11:27 +0200] "GET /wp-content/plugins/LayerSlider/assets/static/layerslider/js/layerslider.kreaturamedia.jquery.js?ver=7.0.7 HTTP/1.1" 200 48507 "https://masmexico.com.mx/" "Mozilla/5.0 AppleWebKit/537.36 (KHTML, like Gecko; compatible; Googlebot/2.1; +http://www.google.com/bot.html) Chrome/100.0.4896.75 Safari/537.36"
66.249.65.131 - - [16/Apr/2022:00:11:27 +0200] "GET /wp-content/themes/classiera/css/fontawesome.css?ver=1 HTTP/1.1" 200 13804 "https://masmexico.com.mx/" "Mozilla/5.0 AppleWebKit/537.36 (KHTML, like Gecko; compatible; Googlebot/2.1; +http://www.google.com/bot.html) Chrome/100.0.4896.75 Safari/537.36"
66.249.65.131 - - [16/Apr/2022:00:11:28 +0200] "GET /wp-content/themes/classiera/css/animate.min.css?ver=1 HTTP/1.1" 200 3957 "https://masmexico.com.mx/" "Mozilla/5.0 AppleWebKit/537.36 (KHTML, like Gecko; compatible; Googlebot/2.1; +http://www.google.com/bot.html) Chrome/100.0.4896.75 Safari/537.36"
66.249.65.131 - - [16/Apr/2022:00:11:28 +0200] "GET /wp-content/themes/classiera/css/classiera.css?ver=1 HTTP/1.1" 200 33535 "https://masmexico.com.mx/" "Mozilla/5.0 AppleWebKit/537.36 (KHTML, like Gecko; compatible; Googlebot/2.1; +http://www.google.com/bot.html) Chrome/100.0.4896.75 Safari/537.36"
66.249.65.134 - - [16/Apr/2022:00:11:29 +0200] "GET /wp-content/plugins/accesspress-social-login-lite/js/frontend.js?ver=3.4.8 HTTP/1.1" 200 527 "https://masmexico.com.mx/" "Mozilla/5.0 AppleWebKit/537.36 (KHTML, like Gecko; compatible; Googlebot/2.1; +http://www.google.com/bot.html) Chrome/100.0.4896.75 Safari/537.36"
66.249.65.131 - - [16/Apr/2022:00:11:29 +0200] "GET /wp-includes/css/dist/block-library/style.min.css?ver=5.9.3 HTTP/1.1" 200 11633 "https://masmexico.com.mx/" "Mozilla/5.0 AppleWebKit/537.36 (KHTML, like Gecko; compatible; Googlebot/2.1; +http://www.google.com/bot.html) Chrome/100.0.4896.75 Safari/537.36"
66.249.65.131 - - [16/Apr/2022:00:11:30 +0200] "GET /wp-content/themes/classiera/css/bootstrap-slider.css?ver=1 HTTP/1.1" 200 2479 "https://masmexico.com.mx/" "Mozilla/5.0 AppleWebKit/537.36 (KHTML, like Gecko; compatible; Googlebot/2.1; +http://www.google.com/bot.html) Chrome/100.0.4896.75 Safari/537.36"
66.249.65.131 - - [16/Apr/2022:00:11:30 +0200] "GET /wp-content/plugins/LayerSlider/assets/static/layerslider/css/layerslider.css?ver=7.0.7 HTTP/1.1" 200 4626 "https://masmexico.com.mx/" "Mozilla/5.0 AppleWebKit/537.36 (KHTML, like Gecko; compatible; Googlebot/2.1; +http://www.google.com/bot.html) Chrome/100.0.4896.75 Safari/537.36"
66.249.65.131 - - [16/Apr/2022:00:11:31 +0200] "GET /wp-content/themes/classiera/style.css?ver=5.9.3 HTTP/1.1" 200 760 "https://masmexico.com.mx/" "Mozilla/5.0 AppleWebKit/537.36 (KHTML, like Gecko; compatible; Googlebot/2.1; +http://www.google.com/bot.html) Chrome/100.0.4896.75 Safari/537.36"
66.249.65.131 - - [16/Apr/2022:00:11:31 +0200] "GET /wp-content/themes/classiera/css/responsive.css?ver=1 HTTP/1.1" 200 4661 "https://masmexico.com.mx/" "Mozilla/5.0 AppleWebKit/537.36 (KHTML, like Gecko; compatible; Googlebot/2.1; +http://www.google.com/bot.html) Chrome/100.0.4896.75 Safari/537.36"
66.249.65.131 - - [16/Apr/2022:00:11:32 +0200] "GET /wp-content/themes/classiera/css/select2.min.css?ver=1 HTTP/1.1" 200 2346 "https://masmexico.com.mx/" "Mozilla/5.0 AppleWebKit/537.36 (KHTML, like Gecko; compatible; Googlebot/2.1; +http://www.google.com/bot.html) Chrome/100.0.4896.75 Safari/537.36"
66.249.65.131 - - [16/Apr/2022:00:11:32 +0200] "GET /wp-content/themes/classiera/css/classiera-components.css?ver=1 HTTP/1.1" 200 12889 "https://masmexico.com.mx/" "Mozilla/5.0 AppleWebKit/537.36 (KHTML, like Gecko; compatible; Googlebot/2.1; +http://www.google.com/bot.html) Chrome/100.0.4896.75 Safari/537.36"
66.249.65.131 - - [16/Apr/2022:00:11:33 +0200] "GET /wp-content/themes/classiera/css/classiera-map.css?ver=1 HTTP/1.1" 200 4069 "https://masmexico.com.mx/" "Mozilla/5.0 AppleWebKit/537.36 (KHTML, like Gecko; compatible; Googlebot/2.1; +http://www.google.com/bot.html) Chrome/100.0.4896.75 Safari/537.36"
66.249.65.131 - - [16/Apr/2022:00:11:33 +0200] "GET /wp-content/themes/classiera/css/material-design-iconic-font.css?ver=1 HTTP/1.1" 200 14576 "https://masmexico.com.mx/" "Mozilla/5.0 AppleWebKit/537.36 (KHTML, like Gecko; compatible; Googlebot/2.1; +http://www.google.com/bot.html) Chrome/100.0.4896.75 Safari/537.36"
66.249.65.131 - - [16/Apr/2022:00:11:34 +0200] "GET /wp-content/themes/classiera-child/style.css?ver=5.9.3 HTTP/1.1" 200 1338 "https://masmexico.com.mx/" "Mozilla/5.0 AppleWebKit/537.36 (KHTML, like Gecko; compatible; Googlebot/2.1; +http://www.google.com/bot.html) Chrome/100.0.4896.75 Safari/537.36"
66.249.65.131 - - [16/Apr/2022:00:11:34 +0200] "GET /wp-content/plugins/LayerSlider/assets/static/layerslider/js/layerslider.utils.js?ver=7.0.7 HTTP/1.1" 200 42509 "https://masmexico.com.mx/" "Mozilla/5.0 AppleWebKit/537.36 (KHTML, like Gecko; compatible; Googlebot/2.1; +http://www.google.com/bot.html) Chrome/100.0.4896.75 Safari/537.36"
66.249.65.131 - - [16/Apr/2022:00:11:35 +0200] "GET /wp-content/themes/classiera/css/bootstrap-dropdownhover.min.css?ver=1 HTTP/1.1" 200 833 "https://masmexico.com.mx/" "Mozilla/5.0 AppleWebKit/537.36 (KHTML, like Gecko; compatible; Googlebot/2.1; +http://www.google.com/bot.html) Chrome/100.0.4896.75 Safari/537.36"
66.249.65.131 - - [16/Apr/2022:00:11:35 +0200] "GET /wp-content/themes/classiera/css/bootstrap.css?ver=1 HTTP/1.1" 200 21735 "https://masmexico.com.mx/" "Mozilla/5.0 AppleWebKit/537.36 (KHTML, like Gecko; compatible; Googlebot/2.1; +http://www.google.com/bot.html) Chrome/100.0.4896.75 Safari/537.36"
66.249.65.131 - - [16/Apr/2022:00:11:36 +0200] "GET /wp-content/themes/classiera/css/jquery-ui.min.css?ver=1 HTTP/1.1" 200 7956 "https://masmexico.com.mx/" "Mozilla/5.0 AppleWebKit/537.36 (KHTML, like Gecko; compatible; Googlebot/2.1; +http://www.google.com/bot.html) Chrome/100.0.4896.75 Safari/537.36"
66.249.65.131 - - [16/Apr/2022:00:11:36 +0200] "GET /wp-content/plugins/accesspress-social-share/css/frontend.css?ver=4.5.6 HTTP/1.1" 200 4178 "https://masmexico.com.mx/" "Mozilla/5.0 AppleWebKit/537.36 (KHTML, like Gecko; compatible; Googlebot/2.1; +http://www.google.com/bot.html) Chrome/100.0.4896.75 Safari/537.36"
66.249.65.131 - - [16/Apr/2022:00:11:37 +0200] "GET /wp-content/plugins/accesspress-social-share/css/fontawesome-all.css?ver=4.5.6 HTTP/1.1" 200 8901 "https://masmexico.com.mx/" "Mozilla/5.0 AppleWebKit/537.36 (KHTML, like Gecko; compatible; Googlebot/2.1; +http://www.google.com/bot.html) Chrome/100.0.4896.75 Safari/537.36"
66.249.65.131 - - [16/Apr/2022:00:11:37 +0200] "GET /wp-content/plugins/LayerSlider/assets/static/layerslider/js/layerslider.transitions.js?ver=7.0.7 HTTP/1.1" 200 3745 "https://masmexico.com.mx/" "Mozilla/5.0 AppleWebKit/537.36 (KHTML, like Gecko; compatible; Googlebot/2.1; +http://www.google.com/bot.html) Chrome/100.0.4896.75 Safari/537.36"
66.249.65.131 - - [16/Apr/2022:00:11:38 +0200] "GET /wp-content/plugins/LayerSlider/assets/static/font-awesome-4/css/font-awesome.min.css?ver=4.7.0 HTTP/1.1" 200 7394 "https://masmexico.com.mx/" "Mozilla/5.0 AppleWebKit/537.36 (KHTML, like Gecko; compatible; Googlebot/2.1; +http://www.google.com/bot.html) Chrome/100.0.4896.75 Safari/537.36"
66.249.65.131 - - [16/Apr/2022:00:11:38 +0200] "GET /wp-includes/js/thickbox/thickbox.js?ver=3.1-20121105 HTTP/1.1" 200 4374 "https://masmexico.com.mx/" "Mozilla/5.0 AppleWebKit/537.36 (KHTML, like Gecko; compatible; Googlebot/2.1; +http://www.google.com/bot.html) Chrome/100.0.4896.75 Safari/537.36"
66.249.65.131 - - [16/Apr/2022:00:11:39 +0200] "GET /wp-content/themes/classiera/js/bootstrap-dropdownhover.js?ver=5.9.3 HTTP/1.1" 200 2487 "https://masmexico.com.mx/" "Mozilla/5.0 AppleWebKit/537.36 (KHTML, like Gecko; compatible; Googlebot/2.1; +http://www.google.com/bot.html) Chrome/100.0.4896.75 Safari/537.36"
66.249.65.131 - - [16/Apr/2022:00:11:39 +0200] "GET /wp-content/themes/classiera/js/validator.min.js?ver=5.9.3 HTTP/1.1" 200 2954 "https://masmexico.com.mx/" "Mozilla/5.0 AppleWebKit/537.36 (KHTML, like Gecko; compatible; Googlebot/2.1; +http://www.google.com/bot.html) Chrome/100.0.4896.75 Safari/537.36"
66.249.65.131 - - [16/Apr/2022:00:11:40 +0200] "GET /wp-content/plugins/classiera-helper/js/classiera-helper.js?ver=5.9.3 HTTP/1.1" 200 1068 "https://masmexico.com.mx/" "Mozilla/5.0 AppleWebKit/537.36 (KHTML, like Gecko; compatible; Googlebot/2.1; +http://www.google.com/bot.html) Chrome/100.0.4896.75 Safari/537.36"
66.249.65.131 - - [16/Apr/2022:00:11:40 +0200] "GET /wp-content/themes/classiera/js/bootstrap.min.js?ver=5.9.3 HTTP/1.1" 200 10272 "https://masmexico.com.mx/" "Mozilla/5.0 AppleWebKit/537.36 (KHTML, like Gecko; compatible; Googlebot/2.1; +http://www.google.com/bot.html) Chrome/100.0.4896.75 Safari/537.36"
