101.0.41.90 - - [16/Apr/2022:07:24:38 +0200] "GET /wp-includes/js/jquery/ui/mouse.min.js?ver=1.13.1 HTTP/1.1" 200 1449 "https://masmexico.com.mx/" "Mozilla/5.0 (Windows NT 10.0; Win64; x64; rv:100.0) Gecko/20100101 Firefox/100.0"
101.0.41.90 - - [16/Apr/2022:07:24:38 +0200] "GET /wp-includes/js/jquery/ui/draggable.min.js?ver=1.13.1 HTTP/1.1" 200 5204 "https://masmexico.com.mx/" "Mozilla/5.0 (Windows NT 10.0; Win64; x64; rv:100.0) Gecko/20100101 Firefox/100.0"
101.0.41.90 - - [16/Apr/2022:07:24:38 +0200] "GET /wp-includes/js/underscore.min.js?ver=1.13.1 HTTP/1.1" 200 7689 "https://masmexico.com.mx/" "Mozilla/5.0 (Windows NT 10.0; Win64; x64; rv:100.0) Gecko/20100101 Firefox/100.0"
101.0.41.90 - - [16/Apr/2022:07:24:38 +0200] "GET /wp-includes/js/backbone.min.js?ver=1.4.0 HTTP/1.1" 200 8304 "https://masmexico.com.mx/" "Mozilla/5.0 (Windows NT 10.0; Win64; x64; rv:100.0) Gecko/20100101 Firefox/100.0"
101.0.41.90 - - [16/Apr/2022:07:24:38 +0200] "GET /wp-content/plugins/elementor/assets/lib/backbone/backbone.marionette.min.js?ver=2.4.5.e1 HTTP/1.1" 200 11942 "https://masmexico.com.mx/" "Mozilla/5.0 (Windows NT 10.0; Win64; x64; rv:100.0) Gecko/20100101 Firefox/100.0"
101.0.41.90 - - [16/Apr/2022:07:24:38 +0200] "GET /wp-content/plugins/elementor/assets/lib/backbone/backbone.radio.min.js?ver=1.0.4 HTTP/1.1" 200 1940 "https://masmexico.com.mx/" "Mozilla/5.0 (Windows NT 10.0; Win64; x64; rv:100.0) Gecko/20100101 Firefox/100.0"
101.0.41.90 - - [16/Apr/2022:07:24:38 +0200] "GET /wp-content/plugins/elementor/assets/js/common-modules.min.js?ver=3.5.5 HTTP/1.1" 200 44451 "https://masmexico.com.mx/" "Mozilla/5.0 (Windows NT 10.0; Win64; x64; rv:100.0) Gecko/20100101 Firefox/100.0"
101.0.41.90 - - [16/Apr/2022:07:24:38 +0200] "GET /wp-content/plugins/elementor/assets/lib/dialog/dialog.min.js?ver=4.9.0 HTTP/1.1" 200 3819 "https://masmexico.com.mx/" "Mozilla/5.0 (Windows NT 10.0; Win64; x64; rv:100.0) Gecko/20100101 Firefox/100.0"
101.0.41.90 - - [16/Apr/2022:07:24:38 +0200] "GET /wp-includes/js/api-request.min.js?ver=5.9.3 HTTP/1.1" 200 960 "https://masmexico.com.mx/" "Mozilla/5.0 (Windows NT 10.0; Win64; x64; rv:100.0) Gecko/20100101 Firefox/100.0"
101.0.41.90 - - [16/Apr/2022:07:24:39 +0200] "GET /wp-includes/js/dist/vendor/wp-polyfill.min.js?ver=3.15.0 HTTP/1.1" 200 7386 "https://masmexico.com.mx/" "Mozilla/5.0 (Windows NT 10.0; Win64; x64; rv:100.0) Gecko/20100101 Firefox/100.0"
101.0.41.90 - - [16/Apr/2022:07:24:39 +0200] "GET /wp-includes/js/dist/vendor/regenerator-runtime.min.js?ver=0.13.9 HTTP/1.1" 200 2795 "https://masmexico.com.mx/" "Mozilla/5.0 (Windows NT 10.0; Win64; x64; rv:100.0) Gecko/20100101 Firefox/100.0"
101.0.41.90 - - [16/Apr/2022:07:24:39 +0200] "GET /wp-includes/js/dist/hooks.min.js?ver=1e58c8c5a32b2e97491080c5b10dc71c HTTP/1.1" 200 2242 "https://masmexico.com.mx/" "Mozilla/5.0 (Windows NT 10.0; Win64; x64; rv:100.0) Gecko/20100101 Firefox/100.0"
101.0.41.90 - - [16/Apr/2022:07:24:39 +0200] "GET /wp-includes/js/dist/i18n.min.js?ver=30fcecb428a0e8383d3776bcdd3a7834 HTTP/1.1" 200 4341 "https://masmexico.com.mx/" "Mozilla/5.0 (Windows NT 10.0; Win64; x64; rv:100.0) Gecko/20100101 Firefox/100.0"
101.0.41.90 - - [16/Apr/2022:07:24:39 +0200] "GET /wp-content/plugins/elementor/assets/js/common.min.js?ver=3.5.5 HTTP/1.1" 200 61123 "https://masmexico.com.mx/" "Mozilla/5.0 (Windows NT 10.0; Win64; x64; rv:100.0) Gecko/20100101 Firefox/100.0"
101.0.41.90 - - [16/Apr/2022:07:24:39 +0200] "GET /wp-content/plugins/elementor/assets/js/app-loader.min.js?ver=3.5.5 HTTP/1.1" 200 38946 "https://masmexico.com.mx/" "Mozilla/5.0 (Windows NT 10.0; Win64; x64; rv:100.0) Gecko/20100101 Firefox/100.0"
101.0.41.90 - - [16/Apr/2022:07:24:39 +0200] "GET /wp-content/plugins/LayerSlider/assets/static/font-awesome-4/fonts/fontawesome-webfont.woff2?v=4.7.0 HTTP/1.1" 200 77669 "https://masmexico.com.mx/wp-content/plugins/LayerSlider/assets/static/font-awesome-4/css/font-awesome.min.css?ver=4.7.0" "Mozilla/5.0 (Windows NT 10.0; Win64; x64; rv:100.0) Gecko/20100101 Firefox/100.0"
101.0.41.90 - - [16/Apr/2022:07:24:39 +0200] "GET /wp-content/themes/classiera/webfonts/fa-solid-900.woff2 HTTP/1.1" 200 78705 "https://masmexico.com.mx/wp-content/themes/classiera/css/fontawesome.css?ver=1" "Mozilla/5.0 (Windows NT 10.0; Win64; x64; rv:100.0) Gecko/20100101 Firefox/100.0"
101.0.41.90 - - [16/Apr/2022:07:24:39 +0200] "GET /wp-content/themes/classiera/webfonts/fa-brands-400.woff2 HTTP/1.1" 200 77273 "https://masmexico.com.mx/wp-content/themes/classiera/css/fontawesome.css?ver=1" "Mozilla/5.0 (Windows NT 10.0; Win64; x64; rv:100.0) Gecko/20100101 Firefox/100.0"
101.0.41.90 - - [16/Apr/2022:07:24:39 +0200] "GET /wp-content/uploads/2017/05/06-1-100x100.jpg HTTP/1.1" 200 4363 "https://masmexico.com.mx/" "Mozilla/5.0 (Windows NT 10.0; Win64; x64; rv:100.0) Gecko/20100101 Firefox/100.0"
101.0.41.90 - - [16/Apr/2022:07:24:39 +0200] "GET /wp-content/uploads/2017/05/05-100x100.jpg HTTP/1.1" 200 4126 "https://masmexico.com.mx/" "Mozilla/5.0 (Windows NT 10.0; Win64; x64; rv:100.0) Gecko/20100101 Firefox/100.0"
101.0.41.90 - - [16/Apr/2022:07:24:40 +0200] "GET /wp-content/uploads/2022/03/download-1-1-100x100.jpg HTTP/1.1" 200 5193 "https://masmexico.com.mx/" "Mozilla/5.0 (Windows NT 10.0; Win64; x64; rv:100.0) Gecko/20100101 Firefox/100.0"
101.0.41.90 - - [16/Apr/2022:07:24:40 +0200] "GET /wp-content/themes/classiera/images/nothumb.png HTTP/1.1" 200 16942 "https://masmexico.com.mx/" "Mozilla/5.0 (Windows NT 10.0; Win64; x64; rv:100.0) Gecko/20100101 Firefox/100.0"
101.0.41.90 - - [16/Apr/2022:07:24:40 +0200] "GET /wp-includes/js/thickbox/loadingAnimation.gif HTTP/1.1" 200 15569 "https://masmexico.com.mx/" "Mozilla/5.0 (Windows NT 10.0; Win64; x64; rv:100.0) Gecko/20100101 Firefox/100.0"
101.0.41.90 - - [16/Apr/2022:07:24:40 +0200] "GET /wp-content/plugins/LayerSlider/assets/static/layerslider/skins/v6/skin.css HTTP/1.1" 200 1396 "https://masmexico.com.mx/" "Mozilla/5.0 (Windows NT 10.0; Win64; x64; rv:100.0) Gecko/20100101 Firefox/100.0"
101.0.41.90 - - [16/Apr/2022:07:24:40 +0200] "GET /wp-content/uploads/2017/05/partner-img-5.png HTTP/1.1" 200 1653 "https://masmexico.com.mx/" "Mozilla/5.0 (Windows NT 10.0; Win64; x64; rv:100.0) Gecko/20100101 Firefox/100.0"
101.0.41.90 - - [16/Apr/2022:07:24:40 +0200] "GET /wp-content/uploads/2017/05/partner-img-1.png HTTP/1.1" 200 2748 "https://masmexico.com.mx/" "Mozilla/5.0 (Windows NT 10.0; Win64; x64; rv:100.0) Gecko/20100101 Firefox/100.0"
101.0.41.90 - - [16/Apr/2022:07:24:40 +0200] "GET /wp-content/uploads/2017/05/partner-img-6.png HTTP/1.1" 200 3341 "https://masmexico.com.mx/" "Mozilla/5.0 (Windows NT 10.0; Win64; x64; rv:100.0) Gecko/20100101 Firefox/100.0"
101.0.41.90 - - [16/Apr/2022:07:24:40 +0200] "GET /wp-content/uploads/2017/05/partner-img-2.png HTTP/1.1" 200 2917 "https://masmexico.com.mx/" "Mozilla/5.0 (Windows NT 10.0; Win64; x64; rv:100.0) Gecko/20100101 Firefox/100.0"
101.0.41.90 - - [16/Apr/2022:07:24:40 +0200] "GET /wp-content/uploads/2017/05/partner-img-3.png HTTP/1.1" 200 2190 "https://masmexico.com.mx/" "Mozilla/5.0 (Windows NT 10.0; Win64; x64; rv:100.0) Gecko/20100101 Firefox/100.0"
101.0.41.90 - - [16/Apr/2022:07:24:40 +0200] "GET /wp-content/uploads/2017/05/partner-img-4.png HTTP/1.1" 200 3740 "https://masmexico.com.mx/" "Mozilla/5.0 (Windows NT 10.0; Win64; x64; rv:100.0) Gecko/20100101 Firefox/100.0"
101.0.41.90 - - [16/Apr/2022:07:24:40 +0200] "GET /wp-content/uploads/2022/03/product-1009165-t-1627461236-o-100x100.webp HTTP/1.1" 200 1816 "https://masmexico.com.mx/" "Mozilla/5.0 (Windows NT 10.0; Win64; x64; rv:100.0) Gecko/20100101 Firefox/100.0"
101.0.41.90 - - [16/Apr/2022:07:24:41 +0200] "GET /wp-content/uploads/2022/03/81pDXg3NGoL._UL1500_-100x100.jpg HTTP/1.1" 200 4306 "https://masmexico.com.mx/" "Mozilla/5.0 (Windows NT 10.0; Win64; x64; rv:100.0) Gecko/20100101 Firefox/100.0"
101.0.41.90 - - [16/Apr/2022:07:24:41 +0200] "GET /wp-content/plugins/LayerSlider/assets/static/layerslider/skins/v6/loading.gif HTTP/1.1" 200 4714 "https://masmexico.com.mx/wp-content/plugins/LayerSlider/assets/static/layerslider/skins/v6/skin.css" "Mozilla/5.0 (Windows NT 10.0; Win64; x64; rv:100.0) Gecko/20100101 Firefox/100.0"
101.0.41.90 - - [16/Apr/2022:07:24:41 +0200] "GET /wp-content/uploads/2022/03/png-transparent-digital-marketing-web-design-internet-advertising-iphone-mobile-marketing-online-presence-management-web-development_prev_ui.png HTTP/1.1" 200 170977 "https://masmexico.com.mx/" "Mozilla/5.0 (Windows NT 10.0; Win64; x64; rv:100.0) Gecko/20100101 Firefox/100.0"
101.0.41.90 - - [16/Apr/2022:07:24:42 +0200] "GET /favicon.ico HTTP/1.1" 302 513 "https://masmexico.com.mx/" "Mozilla/5.0 (Windows NT 10.0; Win64; x64; rv:100.0) Gecko/20100101 Firefox/100.0"
101.0.41.90 - - [16/Apr/2022:07:24:41 +0200] "GET /wp-content/uploads/layerslider/projects/lime/slider-v1-bg-1.png HTTP/1.1" 200 829090 "https://masmexico.com.mx/" "Mozilla/5.0 (Windows NT 10.0; Win64; x64; rv:100.0) Gecko/20100101 Firefox/100.0"
101.0.41.90 - - [16/Apr/2022:07:24:43 +0200] "GET /wp-includes/images/w-logo-blue-white-bg.png HTTP/1.1" 200 4427 "https://masmexico.com.mx/" "Mozilla/5.0 (Windows NT 10.0; Win64; x64; rv:100.0) Gecko/20100101 Firefox/100.0"
101.0.41.90 - - [16/Apr/2022:07:24:41 +0200] "GET /wp-content/uploads/layerslider/projects/lime/slider-v1-bg-2.png HTTP/1.1" 200 634598 "https://masmexico.com.mx/" "Mozilla/5.0 (Windows NT 10.0; Win64; x64; rv:100.0) Gecko/20100101 Firefox/100.0"
101.0.41.90 - - [16/Apr/2022:07:24:46 +0200] "POST /wp-admin/admin-ajax.php HTTP/1.1" 200 620 "https://masmexico.com.mx/wp-admin/theme-editor.php" "Mozilla/5.0 (Windows NT 10.0; Win64; x64; rv:100.0) Gecko/20100101 Firefox/100.0"
101.0.41.90 - - [16/Apr/2022:07:24:46 +0200] "POST /wp-admin/admin-ajax.php HTTP/1.1" 200 565 "https://masmexico.com.mx/" "Mozilla/5.0 (Windows NT 10.0; Win64; x64; rv:100.0) Gecko/20100101 Firefox/100.0"
101.0.41.90 - - [16/Apr/2022:07:24:50 +0200] "GET /wp-admin/admin.php?page=layerslider&action=edit&id=1 HTTP/1.1" 200 234583 "https://masmexico.com.mx/wp-admin/admin.php?page=layerslider" "Mozilla/5.0 (Windows NT 10.0; Win64; x64; rv:100.0) Gecko/20100101 Firefox/100.0"
101.0.41.90 - - [16/Apr/2022:07:24:51 +0200] "GET /wp-content/uploads/2022/03/png-transparent-mobile-phones-portable-communications-device-advertising-cellular-network-telephone-supermarket-advertising-miscellaneous-gadget-mobile-phone-removebg-preview.png HTTP/1.1" 200 69396 "https://masmexico.com.mx/" "Mozilla/5.0 (Windows NT 10.0; Win64; x64; rv:100.0) Gecko/20100101 Firefox/100.0"
101.0.41.90 - - [16/Apr/2022:07:24:51 +0200] "GET /wp-content/plugins/LayerSlider/assets/static/layerslider/plugins/origami/layerslider.origami.css?ver=7.0.7 HTTP/1.1" 200 1256 "https://masmexico.com.mx/wp-admin/admin.php?page=layerslider&action=edit&id=1" "Mozilla/5.0 (Windows NT 10.0; Win64; x64; rv:100.0) Gecko/20100101 Firefox/100.0"
101.0.41.90 - - [16/Apr/2022:07:24:51 +0200] "GET /wp-content/plugins/LayerSlider/assets/static/layerslider/plugins/popup/layerslider.popup.css?ver=7.0.7 HTTP/1.1" 200 1330 "https://masmexico.com.mx/wp-admin/admin.php?page=layerslider&action=edit&id=1" "Mozilla/5.0 (Windows NT 10.0; Win64; x64; rv:100.0) Gecko/20100101 Firefox/100.0"
101.0.41.90 - - [16/Apr/2022:07:24:51 +0200] "GET /wp-content/plugins/LayerSlider/assets/static/admin/css/editor.css?ver=7.0.7 HTTP/1.1" 200 51523 "https://masmexico.com.mx/wp-admin/admin.php?page=layerslider&action=edit&id=1" "Mozilla/5.0 (Windows NT 10.0; Win64; x64; rv:100.0) Gecko/20100101 Firefox/100.0"
101.0.41.90 - - [16/Apr/2022:07:24:51 +0200] "GET /wp-content/plugins/LayerSlider/assets/static/minicolors/jquery.minicolors.css?ver=7.0.7 HTTP/1.1" 200 2468 "https://masmexico.com.mx/wp-admin/admin.php?page=layerslider&action=edit&id=1" "Mozilla/5.0 (Windows NT 10.0; Win64; x64; rv:100.0) Gecko/20100101 Firefox/100.0"
101.0.41.90 - - [16/Apr/2022:07:24:51 +0200] "GET /wp-content/plugins/LayerSlider/assets/static/air-datepicker/datepicker.min.css?ver=2.1.0 HTTP/1.1" 200 2667 "https://masmexico.com.mx/wp-admin/admin.php?page=layerslider&action=edit&id=1" "Mozilla/5.0 (Windows NT 10.0; Win64; x64; rv:100.0) Gecko/20100101 Firefox/100.0"
101.0.41.90 - - [16/Apr/2022:07:24:52 +0200] "GET /wp-content/plugins/LayerSlider/assets/static/iguider/iGuider.css?ver=4.5 HTTP/1.1" 200 3398 "https://masmexico.com.mx/wp-admin/admin.php?page=layerslider&action=edit&id=1" "Mozilla/5.0 (Windows NT 10.0; Win64; x64; rv:100.0) Gecko/20100101 Firefox/100.0"
101.0.41.90 - - [16/Apr/2022:07:24:52 +0200] "GET /wp-includes/js/jquery/ui/selectable.min.js?ver=1.13.1 HTTP/1.1" 200 1752 "https://masmexico.com.mx/wp-admin/admin.php?page=layerslider&action=edit&id=1" "Mozilla/5.0 (Windows NT 10.0; Win64; x64; rv:100.0) Gecko/20100101 Firefox/100.0"
101.0.41.90 - - [16/Apr/2022:07:24:52 +0200] "GET /wp-includes/js/jquery/ui/resizable.min.js?ver=1.13.1 HTTP/1.1" 200 6018 "https://masmexico.com.mx/wp-admin/admin.php?page=layerslider&action=edit&id=1" "Mozilla/5.0 (Windows NT 10.0; Win64; x64; rv:100.0) Gecko/20100101 Firefox/100.0"
101.0.41.90 - - [16/Apr/2022:07:24:52 +0200] "GET /wp-includes/js/jquery/ui/slider.min.js?ver=1.13.1 HTTP/1.1" 200 3819 "https://masmexico.com.mx/wp-admin/admin.php?page=layerslider&action=edit&id=1" "Mozilla/5.0 (Windows NT 10.0; Win64; x64; rv:100.0) Gecko/20100101 Firefox/100.0"
101.0.41.90 - - [16/Apr/2022:07:24:52 +0200] "GET /wp-content/plugins/LayerSlider/assets/static/admin/js/ls-project-editor-new-min.js?ver=7.0.7 HTTP/1.1" 200 24002 "https://masmexico.com.mx/wp-admin/admin.php?page=layerslider&action=edit&id=1" "Mozilla/5.0 (Windows NT 10.0; Win64; x64; rv:100.0) Gecko/20100101 Firefox/100.0"
101.0.41.90 - - [16/Apr/2022:07:24:52 +0200] "GET /wp-content/plugins/LayerSlider/assets/static/admin/js/ls-project-editor-min.js?ver=7.0.7 HTTP/1.1" 200 52375 "https://masmexico.com.mx/wp-admin/admin.php?page=layerslider&action=edit&id=1" "Mozilla/5.0 (Windows NT 10.0; Win64; x64; rv:100.0) Gecko/20100101 Firefox/100.0"
101.0.41.90 - - [16/Apr/2022:07:24:52 +0200] "GET /wp-content/plugins/LayerSlider/assets/static/admin/js/layerslider.timeline-min.js?ver=7.0.7 HTTP/1.1" 200 2554 "https://masmexico.com.mx/wp-admin/admin.php?page=layerslider&action=edit&id=1" "Mozilla/5.0 (Windows NT 10.0; Win64; x64; rv:100.0) Gecko/20100101 Firefox/100.0"
101.0.41.90 - - [16/Apr/2022:07:24:52 +0200] "GET /wp-admin/load-styles.php?c=0&dir=ltr&load%5Bchunk_0%5D=dashicons,admin-bar,buttons,media-views,wp-pointer,wp-auth-check&ver=5.9.3 HTTP/1.1" 200 50623 "https://masmexico.com.mx/wp-admin/admin.php?page=layerslider&action=edit&id=1" "Mozilla/5.0 (Windows NT 10.0; Win64; x64; rv:100.0) Gecko/20100101 Firefox/100.0"
101.0.41.90 - - [16/Apr/2022:07:24:52 +0200] "GET /wp-content/plugins/google-captcha/bws_menu/css/jquery-ui-styles/1.13.1/jquery-ui.css?ver=5.9.3 HTTP/1.1" 404 172512 "https://masmexico.com.mx/wp-admin/admin.php?page=layerslider&action=edit&id=1" "Mozilla/5.0 (Windows NT 10.0; Win64; x64; rv:100.0) Gecko/20100101 Firefox/100.0"
101.0.41.90 - - [16/Apr/2022:07:24:52 +0200] "GET /wp-content/plugins/LayerSlider/assets/static/layerslider/plugins/origami/layerslider.origami.js?ver=7.0.7 HTTP/1.1" 200 2688 "https://masmexico.com.mx/wp-admin/admin.php?page=layerslider&action=edit&id=1" "Mozilla/5.0 (Windows NT 10.0; Win64; x64; rv:100.0) Gecko/20100101 Firefox/100.0"
101.0.41.90 - - [16/Apr/2022:07:24:52 +0200] "GET /wp-content/plugins/LayerSlider/assets/static/layerslider/plugins/popup/layerslider.popup.js?ver=7.0.7 HTTP/1.1" 200 5542 "https://masmexico.com.mx/wp-admin/admin.php?page=layerslider&action=edit&id=1" "Mozilla/5.0 (Windows NT 10.0; Win64; x64; rv:100.0) Gecko/20100101 Firefox/100.0"
101.0.41.90 - - [16/Apr/2022:07:24:52 +0200] "GET /wp-content/plugins/LayerSlider/assets/static/minicolors/jquery.minicolors.min.js?ver=7.0.7 HTTP/1.1" 200 5055 "https://masmexico.com.mx/wp-admin/admin.php?page=layerslider&action=edit&id=1" "Mozilla/5.0 (Windows NT 10.0; Win64; x64; rv:100.0) Gecko/20100101 Firefox/100.0"
101.0.41.90 - - [16/Apr/2022:07:24:52 +0200] "GET /wp-content/plugins/LayerSlider/assets/static/air-datepicker/datepicker.min.js?ver=2.1.0 HTTP/1.1" 200 14814 "https://masmexico.com.mx/wp-admin/admin.php?page=layerslider&action=edit&id=1" "Mozilla/5.0 (Windows NT 10.0; Win64; x64; rv:100.0) Gecko/20100101 Firefox/100.0"
101.0.41.90 - - [16/Apr/2022:07:24:52 +0200] "GET /wp-content/plugins/LayerSlider/assets/static/air-datepicker/i18n/datepicker.en.js?ver=2.1.0 HTTP/1.1" 200 733 "https://masmexico.com.mx/wp-admin/admin.php?page=layerslider&action=edit&id=1" "Mozilla/5.0 (Windows NT 10.0; Win64; x64; rv:100.0) Gecko/20100101 Firefox/100.0"
101.0.41.90 - - [16/Apr/2022:07:24:52 +0200] "GET /wp-content/plugins/LayerSlider/assets/static/html2canvas/html2canvas.min.js?ver=1.0.0rc7 HTTP/1.1" 200 42245 "https://masmexico.com.mx/wp-admin/admin.php?page=layerslider&action=edit&id=1" "Mozilla/5.0 (Windows NT 10.0; Win64; x64; rv:100.0) Gecko/20100101 Firefox/100.0"
101.0.41.90 - - [16/Apr/2022:07:24:53 +0200] "GET /wp-content/plugins/LayerSlider/assets/static/iguider/jquery.iGuider.js?ver=4.5 HTTP/1.1" 200 34704 "https://masmexico.com.mx/wp-admin/admin.php?page=layerslider&action=edit&id=1" "Mozilla/5.0 (Windows NT 10.0; Win64; x64; rv:100.0) Gecko/20100101 Firefox/100.0"
101.0.41.90 - - [16/Apr/2022:07:24:53 +0200] "GET /wp-content/plugins/LayerSlider/assets/static/iguider/iGuider-theme-neon.js?ver=4.5 HTTP/1.1" 200 797 "https://masmexico.com.mx/wp-admin/admin.php?page=layerslider&action=edit&id=1" "Mozilla/5.0 (Windows NT 10.0; Win64; x64; rv:100.0) Gecko/20100101 Firefox/100.0"
101.0.41.90 - - [16/Apr/2022:07:24:53 +0200] "GET /wp-content/plugins/LayerSlider/assets/static/admin/js/jquery-ui-overrides.js?ver=7.0.7 HTTP/1.1" 200 1939 "https://masmexico.com.mx/wp-admin/admin.php?page=layerslider&action=edit&id=1" "Mozilla/5.0 (Windows NT 10.0; Win64; x64; rv:100.0) Gecko/20100101 Firefox/100.0"
101.0.41.90 - - [16/Apr/2022:07:24:53 +0200] "GET /wp-content/plugins/LayerSlider/assets/static/admin/js/ls-project-editor-search.js?ver=7.0.7 HTTP/1.1" 200 1841 "https://masmexico.com.mx/wp-admin/admin.php?page=layerslider&action=edit&id=1" "Mozilla/5.0 (Windows NT 10.0; Win64; x64; rv:100.0) Gecko/20100101 Firefox/100.0"
101.0.41.90 - - [16/Apr/2022:07:24:53 +0200] "GET /wp-content/plugins/LayerSlider/assets/static/admin/js/ls-button-presets-min.js?ver=7.0.7 HTTP/1.1" 200 2168 "https://masmexico.com.mx/wp-admin/admin.php?page=layerslider&action=edit&id=1" "Mozilla/5.0 (Windows NT 10.0; Win64; x64; rv:100.0) Gecko/20100101 Firefox/100.0"
101.0.41.90 - - [16/Apr/2022:07:24:53 +0200] "GET /wp-content/plugins/LayerSlider/assets/static/admin/js/MorphSVGPlugin.min.js?ver=7.0.7 HTTP/1.1" 200 7888 "https://masmexico.com.mx/wp-admin/admin.php?page=layerslider&action=edit&id=1" "Mozilla/5.0 (Windows NT 10.0; Win64; x64; rv:100.0) Gecko/20100101 Firefox/100.0"
101.0.41.90 - - [16/Apr/2022:07:24:53 +0200] "GET /wp-content/plugins/LayerSlider/assets/static/angle-input/angle-input.jquery.js?ver=0.0.1 HTTP/1.1" 200 2139 "https://masmexico.com.mx/wp-admin/admin.php?page=layerslider&action=edit&id=1" "Mozilla/5.0 (Windows NT 10.0; Win64; x64; rv:100.0) Gecko/20100101 Firefox/100.0"
101.0.41.90 - - [16/Apr/2022:07:24:53 +0200] "GET /wp-content/plugins/LayerSlider/assets/static/admin/img/creature-coming-soon.png HTTP/1.1" 200 37554 "https://masmexico.com.mx/wp-admin/admin.php?page=layerslider&action=edit&id=1" "Mozilla/5.0 (Windows NT 10.0; Win64; x64; rv:100.0) Gecko/20100101 Firefox/100.0"
101.0.41.90 - - [16/Apr/2022:07:24:53 +0200] "GET /wp-admin/admin.php?page=layerslider&action=preview-iframe-html HTTP/1.1" 200 1155 "https://masmexico.com.mx/wp-admin/admin.php?page=layerslider&action=edit&id=1" "Mozilla/5.0 (Windows NT 10.0; Win64; x64; rv:100.0) Gecko/20100101 Firefox/100.0"
101.0.41.90 - - [16/Apr/2022:07:24:54 +0200] "GET /wp-content/plugins/LayerSlider/assets/static/admin/js/webfontloader.js?ver=7.0.7 HTTP/1.1" 200 5386 "https://masmexico.com.mx/wp-admin/admin.php?page=layerslider&action=preview-iframe-html" "Mozilla/5.0 (Windows NT 10.0; Win64; x64; rv:100.0) Gecko/20100101 Firefox/100.0"
101.0.41.90 - - [16/Apr/2022:07:24:54 +0200] "GET /wp-content/plugins/LayerSlider/assets/static/admin/css/project-iframe.css?ver=7.0.7 HTTP/1.1" 200 1142 "https://masmexico.com.mx/wp-admin/admin.php?page=layerslider&action=preview-iframe-html" "Mozilla/5.0 (Windows NT 10.0; Win64; x64; rv:100.0) Gecko/20100101 Firefox/100.0"
101.0.41.90 - - [16/Apr/2022:07:24:54 +0200] "GET /wp-content/plugins/LayerSlider/assets/static/admin/js/project-iframe.js?ver=7.0.7 HTTP/1.1" 200 839 "https://masmexico.com.mx/wp-admin/admin.php?page=layerslider&action=preview-iframe-html" "Mozilla/5.0 (Windows NT 10.0; Win64; x64; rv:100.0) Gecko/20100101 Firefox/100.0"
101.0.41.90 - - [16/Apr/2022:07:24:54 +0200] "GET /wp-includes/js/jquery/jquery.min.js HTTP/1.1" 200 31393 "https://masmexico.com.mx/wp-admin/admin.php?page=layerslider&action=preview-iframe-html" "Mozilla/5.0 (Windows NT 10.0; Win64; x64; rv:100.0) Gecko/20100101 Firefox/100.0"
101.0.41.90 - - [16/Apr/2022:07:24:56 +0200] "POST /wp-admin/admin-ajax.php HTTP/1.1" 200 620 "https://masmexico.com.mx/wp-admin/admin.php?page=layerslider&action=edit&id=1" "Mozilla/5.0 (Windows NT 10.0; Win64; x64; rv:100.0) Gecko/20100101 Firefox/100.0"
101.0.41.90 - - [16/Apr/2022:07:24:56 +0200] "GET /wp-admin/admin.php?page=layerslider&action=preview-iframe-html HTTP/1.1" 200 1155 "https://masmexico.com.mx/wp-admin/admin.php?page=layerslider&action=edit&id=1" "Mozilla/5.0 (Windows NT 10.0; Win64; x64; rv:100.0) Gecko/20100101 Firefox/100.0"
101.0.41.90 - - [16/Apr/2022:07:24:57 +0200] "GET /wp-content/uploads/layerslider/projects/lime/slider-v1-bg-1-300x94.png HTTP/1.1" 200 42960 "https://masmexico.com.mx/wp-admin/admin.php?page=layerslider&action=edit&id=1" "Mozilla/5.0 (Windows NT 10.0; Win64; x64; rv:100.0) Gecko/20100101 Firefox/100.0"
101.0.41.90 - - [16/Apr/2022:07:24:57 +0200] "GET /wp-content/uploads/layerslider/projects/lime/slider-v1-car-1-300x143.png HTTP/1.1" 200 62179 "https://masmexico.com.mx/wp-admin/admin.php?page=layerslider&action=edit&id=1" "Mozilla/5.0 (Windows NT 10.0; Win64; x64; rv:100.0) Gecko/20100101 Firefox/100.0"
101.0.41.90 - - [16/Apr/2022:07:24:57 +0200] "GET /wp-content/uploads/layerslider/projects/lime/slider-v1-buy-1.png HTTP/1.1" 200 24680 "https://masmexico.com.mx/wp-admin/admin.php?page=layerslider&action=edit&id=1" "Mozilla/5.0 (Windows NT 10.0; Win64; x64; rv:100.0) Gecko/20100101 Firefox/100.0"
101.0.41.90 - - [16/Apr/2022:07:24:57 +0200] "GET /wp-content/plugins/LayerSlider/assets/static/admin/img//blank.gif HTTP/1.1" 200 347 "https://masmexico.com.mx/wp-admin/admin.php?page=layerslider&action=edit&id=1" "Mozilla/5.0 (Windows NT 10.0; Win64; x64; rv:100.0) Gecko/20100101 Firefox/100.0"
101.0.41.90 - - [16/Apr/2022:07:24:57 +0200] "GET /wp-content/uploads/layerslider/projects/lime/slider-v1-car-2-300x160.png HTTP/1.1" 200 77693 "https://masmexico.com.mx/wp-admin/admin.php?page=layerslider&action=edit&id=1" "Mozilla/5.0 (Windows NT 10.0; Win64; x64; rv:100.0) Gecko/20100101 Firefox/100.0"
101.0.41.90 - - [16/Apr/2022:07:24:57 +0200] "GET /wp-content/uploads/layerslider/projects/lime/slider-v1-sell-1.png HTTP/1.1" 200 21721 "https://masmexico.com.mx/wp-admin/admin.php?page=layerslider&action=edit&id=1" "Mozilla/5.0 (Windows NT 10.0; Win64; x64; rv:100.0) Gecko/20100101 Firefox/100.0"
101.0.41.90 - - [16/Apr/2022:07:24:58 +0200] "GET /wp-content/uploads/layerslider/projects/lime/slider-v1-layer-bg-1-300x193.png HTTP/1.1" 200 49047 "https://masmexico.com.mx/wp-admin/admin.php?page=layerslider&action=edit&id=1" "Mozilla/5.0 (Windows NT 10.0; Win64; x64; rv:100.0) Gecko/20100101 Firefox/100.0"
101.0.41.90 - - [16/Apr/2022:07:24:58 +0200] "GET /wp-content/uploads/layerslider/projects/lime/slider-v1-car-2.png HTTP/1.1" 200 125446 "https://masmexico.com.mx/wp-admin/admin.php?page=layerslider&action=edit&id=1" "Mozilla/5.0 (Windows NT 10.0; Win64; x64; rv:100.0) Gecko/20100101 Firefox/100.0"
101.0.41.90 - - [16/Apr/2022:07:24:58 +0200] "GET /wp-content/uploads/layerslider/projects/lime/slider-v1-car-1.png HTTP/1.1" 200 108772 "https://masmexico.com.mx/wp-admin/admin.php?page=layerslider&action=edit&id=1" "Mozilla/5.0 (Windows NT 10.0; Win64; x64; rv:100.0) Gecko/20100101 Firefox/100.0"
101.0.41.90 - - [16/Apr/2022:07:24:58 +0200] "GET /wp-content/plugins/LayerSlider/assets/static/admin/js/ls-tours.js HTTP/1.1" 200 3001 "https://masmexico.com.mx/wp-content/plugins/LayerSlider/assets/static/admin/js/ls-project-editor-min.js?ver=7.0.7" "Mozilla/5.0 (Windows NT 10.0; Win64; x64; rv:100.0) Gecko/20100101 Firefox/100.0"
101.0.41.90 - - [16/Apr/2022:07:24:58 +0200] "GET /wp-content/uploads/layerslider/projects/lime/slider-v1-layer-bg-1.png HTTP/1.1" 200 308686 "https://masmexico.com.mx/wp-admin/admin.php?page=layerslider&action=edit&id=1" "Mozilla/5.0 (Windows NT 10.0; Win64; x64; rv:100.0) Gecko/20100101 Firefox/100.0"
101.0.41.90 - - [16/Apr/2022:07:24:58 +0200] "GET /wp-content/plugins/accesspress-social-login-lite/css/fonts/fontawesome-webfont.woff2?v=4.7.0 HTTP/1.1" 404 172550 "https://masmexico.com.mx/wp-content/plugins/accesspress-social-login-lite/css/font-awesome/font-awesome.min.css?ver=3.4.8" "Mozilla/5.0 (Windows NT 10.0; Win64; x64; rv:100.0) Gecko/20100101 Firefox/100.0"
101.0.41.90 - - [16/Apr/2022:07:24:59 +0200] "GET /wp-content/plugins/accesspress-social-login-lite/css/fonts/fontawesome-webfont.woff?v=4.7.0 HTTP/1.1" 404 172548 "https://masmexico.com.mx/wp-content/plugins/accesspress-social-login-lite/css/font-awesome/font-awesome.min.css?ver=3.4.8" "Mozilla/5.0 (Windows NT 10.0; Win64; x64; rv:100.0) Gecko/20100101 Firefox/100.0"
101.0.41.90 - - [16/Apr/2022:07:25:00 +0200] "GET /wp-content/plugins/accesspress-social-login-lite/css/fonts/fontawesome-webfont.ttf?v=4.7.0 HTTP/1.1" 404 172546 "https://masmexico.com.mx/wp-content/plugins/accesspress-social-login-lite/css/font-awesome/font-awesome.min.css?ver=3.4.8" "Mozilla/5.0 (Windows NT 10.0; Win64; x64; rv:100.0) Gecko/20100101 Firefox/100.0"
49.14.109.247 - - [16/Apr/2022:07:25:55 +0200] "GET / HTTP/1.1" 301 449 "-" "Mozilla/5.0 (Windows NT 6.1; Win64; x64; rv:99.0) Gecko/20100101 Firefox/99.0"
101.0.41.90 - - [16/Apr/2022:07:25:58 +0200] "POST /wp-admin/admin-ajax.php HTTP/1.1" 200 944 "https://masmexico.com.mx/wp-admin/admin.php?page=layerslider&action=edit&id=1" "Mozilla/5.0 (Windows NT 10.0; Win64; x64; rv:100.0) Gecko/20100101 Firefox/100.0"
49.14.109.247 - - [16/Apr/2022:07:25:59 +0200] "GET / HTTP/1.1" 200 30289 "-" "Mozilla/5.0 (Windows NT 6.1; Win64; x64; rv:99.0) Gecko/20100101 Firefox/99.0"
49.14.109.247 - - [16/Apr/2022:07:26:00 +0200] "GET /wp-content/plugins/LayerSlider/assets/static/layerslider/css/layerslider.css?ver=7.0.7 HTTP/1.1" 200 4626 "https://masmexico.com.mx/" "Mozilla/5.0 (Windows NT 6.1; Win64; x64; rv:99.0) Gecko/20100101 Firefox/99.0"
49.14.109.247 - - [16/Apr/2022:07:26:00 +0200] "GET /wp-content/plugins/accesspress-social-share/css/frontend.css?ver=4.5.6 HTTP/1.1" 200 4178 "https://masmexico.com.mx/" "Mozilla/5.0 (Windows NT 6.1; Win64; x64; rv:99.0) Gecko/20100101 Firefox/99.0"
49.14.109.247 - - [16/Apr/2022:07:26:01 +0200] "GET /wp-content/themes/classiera-child/style.css?ver=5.9.3 HTTP/1.1" 200 1338 "https://masmexico.com.mx/" "Mozilla/5.0 (Windows NT 6.1; Win64; x64; rv:99.0) Gecko/20100101 Firefox/99.0"
49.14.109.247 - - [16/Apr/2022:07:26:01 +0200] "GET /wp-content/themes/classiera/css/select2.min.css?ver=1 HTTP/1.1" 200 2346 "https://masmexico.com.mx/" "Mozilla/5.0 (Windows NT 6.1; Win64; x64; rv:99.0) Gecko/20100101 Firefox/99.0"
49.14.109.247 - - [16/Apr/2022:07:26:01 +0200] "GET /wp-content/themes/classiera/css/jquery-ui.min.css?ver=1 HTTP/1.1" 200 7956 "https://masmexico.com.mx/" "Mozilla/5.0 (Windows NT 6.1; Win64; x64; rv:99.0) Gecko/20100101 Firefox/99.0"
49.14.109.247 - - [16/Apr/2022:07:26:01 +0200] "GET /wp-content/themes/classiera/css/bootstrap.css?ver=1 HTTP/1.1" 200 21735 "https://masmexico.com.mx/" "Mozilla/5.0 (Windows NT 6.1; Win64; x64; rv:99.0) Gecko/20100101 Firefox/99.0"
49.14.109.247 - - [16/Apr/2022:07:26:02 +0200] "GET /wp-content/themes/classiera/css/animate.min.css?ver=1 HTTP/1.1" 200 3957 "https://masmexico.com.mx/" "Mozilla/5.0 (Windows NT 6.1; Win64; x64; rv:99.0) Gecko/20100101 Firefox/99.0"
49.14.109.247 - - [16/Apr/2022:07:26:02 +0200] "GET /wp-content/themes/classiera/css/bootstrap-dropdownhover.min.css?ver=1 HTTP/1.1" 200 833 "https://masmexico.com.mx/" "Mozilla/5.0 (Windows NT 6.1; Win64; x64; rv:99.0) Gecko/20100101 Firefox/99.0"
49.14.109.247 - - [16/Apr/2022:07:26:02 +0200] "GET /wp-content/themes/classiera/css/classiera-components.css?ver=1 HTTP/1.1" 200 12889 "https://masmexico.com.mx/" "Mozilla/5.0 (Windows NT 6.1; Win64; x64; rv:99.0) Gecko/20100101 Firefox/99.0"
49.14.109.247 - - [16/Apr/2022:07:26:02 +0200] "GET /wp-content/themes/classiera/css/classiera.css?ver=1 HTTP/1.1" 200 33535 "https://masmexico.com.mx/" "Mozilla/5.0 (Windows NT 6.1; Win64; x64; rv:99.0) Gecko/20100101 Firefox/99.0"
49.14.109.247 - - [16/Apr/2022:07:26:02 +0200] "GET /wp-content/themes/classiera/css/fontawesome.css?ver=1 HTTP/1.1" 200 13804 "https://masmexico.com.mx/" "Mozilla/5.0 (Windows NT 6.1; Win64; x64; rv:99.0) Gecko/20100101 Firefox/99.0"
49.14.109.247 - - [16/Apr/2022:07:26:03 +0200] "GET /wp-content/themes/classiera/css/material-design-iconic-font.css?ver=1 HTTP/1.1" 200 14576 "https://masmexico.com.mx/" "Mozilla/5.0 (Windows NT 6.1; Win64; x64; rv:99.0) Gecko/20100101 Firefox/99.0"
49.14.109.247 - - [16/Apr/2022:07:26:03 +0200] "GET /wp-content/themes/classiera/css/owl.carousel.min.css?ver=1 HTTP/1.1" 200 1332 "https://masmexico.com.mx/" "Mozilla/5.0 (Windows NT 6.1; Win64; x64; rv:99.0) Gecko/20100101 Firefox/99.0"
49.14.109.247 - - [16/Apr/2022:07:26:03 +0200] "GET /wp-content/themes/classiera/css/owl.theme.default.min.css?ver=1 HTTP/1.1" 200 836 "https://masmexico.com.mx/" "Mozilla/5.0 (Windows NT 6.1; Win64; x64; rv:99.0) Gecko/20100101 Firefox/99.0"
49.14.109.247 - - [16/Apr/2022:07:26:03 +0200] "GET /wp-content/themes/classiera/css/responsive.css?ver=1 HTTP/1.1" 200 4661 "https://masmexico.com.mx/" "Mozilla/5.0 (Windows NT 6.1; Win64; x64; rv:99.0) Gecko/20100101 Firefox/99.0"
49.14.109.247 - - [16/Apr/2022:07:26:04 +0200] "GET /wp-content/themes/classiera/css/classiera-map.css?ver=1 HTTP/1.1" 200 4069 "https://masmexico.com.mx/" "Mozilla/5.0 (Windows NT 6.1; Win64; x64; rv:99.0) Gecko/20100101 Firefox/99.0"
49.14.109.247 - - [16/Apr/2022:07:26:04 +0200] "GET /wp-content/themes/classiera/css/bootstrap-slider.css?ver=1 HTTP/1.1" 200 2479 "https://masmexico.com.mx/" "Mozilla/5.0 (Windows NT 6.1; Win64; x64; rv:99.0) Gecko/20100101 Firefox/99.0"
49.14.109.247 - - [16/Apr/2022:07:26:04 +0200] "GET /wp-includes/js/jquery/jquery.min.js?ver=3.6.0 HTTP/1.1" 200 31393 "https://masmexico.com.mx/" "Mozilla/5.0 (Windows NT 6.1; Win64; x64; rv:99.0) Gecko/20100101 Firefox/99.0"
49.14.109.247 - - [16/Apr/2022:07:26:04 +0200] "GET /wp-includes/js/jquery/jquery-migrate.min.js?ver=3.3.2 HTTP/1.1" 200 4542 "https://masmexico.com.mx/" "Mozilla/5.0 (Windows NT 6.1; Win64; x64; rv:99.0) Gecko/20100101 Firefox/99.0"
49.14.109.247 - - [16/Apr/2022:07:26:04 +0200] "GET /wp-content/plugins/LayerSlider/assets/static/layerslider/js/layerslider.utils.js?ver=7.0.7 HTTP/1.1" 200 42509 "https://masmexico.com.mx/" "Mozilla/5.0 (Windows NT 6.1; Win64; x64; rv:99.0) Gecko/20100101 Firefox/99.0"
49.14.109.247 - - [16/Apr/2022:07:26:05 +0200] "GET /wp-content/plugins/LayerSlider/assets/static/layerslider/js/layerslider.kreaturamedia.jquery.js?ver=7.0.7 HTTP/1.1" 200 48507 "https://masmexico.com.mx/" "Mozilla/5.0 (Windows NT 6.1; Win64; x64; rv:99.0) Gecko/20100101 Firefox/99.0"
49.14.109.247 - - [16/Apr/2022:07:26:05 +0200] "GET /wp-content/plugins/LayerSlider/assets/static/layerslider/js/layerslider.transitions.js?ver=7.0.7 HTTP/1.1" 200 3745 "https://masmexico.com.mx/" "Mozilla/5.0 (Windows NT 6.1; Win64; x64; rv:99.0) Gecko/20100101 Firefox/99.0"
49.14.109.247 - - [16/Apr/2022:07:26:05 +0200] "GET /wp-content/plugins/accesspress-social-login-lite/js/frontend.js?ver=3.4.8 HTTP/1.1" 200 527 "https://masmexico.com.mx/" "Mozilla/5.0 (Windows NT 6.1; Win64; x64; rv:99.0) Gecko/20100101 Firefox/99.0"
49.14.109.247 - - [16/Apr/2022:07:26:05 +0200] "GET /wp-content/plugins/LayerSlider/assets/static/font-awesome-4/css/font-awesome.min.css?ver=4.7.0 HTTP/1.1" 200 7394 "https://masmexico.com.mx/" "Mozilla/5.0 (Windows NT 6.1; Win64; x64; rv:99.0) Gecko/20100101 Firefox/99.0"
49.14.109.247 - - [16/Apr/2022:07:26:06 +0200] "GET /wp-includes/js/thickbox/thickbox.js?ver=3.1-20121105 HTTP/1.1" 200 4374 "https://masmexico.com.mx/" "Mozilla/5.0 (Windows NT 6.1; Win64; x64; rv:99.0) Gecko/20100101 Firefox/99.0"
66.102.7.142 - - [16/Apr/2022:07:26:06 +0200] "GET / HTTP/1.1" 301 449 "-" "Mozilla/5.0 (X11; Linux x86_64) AppleWebKit/537.36 (KHTML, like Gecko) Chrome/56.0.2924.87 Safari/537.36 Google-PageRenderer Google (+https://developers.google.com/+/web/snippet/)"
49.14.109.247 - - [16/Apr/2022:07:26:06 +0200] "GET /wp-content/plugins/accesspress-social-share/js/frontend.js?ver=4.5.6 HTTP/1.1" 200 886 "https://masmexico.com.mx/" "Mozilla/5.0 (Windows NT 6.1; Win64; x64; rv:99.0) Gecko/20100101 Firefox/99.0"
49.14.109.247 - - [16/Apr/2022:07:26:06 +0200] "GET /wp-content/plugins/classiera-helper/js/dropzone.js?ver=5.9.3 HTTP/1.1" 200 31252 "https://masmexico.com.mx/" "Mozilla/5.0 (Windows NT 6.1; Win64; x64; rv:99.0) Gecko/20100101 Firefox/99.0"
49.14.109.247 - - [16/Apr/2022:07:26:06 +0200] "GET /wp-content/plugins/classiera-helper/js/classiera-helper.js?ver=5.9.3 HTTP/1.1" 200 1068 "https://masmexico.com.mx/" "Mozilla/5.0 (Windows NT 6.1; Win64; x64; rv:99.0) Gecko/20100101 Firefox/99.0"
66.102.7.133 - - [16/Apr/2022:07:26:06 +0200] "GET / HTTP/1.1" 200 30330 "-" "Mozilla/5.0 (X11; Linux x86_64) AppleWebKit/537.36 (KHTML, like Gecko) Chrome/56.0.2924.87 Safari/537.36 Google-PageRenderer Google (+https://developers.google.com/+/web/snippet/)"
66.102.7.142 - - [16/Apr/2022:07:26:06 +0200] "GET / HTTP/1.1" 301 448 "-" "Mozilla/5.0 (X11; Linux x86_64) AppleWebKit/537.36 (KHTML, like Gecko) Chrome/56.0.2924.87 Safari/537.36 Google-PageRenderer Google (+https://developers.google.com/+/web/snippet/)"
49.14.109.247 - - [16/Apr/2022:07:26:07 +0200] "GET /wp-content/themes/classiera-child/classiera-child.js?ver=5.9.3 HTTP/1.1" 200 462 "https://masmexico.com.mx/" "Mozilla/5.0 (Windows NT 6.1; Win64; x64; rv:99.0) Gecko/20100101 Firefox/99.0"
66.102.7.133 - - [16/Apr/2022:07:26:07 +0200] "GET /wp-content/uploads/2017/05/partner-img-4.png HTTP/1.1" 200 3740 "-" "Mozilla/5.0 (X11; Linux x86_64) AppleWebKit/537.36 (KHTML, like Gecko) Chrome/56.0.2924.87 Safari/537.36 Google-PageRenderer Google (+https://developers.google.com/+/web/snippet/)"
49.14.109.247 - - [16/Apr/2022:07:26:07 +0200] "GET /wp-content/themes/classiera/js/bootstrap.min.js?ver=5.9.3 HTTP/1.1" 200 10272 "https://masmexico.com.mx/" "Mozilla/5.0 (Windows NT 6.1; Win64; x64; rv:99.0) Gecko/20100101 Firefox/99.0"
49.14.109.247 - - [16/Apr/2022:07:26:07 +0200] "GET /wp-content/themes/classiera/js/bootstrap-dropdownhover.js?ver=5.9.3 HTTP/1.1" 200 2487 "https://masmexico.com.mx/" "Mozilla/5.0 (Windows NT 6.1; Win64; x64; rv:99.0) Gecko/20100101 Firefox/99.0"
66.102.7.136 - - [16/Apr/2022:07:26:07 +0200] "GET /wp-content/uploads/2017/05/partner-img-1.png HTTP/1.1" 200 7469 "-" "Mozilla/5.0 (X11; Linux x86_64) AppleWebKit/537.36 (KHTML, like Gecko) Chrome/56.0.2924.87 Safari/537.36 Google-PageRenderer Google (+https://developers.google.com/+/web/snippet/)"
66.102.7.130 - - [16/Apr/2022:07:26:07 +0200] "GET / HTTP/1.1" 200 30331 "-" "Mozilla/5.0 (X11; Linux x86_64) AppleWebKit/537.36 (KHTML, like Gecko) Chrome/56.0.2924.87 Safari/537.36 Google-PageRenderer Google (+https://developers.google.com/+/web/snippet/)"
66.102.7.136 - - [16/Apr/2022:07:26:07 +0200] "GET /wp-content/uploads/2022/03/png-transparent-digital-marketing-web-design-internet-advertising-iphone-mobile-marketing-online-presence-management-web-development_prev_ui.png HTTP/1.1" 200 175698 "-" "Mozilla/5.0 (X11; Linux x86_64) AppleWebKit/537.36 (KHTML, like Gecko) Chrome/56.0.2924.87 Safari/537.36 Google-PageRenderer Google (+https://developers.google.com/+/web/snippet/)"
49.14.109.247 - - [16/Apr/2022:07:26:07 +0200] "GET /wp-content/themes/classiera/js/validator.min.js?ver=5.9.3 HTTP/1.1" 200 2954 "https://masmexico.com.mx/" "Mozilla/5.0 (Windows NT 6.1; Win64; x64; rv:99.0) Gecko/20100101 Firefox/99.0"
66.102.7.136 - - [16/Apr/2022:07:26:07 +0200] "GET /wp-content/themes/classiera/images/loader.gif HTTP/1.1" 200 42723 "-" "Mozilla/5.0 (X11; Linux x86_64) AppleWebKit/537.36 (KHTML, like Gecko) Chrome/56.0.2924.87 Safari/537.36 Google-PageRenderer Google (+https://developers.google.com/+/web/snippet/)"
66.102.7.133 - - [16/Apr/2022:07:26:07 +0200] "GET /wp-content/uploads/2017/05/partner-img-1.png HTTP/1.1" 200 2748 "-" "Mozilla/5.0 (X11; Linux x86_64) AppleWebKit/537.36 (KHTML, like Gecko) Chrome/56.0.2924.87 Safari/537.36 Google-PageRenderer Google (+https://developers.google.com/+/web/snippet/)"
49.14.109.247 - - [16/Apr/2022:07:26:07 +0200] "GET /wp-content/themes/classiera/js/owl.carousel.min.js?ver=5.9.3 HTTP/1.1" 200 11768 "https://masmexico.com.mx/" "Mozilla/5.0 (Windows NT 6.1; Win64; x64; rv:99.0) Gecko/20100101 Firefox/99.0"
66.102.7.136 - - [16/Apr/2022:07:26:07 +0200] "GET /wp-content/uploads/2022/03/services-title-15-1.png HTTP/1.1" 200 506528 "-" "Mozilla/5.0 (X11; Linux x86_64) AppleWebKit/537.36 (KHTML, like Gecko) Chrome/56.0.2924.87 Safari/537.36 Google-PageRenderer Google (+https://developers.google.com/+/web/snippet/)"
66.102.7.133 - - [16/Apr/2022:07:26:08 +0200] "GET /wp-content/uploads/2017/05/partner-img-6.png HTTP/1.1" 200 8062 "-" "Mozilla/5.0 (X11; Linux x86_64) AppleWebKit/537.36 (KHTML, like Gecko) Chrome/56.0.2924.87 Safari/537.36 Google-PageRenderer Google (+https://developers.google.com/+/web/snippet/)"
66.102.7.130 - - [16/Apr/2022:07:26:07 +0200] "GET /wp-content/uploads/2022/03/png-transparent-digital-marketing-web-design-internet-advertising-iphone-mobile-marketing-online-presence-management-web-development_prev_ui.png HTTP/1.1" 200 170977 "-" "Mozilla/5.0 (X11; Linux x86_64) AppleWebKit/537.36 (KHTML, like Gecko) Chrome/56.0.2924.87 Safari/537.36 Google-PageRenderer Google (+https://developers.google.com/+/web/snippet/)"
49.14.109.247 - - [16/Apr/2022:07:26:08 +0200] "GET /wp-content/themes/classiera/js/jquery.matchHeight.js?ver=5.9.3 HTTP/1.1" 200 3406 "https://masmexico.com.mx/" "Mozilla/5.0 (Windows NT 6.1; Win64; x64; rv:99.0) Gecko/20100101 Firefox/99.0"
49.14.109.247 - - [16/Apr/2022:07:26:08 +0200] "GET /wp-content/themes/classiera/js/infinitescroll.js?ver=5.9.3 HTTP/1.1" 200 1374 "https://masmexico.com.mx/" "Mozilla/5.0 (Windows NT 6.1; Win64; x64; rv:99.0) Gecko/20100101 Firefox/99.0"
66.102.7.130 - - [16/Apr/2022:07:26:08 +0200] "GET /wp-content/uploads/layerslider/projects/lime/slider-v1-bg-1.png HTTP/1.1" 200 833811 "-" "Mozilla/5.0 (X11; Linux x86_64) AppleWebKit/537.36 (KHTML, like Gecko) Chrome/56.0.2924.87 Safari/537.36 Google-PageRenderer Google (+https://developers.google.com/+/web/snippet/)"
49.14.109.247 - - [16/Apr/2022:07:26:08 +0200] "GET /wp-content/themes/classiera/js/masonry.pkgd.min.js?ver=5.9.3 HTTP/1.1" 200 7729 "https://masmexico.com.mx/" "Mozilla/5.0 (Windows NT 6.1; Win64; x64; rv:99.0) Gecko/20100101 Firefox/99.0"
49.14.109.247 - - [16/Apr/2022:07:26:08 +0200] "GET /wp-content/themes/classiera/js/select2.min.js?ver=5.9.3 HTTP/1.1" 200 22493 "https://masmexico.com.mx/" "Mozilla/5.0 (Windows NT 6.1; Win64; x64; rv:99.0) Gecko/20100101 Firefox/99.0"
66.102.7.133 - - [16/Apr/2022:07:26:09 +0200] "GET /wp-content/uploads/2017/05/partner-img-5.png HTTP/1.1" 200 6374 "-" "Mozilla/5.0 (X11; Linux x86_64) AppleWebKit/537.36 (KHTML, like Gecko) Chrome/56.0.2924.87 Safari/537.36 Google-PageRenderer Google (+https://developers.google.com/+/web/snippet/)"
66.102.7.136 - - [16/Apr/2022:07:26:09 +0200] "GET /wp-content/uploads/2017/05/partner-img-3.png HTTP/1.1" 200 6911 "-" "Mozilla/5.0 (X11; Linux x86_64) AppleWebKit/537.36 (KHTML, like Gecko) Chrome/56.0.2924.87 Safari/537.36 Google-PageRenderer Google (+https://developers.google.com/+/web/snippet/)"
66.102.7.130 - - [16/Apr/2022:07:26:09 +0200] "GET /wp-content/uploads/2022/02/banner-pequeno.png HTTP/1.1" 200 33256 "-" "Mozilla/5.0 (X11; Linux x86_64) AppleWebKit/537.36 (KHTML, like Gecko) Chrome/56.0.2924.87 Safari/537.36 Google-PageRenderer Google (+https://developers.google.com/+/web/snippet/)"
66.102.7.133 - - [16/Apr/2022:07:26:09 +0200] "GET /wp-content/themes/classiera/images/loader.gif HTTP/1.1" 200 47444 "-" "Mozilla/5.0 (X11; Linux x86_64) AppleWebKit/537.36 (KHTML, like Gecko) Chrome/56.0.2924.87 Safari/537.36 Google-PageRenderer Google (+https://developers.google.com/+/web/snippet/)"
49.14.109.247 - - [16/Apr/2022:07:26:09 +0200] "GET /wp-content/themes/classiera/js/classiera.js?ver=5.9.3 HTTP/1.1" 200 11632 "https://masmexico.com.mx/" "Mozilla/5.0 (Windows NT 6.1; Win64; x64; rv:99.0) Gecko/20100101 Firefox/99.0"
49.14.109.247 - - [16/Apr/2022:07:26:09 +0200] "GET /wp-content/themes/classiera/js/jquery-ui.min.js?ver=5.9.3 HTTP/1.1" 200 68521 "https://masmexico.com.mx/" "Mozilla/5.0 (Windows NT 6.1; Win64; x64; rv:99.0) Gecko/20100101 Firefox/99.0"
49.14.109.247 - - [16/Apr/2022:07:26:09 +0200] "GET /wp-includes/css/dist/block-library/style.min.css?ver=5.9.3 HTTP/1.1" 200 11957 "https://masmexico.com.mx/" "Mozilla/5.0 (Windows NT 6.1; Win64; x64; rv:99.0) Gecko/20100101 Firefox/99.0"
49.14.109.247 - - [16/Apr/2022:07:26:09 +0200] "GET /wp-content/plugins/accesspress-social-login-lite/css/frontend.css?ver=3.4.8 HTTP/1.1" 200 2825 "https://masmexico.com.mx/" "Mozilla/5.0 (Windows NT 6.1; Win64; x64; rv:99.0) Gecko/20100101 Firefox/99.0"
49.14.109.247 - - [16/Apr/2022:07:26:09 +0200] "GET /wp-content/themes/classiera/js/classiera-map.js?ver=5.9.3 HTTP/1.1" 200 119576 "https://masmexico.com.mx/" "Mozilla/5.0 (Windows NT 6.1; Win64; x64; rv:99.0) Gecko/20100101 Firefox/99.0"
66.102.7.133 - - [16/Apr/2022:07:26:10 +0200] "GET /wp-content/uploads/2022/03/png-transparent-mobile-phones-portable-communications-device-advertising-cellular-network-telephone-supermarket-advertising-miscellaneous-gadget-mobile-phone-removebg-preview.png HTTP/1.1" 200 73793 "-" "Mozilla/5.0 (X11; Linux x86_64) AppleWebKit/537.36 (KHTML, like Gecko) Chrome/56.0.2924.87 Safari/537.36 Google-PageRenderer Google (+https://developers.google.com/+/web/snippet/)"
66.102.7.136 - - [16/Apr/2022:07:26:10 +0200] "GET /wp-content/uploads/2017/05/partner-img-2.png HTTP/1.1" 200 7638 "-" "Mozilla/5.0 (X11; Linux x86_64) AppleWebKit/537.36 (KHTML, like Gecko) Chrome/56.0.2924.87 Safari/537.36 Google-PageRenderer Google (+https://developers.google.com/+/web/snippet/)"
66.102.7.136 - - [16/Apr/2022:07:26:10 +0200] "GET /wp-content/uploads/2022/02/banner-pequeno.png HTTP/1.1" 200 33256 "-" "Mozilla/5.0 (X11; Linux x86_64) AppleWebKit/537.36 (KHTML, like Gecko) Chrome/56.0.2924.87 Safari/537.36 Google-PageRenderer Google (+https://developers.google.com/+/web/snippet/)"
66.102.7.130 - - [16/Apr/2022:07:26:10 +0200] "GET /wp-content/uploads/2017/05/partner-img-4.png HTTP/1.1" 200 8461 "-" "Mozilla/5.0 (X11; Linux x86_64) AppleWebKit/537.36 (KHTML, like Gecko) Chrome/56.0.2924.87 Safari/537.36 Google-PageRenderer Google (+https://developers.google.com/+/web/snippet/)"
66.102.7.133 - - [16/Apr/2022:07:26:10 +0200] "GET /wp-content/uploads/2022/03/services-title-15-1.png HTTP/1.1" 200 506528 "-" "Mozilla/5.0 (X11; Linux x86_64) AppleWebKit/537.36 (KHTML, like Gecko) Chrome/56.0.2924.87 Safari/537.36 Google-PageRenderer Google (+https://developers.google.com/+/web/snippet/)"
66.102.7.136 - - [16/Apr/2022:07:26:10 +0200] "GET /wp-content/uploads/2022/03/products-title-15.png HTTP/1.1" 200 698781 "-" "Mozilla/5.0 (X11; Linux x86_64) AppleWebKit/537.36 (KHTML, like Gecko) Chrome/56.0.2924.87 Safari/537.36 Google-PageRenderer Google (+https://developers.google.com/+/web/snippet/)"
66.102.7.130 - - [16/Apr/2022:07:26:10 +0200] "GET /wp-content/uploads/2022/03/products-title-15.png HTTP/1.1" 200 698781 "-" "Mozilla/5.0 (X11; Linux x86_64) AppleWebKit/537.36 (KHTML, like Gecko) Chrome/56.0.2924.87 Safari/537.36 Google-PageRenderer Google (+https://developers.google.com/+/web/snippet/)"
66.102.7.136 - - [16/Apr/2022:07:26:10 +0200] "GET /wp-content/uploads/layerslider/projects/lime/slider-v1-bg-2.png HTTP/1.1" 200 639319 "-" "Mozilla/5.0 (X11; Linux x86_64) AppleWebKit/537.36 (KHTML, like Gecko) Chrome/56.0.2924.87 Safari/537.36 Google-PageRenderer Google (+https://developers.google.com/+/web/snippet/)"
66.102.7.133 - - [16/Apr/2022:07:26:11 +0200] "GET /wp-content/uploads/2017/05/partner-img-5.png HTTP/1.1" 200 6374 "-" "Mozilla/5.0 (X11; Linux x86_64) AppleWebKit/537.36 (KHTML, like Gecko) Chrome/56.0.2924.87 Safari/537.36 Google-PageRenderer Google (+https://developers.google.com/+/web/snippet/)"
66.102.7.133 - - [16/Apr/2022:07:26:11 +0200] "GET /wp-content/uploads/2017/05/partner-img-3.png HTTP/1.1" 200 6911 "-" "Mozilla/5.0 (X11; Linux x86_64) AppleWebKit/537.36 (KHTML, like Gecko) Chrome/56.0.2924.87 Safari/537.36 Google-PageRenderer Google (+https://developers.google.com/+/web/snippet/)"
66.102.7.133 - - [16/Apr/2022:07:26:11 +0200] "GET /wp-content/uploads/2017/05/partner-img-6.png HTTP/1.1" 200 8062 "-" "Mozilla/5.0 (X11; Linux x86_64) AppleWebKit/537.36 (KHTML, like Gecko) Chrome/56.0.2924.87 Safari/537.36 Google-PageRenderer Google (+https://developers.google.com/+/web/snippet/)"
66.102.7.130 - - [16/Apr/2022:07:26:11 +0200] "GET /wp-content/uploads/2022/03/png-transparent-mobile-phones-portable-communications-device-advertising-cellular-network-telephone-supermarket-advertising-miscellaneous-gadget-mobile-phone-removebg-preview.png HTTP/1.1" 200 73793 "-" "Mozilla/5.0 (X11; Linux x86_64) AppleWebKit/537.36 (KHTML, like Gecko) Chrome/56.0.2924.87 Safari/537.36 Google-PageRenderer Google (+https://developers.google.com/+/web/snippet/)"
66.102.7.136 - - [16/Apr/2022:07:26:11 +0200] "GET /wp-content/uploads/2017/05/partner-img-2.png HTTP/1.1" 200 7638 "-" "Mozilla/5.0 (X11; Linux x86_64) AppleWebKit/537.36 (KHTML, like Gecko) Chrome/56.0.2924.87 Safari/537.36 Google-PageRenderer Google (+https://developers.google.com/+/web/snippet/)"
49.14.109.247 - - [16/Apr/2022:07:26:11 +0200] "GET /wp-content/plugins/accesspress-social-share/css/fontawesome-all.css?ver=4.5.6 HTTP/1.1" 200 9225 "https://masmexico.com.mx/" "Mozilla/5.0 (Windows NT 6.1; Win64; x64; rv:99.0) Gecko/20100101 Firefox/99.0"
49.14.109.247 - - [16/Apr/2022:07:26:11 +0200] "GET /wp-content/themes/classiera/style.css?ver=5.9.3 HTTP/1.1" 200 1084 "https://masmexico.com.mx/" "Mozilla/5.0 (Windows NT 6.1; Win64; x64; rv:99.0) Gecko/20100101 Firefox/99.0"
136.243.92.189 - - [16/Apr/2022:07:26:11 +0200] "POST /wp-cron.php?doing_wp_cron=1650086771.1318540573120117187500 HTTP/1.1" 200 5107 "https://masmexico.com.mx/wp-cron.php?doing_wp_cron=1650086771.1318540573120117187500" "WordPress/5.9.3; https://masmexico.com.mx"
66.102.7.133 - - [16/Apr/2022:07:26:11 +0200] "GET /wp-content/uploads/layerslider/projects/lime/slider-v1-bg-2.png HTTP/1.1" 200 639319 "-" "Mozilla/5.0 (X11; Linux x86_64) AppleWebKit/537.36 (KHTML, like Gecko) Chrome/56.0.2924.87 Safari/537.36 Google-PageRenderer Google (+https://developers.google.com/+/web/snippet/)"
74.125.215.52 - - [16/Apr/2022:07:26:11 +0200] "GET / HTTP/1.1" 200 30330 "-" "Mozilla/5.0 (Linux; Android 6.0.1; Nexus 5X Build/MMB29P) AppleWebKit/537.36 (KHTML, like Gecko) Chrome/100.0.4896.88 Mobile Safari/537.36 (compatible; Google-AMPHTML)"
66.102.7.133 - - [16/Apr/2022:07:26:11 +0200] "GET /wp-content/uploads/layerslider/projects/lime/slider-v1-bg-1.png HTTP/1.1" 200 833811 "-" "Mozilla/5.0 (X11; Linux x86_64) AppleWebKit/537.36 (KHTML, like Gecko) Chrome/56.0.2924.87 Safari/537.36 Google-PageRenderer Google (+https://developers.google.com/+/web/snippet/)"
49.14.109.247 - - [16/Apr/2022:07:26:11 +0200] "GET /wp-content/plugins/accesspress-social-login-lite/css/font-awesome/all.min.css?ver=3.4.8 HTTP/1.1" 200 13608 "https://masmexico.com.mx/" "Mozilla/5.0 (Windows NT 6.1; Win64; x64; rv:99.0) Gecko/20100101 Firefox/99.0"
49.14.109.247 - - [16/Apr/2022:07:26:11 +0200] "GET /wp-content/uploads/2022/03/81pDXg3NGoL._UL1500_-100x100.jpg HTTP/1.1" 200 4306 "https://masmexico.com.mx/" "Mozilla/5.0 (Windows NT 6.1; Win64; x64; rv:99.0) Gecko/20100101 Firefox/99.0"
49.14.109.247 - - [16/Apr/2022:07:26:11 +0200] "GET /wp-content/uploads/2022/03/download-1-1-100x100.jpg HTTP/1.1" 200 5193 "https://masmexico.com.mx/" "Mozilla/5.0 (Windows NT 6.1; Win64; x64; rv:99.0) Gecko/20100101 Firefox/99.0"
49.14.109.247 - - [16/Apr/2022:07:26:11 +0200] "GET /wp-content/uploads/2017/05/05-100x100.jpg HTTP/1.1" 200 4126 "https://masmexico.com.mx/" "Mozilla/5.0 (Windows NT 6.1; Win64; x64; rv:99.0) Gecko/20100101 Firefox/99.0"
49.14.109.247 - - [16/Apr/2022:07:26:11 +0200] "GET /wp-content/uploads/2017/05/partner-img-5.png HTTP/1.1" 200 1653 "https://masmexico.com.mx/" "Mozilla/5.0 (Windows NT 6.1; Win64; x64; rv:99.0) Gecko/20100101 Firefox/99.0"
49.14.109.247 - - [16/Apr/2022:07:26:12 +0200] "GET /wp-content/uploads/2022/03/product-1009165-t-1627461236-o-100x100.webp HTTP/1.1" 200 1816 "https://masmexico.com.mx/" "Mozilla/5.0 (Windows NT 6.1; Win64; x64; rv:99.0) Gecko/20100101 Firefox/99.0"
74.125.210.50 - - [16/Apr/2022:07:26:12 +0200] "GET / HTTP/1.1" 200 30330 "-" "Mozilla/5.0 (Linux; Android 6.0.1; Nexus 5X Build/MMB29P) AppleWebKit/537.36 (KHTML, like Gecko) Chrome/100.0.4896.88 Mobile Safari/537.36 (compatible; Google-AMPHTML)"
