27.255.185.67 - - [13/Jul/2023:06:06:42 +0000] "GET /wp-content/plugins/elementor/assets/lib/nprogress/nprogress.min.js?ver=0.2.0 HTTP/1.1" 200 2445 "https://mquickpay.com/wp-admin/post.php?post=17&action=elementor" "Mozilla/5.0 (Windows NT 10.0; Win64; x64) AppleWebKit/537.36 (KHTML, like Gecko) Chrome/114.0.0.0 Safari/537.36"
27.255.185.67 - - [13/Jul/2023:06:06:42 +0000] "GET /wp-includes/js/imagesloaded.min.js?ver=4.1.4 HTTP/1.1" 200 2207 "https://mquickpay.com/wp-admin/post.php?post=17&action=elementor" "Mozilla/5.0 (Windows NT 10.0; Win64; x64) AppleWebKit/537.36 (KHTML, like Gecko) Chrome/114.0.0.0 Safari/537.36"
27.255.185.67 - - [13/Jul/2023:06:06:42 +0000] "GET /wp-content/plugins/elementor/assets/lib/e-select2/js/e-select2.full.min.js?ver=4.0.6-rc.1 HTTP/1.1" 200 21881 "https://mquickpay.com/wp-admin/post.php?post=17&action=elementor" "Mozilla/5.0 (Windows NT 10.0; Win64; x64) AppleWebKit/537.36 (KHTML, like Gecko) Chrome/114.0.0.0 Safari/537.36"
27.255.185.67 - - [13/Jul/2023:06:06:42 +0000] "GET /wp-content/plugins/elementor/assets/lib/flatpickr/flatpickr.min.js?ver=1.12.0 HTTP/1.1" 200 12498 "https://mquickpay.com/wp-admin/post.php?post=17&action=elementor" "Mozilla/5.0 (Windows NT 10.0; Win64; x64) AppleWebKit/537.36 (KHTML, like Gecko) Chrome/114.0.0.0 Safari/537.36"
27.255.185.67 - - [13/Jul/2023:06:06:43 +0000] "GET /wp-content/plugins/elementor/assets/lib/jquery-hover-intent/jquery-hover-intent.min.js?ver=1.0.0 HTTP/1.1" 200 810 "https://mquickpay.com/wp-admin/post.php?post=17&action=elementor" "Mozilla/5.0 (Windows NT 10.0; Win64; x64) AppleWebKit/537.36 (KHTML, like Gecko) Chrome/114.0.0.0 Safari/537.36"
27.255.185.67 - - [13/Jul/2023:06:06:43 +0000] "GET /wp-content/plugins/elementor/assets/lib/nouislider/nouislider.min.js?ver=13.0.0 HTTP/1.1" 200 8421 "https://mquickpay.com/wp-admin/post.php?post=17&action=elementor" "Mozilla/5.0 (Windows NT 10.0; Win64; x64) AppleWebKit/537.36 (KHTML, like Gecko) Chrome/114.0.0.0 Safari/537.36"
27.255.185.67 - - [13/Jul/2023:06:06:43 +0000] "GET /wp-content/plugins/elementor/assets/lib/pickr/pickr.min.js?ver=1.5.0 HTTP/1.1" 200 8679 "https://mquickpay.com/wp-admin/post.php?post=17&action=elementor" "Mozilla/5.0 (Windows NT 10.0; Win64; x64) AppleWebKit/537.36 (KHTML, like Gecko) Chrome/114.0.0.0 Safari/537.36"
27.255.185.67 - - [13/Jul/2023:06:06:43 +0000] "GET /wp-content/plugins/elementor/assets/js/responsive-bar.min.js?ver=3.12.2 HTTP/1.1" 200 3741 "https://mquickpay.com/wp-admin/post.php?post=17&action=elementor" "Mozilla/5.0 (Windows NT 10.0; Win64; x64) AppleWebKit/537.36 (KHTML, like Gecko) Chrome/114.0.0.0 Safari/537.36"
27.255.185.67 - - [13/Jul/2023:06:06:43 +0000] "GET /wp-content/plugins/elementor/assets/js/editor-loader-v1.min.js?ver=3.12.2 HTTP/1.1" 200 468 "https://mquickpay.com/wp-admin/post.php?post=17&action=elementor" "Mozilla/5.0 (Windows NT 10.0; Win64; x64) AppleWebKit/537.36 (KHTML, like Gecko) Chrome/114.0.0.0 Safari/537.36"
27.255.185.67 - - [13/Jul/2023:06:06:43 +0000] "GET /wp-content/plugins/elementor/assets/js/editor.min.js?ver=3.12.2 HTTP/1.1" 200 216003 "https://mquickpay.com/wp-admin/post.php?post=17&action=elementor" "Mozilla/5.0 (Windows NT 10.0; Win64; x64) AppleWebKit/537.36 (KHTML, like Gecko) Chrome/114.0.0.0 Safari/537.36"
52.167.144.38 - - [13/Jul/2023:06:06:43 +0000] "GET / HTTP/1.1" 200 28707 "-" "Mozilla/5.0 AppleWebKit/537.36 (KHTML, like Gecko; compatible; bingbot/2.0; +http://www.bing.com/bingbot.htm) Chrome/103.0.5060.134 Safari/537.36"
27.255.185.67 - - [13/Jul/2023:06:06:44 +0000] "GET /wp-content/plugins/elementor/assets/lib/color-thief/color-thief.min.js?ver=3.12.2 HTTP/1.1" 200 3096 "https://mquickpay.com/wp-admin/post.php?post=17&action=elementor" "Mozilla/5.0 (Windows NT 10.0; Win64; x64) AppleWebKit/537.36 (KHTML, like Gecko) Chrome/114.0.0.0 Safari/537.36"
27.255.185.67 - - [13/Jul/2023:06:06:44 +0000] "GET /wp-content/plugins/elementor/assets/js/notes.min.js?ver=3.12.2 HTTP/1.1" 200 3166 "https://mquickpay.com/wp-admin/post.php?post=17&action=elementor" "Mozilla/5.0 (Windows NT 10.0; Win64; x64) AppleWebKit/537.36 (KHTML, like Gecko) Chrome/114.0.0.0 Safari/537.36"
27.255.185.67 - - [13/Jul/2023:06:06:44 +0000] "GET /wp-admin/load-scripts.php?c=0&load%5Bchunk_0%5D=wp-embed&ver=6.2 HTTP/1.1" 200 1177 "https://mquickpay.com/wp-admin/post.php?post=17&action=elementor" "Mozilla/5.0 (Windows NT 10.0; Win64; x64) AppleWebKit/537.36 (KHTML, like Gecko) Chrome/114.0.0.0 Safari/537.36"
27.255.185.67 - - [13/Jul/2023:06:06:45 +0000] "GET /wp-content/plugins/elementor/assets/lib/font-awesome/migration/mapping.js HTTP/1.1" 200 4856 "https://mquickpay.com/wp-admin/post.php?post=17&action=elementor" "Mozilla/5.0 (Windows NT 10.0; Win64; x64) AppleWebKit/537.36 (KHTML, like Gecko) Chrome/114.0.0.0 Safari/537.36"
27.255.185.67 - - [13/Jul/2023:06:06:45 +0000] "GET /?elementor-preview=17&ver=1689228396 HTTP/1.1" 200 14846 "https://mquickpay.com/wp-admin/post.php?post=17&action=elementor" "Mozilla/5.0 (Windows NT 10.0; Win64; x64) AppleWebKit/537.36 (KHTML, like Gecko) Chrome/114.0.0.0 Safari/537.36"
27.255.185.67 - - [13/Jul/2023:06:06:45 +0000] "POST /wp-admin/admin-ajax.php HTTP/1.1" 200 695 "https://mquickpay.com/wp-admin/post.php?post=17&action=elementor" "Mozilla/5.0 (Windows NT 10.0; Win64; x64) AppleWebKit/537.36 (KHTML, like Gecko) Chrome/114.0.0.0 Safari/537.36"
27.255.185.67 - - [13/Jul/2023:06:06:45 +0000] "GET /wp-content/plugins/elementor/assets/css/frontend.min.css?ver=3.12.2 HTTP/1.1" 200 17247 "https://mquickpay.com/?elementor-preview=17&ver=1689228396" "Mozilla/5.0 (Windows NT 10.0; Win64; x64) AppleWebKit/537.36 (KHTML, like Gecko) Chrome/114.0.0.0 Safari/537.36"
27.255.185.67 - - [13/Jul/2023:06:06:46 +0000] "GET /wp-json/elementor/v1/kit-elements-defaults HTTP/1.1" 200 723 "https://mquickpay.com/wp-admin/post.php?post=17&action=elementor" "Mozilla/5.0 (Windows NT 10.0; Win64; x64) AppleWebKit/537.36 (KHTML, like Gecko) Chrome/114.0.0.0 Safari/537.36"
27.255.185.67 - - [13/Jul/2023:06:06:47 +0000] "POST /wp-admin/admin-ajax.php HTTP/1.1" 200 448303 "https://mquickpay.com/wp-admin/post.php?post=17&action=elementor" "Mozilla/5.0 (Windows NT 10.0; Win64; x64) AppleWebKit/537.36 (KHTML, like Gecko) Chrome/114.0.0.0 Safari/537.36"
27.255.185.67 - - [13/Jul/2023:06:06:49 +0000] "GET /asset-manifest.json HTTP/1.1" 404 16222 "https://mquickpay.com/wp-admin/post.php?post=17&action=elementor" "Mozilla/5.0 (Windows NT 10.0; Win64; x64) AppleWebKit/537.36 (KHTML, like Gecko) Chrome/114.0.0.0 Safari/537.36"
27.255.185.67 - - [13/Jul/2023:06:06:53 +0000] "GET /wp-content/plugins/elementor/assets/css/editor-preview.min.css?ver=3.12.2 HTTP/1.1" 200 15265 "https://mquickpay.com/?elementor-preview=17&ver=1689228396" "Mozilla/5.0 (Windows NT 10.0; Win64; x64) AppleWebKit/537.36 (KHTML, like Gecko) Chrome/114.0.0.0 Safari/537.36"
27.255.185.67 - - [13/Jul/2023:06:06:53 +0000] "GET /wp-content/plugins/elementskit-lite/modules/controls/assets/css/widgetarea-editor.css?ver=2.8.7 HTTP/1.1" 200 677 "https://mquickpay.com/?elementor-preview=17&ver=1689228396" "Mozilla/5.0 (Windows NT 10.0; Win64; x64) AppleWebKit/537.36 (KHTML, like Gecko) Chrome/114.0.0.0 Safari/537.36"
27.255.185.67 - - [13/Jul/2023:06:06:54 +0000] "GET /wp-content/plugins/elementskit-lite/modules/layout-manager/assets/css/preview.css?ver=2.8.7 HTTP/1.1" 200 581 "https://mquickpay.com/?elementor-preview=17&ver=1689228396" "Mozilla/5.0 (Windows NT 10.0; Win64; x64) AppleWebKit/537.36 (KHTML, like Gecko) Chrome/114.0.0.0 Safari/537.36"
27.255.185.67 - - [13/Jul/2023:06:06:54 +0000] "GET /wp-content/plugins/elementskit-lite/widgets/init/assets/css/odometer-theme-default.css?ver=2.8.7 HTTP/1.1" 200 1126 "https://mquickpay.com/?elementor-preview=17&ver=1689228396" "Mozilla/5.0 (Windows NT 10.0; Win64; x64) AppleWebKit/537.36 (KHTML, like Gecko) Chrome/114.0.0.0 Safari/537.36"
52.167.144.38 - - [13/Jul/2023:06:06:53 +0000] "GET /contact-us/ HTTP/1.1" 200 18198 "-" "Mozilla/5.0 AppleWebKit/537.36 (KHTML, like Gecko; compatible; bingbot/2.0; +http://www.bing.com/bingbot.htm) Chrome/103.0.5060.134 Safari/537.36"
27.255.185.67 - - [13/Jul/2023:06:06:54 +0000] "GET /wp-content/plugins/elementor/assets/lib/jquery-numerator/jquery-numerator.min.js?ver=0.2.1 HTTP/1.1" 200 1111 "https://mquickpay.com/?elementor-preview=17&ver=1689228396" "Mozilla/5.0 (Windows NT 10.0; Win64; x64) AppleWebKit/537.36 (KHTML, like Gecko) Chrome/114.0.0.0 Safari/537.36"
27.255.185.67 - - [13/Jul/2023:06:06:54 +0000] "GET /wp-content/plugins/elementskit-lite/widgets/init/assets/js/odometer.min.js?ver=2.8.7 HTTP/1.1" 200 3801 "https://mquickpay.com/?elementor-preview=17&ver=1689228396" "Mozilla/5.0 (Windows NT 10.0; Win64; x64) AppleWebKit/537.36 (KHTML, like Gecko) Chrome/114.0.0.0 Safari/537.36"
52.167.144.38 - - [13/Jul/2023:06:06:54 +0000] "GET /why-choose-us/ HTTP/1.1" 200 13813 "-" "Mozilla/5.0 AppleWebKit/537.36 (KHTML, like Gecko; compatible; bingbot/2.0; +http://www.bing.com/bingbot.htm) Chrome/103.0.5060.134 Safari/537.36"
27.255.185.67 - - [13/Jul/2023:06:06:54 +0000] "GET /wp-content/plugins/elementor/assets/lib/inline-editor/js/inline-editor.min.js?ver=3.12.2 HTTP/1.1" 200 6618 "https://mquickpay.com/?elementor-preview=17&ver=1689228396" "Mozilla/5.0 (Windows NT 10.0; Win64; x64) AppleWebKit/537.36 (KHTML, like Gecko) Chrome/114.0.0.0 Safari/537.36"
27.255.185.67 - - [13/Jul/2023:06:06:54 +0000] "GET /wp-content/plugins/elementskit-lite/widgets/lottie/assets/js/lottie.min.js?ver=2.8.7 HTTP/1.1" 200 64654 "https://mquickpay.com/?elementor-preview=17&ver=1689228396" "Mozilla/5.0 (Windows NT 10.0; Win64; x64) AppleWebKit/537.36 (KHTML, like Gecko) Chrome/114.0.0.0 Safari/537.36"
52.167.144.38 - - [13/Jul/2023:06:06:54 +0000] "GET /international-remittances/ HTTP/1.1" 200 12692 "-" "Mozilla/5.0 AppleWebKit/537.36 (KHTML, like Gecko; compatible; bingbot/2.0; +http://www.bing.com/bingbot.htm) Chrome/103.0.5060.134 Safari/537.36"
27.255.185.67 - - [13/Jul/2023:06:06:54 +0000] "GET /wp-content/plugins/elementskit-lite/widgets/lottie/assets/js/lottie.init.js?ver=2.8.7 HTTP/1.1" 200 1217 "https://mquickpay.com/?elementor-preview=17&ver=1689228396" "Mozilla/5.0 (Windows NT 10.0; Win64; x64) AppleWebKit/537.36 (KHTML, like Gecko) Chrome/114.0.0.0 Safari/537.36"
27.255.185.67 - - [13/Jul/2023:06:06:54 +0000] "GET /wp-content/plugins/elementskit-lite/modules/controls/assets/js/widgetarea-editor.js?ver=2.8.7 HTTP/1.1" 200 917 "https://mquickpay.com/?elementor-preview=17&ver=1689228396" "Mozilla/5.0 (Windows NT 10.0; Win64; x64) AppleWebKit/537.36 (KHTML, like Gecko) Chrome/114.0.0.0 Safari/537.36"
52.167.144.173 - - [13/Jul/2023:06:06:55 +0000] "GET /about-us/ HTTP/1.1" 200 19728 "-" "Mozilla/5.0 AppleWebKit/537.36 (KHTML, like Gecko; compatible; bingbot/2.0; +http://www.bing.com/bingbot.htm) Chrome/103.0.5060.134 Safari/537.36"
27.255.185.67 - - [13/Jul/2023:06:06:56 +0000] "GET /wp-json/elementor/v1/globals HTTP/1.1" 200 995 "https://mquickpay.com/wp-admin/post.php?post=17&action=elementor" "Mozilla/5.0 (Windows NT 10.0; Win64; x64) AppleWebKit/537.36 (KHTML, like Gecko) Chrome/114.0.0.0 Safari/537.36"
27.255.185.67 - - [13/Jul/2023:06:06:56 +0000] "GET /asset-manifest.json HTTP/1.1" 404 16222 "https://mquickpay.com/wp-admin/post.php?post=17&action=elementor" "Mozilla/5.0 (Windows NT 10.0; Win64; x64) AppleWebKit/537.36 (KHTML, like Gecko) Chrome/114.0.0.0 Safari/537.36"
27.255.185.67 - - [13/Jul/2023:06:06:57 +0000] "GET /favicon.ico HTTP/1.1" 302 581 "https://mquickpay.com/wp-admin/post.php?post=17&action=elementor" "Mozilla/5.0 (Windows NT 10.0; Win64; x64) AppleWebKit/537.36 (KHTML, like Gecko) Chrome/114.0.0.0 Safari/537.36"
40.77.189.162 - - [13/Jul/2023:06:06:57 +0000] "GET /wp-content/uploads/elementor/css/post-20.css?ver=1689162544 HTTP/1.1" 200 15047 "-" "Mozilla/5.0 AppleWebKit/537.36 (KHTML, like Gecko; compatible; bingbot/2.0; +http://www.bing.com/bingbot.htm) Chrome/100.0.4896.127 Safari/537.36"
40.77.190.43 - - [13/Jul/2023:06:06:57 +0000] "GET /wp-content/uploads/elementor/css/post-189.css?ver=1689167485 HTTP/1.1" 200 12202 "-" "Mozilla/5.0 AppleWebKit/537.36 (KHTML, like Gecko; compatible; bingbot/2.0; +http://www.bing.com/bingbot.htm) Chrome/100.0.4896.127 Safari/537.36"
40.77.188.185 - - [13/Jul/2023:06:06:57 +0000] "GET /wp-content/plugins/elementor/assets/css/frontend-lite.min.css?ver=3.12.2 HTTP/1.1" 200 85958 "-" "Mozilla/5.0 AppleWebKit/537.36 (KHTML, like Gecko; compatible; bingbot/2.0; +http://www.bing.com/bingbot.htm) Chrome/100.0.4896.127 Safari/537.36"
40.77.189.18 - - [13/Jul/2023:06:06:58 +0000] "GET /wp-includes/css/dist/block-library/style.min.css?ver=6.2 HTTP/1.1" 200 102263 "-" "Mozilla/5.0 AppleWebKit/537.36 (KHTML, like Gecko; compatible; bingbot/2.0; +http://www.bing.com/bingbot.htm) Chrome/100.0.4896.127 Safari/537.36"
52.167.144.173 - - [13/Jul/2023:06:06:57 +0000] "GET /careers/ HTTP/1.1" 200 19242 "-" "Mozilla/5.0 AppleWebKit/537.36 (KHTML, like Gecko; compatible; bingbot/2.0; +http://www.bing.com/bingbot.htm) Chrome/103.0.5060.134 Safari/537.36"
40.77.188.238 - - [13/Jul/2023:06:06:58 +0000] "GET /wp-includes/css/classic-themes.min.css?ver=6.2 HTTP/1.1" 200 4685 "-" "Mozilla/5.0 AppleWebKit/537.36 (KHTML, like Gecko; compatible; bingbot/2.0; +http://www.bing.com/bingbot.htm) Chrome/100.0.4896.127 Safari/537.36"
52.167.144.173 - - [13/Jul/2023:06:06:58 +0000] "GET /neu-banking-digital-payment-services/ HTTP/1.1" 200 14031 "-" "Mozilla/5.0 AppleWebKit/537.36 (KHTML, like Gecko; compatible; bingbot/2.0; +http://www.bing.com/bingbot.htm) Chrome/103.0.5060.134 Safari/537.36"
40.77.188.208 - - [13/Jul/2023:06:06:58 +0000] "GET /wp-content/plugins/contact-form-7/includes/css/styles.css?ver=5.7.6 HTTP/1.1" 200 7255 "-" "Mozilla/5.0 AppleWebKit/537.36 (KHTML, like Gecko; compatible; bingbot/2.0; +http://www.bing.com/bingbot.htm) Chrome/100.0.4896.127 Safari/537.36"
40.77.189.220 - - [13/Jul/2023:06:06:58 +0000] "GET /wp-content/themes/mehraforex/style.css?ver=1.8 HTTP/1.1" 200 9378 "-" "Mozilla/5.0 AppleWebKit/537.36 (KHTML, like Gecko; compatible; bingbot/2.0; +http://www.bing.com/bingbot.htm) Chrome/100.0.4896.127 Safari/537.36"
40.77.189.98 - - [13/Jul/2023:06:06:58 +0000] "GET /wp-content/plugins/elementskit-lite/modules/elementskit-icon-pack/assets/css/ekiticons.css?ver=2.8.7 HTTP/1.1" 200 129673 "-" "Mozilla/5.0 AppleWebKit/537.36 (KHTML, like Gecko; compatible; bingbot/2.0; +http://www.bing.com/bingbot.htm) Chrome/100.0.4896.127 Safari/537.36"
40.77.190.143 - - [13/Jul/2023:06:06:59 +0000] "GET /wp-content/plugins/elementor/assets/lib/swiper/v8/css/swiper.min.css?ver=8.4.5 HTTP/1.1" 200 20927 "-" "Mozilla/5.0 AppleWebKit/537.36 (KHTML, like Gecko; compatible; bingbot/2.0; +http://www.bing.com/bingbot.htm) Chrome/100.0.4896.127 Safari/537.36"
52.167.144.173 - - [13/Jul/2023:06:06:58 +0000] "GET /cmds-message/ HTTP/1.1" 200 18057 "-" "Mozilla/5.0 AppleWebKit/537.36 (KHTML, like Gecko; compatible; bingbot/2.0; +http://www.bing.com/bingbot.htm) Chrome/103.0.5060.134 Safari/537.36"
40.77.190.66 - - [13/Jul/2023:06:06:59 +0000] "GET /wp-content/plugins/elementor/assets/lib/eicons/css/elementor-icons.min.css?ver=5.18.0 HTTP/1.1" 200 23818 "-" "Mozilla/5.0 AppleWebKit/537.36 (KHTML, like Gecko; compatible; bingbot/2.0; +http://www.bing.com/bingbot.htm) Chrome/100.0.4896.127 Safari/537.36"
40.77.190.219 - - [13/Jul/2023:06:06:59 +0000] "GET /wp-content/uploads/elementor/css/post-5.css?ver=1689158037 HTTP/1.1" 200 5962 "-" "Mozilla/5.0 AppleWebKit/537.36 (KHTML, like Gecko; compatible; bingbot/2.0; +http://www.bing.com/bingbot.htm) Chrome/100.0.4896.127 Safari/537.36"
40.77.190.107 - - [13/Jul/2023:06:06:59 +0000] "GET /wp-content/uploads/elementor/css/global.css?ver=1689158198 HTTP/1.1" 200 13900 "-" "Mozilla/5.0 AppleWebKit/537.36 (KHTML, like Gecko; compatible; bingbot/2.0; +http://www.bing.com/bingbot.htm) Chrome/100.0.4896.127 Safari/537.36"
40.77.189.36 - - [13/Jul/2023:06:07:00 +0000] "GET /wp-content/uploads/elementor/css/post-27.css?ver=1689167393 HTTP/1.1" 200 20910 "-" "Mozilla/5.0 AppleWebKit/537.36 (KHTML, like Gecko; compatible; bingbot/2.0; +http://www.bing.com/bingbot.htm) Chrome/100.0.4896.127 Safari/537.36"
40.77.189.203 - - [13/Jul/2023:06:07:00 +0000] "GET /wp-content/plugins/elementskit-lite/widgets/init/assets/css/responsive.css?ver=2.8.7 HTTP/1.1" 200 34767 "-" "Mozilla/5.0 AppleWebKit/537.36 (KHTML, like Gecko; compatible; bingbot/2.0; +http://www.bing.com/bingbot.htm) Chrome/100.0.4896.127 Safari/537.36"
40.77.188.188 - - [13/Jul/2023:06:07:00 +0000] "GET /wp-content/plugins/elementor/assets/lib/font-awesome/css/fontawesome.min.css?ver=5.15.3 HTTP/1.1" 200 62513 "-" "Mozilla/5.0 AppleWebKit/537.36 (KHTML, like Gecko; compatible; bingbot/2.0; +http://www.bing.com/bingbot.htm) Chrome/100.0.4896.127 Safari/537.36"
40.77.189.142 - - [13/Jul/2023:06:07:00 +0000] "GET /wp-content/plugins/elementskit-lite/widgets/init/assets/css/widget-styles.css?ver=2.8.7 HTTP/1.1" 200 454988 "-" "Mozilla/5.0 AppleWebKit/537.36 (KHTML, like Gecko; compatible; bingbot/2.0; +http://www.bing.com/bingbot.htm) Chrome/100.0.4896.127 Safari/537.36"
40.77.188.54 - - [13/Jul/2023:06:07:00 +0000] "GET /wp-content/plugins/elementor/assets/lib/font-awesome/css/solid.min.css?ver=5.15.3 HTTP/1.1" 200 5065 "-" "Mozilla/5.0 AppleWebKit/537.36 (KHTML, like Gecko; compatible; bingbot/2.0; +http://www.bing.com/bingbot.htm) Chrome/100.0.4896.127 Safari/537.36"
40.77.188.208 - - [13/Jul/2023:06:07:01 +0000] "GET /wp-content/plugins/elementor/assets/lib/font-awesome/css/regular.min.css?ver=5.15.3 HTTP/1.1" 200 5072 "-" "Mozilla/5.0 AppleWebKit/537.36 (KHTML, like Gecko; compatible; bingbot/2.0; +http://www.bing.com/bingbot.htm) Chrome/100.0.4896.127 Safari/537.36"
52.167.144.173 - - [13/Jul/2023:06:07:00 +0000] "GET /old-ornamental-gold-buying/ HTTP/1.1" 200 20514 "-" "Mozilla/5.0 AppleWebKit/537.36 (KHTML, like Gecko; compatible; bingbot/2.0; +http://www.bing.com/bingbot.htm) Chrome/103.0.5060.134 Safari/537.36"
40.77.190.219 - - [13/Jul/2023:06:07:01 +0000] "GET /wp-includes/js/jquery/jquery.min.js?ver=3.6.3 HTTP/1.1" 200 94548 "-" "Mozilla/5.0 AppleWebKit/537.36 (KHTML, like Gecko; compatible; bingbot/2.0; +http://www.bing.com/bingbot.htm) Chrome/100.0.4896.127 Safari/537.36"
40.77.188.147 - - [13/Jul/2023:06:07:01 +0000] "GET /wp-includes/js/jquery/jquery-migrate.min.js?ver=3.4.0 HTTP/1.1" 200 17865 "-" "Mozilla/5.0 AppleWebKit/537.36 (KHTML, like Gecko; compatible; bingbot/2.0; +http://www.bing.com/bingbot.htm) Chrome/100.0.4896.127 Safari/537.36"
40.77.190.65 - - [13/Jul/2023:06:07:01 +0000] "GET /wp-content/plugins/elementor/assets/css/widget-icon-list.min.css HTTP/1.1" 200 14347 "-" "Mozilla/5.0 AppleWebKit/537.36 (KHTML, like Gecko; compatible; bingbot/2.0; +http://www.bing.com/bingbot.htm) Chrome/100.0.4896.127 Safari/537.36"
40.77.188.203 - - [13/Jul/2023:06:07:01 +0000] "GET /wp-content/plugins/elementor/assets/lib/font-awesome/css/brands.min.css?ver=5.15.3 HTTP/1.1" 200 4949 "https://mquickpay.com/careers/" "Mozilla/5.0 AppleWebKit/537.36 (KHTML, like Gecko; compatible; bingbot/2.0; +http://www.bing.com/bingbot.htm) Chrome/112.0.0.0 Safari/537.36"
40.77.188.203 - - [13/Jul/2023:06:07:01 +0000] "GET /wp-content/uploads/elementor/css/post-36.css?ver=1689165613 HTTP/1.1" 200 5909 "https://mquickpay.com/careers/" "Mozilla/5.0 AppleWebKit/537.36 (KHTML, like Gecko; compatible; bingbot/2.0; +http://www.bing.com/bingbot.htm) Chrome/112.0.0.0 Safari/537.36"
40.77.188.203 - - [13/Jul/2023:06:07:01 +0000] "GET /wp-includes/js/jquery/jquery-migrate.min.js?ver=3.4.0 HTTP/1.1" 200 9451 "https://mquickpay.com/careers/" "Mozilla/5.0 AppleWebKit/537.36 (KHTML, like Gecko; compatible; bingbot/2.0; +http://www.bing.com/bingbot.htm) Chrome/112.0.0.0 Safari/537.36"
40.77.188.203 - - [13/Jul/2023:06:07:01 +0000] "GET /wp-content/plugins/elementor/assets/css/widget-icon-list.min.css HTTP/1.1" 200 5615 "https://mquickpay.com/careers/" "Mozilla/5.0 AppleWebKit/537.36 (KHTML, like Gecko; compatible; bingbot/2.0; +http://www.bing.com/bingbot.htm) Chrome/112.0.0.0 Safari/537.36"
40.77.188.203 - - [13/Jul/2023:06:07:01 +0000] "GET /wp-includes/js/jquery/jquery.min.js?ver=3.6.3 HTTP/1.1" 200 35817 "https://mquickpay.com/careers/" "Mozilla/5.0 AppleWebKit/537.36 (KHTML, like Gecko; compatible; bingbot/2.0; +http://www.bing.com/bingbot.htm) Chrome/112.0.0.0 Safari/537.36"
40.77.189.18 - - [13/Jul/2023:06:07:01 +0000] "GET /wp-content/plugins/elementor/assets/lib/animations/animations.min.css?ver=3.12.2 HTTP/1.1" 200 22924 "-" "Mozilla/5.0 AppleWebKit/537.36 (KHTML, like Gecko; compatible; bingbot/2.0; +http://www.bing.com/bingbot.htm) Chrome/100.0.4896.127 Safari/537.36"
40.77.189.215 - - [13/Jul/2023:06:07:02 +0000] "GET /wp-content/plugins/elementor/assets/lib/font-awesome/css/brands.min.css?ver=5.15.3 HTTP/1.1" 200 5070 "-" "Mozilla/5.0 AppleWebKit/537.36 (KHTML, like Gecko; compatible; bingbot/2.0; +http://www.bing.com/bingbot.htm) Chrome/100.0.4896.127 Safari/537.36"
40.77.190.193 - - [13/Jul/2023:06:07:02 +0000] "GET /wp-content/plugins/contact-form-7/includes/swv/js/index.js?ver=5.7.6 HTTP/1.1" 200 14682 "-" "Mozilla/5.0 AppleWebKit/537.36 (KHTML, like Gecko; compatible; bingbot/2.0; +http://www.bing.com/bingbot.htm) Chrome/100.0.4896.127 Safari/537.36"
40.77.189.234 - - [13/Jul/2023:06:07:02 +0000] "GET /wp-content/plugins/contact-form-7/includes/js/index.js?ver=5.7.6 HTTP/1.1" 200 17383 "-" "Mozilla/5.0 AppleWebKit/537.36 (KHTML, like Gecko; compatible; bingbot/2.0; +http://www.bing.com/bingbot.htm) Chrome/100.0.4896.127 Safari/537.36"
40.77.188.203 - - [13/Jul/2023:06:07:02 +0000] "GET /wp-content/plugins/contact-form-7/includes/swv/js/index.js?ver=5.7.6 HTTP/1.1" 200 3383 "https://mquickpay.com/careers/" "Mozilla/5.0 AppleWebKit/537.36 (KHTML, like Gecko; compatible; bingbot/2.0; +http://www.bing.com/bingbot.htm) Chrome/112.0.0.0 Safari/537.36"
40.77.188.203 - - [13/Jul/2023:06:07:02 +0000] "GET /wp-content/themes/mehraforex/assets/js/primary-navigation.js?ver=1.8 HTTP/1.1" 200 2223 "https://mquickpay.com/careers/" "Mozilla/5.0 AppleWebKit/537.36 (KHTML, like Gecko; compatible; bingbot/2.0; +http://www.bing.com/bingbot.htm) Chrome/112.0.0.0 Safari/537.36"
40.77.188.203 - - [13/Jul/2023:06:07:02 +0000] "GET /wp-content/themes/mehraforex/assets/js/responsive-embeds.js?ver=1.8 HTTP/1.1" 200 916 "https://mquickpay.com/careers/" "Mozilla/5.0 AppleWebKit/537.36 (KHTML, like Gecko; compatible; bingbot/2.0; +http://www.bing.com/bingbot.htm) Chrome/112.0.0.0 Safari/537.36"
40.77.188.203 - - [13/Jul/2023:06:07:02 +0000] "GET /wp-content/plugins/elementskit-lite/libs/framework/assets/js/frontend-script.js?ver=2.8.7 HTTP/1.1" 200 357 "https://mquickpay.com/careers/" "Mozilla/5.0 AppleWebKit/537.36 (KHTML, like Gecko; compatible; bingbot/2.0; +http://www.bing.com/bingbot.htm) Chrome/112.0.0.0 Safari/537.36"
40.77.188.203 - - [13/Jul/2023:06:07:02 +0000] "GET /wp-content/plugins/contact-form-7/includes/js/index.js?ver=5.7.6 HTTP/1.1" 200 4555 "https://mquickpay.com/careers/" "Mozilla/5.0 AppleWebKit/537.36 (KHTML, like Gecko; compatible; bingbot/2.0; +http://www.bing.com/bingbot.htm) Chrome/112.0.0.0 Safari/537.36"
40.77.188.203 - - [13/Jul/2023:06:07:02 +0000] "GET /wp-content/plugins/elementor/assets/js/webpack.runtime.min.js?ver=3.12.2 HTTP/1.1" 200 2570 "https://mquickpay.com/careers/" "Mozilla/5.0 AppleWebKit/537.36 (KHTML, like Gecko; compatible; bingbot/2.0; +http://www.bing.com/bingbot.htm) Chrome/112.0.0.0 Safari/537.36"
40.77.188.203 - - [13/Jul/2023:06:07:02 +0000] "GET /wp-includes/js/jquery/ui/core.min.js?ver=1.13.2 HTTP/1.1" 200 7472 "https://mquickpay.com/careers/" "Mozilla/5.0 AppleWebKit/537.36 (KHTML, like Gecko; compatible; bingbot/2.0; +http://www.bing.com/bingbot.htm) Chrome/112.0.0.0 Safari/537.36"
40.77.188.203 - - [13/Jul/2023:06:07:02 +0000] "GET /wp-content/plugins/elementor/assets/js/frontend-modules.min.js?ver=3.12.2 HTTP/1.1" 200 13437 "https://mquickpay.com/careers/" "Mozilla/5.0 AppleWebKit/537.36 (KHTML, like Gecko; compatible; bingbot/2.0; +http://www.bing.com/bingbot.htm) Chrome/112.0.0.0 Safari/537.36"
40.77.188.203 - - [13/Jul/2023:06:07:02 +0000] "GET /wp-content/plugins/elementskit-lite/widgets/init/assets/js/widget-scripts.js?ver=2.8.7 HTTP/1.1" 200 42188 "https://mquickpay.com/careers/" "Mozilla/5.0 AppleWebKit/537.36 (KHTML, like Gecko; compatible; bingbot/2.0; +http://www.bing.com/bingbot.htm) Chrome/112.0.0.0 Safari/537.36"
40.77.190.248 - - [13/Jul/2023:06:07:02 +0000] "GET /wp-content/themes/mehraforex/assets/js/primary-navigation.js?ver=1.8 HTTP/1.1" 200 10458 "-" "Mozilla/5.0 AppleWebKit/537.36 (KHTML, like Gecko; compatible; bingbot/2.0; +http://www.bing.com/bingbot.htm) Chrome/100.0.4896.127 Safari/537.36"
40.77.188.203 - - [13/Jul/2023:06:07:02 +0000] "GET /wp-content/plugins/elementor/assets/lib/waypoints/waypoints.min.js?ver=4.0.2 HTTP/1.1" 200 3690 "https://mquickpay.com/careers/" "Mozilla/5.0 AppleWebKit/537.36 (KHTML, like Gecko; compatible; bingbot/2.0; +http://www.bing.com/bingbot.htm) Chrome/112.0.0.0 Safari/537.36"
40.77.188.203 - - [13/Jul/2023:06:07:02 +0000] "GET /wp-content/plugins/elementskit-lite/widgets/init/assets/js/animate-circle.js?ver=2.8.7 HTTP/1.1" 200 813 "https://mquickpay.com/careers/" "Mozilla/5.0 AppleWebKit/537.36 (KHTML, like Gecko; compatible; bingbot/2.0; +http://www.bing.com/bingbot.htm) Chrome/112.0.0.0 Safari/537.36"
40.77.189.94 - - [13/Jul/2023:06:07:02 +0000] "GET /wp-content/themes/mehraforex/assets/js/responsive-embeds.js?ver=1.8 HTTP/1.1" 200 5536 "-" "Mozilla/5.0 AppleWebKit/537.36 (KHTML, like Gecko; compatible; bingbot/2.0; +http://www.bing.com/bingbot.htm) Chrome/100.0.4896.127 Safari/537.36"
40.77.188.203 - - [13/Jul/2023:06:07:02 +0000] "GET /wp-content/plugins/elementskit-lite/widgets/init/assets/js/elementor.js?ver=2.8.7 HTTP/1.1" 200 5755 "https://mquickpay.com/careers/" "Mozilla/5.0 AppleWebKit/537.36 (KHTML, like Gecko; compatible; bingbot/2.0; +http://www.bing.com/bingbot.htm) Chrome/112.0.0.0 Safari/537.36"
40.77.188.203 - - [13/Jul/2023:06:07:02 +0000] "GET /wp-content/plugins/elementor/assets/js/frontend.min.js?ver=3.12.2 HTTP/1.1" 200 12646 "https://mquickpay.com/careers/" "Mozilla/5.0 AppleWebKit/537.36 (KHTML, like Gecko; compatible; bingbot/2.0; +http://www.bing.com/bingbot.htm) Chrome/112.0.0.0 Safari/537.36"
40.77.188.154 - - [13/Jul/2023:06:07:02 +0000] "GET /wp-content/plugins/elementskit-lite/libs/framework/assets/js/frontend-script.js?ver=2.8.7 HTTP/1.1" 200 4425 "-" "Mozilla/5.0 AppleWebKit/537.36 (KHTML, like Gecko; compatible; bingbot/2.0; +http://www.bing.com/bingbot.htm) Chrome/100.0.4896.127 Safari/537.36"
40.77.190.191 - - [13/Jul/2023:06:07:03 +0000] "GET /wp-content/plugins/elementskit-lite/widgets/init/assets/js/widget-scripts.js?ver=2.8.7 HTTP/1.1" 200 142442 "-" "Mozilla/5.0 AppleWebKit/537.36 (KHTML, like Gecko; compatible; bingbot/2.0; +http://www.bing.com/bingbot.htm) Chrome/100.0.4896.127 Safari/537.36"
40.77.188.203 - - [13/Jul/2023:06:07:03 +0000] "GET /wp-includes/js/wp-emoji-release.min.js?ver=6.2 HTTP/1.1" 200 5412 "https://mquickpay.com/careers/" "Mozilla/5.0 AppleWebKit/537.36 (KHTML, like Gecko; compatible; bingbot/2.0; +http://www.bing.com/bingbot.htm) Chrome/112.0.0.0 Safari/537.36"
40.77.190.65 - - [13/Jul/2023:06:07:03 +0000] "GET /wp-content/plugins/elementor/assets/js/webpack.runtime.min.js?ver=3.12.2 HTTP/1.1" 200 9369 "-" "Mozilla/5.0 AppleWebKit/537.36 (KHTML, like Gecko; compatible; bingbot/2.0; +http://www.bing.com/bingbot.htm) Chrome/100.0.4896.127 Safari/537.36"
40.77.188.203 - - [13/Jul/2023:06:07:03 +0000] "GET /wp-content/themes/mehraforex/assets/css/print.css?ver=1.8 HTTP/1.1" 200 1442 "https://mquickpay.com/careers/" "Mozilla/5.0 AppleWebKit/537.36 (KHTML, like Gecko; compatible; bingbot/2.0; +http://www.bing.com/bingbot.htm) Chrome/112.0.0.0 Safari/537.36"
40.77.189.207 - - [13/Jul/2023:06:07:03 +0000] "GET /wp-content/plugins/elementor/assets/lib/waypoints/waypoints.min.js?ver=4.0.2 HTTP/1.1" 200 16638 "-" "Mozilla/5.0 AppleWebKit/537.36 (KHTML, like Gecko; compatible; bingbot/2.0; +http://www.bing.com/bingbot.htm) Chrome/100.0.4896.127 Safari/537.36"
40.77.188.203 - - [13/Jul/2023:06:07:03 +0000] "GET /wp-content/plugins/elementor/assets/lib/font-awesome/webfonts/fa-solid-900.woff2 HTTP/1.1" 200 78705 "https://mquickpay.com/wp-content/plugins/elementor/assets/lib/font-awesome/css/solid.min.css?ver=5.15.3" "Mozilla/5.0 AppleWebKit/537.36 (KHTML, like Gecko; compatible; bingbot/2.0; +http://www.bing.com/bingbot.htm) Chrome/112.0.0.0 Safari/537.36"
40.77.188.203 - - [13/Jul/2023:06:07:03 +0000] "GET /wp-content/plugins/elementor/assets/lib/font-awesome/webfonts/fa-brands-400.woff2 HTTP/1.1" 200 77273 "https://mquickpay.com/wp-content/plugins/elementor/assets/lib/font-awesome/css/brands.min.css?ver=5.15.3" "Mozilla/5.0 AppleWebKit/537.36 (KHTML, like Gecko; compatible; bingbot/2.0; +http://www.bing.com/bingbot.htm) Chrome/112.0.0.0 Safari/537.36"
40.77.188.203 - - [13/Jul/2023:06:07:03 +0000] "GET /wp-content/plugins/elementor/assets/lib/font-awesome/webfonts/fa-regular-400.woff2 HTTP/1.1" 200 13608 "https://mquickpay.com/wp-content/plugins/elementor/assets/lib/font-awesome/css/regular.min.css?ver=5.15.3" "Mozilla/5.0 AppleWebKit/537.36 (KHTML, like Gecko; compatible; bingbot/2.0; +http://www.bing.com/bingbot.htm) Chrome/112.0.0.0 Safari/537.36"
40.77.188.203 - - [13/Jul/2023:06:07:03 +0000] "GET /wp-content/plugins/elementor/assets/js/text-editor.2c35aafbe5bf0e127950.bundle.min.js HTTP/1.1" 200 1036 "https://mquickpay.com/careers/" "Mozilla/5.0 AppleWebKit/537.36 (KHTML, like Gecko; compatible; bingbot/2.0; +http://www.bing.com/bingbot.htm) Chrome/112.0.0.0 Safari/537.36"
40.77.188.238 - - [13/Jul/2023:06:07:04 +0000] "GET /wp-content/themes/mehraforex/assets/css/print.css?ver=1.8 HTTP/1.1" 200 7293 "-" "Mozilla/5.0 AppleWebKit/537.36 (KHTML, like Gecko; compatible; bingbot/2.0; +http://www.bing.com/bingbot.htm) Chrome/100.0.4896.127 Safari/537.36"
40.77.188.203 - - [13/Jul/2023:06:07:03 +0000] "GET /wp-content/plugins/elementskit-lite/modules/elementskit-icon-pack/assets/fonts/elementskit.woff?y24e1e HTTP/1.1" 200 460809 "https://mquickpay.com/wp-content/plugins/elementskit-lite/modules/elementskit-icon-pack/assets/css/ekiticons.css?ver=2.8.7" "Mozilla/5.0 AppleWebKit/537.36 (KHTML, like Gecko; compatible; bingbot/2.0; +http://www.bing.com/bingbot.htm) Chrome/112.0.0.0 Safari/537.36"
40.77.167.236 - - [13/Jul/2023:06:07:04 +0000] "GET /our-products-services/ HTTP/1.1" 200 17980 "-" "Mozilla/5.0 AppleWebKit/537.36 (KHTML, like Gecko; compatible; bingbot/2.0; +http://www.bing.com/bingbot.htm) Chrome/103.0.5060.134 Safari/537.36"
40.77.188.166 - - [13/Jul/2023:06:07:04 +0000] "GET /wp-content/plugins/elementor/assets/lib/font-awesome/webfonts/fa-solid-900.woff2 HTTP/1.1" 200 82836 "-" "Mozilla/5.0 AppleWebKit/537.36 (KHTML, like Gecko; compatible; bingbot/2.0; +http://www.bing.com/bingbot.htm) Chrome/100.0.4896.127 Safari/537.36"
40.77.188.85 - - [13/Jul/2023:06:07:04 +0000] "GET /wp-content/plugins/elementskit-lite/modules/elementskit-icon-pack/assets/fonts/elementskit.woff?y24e1e HTTP/1.1" 200 465275 "-" "Mozilla/5.0 AppleWebKit/537.36 (KHTML, like Gecko; compatible; bingbot/2.0; +http://www.bing.com/bingbot.htm) Chrome/100.0.4896.127 Safari/537.36"
40.77.167.236 - - [13/Jul/2023:06:07:05 +0000] "GET /education-loan-for-study-abroad/ HTTP/1.1" 200 19061 "-" "Mozilla/5.0 AppleWebKit/537.36 (KHTML, like Gecko; compatible; bingbot/2.0; +http://www.bing.com/bingbot.htm) Chrome/103.0.5060.134 Safari/537.36"
27.255.185.67 - - [13/Jul/2023:06:07:06 +0000] "GET /wp-content/plugins/elementor/assets/lib/font-awesome/css/fontawesome.min.css HTTP/1.1" 200 13332 "https://mquickpay.com/?elementor-preview=17&ver=1689228396" "Mozilla/5.0 (Windows NT 10.0; Win64; x64) AppleWebKit/537.36 (KHTML, like Gecko) Chrome/114.0.0.0 Safari/537.36"
27.255.185.67 - - [13/Jul/2023:06:07:06 +0000] "GET /wp-content/plugins/elementor/assets/lib/font-awesome/css/solid.min.css HTTP/1.1" 200 666 "https://mquickpay.com/?elementor-preview=17&ver=1689228396" "Mozilla/5.0 (Windows NT 10.0; Win64; x64) AppleWebKit/537.36 (KHTML, like Gecko) Chrome/114.0.0.0 Safari/537.36"
52.167.144.20 - - [13/Jul/2023:06:07:08 +0000] "GET /forex HTTP/1.1" 404 15973 "-" "Mozilla/5.0 AppleWebKit/537.36 (KHTML, like Gecko; compatible; bingbot/2.0; +http://www.bing.com/bingbot.htm) Chrome/103.0.5060.134 Safari/537.36"
40.77.188.38 - - [13/Jul/2023:06:07:08 +0000] "GET /wp-content/uploads/elementor/css/post-31.css?ver=1689228424 HTTP/1.1" 404 64653 "-" "Mozilla/5.0 AppleWebKit/537.36 (KHTML, like Gecko; compatible; bingbot/2.0; +http://www.bing.com/bingbot.htm) Chrome/100.0.4896.127 Safari/537.36"
27.255.185.67 - - [13/Jul/2023:06:07:12 +0000] "GET /wp-content/plugins/elementor/assets/lib/font-awesome/css/brands.min.css HTTP/1.1" 200 989 "https://mquickpay.com/?elementor-preview=17&ver=1689228396" "Mozilla/5.0 (Windows NT 10.0; Win64; x64) AppleWebKit/537.36 (KHTML, like Gecko) Chrome/114.0.0.0 Safari/537.36"
27.255.185.67 - - [13/Jul/2023:06:07:18 +0000] "GET /wp-content/plugins/elementor/assets/images/logo-panel.svg HTTP/1.1" 200 4090 "https://mquickpay.com/wp-admin/post.php?post=17&action=elementor" "Mozilla/5.0 (Windows NT 10.0; Win64; x64) AppleWebKit/537.36 (KHTML, like Gecko) Chrome/114.0.0.0 Safari/537.36"
27.255.185.67 - - [13/Jul/2023:06:07:18 +0000] "GET /wp-content/plugins/elementor/assets/images/go-pro.svg HTTP/1.1" 200 6816 "https://mquickpay.com/wp-admin/post.php?post=17&action=elementor" "Mozilla/5.0 (Windows NT 10.0; Win64; x64) AppleWebKit/537.36 (KHTML, like Gecko) Chrome/114.0.0.0 Safari/537.36"
27.255.185.67 - - [13/Jul/2023:06:07:19 +0000] "POST /wp-admin/admin-ajax.php HTTP/1.1" 200 695 "https://mquickpay.com/wp-admin/post.php?post=17&action=elementor" "Mozilla/5.0 (Windows NT 10.0; Win64; x64) AppleWebKit/537.36 (KHTML, like Gecko) Chrome/114.0.0.0 Safari/537.36"
27.255.185.67 - - [13/Jul/2023:06:07:19 +0000] "GET /wp-content/plugins/elementskit-lite/widgets/init/assets/fonts/elementskit.woff?fuwixw HTTP/1.1" 200 460809 "https://mquickpay.com/wp-content/plugins/elementskit-lite/widgets/init/assets/css/editor.css?ver=2.8.7" "Mozilla/5.0 (Windows NT 10.0; Win64; x64) AppleWebKit/537.36 (KHTML, like Gecko) Chrome/114.0.0.0 Safari/537.36"
27.255.185.67 - - [13/Jul/2023:06:07:22 +0000] "POST /wp-admin/admin-ajax.php HTTP/1.1" 200 792 "https://mquickpay.com/wp-admin/post.php?post=17&action=elementor" "Mozilla/5.0 (Windows NT 10.0; Win64; x64) AppleWebKit/537.36 (KHTML, like Gecko) Chrome/114.0.0.0 Safari/537.36"
40.77.167.236 - - [13/Jul/2023:06:07:32 +0000] "GET /forex HTTP/1.1" 404 16028 "-" "Mozilla/5.0 AppleWebKit/537.36 (KHTML, like Gecko; compatible; bingbot/2.0; +http://www.bing.com/bingbot.htm) Chrome/103.0.5060.134 Safari/537.36"
27.255.185.67 - - [13/Jul/2023:06:07:41 +0000] "POST /wp-admin/admin-ajax.php HTTP/1.1" 200 1019 "https://mquickpay.com/wp-admin/post.php?post=17&action=elementor" "Mozilla/5.0 (Windows NT 10.0; Win64; x64) AppleWebKit/537.36 (KHTML, like Gecko) Chrome/114.0.0.0 Safari/537.36"
27.255.185.67 - - [13/Jul/2023:06:07:57 +0000] "POST /wp-admin/admin-ajax.php HTTP/1.1" 200 1019 "https://mquickpay.com/wp-admin/post.php?post=17&action=elementor" "Mozilla/5.0 (Windows NT 10.0; Win64; x64) AppleWebKit/537.36 (KHTML, like Gecko) Chrome/114.0.0.0 Safari/537.36"
27.255.185.67 - - [13/Jul/2023:06:08:08 +0000] "POST /wp-admin/admin-ajax.php HTTP/1.1" 200 1125 "https://mquickpay.com/wp-admin/post.php?post=17&action=elementor" "Mozilla/5.0 (Windows NT 10.0; Win64; x64) AppleWebKit/537.36 (KHTML, like Gecko) Chrome/114.0.0.0 Safari/537.36"
27.255.185.67 - - [13/Jul/2023:06:08:09 +0000] "GET /wp-includes/js/tinymce/themes/modern/theme.min.js?wp-mce-49110-20201110 HTTP/1.1" 200 42500 "https://mquickpay.com/wp-admin/post.php?post=17&action=elementor" "Mozilla/5.0 (Windows NT 10.0; Win64; x64) AppleWebKit/537.36 (KHTML, like Gecko) Chrome/114.0.0.0 Safari/537.36"
27.255.185.67 - - [13/Jul/2023:06:08:10 +0000] "GET /wp-includes/js/tinymce/plugins/charmap/plugin.min.js?wp-mce-49110-20201110 HTTP/1.1" 200 3617 "https://mquickpay.com/wp-admin/post.php?post=17&action=elementor" "Mozilla/5.0 (Windows NT 10.0; Win64; x64) AppleWebKit/537.36 (KHTML, like Gecko) Chrome/114.0.0.0 Safari/537.36"
27.255.185.67 - - [13/Jul/2023:06:08:10 +0000] "GET /wp-includes/js/tinymce/plugins/colorpicker/plugin.min.js?wp-mce-49110-20201110 HTTP/1.1" 200 1027 "https://mquickpay.com/wp-admin/post.php?post=17&action=elementor" "Mozilla/5.0 (Windows NT 10.0; Win64; x64) AppleWebKit/537.36 (KHTML, like Gecko) Chrome/114.0.0.0 Safari/537.36"
27.255.185.67 - - [13/Jul/2023:06:08:10 +0000] "GET /wp-includes/js/tinymce/plugins/hr/plugin.min.js?wp-mce-49110-20201110 HTTP/1.1" 200 617 "https://mquickpay.com/wp-admin/post.php?post=17&action=elementor" "Mozilla/5.0 (Windows NT 10.0; Win64; x64) AppleWebKit/537.36 (KHTML, like Gecko) Chrome/114.0.0.0 Safari/537.36"
27.255.185.67 - - [13/Jul/2023:06:08:10 +0000] "GET /wp-includes/js/tinymce/plugins/lists/plugin.min.js?wp-mce-49110-20201110 HTTP/1.1" 200 9532 "https://mquickpay.com/wp-admin/post.php?post=17&action=elementor" "Mozilla/5.0 (Windows NT 10.0; Win64; x64) AppleWebKit/537.36 (KHTML, like Gecko) Chrome/114.0.0.0 Safari/537.36"
27.255.185.67 - - [13/Jul/2023:06:08:10 +0000] "GET /wp-includes/js/tinymce/plugins/media/plugin.min.js?wp-mce-49110-20201110 HTTP/1.1" 200 6611 "https://mquickpay.com/wp-admin/post.php?post=17&action=elementor" "Mozilla/5.0 (Windows NT 10.0; Win64; x64) AppleWebKit/537.36 (KHTML, like Gecko) Chrome/114.0.0.0 Safari/537.36"
27.255.185.67 - - [13/Jul/2023:06:08:10 +0000] "GET /wp-includes/js/tinymce/plugins/tabfocus/plugin.min.js?wp-mce-49110-20201110 HTTP/1.1" 200 1165 "https://mquickpay.com/wp-admin/post.php?post=17&action=elementor" "Mozilla/5.0 (Windows NT 10.0; Win64; x64) AppleWebKit/537.36 (KHTML, like Gecko) Chrome/114.0.0.0 Safari/537.36"
27.255.185.67 - - [13/Jul/2023:06:08:10 +0000] "GET /wp-includes/js/tinymce/plugins/paste/plugin.min.js?wp-mce-49110-20201110 HTTP/1.1" 200 12112 "https://mquickpay.com/wp-admin/post.php?post=17&action=elementor" "Mozilla/5.0 (Windows NT 10.0; Win64; x64) AppleWebKit/537.36 (KHTML, like Gecko) Chrome/114.0.0.0 Safari/537.36"
27.255.185.67 - - [13/Jul/2023:06:08:10 +0000] "GET /wp-includes/js/tinymce/plugins/textcolor/plugin.min.js?wp-mce-49110-20201110 HTTP/1.1" 200 6599 "https://mquickpay.com/wp-admin/post.php?post=17&action=elementor" "Mozilla/5.0 (Windows NT 10.0; Win64; x64) AppleWebKit/537.36 (KHTML, like Gecko) Chrome/114.0.0.0 Safari/537.36"
27.255.185.67 - - [13/Jul/2023:06:08:10 +0000] "GET /wp-includes/js/tinymce/plugins/fullscreen/plugin.min.js?wp-mce-49110-20201110 HTTP/1.1" 200 5544 "https://mquickpay.com/wp-admin/post.php?post=17&action=elementor" "Mozilla/5.0 (Windows NT 10.0; Win64; x64) AppleWebKit/537.36 (KHTML, like Gecko) Chrome/114.0.0.0 Safari/537.36"
27.255.185.67 - - [13/Jul/2023:06:08:10 +0000] "GET /wp-includes/js/tinymce/plugins/wordpress/plugin.min.js?wp-mce-49110-20201110 HTTP/1.1" 200 6513 "https://mquickpay.com/wp-admin/post.php?post=17&action=elementor" "Mozilla/5.0 (Windows NT 10.0; Win64; x64) AppleWebKit/537.36 (KHTML, like Gecko) Chrome/114.0.0.0 Safari/537.36"
27.255.185.67 - - [13/Jul/2023:06:08:10 +0000] "GET /wp-includes/js/tinymce/plugins/wpautoresize/plugin.min.js?wp-mce-49110-20201110 HTTP/1.1" 200 1267 "https://mquickpay.com/wp-admin/post.php?post=17&action=elementor" "Mozilla/5.0 (Windows NT 10.0; Win64; x64) AppleWebKit/537.36 (KHTML, like Gecko) Chrome/114.0.0.0 Safari/537.36"
27.255.185.67 - - [13/Jul/2023:06:08:10 +0000] "GET /wp-includes/js/tinymce/plugins/wpeditimage/plugin.min.js?wp-mce-49110-20201110 HTTP/1.1" 200 4766 "https://mquickpay.com/wp-admin/post.php?post=17&action=elementor" "Mozilla/5.0 (Windows NT 10.0; Win64; x64) AppleWebKit/537.36 (KHTML, like Gecko) Chrome/114.0.0.0 Safari/537.36"
27.255.185.67 - - [13/Jul/2023:06:08:10 +0000] "GET /wp-includes/js/tinymce/plugins/wpemoji/plugin.min.js?wp-mce-49110-20201110 HTTP/1.1" 200 1102 "https://mquickpay.com/wp-admin/post.php?post=17&action=elementor" "Mozilla/5.0 (Windows NT 10.0; Win64; x64) AppleWebKit/537.36 (KHTML, like Gecko) Chrome/114.0.0.0 Safari/537.36"
27.255.185.67 - - [13/Jul/2023:06:08:10 +0000] "GET /wp-includes/js/tinymce/plugins/wpgallery/plugin.min.js?wp-mce-49110-20201110 HTTP/1.1" 200 1106 "https://mquickpay.com/wp-admin/post.php?post=17&action=elementor" "Mozilla/5.0 (Windows NT 10.0; Win64; x64) AppleWebKit/537.36 (KHTML, like Gecko) Chrome/114.0.0.0 Safari/537.36"
27.255.185.67 - - [13/Jul/2023:06:08:10 +0000] "GET /wp-includes/js/tinymce/plugins/wplink/plugin.min.js?wp-mce-49110-20201110 HTTP/1.1" 200 3716 "https://mquickpay.com/wp-admin/post.php?post=17&action=elementor" "Mozilla/5.0 (Windows NT 10.0; Win64; x64) AppleWebKit/537.36 (KHTML, like Gecko) Chrome/114.0.0.0 Safari/537.36"
27.255.185.67 - - [13/Jul/2023:06:08:10 +0000] "GET /wp-includes/js/tinymce/plugins/wpdialogs/plugin.min.js?wp-mce-49110-20201110 HTTP/1.1" 200 1006 "https://mquickpay.com/wp-admin/post.php?post=17&action=elementor" "Mozilla/5.0 (Windows NT 10.0; Win64; x64) AppleWebKit/537.36 (KHTML, like Gecko) Chrome/114.0.0.0 Safari/537.36"
27.255.185.67 - - [13/Jul/2023:06:08:10 +0000] "GET /wp-includes/js/tinymce/plugins/wptextpattern/plugin.min.js?wp-mce-49110-20201110 HTTP/1.1" 200 1757 "https://mquickpay.com/wp-admin/post.php?post=17&action=elementor" "Mozilla/5.0 (Windows NT 10.0; Win64; x64) AppleWebKit/537.36 (KHTML, like Gecko) Chrome/114.0.0.0 Safari/537.36"
27.255.185.67 - - [13/Jul/2023:06:08:10 +0000] "GET /wp-includes/js/tinymce/plugins/wpview/plugin.min.js?wp-mce-49110-20201110 HTTP/1.1" 200 1602 "https://mquickpay.com/wp-admin/post.php?post=17&action=elementor" "Mozilla/5.0 (Windows NT 10.0; Win64; x64) AppleWebKit/537.36 (KHTML, like Gecko) Chrome/114.0.0.0 Safari/537.36"
27.255.185.67 - - [13/Jul/2023:06:08:11 +0000] "GET /wp-includes/js/tinymce/skins/lightgray/skin.min.css?wp-mce-49110-20201110 HTTP/1.1" 200 8832 "https://mquickpay.com/wp-admin/post.php?post=17&action=elementor" "Mozilla/5.0 (Windows NT 10.0; Win64; x64) AppleWebKit/537.36 (KHTML, like Gecko) Chrome/114.0.0.0 Safari/537.36"
27.255.185.67 - - [13/Jul/2023:06:08:11 +0000] "GET /wp-includes/css/dashicons.min.css?ver=6.2&wp-mce-49110-20201110 HTTP/1.1" 200 36222 "https://mquickpay.com/wp-admin/post.php?post=17&action=elementor" "Mozilla/5.0 (Windows NT 10.0; Win64; x64) AppleWebKit/537.36 (KHTML, like Gecko) Chrome/114.0.0.0 Safari/537.36"
27.255.185.67 - - [13/Jul/2023:06:08:11 +0000] "GET /wp-includes/js/tinymce/skins/lightgray/content.min.css?wp-mce-49110-20201110 HTTP/1.1" 200 1691 "https://mquickpay.com/wp-admin/post.php?post=17&action=elementor" "Mozilla/5.0 (Windows NT 10.0; Win64; x64) AppleWebKit/537.36 (KHTML, like Gecko) Chrome/114.0.0.0 Safari/537.36"
27.255.185.67 - - [13/Jul/2023:06:08:11 +0000] "GET /wp-content/themes/mehraforex/assets/css/style-editor.css?wp-mce-49110-20201110 HTTP/1.1" 200 10242 "https://mquickpay.com/wp-admin/post.php?post=17&action=elementor" "Mozilla/5.0 (Windows NT 10.0; Win64; x64) AppleWebKit/537.36 (KHTML, like Gecko) Chrome/114.0.0.0 Safari/537.36"
27.255.185.67 - - [13/Jul/2023:06:08:11 +0000] "GET /wp-includes/js/tinymce/skins/wordpress/wp-content.css?ver=6.2&wp-mce-49110-20201110 HTTP/1.1" 200 2973 "https://mquickpay.com/wp-admin/post.php?post=17&action=elementor" "Mozilla/5.0 (Windows NT 10.0; Win64; x64) AppleWebKit/537.36 (KHTML, like Gecko) Chrome/114.0.0.0 Safari/537.36"
27.255.185.67 - - [13/Jul/2023:06:08:12 +0000] "GET /wp-includes/js/tinymce/skins/lightgray/fonts/tinymce.woff HTTP/1.1" 200 19177 "https://mquickpay.com/wp-includes/js/tinymce/skins/lightgray/skin.min.css?wp-mce-49110-20201110" "Mozilla/5.0 (Windows NT 10.0; Win64; x64) AppleWebKit/537.36 (KHTML, like Gecko) Chrome/114.0.0.0 Safari/537.36"
27.255.185.67 - - [13/Jul/2023:06:08:12 +0000] "POST /wp-admin/admin-ajax.php HTTP/1.1" 200 695 "https://mquickpay.com/wp-admin/post.php?post=17&action=elementor" "Mozilla/5.0 (Windows NT 10.0; Win64; x64) AppleWebKit/537.36 (KHTML, like Gecko) Chrome/114.0.0.0 Safari/537.36"
27.255.185.67 - - [13/Jul/2023:06:08:27 +0000] "POST /wp-admin/admin-ajax.php HTTP/1.1" 200 1019 "https://mquickpay.com/wp-admin/post.php?post=17&action=elementor" "Mozilla/5.0 (Windows NT 10.0; Win64; x64) AppleWebKit/537.36 (KHTML, like Gecko) Chrome/114.0.0.0 Safari/537.36"
27.255.185.67 - - [13/Jul/2023:06:08:42 +0000] "POST /wp-admin/admin-ajax.php HTTP/1.1" 200 1019 "https://mquickpay.com/wp-admin/post.php?post=17&action=elementor" "Mozilla/5.0 (Windows NT 10.0; Win64; x64) AppleWebKit/537.36 (KHTML, like Gecko) Chrome/114.0.0.0 Safari/537.36"
27.255.185.67 - - [13/Jul/2023:06:08:45 +0000] "POST /wp-admin/admin-ajax.php HTTP/1.1" 200 1211 "https://mquickpay.com/wp-admin/post.php?post=17&action=elementor" "Mozilla/5.0 (Windows NT 10.0; Win64; x64) AppleWebKit/537.36 (KHTML, like Gecko) Chrome/114.0.0.0 Safari/537.36"
27.255.185.67 - - [13/Jul/2023:06:08:48 +0000] "GET /asset-manifest.json HTTP/1.1" 404 16219 "https://mquickpay.com/" "Mozilla/5.0 (Windows NT 10.0; Win64; x64) AppleWebKit/537.36 (KHTML, like Gecko) Chrome/114.0.0.0 Safari/537.36"
27.255.185.67 - - [13/Jul/2023:06:08:48 +0000] "GET /asset-manifest.json HTTP/1.1" 404 16216 "https://mquickpay.com/wp-admin/" "Mozilla/5.0 (Windows NT 10.0; Win64; x64) AppleWebKit/537.36 (KHTML, like Gecko) Chrome/114.0.0.0 Safari/537.36"
27.255.185.67 - - [13/Jul/2023:06:08:49 +0000] "GET /asset-manifest.json HTTP/1.1" 404 16546 "https://mquickpay.com/wp-admin/post.php?post=17&action=elementor" "Mozilla/5.0 (Windows NT 10.0; Win64; x64) AppleWebKit/537.36 (KHTML, like Gecko) Chrome/114.0.0.0 Safari/537.36"
27.255.185.67 - - [13/Jul/2023:06:08:50 +0000] "POST /wp-admin/admin-ajax.php HTTP/1.1" 200 1466 "https://mquickpay.com/wp-admin/post.php?post=17&action=elementor" "Mozilla/5.0 (Windows NT 10.0; Win64; x64) AppleWebKit/537.36 (KHTML, like Gecko) Chrome/114.0.0.0 Safari/537.36"
27.255.185.67 - - [13/Jul/2023:06:08:57 +0000] "POST /wp-admin/admin-ajax.php HTTP/1.1" 200 1019 "https://mquickpay.com/wp-admin/post.php?post=17&action=elementor" "Mozilla/5.0 (Windows NT 10.0; Win64; x64) AppleWebKit/537.36 (KHTML, like Gecko) Chrome/114.0.0.0 Safari/537.36"
27.255.185.67 - - [13/Jul/2023:06:09:12 +0000] "POST /wp-admin/admin-ajax.php HTTP/1.1" 200 4978 "https://mquickpay.com/wp-admin/post.php?post=17&action=elementor" "Mozilla/5.0 (Windows NT 10.0; Win64; x64) AppleWebKit/537.36 (KHTML, like Gecko) Chrome/114.0.0.0 Safari/537.36"
27.255.185.67 - - [13/Jul/2023:06:09:30 +0000] "POST /wp-admin/admin-ajax.php HTTP/1.1" 200 1019 "https://mquickpay.com/wp-admin/post.php?post=17&action=elementor" "Mozilla/5.0 (Windows NT 10.0; Win64; x64) AppleWebKit/537.36 (KHTML, like Gecko) Chrome/114.0.0.0 Safari/537.36"
27.255.185.67 - - [13/Jul/2023:06:09:30 +0000] "GET /asset-manifest.json HTTP/1.1" 404 16543 "https://mquickpay.com/" "Mozilla/5.0 (Windows NT 10.0; Win64; x64) AppleWebKit/537.36 (KHTML, like Gecko) Chrome/114.0.0.0 Safari/537.36"
27.255.185.67 - - [13/Jul/2023:06:09:32 +0000] "GET /asset-manifest.json HTTP/1.1" 404 16216 "https://mquickpay.com/wp-admin/" "Mozilla/5.0 (Windows NT 10.0; Win64; x64) AppleWebKit/537.36 (KHTML, like Gecko) Chrome/114.0.0.0 Safari/537.36"
27.255.185.67 - - [13/Jul/2023:06:09:34 +0000] "GET /asset-manifest.json HTTP/1.1" 404 16222 "https://mquickpay.com/wp-admin/post.php?post=17&action=elementor" "Mozilla/5.0 (Windows NT 10.0; Win64; x64) AppleWebKit/537.36 (KHTML, like Gecko) Chrome/114.0.0.0 Safari/537.36"
27.255.185.67 - - [13/Jul/2023:06:09:46 +0000] "POST /wp-admin/admin-ajax.php HTTP/1.1" 200 1019 "https://mquickpay.com/wp-admin/post.php?post=17&action=elementor" "Mozilla/5.0 (Windows NT 10.0; Win64; x64) AppleWebKit/537.36 (KHTML, like Gecko) Chrome/114.0.0.0 Safari/537.36"
27.255.185.67 - - [13/Jul/2023:06:09:55 +0000] "GET /wp-admin/post.php?post=20&action=elementor HTTP/1.1" 200 161761 "https://mquickpay.com/" "Mozilla/5.0 (Windows NT 10.0; Win64; x64) AppleWebKit/537.36 (KHTML, like Gecko) Chrome/114.0.0.0 Safari/537.36"
27.255.185.67 - - [13/Jul/2023:06:10:01 +0000] "POST /wp-admin/admin-ajax.php HTTP/1.1" 200 1019 "https://mquickpay.com/wp-admin/post.php?post=17&action=elementor" "Mozilla/5.0 (Windows NT 10.0; Win64; x64) AppleWebKit/537.36 (KHTML, like Gecko) Chrome/114.0.0.0 Safari/537.36"
27.255.185.67 - - [13/Jul/2023:06:10:05 +0000] "POST /wp-admin/admin-ajax.php HTTP/1.1" 200 666 "https://mquickpay.com/wp-admin/post.php?post=20&action=elementor" "Mozilla/5.0 (Windows NT 10.0; Win64; x64) AppleWebKit/537.36 (KHTML, like Gecko) Chrome/114.0.0.0 Safari/537.36"
27.255.185.67 - - [13/Jul/2023:06:10:08 +0000] "GET /?elementskit_template=header&elementor-preview=20&ver=1689228595 HTTP/1.1" 200 9294 "https://mquickpay.com/wp-admin/post.php?post=20&action=elementor" "Mozilla/5.0 (Windows NT 10.0; Win64; x64) AppleWebKit/537.36 (KHTML, like Gecko) Chrome/114.0.0.0 Safari/537.36"
27.255.185.67 - - [13/Jul/2023:06:10:08 +0000] "POST /wp-admin/admin-ajax.php HTTP/1.1" 200 1019 "https://mquickpay.com/wp-admin/post.php?post=20&action=elementor" "Mozilla/5.0 (Windows NT 10.0; Win64; x64) AppleWebKit/537.36 (KHTML, like Gecko) Chrome/114.0.0.0 Safari/537.36"
27.255.185.67 - - [13/Jul/2023:06:10:09 +0000] "GET /wp-json/elementor/v1/kit-elements-defaults HTTP/1.1" 200 1047 "https://mquickpay.com/wp-admin/post.php?post=20&action=elementor" "Mozilla/5.0 (Windows NT 10.0; Win64; x64) AppleWebKit/537.36 (KHTML, like Gecko) Chrome/114.0.0.0 Safari/537.36"
27.255.185.67 - - [13/Jul/2023:06:10:09 +0000] "GET /asset-manifest.json HTTP/1.1" 404 16218 "https://mquickpay.com/wp-admin/post.php?post=20&action=elementor" "Mozilla/5.0 (Windows NT 10.0; Win64; x64) AppleWebKit/537.36 (KHTML, like Gecko) Chrome/114.0.0.0 Safari/537.36"
