167.99.156.114 - - [19/Jul/2023:06:09:40 +0000] "POST /xmlrpc.php HTTP/1.1" 200 4507 "-" "Mozilla/5.0 (X11; Fedora; Linux x86_64; rv:94.0) Gecko/20100101 Firefox/95.0"
5.188.62.174 - - [19/Jul/2023:06:21:51 +0000] "GET /wp-login.php?wp_lang=en_US HTTP/1.1" 200 6639 "-" "Mozilla/5.0 (Windows NT 6.1; WOW64) AppleWebKit/537.36 (KHTML, like Gecko) Chrome/99.0.4844.84 Safari/537.36"
5.188.62.174 - - [19/Jul/2023:06:21:56 +0000] "POST /wp-login.php?wp_lang=en_US HTTP/1.1" 200 2715 "-" "Mozilla/5.0 (Windows NT 6.1; WOW64) AppleWebKit/537.36 (KHTML, like Gecko) Chrome/99.0.4844.84 Safari/537.36"
136.243.92.189 - - [19/Jul/2023:06:44:41 +0000] "POST /wp-cron.php?doing_wp_cron=1689749081.3816349506378173828125 HTTP/1.1" 200 4648 "-" "WordPress/6.2; https://mquickpay.com"
5.188.62.174 - - [19/Jul/2023:06:44:40 +0000] "GET /wp-login.php?wp_lang=en_US HTTP/1.1" 200 6640 "-" "Mozilla/5.0 (Windows NT 10.0; Win64; x64) AppleWebKit/537.36 (KHTML, like Gecko) Chrome/99.0.4844.84 Safari/537.36"
5.188.62.174 - - [19/Jul/2023:06:44:45 +0000] "POST /wp-login.php?wp_lang=en_US HTTP/1.1" 200 2715 "-" "Mozilla/5.0 (Windows NT 10.0; Win64; x64) AppleWebKit/537.36 (KHTML, like Gecko) Chrome/99.0.4844.84 Safari/537.36"
47.242.107.149 - - [19/Jul/2023:06:57:38 +0000] "POST /xmlrpc.php HTTP/1.1" 200 4509 "-" "Mozilla/5.0 (X11; Fedora; Linux x86_64; rv:94.0) Gecko/20100101 Firefox/95.0"
136.243.92.189 - - [19/Jul/2023:07:07:26 +0000] "POST /wp-cron.php?doing_wp_cron=1689750446.4189770221710205078125 HTTP/1.1" 200 4647 "-" "WordPress/6.2; https://mquickpay.com"
5.188.62.174 - - [19/Jul/2023:07:07:25 +0000] "GET /wp-login.php?wp_lang=en_US HTTP/1.1" 200 6639 "-" "Mozilla/5.0 (Windows NT 10.0; Win64; x64) AppleWebKit/537.36 (KHTML, like Gecko) Chrome/99.0.4844.84 Safari/537.36"
5.188.62.174 - - [19/Jul/2023:07:07:30 +0000] "POST /wp-login.php?wp_lang=en_US HTTP/1.1" 200 2715 "-" "Mozilla/5.0 (Windows NT 10.0; Win64; x64) AppleWebKit/537.36 (KHTML, like Gecko) Chrome/99.0.4844.84 Safari/537.36"
86.48.1.164 - - [19/Jul/2023:07:10:19 +0000] "POST /xmlrpc.php HTTP/1.1" 200 4508 "-" "Mozilla/5.0 (X11; Fedora; Linux x86_64; rv:94.0) Gecko/20100101 Firefox/95.0"
114.132.41.45 - - [19/Jul/2023:07:12:20 +0000] "POST /xmlrpc.php HTTP/1.1" 200 4509 "-" "Mozilla/5.0 (X11; Fedora; Linux x86_64; rv:94.0) Gecko/20100101 Firefox/95.0"
52.167.144.176 - - [19/Jul/2023:07:13:32 +0000] "GET /our-products-services/ HTTP/1.1" 200 17827 "-" "Mozilla/5.0 AppleWebKit/537.36 (KHTML, like Gecko; compatible; bingbot/2.0; +http://www.bing.com/bingbot.htm) Chrome/103.0.5060.134 Safari/537.36"
5.188.87.37 - - [19/Jul/2023:07:14:08 +0000] "POST /wp-login.php HTTP/1.1" 200 6896 "-" "Mozilla/5.0 (Windows NT 6.3; WOW64; rv:43.0) Gecko/20100101 Firefox/43.0"
136.243.92.189 - - [19/Jul/2023:07:30:11 +0000] "POST /wp-cron.php?doing_wp_cron=1689751811.6757340431213378906250 HTTP/1.1" 200 4647 "-" "WordPress/6.2; https://mquickpay.com"
5.188.62.174 - - [19/Jul/2023:07:30:11 +0000] "GET /wp-login.php?wp_lang=en_US HTTP/1.1" 200 6640 "-" "Mozilla/5.0 (Windows NT 10.0; Win64; x64) AppleWebKit/537.36 (KHTML, like Gecko) Chrome/100.0.4758.11 Safari/537.36"
5.188.62.174 - - [19/Jul/2023:07:30:15 +0000] "POST /wp-login.php?wp_lang=en_US HTTP/1.1" 200 2715 "-" "Mozilla/5.0 (Windows NT 10.0; Win64; x64) AppleWebKit/537.36 (KHTML, like Gecko) Chrome/100.0.4758.11 Safari/537.36"
40.77.167.239 - - [19/Jul/2023:07:41:29 +0000] "GET /atom.xml HTTP/1.1" 404 15920 "-" "Mozilla/5.0 AppleWebKit/537.36 (KHTML, like Gecko; compatible; bingbot/2.0; +http://www.bing.com/bingbot.htm) Chrome/103.0.5060.134 Safari/537.36"
52.167.144.176 - - [19/Jul/2023:07:54:16 +0000] "GET /sitemap.txt HTTP/1.1" 404 15921 "-" "Mozilla/5.0 AppleWebKit/537.36 (KHTML, like Gecko; compatible; bingbot/2.0; +http://www.bing.com/bingbot.htm) Chrome/103.0.5060.134 Safari/537.36"
208.109.48.184 - - [19/Jul/2023:08:00:06 +0000] "POST /xmlrpc.php HTTP/1.1" 200 4509 "-" "Mozilla/5.0 (X11; Fedora; Linux x86_64; rv:94.0) Gecko/20100101 Firefox/95.0"
184.168.116.126 - - [19/Jul/2023:08:14:00 +0000] "POST /xmlrpc.php HTTP/1.1" 200 4508 "-" "Mozilla/5.0 (X11; Fedora; Linux x86_64; rv:94.0) Gecko/20100101 Firefox/95.0"
198.12.228.166 - - [19/Jul/2023:08:16:39 +0000] "POST /xmlrpc.php HTTP/1.1" 200 4509 "-" "Mozilla/5.0 (X11; Fedora; Linux x86_64; rv:94.0) Gecko/20100101 Firefox/95.0"
141.98.255.212 - - [19/Jul/2023:08:18:39 +0000] "GET / HTTP/1.1" 200 28440 "-" "Mozilla/5.0 (Macintosh; Intel Mac OS X 10_9_4) AppleWebKit/537.77.4 (KHTML, like Gecko) Version/7.0.5 Safari/537.77.4"
136.243.92.189 - - [19/Jul/2023:08:29:59 +0000] "POST /wp-cron.php?doing_wp_cron=1689755399.8208351135253906250000 HTTP/1.1" 200 4648 "-" "WordPress/6.2; https://mquickpay.com"
52.167.144.176 - - [19/Jul/2023:08:29:59 +0000] "GET /sitemap.xml HTTP/1.1" 302 4750 "-" "Mozilla/5.0 AppleWebKit/537.36 (KHTML, like Gecko; compatible; bingbot/2.0; +http://www.bing.com/bingbot.htm) Chrome/103.0.5060.134 Safari/537.36"
52.167.144.176 - - [19/Jul/2023:08:34:00 +0000] "GET /sitemap_index.xml HTTP/1.1" 404 15920 "-" "Mozilla/5.0 AppleWebKit/537.36 (KHTML, like Gecko; compatible; bingbot/2.0; +http://www.bing.com/bingbot.htm) Chrome/103.0.5060.134 Safari/537.36"
14.29.228.249 - - [19/Jul/2023:08:37:22 +0000] "GET / HTTP/1.1" 301 531 "-" "Mozilla/5.0 (iPhone; CPU iPhone OS 13_2_3 like Mac OS X) AppleWebKit/605.1.15 (KHTML, like Gecko) Version/13.0.3 Mobile/15E148 Safari/604.1"
14.29.228.249 - - [19/Jul/2023:08:37:35 +0000] "GET / HTTP/1.1" 200 28411 "http://mquickpay.com" "Mozilla/5.0 (iPhone; CPU iPhone OS 13_2_3 like Mac OS X) AppleWebKit/605.1.15 (KHTML, like Gecko) Version/13.0.3 Mobile/15E148 Safari/604.1"
40.77.167.239 - - [19/Jul/2023:08:46:21 +0000] "GET /sitemaps.xml HTTP/1.1" 404 15922 "-" "Mozilla/5.0 AppleWebKit/537.36 (KHTML, like Gecko; compatible; bingbot/2.0; +http://www.bing.com/bingbot.htm) Chrome/103.0.5060.134 Safari/537.36"
173.212.218.121 - - [19/Jul/2023:09:03:24 +0000] "POST /xmlrpc.php HTTP/1.1" 200 4508 "-" "Mozilla/5.0 (X11; Fedora; Linux x86_64; rv:94.0) Gecko/20100101 Firefox/95.0"
208.109.203.225 - - [19/Jul/2023:09:05:41 +0000] "POST /xmlrpc.php HTTP/1.1" 200 4508 "-" "Mozilla/5.0 (X11; Fedora; Linux x86_64; rv:94.0) Gecko/20100101 Firefox/95.0"
5.188.87.37 - - [19/Jul/2023:09:08:59 +0000] "POST /wp-login.php HTTP/1.1" 200 6898 "-" "Mozilla/5.0 (Windows NT 6.3; WOW64; rv:43.0) Gecko/20100101 Firefox/43.0"
162.216.17.95 - - [19/Jul/2023:09:19:05 +0000] "POST /xmlrpc.php HTTP/1.1" 200 4508 "-" "Mozilla/5.0 (X11; Fedora; Linux x86_64; rv:94.0) Gecko/20100101 Firefox/95.0"
136.243.92.189 - - [19/Jul/2023:09:25:45 +0000] "POST /wp-cron.php?doing_wp_cron=1689758745.3187320232391357421875 HTTP/1.1" 200 4647 "-" "WordPress/6.2; https://mquickpay.com"
52.167.144.176 - - [19/Jul/2023:09:25:45 +0000] "GET /sitemap.xml.gz HTTP/1.1" 404 15921 "-" "Mozilla/5.0 AppleWebKit/537.36 (KHTML, like Gecko; compatible; bingbot/2.0; +http://www.bing.com/bingbot.htm) Chrome/103.0.5060.134 Safari/537.36"
211.1.233.66 - - [19/Jul/2023:10:06:54 +0000] "POST /xmlrpc.php HTTP/1.1" 200 4507 "-" "Mozilla/5.0 (X11; Fedora; Linux x86_64; rv:94.0) Gecko/20100101 Firefox/95.0"
103.171.180.58 - - [19/Jul/2023:10:09:46 +0000] "POST /xmlrpc.php HTTP/1.1" 200 4508 "-" "Mozilla/5.0 (X11; Fedora; Linux x86_64; rv:94.0) Gecko/20100101 Firefox/95.0"
50.62.141.185 - - [19/Jul/2023:10:12:12 +0000] "POST /xmlrpc.php HTTP/1.1" 200 4509 "-" "Mozilla/5.0 (X11; Fedora; Linux x86_64; rv:94.0) Gecko/20100101 Firefox/95.0"
195.170.172.138 - - [19/Jul/2023:10:14:37 +0000] "POST /xmlrpc.php HTTP/1.1" 200 4508 "-" "Mozilla/5.0 (X11; Fedora; Linux x86_64; rv:94.0) Gecko/20100101 Firefox/95.0"
50.62.177.50 - - [19/Jul/2023:10:17:19 +0000] "POST /xmlrpc.php HTTP/1.1" 200 4509 "-" "Mozilla/5.0 (X11; Fedora; Linux x86_64; rv:94.0) Gecko/20100101 Firefox/95.0"
103.130.218.13 - - [19/Jul/2023:10:19:50 +0000] "POST /xmlrpc.php HTTP/1.1" 200 4508 "-" "Mozilla/5.0 (X11; Fedora; Linux x86_64; rv:94.0) Gecko/20100101 Firefox/95.0"
3.122.115.2 - - [19/Jul/2023:10:22:33 +0000] "POST /xmlrpc.php HTTP/1.1" 200 4507 "-" "Mozilla/5.0 (X11; Fedora; Linux x86_64; rv:94.0) Gecko/20100101 Firefox/95.0"
136.243.92.189 - - [19/Jul/2023:10:25:37 +0000] "POST /wp-cron.php?doing_wp_cron=1689762337.3653891086578369140625 HTTP/1.1" 200 4647 "-" "WordPress/6.2; https://mquickpay.com"
5.189.187.50 - - [19/Jul/2023:10:25:37 +0000] "POST /xmlrpc.php HTTP/1.1" 200 4509 "-" "Mozilla/5.0 (X11; Fedora; Linux x86_64; rv:94.0) Gecko/20100101 Firefox/95.0"
162.247.74.201 - - [19/Jul/2023:10:27:05 +0000] "POST /xmlrpc.php HTTP/1.1" 200 4709 "-" "Mozilla/5.0 (Windows NT 10.0; Win64; x64) AppleWebKit/537.36 (KHTML, like Gecko) Chrome/74.0.3729.169 Safari/537.36"
162.247.74.201 - - [19/Jul/2023:10:27:08 +0000] "POST /xmlrpc.php HTTP/1.1" 200 4710 "-" "Mozilla/5.0 (Windows NT 10.0; Win64; x64) AppleWebKit/537.36 (KHTML, like Gecko) Chrome/74.0.3729.169 Safari/537.36"
162.247.74.201 - - [19/Jul/2023:10:27:09 +0000] "POST /xmlrpc.php HTTP/1.1" 200 4710 "-" "Mozilla/5.0 (Windows NT 10.0; Win64; x64) AppleWebKit/537.36 (KHTML, like Gecko) Chrome/74.0.3729.169 Safari/537.36"
162.247.74.201 - - [19/Jul/2023:10:27:11 +0000] "POST /xmlrpc.php HTTP/1.1" 200 4709 "-" "Mozilla/5.0 (Windows NT 10.0; Win64; x64) AppleWebKit/537.36 (KHTML, like Gecko) Chrome/74.0.3729.169 Safari/537.36"
162.247.74.201 - - [19/Jul/2023:10:27:12 +0000] "POST /xmlrpc.php HTTP/1.1" 200 4710 "-" "Mozilla/5.0 (Windows NT 10.0; Win64; x64) AppleWebKit/537.36 (KHTML, like Gecko) Chrome/74.0.3729.169 Safari/537.36"
87.106.138.61 - - [19/Jul/2023:10:28:46 +0000] "POST /xmlrpc.php HTTP/1.1" 200 4507 "-" "Mozilla/5.0 (X11; Fedora; Linux x86_64; rv:94.0) Gecko/20100101 Firefox/95.0"
162.214.92.127 - - [19/Jul/2023:10:32:00 +0000] "POST /xmlrpc.php HTTP/1.1" 200 4509 "-" "Mozilla/5.0 (X11; Fedora; Linux x86_64; rv:94.0) Gecko/20100101 Firefox/95.0"
148.72.232.95 - - [19/Jul/2023:10:34:38 +0000] "POST /xmlrpc.php HTTP/1.1" 200 4508 "-" "Mozilla/5.0 (X11; Fedora; Linux x86_64; rv:94.0) Gecko/20100101 Firefox/95.0"
183.136.225.46 - - [19/Jul/2023:10:36:13 +0000] "GET / HTTP/1.1" 301 568 "-" "Mozilla/5.0 (Macintosh; Intel Mac OS X 10.11; rv:47.0) Gecko/20100101 Firefox/47.0"
67.205.60.166 - - [19/Jul/2023:10:38:16 +0000] "POST /xmlrpc.php HTTP/1.1" 200 4508 "-" "Mozilla/5.0 (X11; Fedora; Linux x86_64; rv:94.0) Gecko/20100101 Firefox/95.0"
183.136.225.46 - - [19/Jul/2023:10:38:21 +0000] "GET / HTTP/1.1" 301 531 "-" "Mozilla/5.0 (Windows NT 6.1; WOW64) AppleWebKit/537.36 (KHTML, like Gecko) Chrome/63.0.3239.132 Safari/537.36 QIHU 360SE"
183.136.225.46 - - [19/Jul/2023:10:38:25 +0000] "GET / HTTP/1.1" 200 28270 "http://136.243.92.189:80" "Mozilla/5.0 (Windows NT 6.1; WOW64) AppleWebKit/537.36 (KHTML, like Gecko) Chrome/63.0.3239.132 Safari/537.36 QIHU 360SE"
183.136.225.46 - - [19/Jul/2023:10:38:28 +0000] "GET /'https://mquickpay.com/wp-content/plugins/elementskit-lite/modules/elementskit-icon-pack/assets/css/ekiticons.css?ver=2.8.7' HTTP/1.1" 301 777 "-" "Mozilla/5.0 (Windows NT 6.1; WOW64) AppleWebKit/537.36 (KHTML, like Gecko) Chrome/63.0.3239.132 Safari/537.36 QIHU 360SE"
183.136.225.46 - - [19/Jul/2023:10:38:29 +0000] "GET /'https:/mquickpay.com/wp-content/plugins/elementskit-lite/modules/elementskit-icon-pack/assets/css/ekiticons.css?ver=2.8.7' HTTP/1.1" 404 15606 "http://136.243.92.189:80/'https://mquickpay.com/wp-content/plugins/elementskit-lite/modules/elementskit-icon-pack/assets/css/ekiticons.css?ver=2.8.7'" "Mozilla/5.0 (Windows NT 6.1; WOW64) AppleWebKit/537.36 (KHTML, like Gecko) Chrome/63.0.3239.132 Safari/537.36 QIHU 360SE"
183.136.225.46 - - [19/Jul/2023:10:38:33 +0000] "GET /'https://mquickpay.com/wp-content/plugins/elementor/assets/lib/eicons/css/elementor-icons.min.css?ver=5.18.0' HTTP/1.1" 301 747 "-" "Mozilla/5.0 (Windows NT 6.1; WOW64) AppleWebKit/537.36 (KHTML, like Gecko) Chrome/63.0.3239.132 Safari/537.36 QIHU 360SE"
183.136.225.46 - - [19/Jul/2023:10:38:37 +0000] "GET /'https:/mquickpay.com/wp-content/plugins/elementor/assets/lib/eicons/css/elementor-icons.min.css?ver=5.18.0' HTTP/1.1" 404 15605 "http://136.243.92.189:80/'https://mquickpay.com/wp-content/plugins/elementor/assets/lib/eicons/css/elementor-icons.min.css?ver=5.18.0'" "Mozilla/5.0 (Windows NT 6.1; WOW64) AppleWebKit/537.36 (KHTML, like Gecko) Chrome/63.0.3239.132 Safari/537.36 QIHU 360SE"
183.136.225.46 - - [19/Jul/2023:10:40:22 +0000] "GET /wp-content/uploads/2023/07/cropped-mehra-quick-pay-logo-1-192x192.png HTTP/1.1" 200 50559 "-" "Mozilla/5.0 (Windows NT 6.1; WOW64) AppleWebKit/537.36 (KHTML, like Gecko) Chrome/63.0.3239.132 Safari/537.36 QIHU 360SE"
183.136.225.46 - - [19/Jul/2023:10:40:28 +0000] "GET / HTTP/1.1" 200 28271 "-" "Mozilla/5.0 (Windows NT 6.1; WOW64) AppleWebKit/537.36 (KHTML, like Gecko) Chrome/63.0.3239.132 Safari/537.36 QIHU 360SE"
183.136.225.46 - - [19/Jul/2023:10:40:30 +0000] "GET /robots.txt HTTP/1.1" 301 551 "-" "Mozilla/5.0 (Windows NT 6.1; WOW64) AppleWebKit/537.36 (KHTML, like Gecko) Chrome/63.0.3239.132 Safari/537.36 QIHU 360SE"
148.72.244.186 - - [19/Jul/2023:10:41:25 +0000] "POST /xmlrpc.php HTTP/1.1" 200 4508 "-" "Mozilla/5.0 (X11; Fedora; Linux x86_64; rv:94.0) Gecko/20100101 Firefox/95.0"
152.89.44.241 - - [19/Jul/2023:10:44:57 +0000] "POST /xmlrpc.php HTTP/1.1" 200 4508 "-" "Mozilla/5.0 (X11; Fedora; Linux x86_64; rv:94.0) Gecko/20100101 Firefox/95.0"
68.178.247.189 - - [19/Jul/2023:10:48:36 +0000] "POST /xmlrpc.php HTTP/1.1" 200 4507 "-" "Mozilla/5.0 (X11; Fedora; Linux x86_64; rv:94.0) Gecko/20100101 Firefox/95.0"
167.86.91.247 - - [19/Jul/2023:10:52:22 +0000] "POST /xmlrpc.php HTTP/1.1" 200 4508 "-" "Mozilla/5.0 (X11; Fedora; Linux x86_64; rv:94.0) Gecko/20100101 Firefox/95.0"
192.169.146.123 - - [19/Jul/2023:10:55:51 +0000] "POST /xmlrpc.php HTTP/1.1" 200 4508 "-" "Mozilla/5.0 (X11; Fedora; Linux x86_64; rv:94.0) Gecko/20100101 Firefox/95.0"
43.138.253.157 - - [19/Jul/2023:10:59:18 +0000] "POST /xmlrpc.php HTTP/1.1" 200 4509 "-" "Mozilla/5.0 (X11; Fedora; Linux x86_64; rv:94.0) Gecko/20100101 Firefox/95.0"
81.152.151.180 - - [19/Jul/2023:10:59:42 +0000] "GET / HTTP/1.1" 301 568 "http://mquickpay.com/" "Mozilla/5.0 (Linux; Android 11; M2010J19SI) AppleWebKit/537.36 (KHTML, like Gecko) Chrome/109.0.0.0 Mobile Safari/537.36"
51.178.81.195 - - [19/Jul/2023:10:59:42 +0000] "GET / HTTP/1.1" 301 531 "http://mquickpay.com/" "Mozilla/5.0 (Macintosh; Intel Mac OS X 11_0_0) AppleWebKit/537.36 (KHTML, like Gecko) Chrome/87.0.4280.88 Safari/537.36"
51.178.81.195 - - [19/Jul/2023:10:59:42 +0000] "GET / HTTP/1.1" 200 194072 "https://mquickpay.com/" "Mozilla/5.0 (Macintosh; Intel Mac OS X 11_0_0) AppleWebKit/537.36 (KHTML, like Gecko) Chrome/87.0.4280.88 Safari/537.36"
185.253.96.38 - - [19/Jul/2023:10:59:43 +0000] "GET / HTTP/1.1" 301 531 "http://mquickpay.com/" "Mozilla/5.0 (Linux; Android 11; M2010J19SI) AppleWebKit/537.36 (KHTML, like Gecko) Chrome/109.0.0.0 Mobile Safari/537.36"
81.152.151.180 - - [19/Jul/2023:10:59:42 +0000] "GET / HTTP/1.1" 200 194073 "https://mquickpay.com/" "Mozilla/5.0 (Linux; Android 11; M2010J19SI) AppleWebKit/537.36 (KHTML, like Gecko) Chrome/109.0.0.0 Mobile Safari/537.36"
205.185.222.19 - - [19/Jul/2023:10:59:43 +0000] "GET / HTTP/1.1" 301 531 "http://mquickpay.com/" "Mozilla/5.0 (Windows NT 10.0; Win64; x64) AppleWebKit/537.36 (KHTML, like Gecko) Chrome/78.0.3904.108 Safari/537.36"
185.253.96.38 - - [19/Jul/2023:10:59:43 +0000] "GET / HTTP/1.1" 200 194072 "https://mquickpay.com/" "Mozilla/5.0 (Linux; Android 11; M2010J19SI) AppleWebKit/537.36 (KHTML, like Gecko) Chrome/109.0.0.0 Mobile Safari/537.36"
205.185.222.19 - - [19/Jul/2023:10:59:43 +0000] "GET / HTTP/1.1" 200 194071 "https://mquickpay.com/" "Mozilla/5.0 (Windows NT 10.0; Win64; x64) AppleWebKit/537.36 (KHTML, like Gecko) Chrome/78.0.3904.108 Safari/537.36"
146.70.101.40 - - [19/Jul/2023:10:59:44 +0000] "GET / HTTP/1.1" 301 531 "http://mquickpay.com/" "Mozilla/5.0 (Linux; Android 13; RMX3392) AppleWebKit/537.36 (KHTML, like Gecko) Chrome/108.0.0.0 Mobile Safari/537.36"
146.70.101.40 - - [19/Jul/2023:10:59:46 +0000] "GET / HTTP/1.1" 200 194073 "https://mquickpay.com/" "Mozilla/5.0 (Linux; Android 13; RMX3392) AppleWebKit/537.36 (KHTML, like Gecko) Chrome/108.0.0.0 Mobile Safari/537.36"
205.185.222.19 - - [19/Jul/2023:10:59:49 +0000] "GET / HTTP/1.1" 301 531 "http://mquickpay.com/" "Mozilla/5.082584686 Mozilla/5.0 (iPhone; CPU iPhone OS 11_4_1 like Mac OS X) AppleWebKit/605.1.15 (KHTML, like Gecko) Version/11.0 Mobile/15E148 Safari/604.1"
146.70.101.40 - - [19/Jul/2023:10:59:51 +0000] "OPTIONS / HTTP/1.1" 301 531 "http://mquickpay.com/" "Mozilla/5.0 (Windows NT 10.0; Win64; x64) AppleWebKit/537.36 (KHTML, like Gecko) Chrome/78.0.3904.108 Safari/537.36"
51.178.81.195 - - [19/Jul/2023:11:01:20 +0000] "GET / HTTP/1.1" 200 194073 "http://mquickpay.com/" "Mozilla/5.0 (Macintosh; Intel Mac OS X 11_0_0) AppleWebKit/537.36 (KHTML, like Gecko) Chrome/87.0.4280.88 Safari/537.36"
81.152.151.180 - - [19/Jul/2023:11:01:20 +0000] "GET / HTTP/1.1" 200 194073 "http://mquickpay.com/" "Mozilla/5.0 (Linux; Android 11; M2010J19SI) AppleWebKit/537.36 (KHTML, like Gecko) Chrome/109.0.0.0 Mobile Safari/537.36"
185.253.96.38 - - [19/Jul/2023:11:01:20 +0000] "GET / HTTP/1.1" 200 194071 "http://mquickpay.com/" "Mozilla/5.0 (Linux; Android 11; M2010J19SI) AppleWebKit/537.36 (KHTML, like Gecko) Chrome/109.0.0.0 Mobile Safari/537.36"
205.185.222.19 - - [19/Jul/2023:11:01:21 +0000] "GET / HTTP/1.1" 200 194072 "http://mquickpay.com/" "Mozilla/5.0 (Windows NT 10.0; Win64; x64) AppleWebKit/537.36 (KHTML, like Gecko) Chrome/78.0.3904.108 Safari/537.36"
146.70.101.40 - - [19/Jul/2023:11:01:21 +0000] "GET / HTTP/1.1" 200 194071 "http://mquickpay.com/" "Mozilla/5.0 (Linux; Android 13; RMX3392) AppleWebKit/537.36 (KHTML, like Gecko) Chrome/108.0.0.0 Mobile Safari/537.36"
146.70.101.40 - - [19/Jul/2023:11:01:23 +0000] "GET /wp-content/uploads/2023/07/mehra-quick-pay-logo.webp HTTP/1.1" 200 33209 "http://mquickpay.com/" "Mozilla/5.0 (Linux; Android 13; RMX3392) AppleWebKit/537.36 (KHTML, like Gecko) Chrome/108.0.0.0 Mobile Safari/537.36"
146.70.101.40 - - [19/Jul/2023:11:01:24 +0000] "GET /wp-content/uploads/elementor/thumbs/logo-main-q999meubc1zw5ydgqrvvzn9t3vccwg8gkt0lza2ry8.webp HTTP/1.1" 200 6448 "http://mquickpay.com/" "Mozilla/5.0 (Linux; Android 13; RMX3392) AppleWebKit/537.36 (KHTML, like Gecko) Chrome/108.0.0.0 Mobile Safari/537.36"
146.70.101.40 - - [19/Jul/2023:11:01:24 +0000] "GET /wp-content/uploads/2023/07/cropped-mehra-quick-pay-logo-1-180x180.png HTTP/1.1" 200 46108 "http://mquickpay.com/" "Mozilla/5.0 (Linux; Android 13; RMX3392) AppleWebKit/537.36 (KHTML, like Gecko) Chrome/108.0.0.0 Mobile Safari/537.36"
146.70.101.40 - - [19/Jul/2023:11:01:24 +0000] "GET /wp-content/uploads/2023/07/cropped-mehra-quick-pay-logo-1-32x32.png HTTP/1.1" 200 6871 "http://mquickpay.com/" "Mozilla/5.0 (Linux; Android 13; RMX3392) AppleWebKit/537.36 (KHTML, like Gecko) Chrome/108.0.0.0 Mobile Safari/537.36"
146.70.101.40 - - [19/Jul/2023:11:01:24 +0000] "GET /wp-content/uploads/2023/07/cropped-mehra-quick-pay-logo-1-192x192.png HTTP/1.1" 200 50729 "http://mquickpay.com/" "Mozilla/5.0 (Linux; Android 13; RMX3392) AppleWebKit/537.36 (KHTML, like Gecko) Chrome/108.0.0.0 Mobile Safari/537.36"
5.188.87.37 - - [19/Jul/2023:11:02:23 +0000] "POST /wp-login.php HTTP/1.1" 200 6896 "-" "Mozilla/5.0 (Windows NT 6.3; WOW64; rv:43.0) Gecko/20100101 Firefox/43.0"
205.185.222.19 - - [19/Jul/2023:11:02:45 +0000] "GET /wp-content/uploads/2023/07/cropped-mehra-quick-pay-logo-1-32x32.png HTTP/1.1" 200 6871 "http://mquickpay.com/" "Mozilla/5.0 (Windows NT 10.0; Win64; x64) AppleWebKit/537.36 (KHTML, like Gecko) Chrome/78.0.3904.108 Safari/537.36"
185.253.96.38 - - [19/Jul/2023:11:03:05 +0000] "GET /wp-content/uploads/elementor/thumbs/logo-main-q999meubc1zw5ydgqrvvzn9t3vccwg8gkt0lza2ry8.webp HTTP/1.1" 200 6448 "http://mquickpay.com/" "Mozilla/5.0 (Linux; Android 11; M2010J19SI) AppleWebKit/537.36 (KHTML, like Gecko) Chrome/109.0.0.0 Mobile Safari/537.36"
185.253.96.38 - - [19/Jul/2023:11:03:05 +0000] "GET /wp-content/uploads/2023/07/cropped-mehra-quick-pay-logo-1-192x192.png HTTP/1.1" 200 50729 "http://mquickpay.com/" "Mozilla/5.0 (Linux; Android 11; M2010J19SI) AppleWebKit/537.36 (KHTML, like Gecko) Chrome/109.0.0.0 Mobile Safari/537.36"
185.253.96.38 - - [19/Jul/2023:11:03:05 +0000] "GET /wp-content/uploads/2023/07/cropped-mehra-quick-pay-logo-1-180x180.png HTTP/1.1" 200 46108 "http://mquickpay.com/" "Mozilla/5.0 (Linux; Android 11; M2010J19SI) AppleWebKit/537.36 (KHTML, like Gecko) Chrome/109.0.0.0 Mobile Safari/537.36"
185.253.96.38 - - [19/Jul/2023:11:03:05 +0000] "GET /wp-content/uploads/2023/07/mehra-quick-pay-logo.webp HTTP/1.1" 200 33208 "http://mquickpay.com/" "Mozilla/5.0 (Linux; Android 11; M2010J19SI) AppleWebKit/537.36 (KHTML, like Gecko) Chrome/109.0.0.0 Mobile Safari/537.36"
185.253.96.38 - - [19/Jul/2023:11:03:05 +0000] "GET /wp-content/uploads/2023/07/cropped-mehra-quick-pay-logo-1-32x32.png HTTP/1.1" 200 6872 "http://mquickpay.com/" "Mozilla/5.0 (Linux; Android 11; M2010J19SI) AppleWebKit/537.36 (KHTML, like Gecko) Chrome/109.0.0.0 Mobile Safari/537.36"
51.178.81.195 - - [19/Jul/2023:11:03:10 +0000] "GET /wp-content/uploads/2023/07/cropped-mehra-quick-pay-logo-1-192x192.png HTTP/1.1" 200 50727 "http://mquickpay.com/" "Mozilla/5.0 (Macintosh; Intel Mac OS X 11_0_0) AppleWebKit/537.36 (KHTML, like Gecko) Chrome/87.0.4280.88 Safari/537.36"
51.178.81.195 - - [19/Jul/2023:11:03:10 +0000] "GET /wp-content/uploads/2023/07/cropped-mehra-quick-pay-logo-1-180x180.png HTTP/1.1" 200 46107 "http://mquickpay.com/" "Mozilla/5.0 (Macintosh; Intel Mac OS X 11_0_0) AppleWebKit/537.36 (KHTML, like Gecko) Chrome/87.0.4280.88 Safari/537.36"
51.178.81.195 - - [19/Jul/2023:11:03:10 +0000] "GET /wp-content/uploads/2023/07/cropped-mehra-quick-pay-logo-1-32x32.png HTTP/1.1" 200 6871 "http://mquickpay.com/" "Mozilla/5.0 (Macintosh; Intel Mac OS X 11_0_0) AppleWebKit/537.36 (KHTML, like Gecko) Chrome/87.0.4280.88 Safari/537.36"
51.178.81.195 - - [19/Jul/2023:11:03:10 +0000] "GET /wp-content/uploads/2023/07/mehra-quick-pay-logo.webp HTTP/1.1" 200 33208 "http://mquickpay.com/" "Mozilla/5.0 (Macintosh; Intel Mac OS X 11_0_0) AppleWebKit/537.36 (KHTML, like Gecko) Chrome/87.0.4280.88 Safari/537.36"
51.178.81.195 - - [19/Jul/2023:11:03:10 +0000] "GET /wp-content/uploads/elementor/thumbs/logo-main-q999meubc1zw5ydgqrvvzn9t3vccwg8gkt0lza2ry8.webp HTTP/1.1" 200 6449 "http://mquickpay.com/" "Mozilla/5.0 (Macintosh; Intel Mac OS X 11_0_0) AppleWebKit/537.36 (KHTML, like Gecko) Chrome/87.0.4280.88 Safari/537.36"
81.152.151.180 - - [19/Jul/2023:11:03:14 +0000] "GET /wp-content/uploads/2023/07/cropped-mehra-quick-pay-logo-1-192x192.png HTTP/1.1" 200 50728 "http://mquickpay.com/" "Mozilla/5.0 (Linux; Android 11; M2010J19SI) AppleWebKit/537.36 (KHTML, like Gecko) Chrome/109.0.0.0 Mobile Safari/537.36"
81.152.151.180 - - [19/Jul/2023:11:03:14 +0000] "GET /wp-content/uploads/2023/07/cropped-mehra-quick-pay-logo-1-180x180.png HTTP/1.1" 200 46107 "http://mquickpay.com/" "Mozilla/5.0 (Linux; Android 11; M2010J19SI) AppleWebKit/537.36 (KHTML, like Gecko) Chrome/109.0.0.0 Mobile Safari/537.36"
81.152.151.180 - - [19/Jul/2023:11:03:14 +0000] "GET /wp-content/uploads/elementor/thumbs/logo-main-q999meubc1zw5ydgqrvvzn9t3vccwg8gkt0lza2ry8.webp HTTP/1.1" 200 6448 "http://mquickpay.com/" "Mozilla/5.0 (Linux; Android 11; M2010J19SI) AppleWebKit/537.36 (KHTML, like Gecko) Chrome/109.0.0.0 Mobile Safari/537.36"
81.152.151.180 - - [19/Jul/2023:11:03:14 +0000] "GET /wp-content/uploads/2023/07/mehra-quick-pay-logo.webp HTTP/1.1" 200 33208 "http://mquickpay.com/" "Mozilla/5.0 (Linux; Android 11; M2010J19SI) AppleWebKit/537.36 (KHTML, like Gecko) Chrome/109.0.0.0 Mobile Safari/537.36"
81.152.151.180 - - [19/Jul/2023:11:03:14 +0000] "GET /wp-content/uploads/2023/07/cropped-mehra-quick-pay-logo-1-32x32.png HTTP/1.1" 200 6872 "http://mquickpay.com/" "Mozilla/5.0 (Linux; Android 11; M2010J19SI) AppleWebKit/537.36 (KHTML, like Gecko) Chrome/109.0.0.0 Mobile Safari/537.36"
198.54.126.134 - - [19/Jul/2023:11:06:49 +0000] "POST /xmlrpc.php HTTP/1.1" 200 4508 "-" "Mozilla/5.0 (X11; Fedora; Linux x86_64; rv:94.0) Gecko/20100101 Firefox/95.0"
162.214.92.127 - - [19/Jul/2023:11:11:09 +0000] "POST /xmlrpc.php HTTP/1.1" 200 4508 "-" "Mozilla/5.0 (X11; Fedora; Linux x86_64; rv:94.0) Gecko/20100101 Firefox/95.0"
82.165.184.76 - - [19/Jul/2023:11:15:03 +0000] "POST /xmlrpc.php HTTP/1.1" 200 4508 "-" "Mozilla/5.0 (X11; Fedora; Linux x86_64; rv:94.0) Gecko/20100101 Firefox/95.0"
31.25.10.180 - - [19/Jul/2023:11:18:34 +0000] "POST /xmlrpc.php HTTP/1.1" 200 4509 "-" "Mozilla/5.0 (X11; Fedora; Linux x86_64; rv:94.0) Gecko/20100101 Firefox/95.0"
148.66.147.26 - - [19/Jul/2023:11:22:11 +0000] "POST /xmlrpc.php HTTP/1.1" 200 4508 "-" "Mozilla/5.0 (X11; Fedora; Linux x86_64; rv:94.0) Gecko/20100101 Firefox/95.0"
66.249.64.108 - - [19/Jul/2023:11:22:51 +0000] "GET / HTTP/1.1" 301 568 "-" "Mozilla/5.0 (Linux; Android 6.0.1; Nexus 5X Build/MMB29P) AppleWebKit/537.36 (KHTML, like Gecko) Chrome/114.0.5735.179 Mobile Safari/537.36 (compatible; Googlebot/2.1; +http://www.google.com/bot.html)"
66.249.64.105 - - [19/Jul/2023:11:22:56 +0000] "GET / HTTP/1.1" 200 28447 "-" "Mozilla/5.0 (Linux; Android 6.0.1; Nexus 5X Build/MMB29P) AppleWebKit/537.36 (KHTML, like Gecko) Chrome/114.0.5735.179 Mobile Safari/537.36 (compatible; Googlebot/2.1; +http://www.google.com/bot.html)"
66.249.64.105 - - [19/Jul/2023:11:23:00 +0000] "GET /wp-content/plugins/elementor/assets/lib/font-awesome/css/fontawesome.min.css?ver=5.15.3 HTTP/1.1" 200 13008 "https://mquickpay.com/" "Mozilla/5.0 (Linux; Android 6.0.1; Nexus 5X Build/MMB29P) AppleWebKit/537.36 (KHTML, like Gecko) Chrome/114.0.5735.179 Mobile Safari/537.36 (compatible; Googlebot/2.1; +http://www.google.com/bot.html)"
66.249.64.105 - - [19/Jul/2023:11:23:00 +0000] "GET /wp-content/plugins/elementor/assets/lib/waypoints/waypoints.min.js?ver=4.0.2 HTTP/1.1" 200 3366 "https://mquickpay.com/" "Mozilla/5.0 (Linux; Android 6.0.1; Nexus 5X Build/MMB29P) AppleWebKit/537.36 (KHTML, like Gecko) Chrome/114.0.5735.179 Mobile Safari/537.36 (compatible; Googlebot/2.1; +http://www.google.com/bot.html)"
66.249.64.105 - - [19/Jul/2023:11:23:00 +0000] "GET /wp-content/plugins/elementor/assets/lib/animations/animations.min.css?ver=3.12.2 HTTP/1.1" 200 2951 "https://mquickpay.com/" "Mozilla/5.0 (Linux; Android 6.0.1; Nexus 5X Build/MMB29P) AppleWebKit/537.36 (KHTML, like Gecko) Chrome/114.0.5735.179 Mobile Safari/537.36 (compatible; Googlebot/2.1; +http://www.google.com/bot.html)"
66.249.64.106 - - [19/Jul/2023:11:23:00 +0000] "GET /wp-includes/js/jquery/jquery.min.js?ver=3.6.3 HTTP/1.1" 200 35803 "https://mquickpay.com/" "Mozilla/5.0 (Linux; Android 6.0.1; Nexus 5X Build/MMB29P) AppleWebKit/537.36 (KHTML, like Gecko) Chrome/114.0.5735.179 Mobile Safari/537.36 (compatible; Googlebot/2.1; +http://www.google.com/bot.html)"
66.249.64.105 - - [19/Jul/2023:11:23:00 +0000] "GET /wp-content/plugins/elementor/assets/lib/font-awesome/css/solid.min.css?ver=5.15.3 HTTP/1.1" 200 4936 "https://mquickpay.com/" "Mozilla/5.0 (Linux; Android 6.0.1; Nexus 5X Build/MMB29P) AppleWebKit/537.36 (KHTML, like Gecko) Chrome/114.0.5735.179 Mobile Safari/537.36 (compatible; Googlebot/2.1; +http://www.google.com/bot.html)"
66.249.64.104 - - [19/Jul/2023:11:23:00 +0000] "GET /wp-content/plugins/elementor/assets/lib/eicons/css/elementor-icons.min.css?ver=5.18.0 HTTP/1.1" 200 8606 "https://mquickpay.com/" "Mozilla/5.0 (Linux; Android 6.0.1; Nexus 5X Build/MMB29P) AppleWebKit/537.36 (KHTML, like Gecko) Chrome/114.0.5735.179 Mobile Safari/537.36 (compatible; Googlebot/2.1; +http://www.google.com/bot.html)"
66.249.64.106 - - [19/Jul/2023:11:23:00 +0000] "GET /wp-content/plugins/elementskit-lite/libs/framework/assets/js/frontend-script.js?ver=2.8.7 HTTP/1.1" 200 4625 "https://mquickpay.com/" "Mozilla/5.0 (Linux; Android 6.0.1; Nexus 5X Build/MMB29P) AppleWebKit/537.36 (KHTML, like Gecko) Chrome/114.0.5735.179 Mobile Safari/537.36 (compatible; Googlebot/2.1; +http://www.google.com/bot.html)"
66.249.64.104 - - [19/Jul/2023:11:23:00 +0000] "GET /wp-content/plugins/contact-form-7/includes/css/styles.css?ver=5.7.6 HTTP/1.1" 200 5631 "https://mquickpay.com/" "Mozilla/5.0 (Linux; Android 6.0.1; Nexus 5X Build/MMB29P) AppleWebKit/537.36 (KHTML, like Gecko) Chrome/114.0.5735.179 Mobile Safari/537.36 (compatible; Googlebot/2.1; +http://www.google.com/bot.html)"
66.249.64.106 - - [19/Jul/2023:11:23:00 +0000] "GET /wp-content/plugins/elementor/assets/js/frontend-modules.min.js?ver=3.12.2 HTTP/1.1" 200 17706 "https://mquickpay.com/" "Mozilla/5.0 (Linux; Android 6.0.1; Nexus 5X Build/MMB29P) AppleWebKit/537.36 (KHTML, like Gecko) Chrome/114.0.5735.179 Mobile Safari/537.36 (compatible; Googlebot/2.1; +http://www.google.com/bot.html)"
66.249.64.105 - - [19/Jul/2023:11:23:00 +0000] "GET /wp-content/plugins/elementor/assets/css/widget-icon-list.min.css HTTP/1.1" 200 1331 "https://mquickpay.com/" "Mozilla/5.0 (Linux; Android 6.0.1; Nexus 5X Build/MMB29P) AppleWebKit/537.36 (KHTML, like Gecko) Chrome/114.0.5735.179 Mobile Safari/537.36 (compatible; Googlebot/2.1; +http://www.google.com/bot.html)"
66.249.64.106 - - [19/Jul/2023:11:23:00 +0000] "GET /wp-content/uploads/elementor/css/post-20.css?ver=1687392000 HTTP/1.1" 200 5902 "https://mquickpay.com/" "Mozilla/5.0 (Linux; Android 6.0.1; Nexus 5X Build/MMB29P) AppleWebKit/537.36 (KHTML, like Gecko) Chrome/114.0.5735.179 Mobile Safari/537.36 (compatible; Googlebot/2.1; +http://www.google.com/bot.html)"
66.249.64.104 - - [19/Jul/2023:11:23:00 +0000] "GET /wp-content/uploads/elementor/css/post-189.css?ver=1687392000 HTTP/1.1" 200 5543 "https://mquickpay.com/" "Mozilla/5.0 (Linux; Android 6.0.1; Nexus 5X Build/MMB29P) AppleWebKit/537.36 (KHTML, like Gecko) Chrome/114.0.5735.179 Mobile Safari/537.36 (compatible; Googlebot/2.1; +http://www.google.com/bot.html)"
66.249.64.106 - - [19/Jul/2023:11:23:00 +0000] "GET /wp-includes/js/jquery/jquery-migrate.min.js?ver=3.4.0 HTTP/1.1" 200 5168 "https://mquickpay.com/" "Mozilla/5.0 (Linux; Android 6.0.1; Nexus 5X Build/MMB29P) AppleWebKit/537.36 (KHTML, like Gecko) Chrome/114.0.5735.179 Mobile Safari/537.36 (compatible; Googlebot/2.1; +http://www.google.com/bot.html)"
66.249.64.105 - - [19/Jul/2023:11:23:00 +0000] "GET /wp-includes/css/dist/block-library/style.min.css?ver=6.2 HTTP/1.1" 200 13163 "https://mquickpay.com/" "Mozilla/5.0 (Linux; Android 6.0.1; Nexus 5X Build/MMB29P) AppleWebKit/537.36 (KHTML, like Gecko) Chrome/114.0.5735.179 Mobile Safari/537.36 (compatible; Googlebot/2.1; +http://www.google.com/bot.html)"
66.249.64.105 - - [19/Jul/2023:11:23:00 +0000] "GET /wp-content/themes/mehraforex/assets/js/responsive-embeds.js?ver=1.8 HTTP/1.1" 200 5185 "https://mquickpay.com/" "Mozilla/5.0 (Linux; Android 6.0.1; Nexus 5X Build/MMB29P) AppleWebKit/537.36 (KHTML, like Gecko) Chrome/114.0.5735.179 Mobile Safari/537.36 (compatible; Googlebot/2.1; +http://www.google.com/bot.html)"
66.249.64.104 - - [19/Jul/2023:11:23:00 +0000] "GET /wp-content/plugins/contact-form-7/includes/swv/js/index.js?ver=5.7.6 HTTP/1.1" 200 3383 "https://mquickpay.com/" "Mozilla/5.0 (Linux; Android 6.0.1; Nexus 5X Build/MMB29P) AppleWebKit/537.36 (KHTML, like Gecko) Chrome/114.0.5735.179 Mobile Safari/537.36 (compatible; Googlebot/2.1; +http://www.google.com/bot.html)"
66.249.64.104 - - [19/Jul/2023:11:23:00 +0000] "GET /wp-content/uploads/elementor/css/post-5.css?ver=1687392000 HTTP/1.1" 200 788 "https://mquickpay.com/" "Mozilla/5.0 (Linux; Android 6.0.1; Nexus 5X Build/MMB29P) AppleWebKit/537.36 (KHTML, like Gecko) Chrome/114.0.5735.179 Mobile Safari/537.36 (compatible; Googlebot/2.1; +http://www.google.com/bot.html)"
66.249.64.104 - - [19/Jul/2023:11:23:00 +0000] "GET /wp-content/plugins/elementskit-lite/widgets/init/assets/js/elementor.js?ver=2.8.7 HTTP/1.1" 200 5755 "https://mquickpay.com/" "Mozilla/5.0 (Linux; Android 6.0.1; Nexus 5X Build/MMB29P) AppleWebKit/537.36 (KHTML, like Gecko) Chrome/114.0.5735.179 Mobile Safari/537.36 (compatible; Googlebot/2.1; +http://www.google.com/bot.html)"
66.249.64.104 - - [19/Jul/2023:11:23:01 +0000] "GET /wp-content/plugins/elementor/assets/lib/swiper/v8/css/swiper.min.css?ver=8.4.5 HTTP/1.1" 200 4942 "https://mquickpay.com/" "Mozilla/5.0 (Linux; Android 6.0.1; Nexus 5X Build/MMB29P) AppleWebKit/537.36 (KHTML, like Gecko) Chrome/114.0.5735.179 Mobile Safari/537.36 (compatible; Googlebot/2.1; +http://www.google.com/bot.html)"
66.249.64.104 - - [19/Jul/2023:11:23:01 +0000] "GET /wp-content/plugins/elementor/assets/lib/font-awesome/css/brands.min.css?ver=5.15.3 HTTP/1.1" 200 4935 "https://mquickpay.com/" "Mozilla/5.0 (Linux; Android 6.0.1; Nexus 5X Build/MMB29P) AppleWebKit/537.36 (KHTML, like Gecko) Chrome/114.0.5735.179 Mobile Safari/537.36 (compatible; Googlebot/2.1; +http://www.google.com/bot.html)"
66.249.64.104 - - [19/Jul/2023:11:23:01 +0000] "GET /wp-content/plugins/elementskit-lite/modules/elementskit-icon-pack/assets/css/ekiticons.css?ver=2.8.7 HTTP/1.1" 200 13541 "https://mquickpay.com/" "Mozilla/5.0 (Linux; Android 6.0.1; Nexus 5X Build/MMB29P) AppleWebKit/537.36 (KHTML, like Gecko) Chrome/114.0.5735.179 Mobile Safari/537.36 (compatible; Googlebot/2.1; +http://www.google.com/bot.html)"
66.249.64.104 - - [19/Jul/2023:11:23:01 +0000] "GET /wp-content/plugins/elementskit-lite/widgets/init/assets/css/responsive.css?ver=2.8.7 HTTP/1.1" 200 3509 "https://mquickpay.com/" "Mozilla/5.0 (Linux; Android 6.0.1; Nexus 5X Build/MMB29P) AppleWebKit/537.36 (KHTML, like Gecko) Chrome/114.0.5735.179 Mobile Safari/537.36 (compatible; Googlebot/2.1; +http://www.google.com/bot.html)"
66.249.64.104 - - [19/Jul/2023:11:23:01 +0000] "GET /wp-content/themes/mehraforex/assets/js/primary-navigation.js?ver=1.8 HTTP/1.1" 200 2223 "https://mquickpay.com/" "Mozilla/5.0 (Linux; Android 6.0.1; Nexus 5X Build/MMB29P) AppleWebKit/537.36 (KHTML, like Gecko) Chrome/114.0.5735.179 Mobile Safari/537.36 (compatible; Googlebot/2.1; +http://www.google.com/bot.html)"
66.249.64.104 - - [19/Jul/2023:11:23:01 +0000] "GET /wp-content/uploads/elementor/css/global.css?ver=1687392000 HTTP/1.1" 200 1197 "https://mquickpay.com/" "Mozilla/5.0 (Linux; Android 6.0.1; Nexus 5X Build/MMB29P) AppleWebKit/537.36 (KHTML, like Gecko) Chrome/114.0.5735.179 Mobile Safari/537.36 (compatible; Googlebot/2.1; +http://www.google.com/bot.html)"
66.249.64.104 - - [19/Jul/2023:11:23:02 +0000] "GET /wp-content/plugins/contact-form-7/includes/js/index.js?ver=5.7.6 HTTP/1.1" 200 8823 "https://mquickpay.com/" "Mozilla/5.0 (Linux; Android 6.0.1; Nexus 5X Build/MMB29P) AppleWebKit/537.36 (KHTML, like Gecko) Chrome/114.0.5735.179 Mobile Safari/537.36 (compatible; Googlebot/2.1; +http://www.google.com/bot.html)"
66.249.64.106 - - [19/Jul/2023:11:23:02 +0000] "GET /wp-content/plugins/elementskit-lite/widgets/init/assets/css/widget-styles.css?ver=2.8.7 HTTP/1.1" 200 55479 "https://mquickpay.com/" "Mozilla/5.0 (Linux; Android 6.0.1; Nexus 5X Build/MMB29P) AppleWebKit/537.36 (KHTML, like Gecko) Chrome/114.0.5735.179 Mobile Safari/537.36 (compatible; Googlebot/2.1; +http://www.google.com/bot.html)"
66.249.64.106 - - [19/Jul/2023:11:23:02 +0000] "GET /wp-includes/js/jquery/ui/core.min.js?ver=1.13.2 HTTP/1.1" 200 7472 "https://mquickpay.com/" "Mozilla/5.0 (Linux; Android 6.0.1; Nexus 5X Build/MMB29P) AppleWebKit/537.36 (KHTML, like Gecko) Chrome/114.0.5735.179 Mobile Safari/537.36 (compatible; Googlebot/2.1; +http://www.google.com/bot.html)"
66.249.64.105 - - [19/Jul/2023:11:23:02 +0000] "GET /wp-content/plugins/elementor/assets/css/frontend-lite.min.css?ver=3.12.2 HTTP/1.1" 200 11207 "https://mquickpay.com/" "Mozilla/5.0 (Linux; Android 6.0.1; Nexus 5X Build/MMB29P) AppleWebKit/537.36 (KHTML, like Gecko) Chrome/114.0.5735.179 Mobile Safari/537.36 (compatible; Googlebot/2.1; +http://www.google.com/bot.html)"
66.249.64.104 - - [19/Jul/2023:11:23:02 +0000] "GET /wp-content/uploads/elementor/css/post-17.css?ver=1687392000 HTTP/1.1" 200 4261 "https://mquickpay.com/" "Mozilla/5.0 (Linux; Android 6.0.1; Nexus 5X Build/MMB29P) AppleWebKit/537.36 (KHTML, like Gecko) Chrome/114.0.5735.179 Mobile Safari/537.36 (compatible; Googlebot/2.1; +http://www.google.com/bot.html)"
66.249.64.104 - - [19/Jul/2023:11:23:03 +0000] "GET /wp-content/themes/mehraforex/assets/css/print.css?ver=1.8 HTTP/1.1" 200 1442 "https://mquickpay.com/" "Mozilla/5.0 (Linux; Android 6.0.1; Nexus 5X Build/MMB29P) AppleWebKit/537.36 (KHTML, like Gecko) Chrome/114.0.5735.179 Mobile Safari/537.36 (compatible; Googlebot/2.1; +http://www.google.com/bot.html)"
66.249.64.105 - - [19/Jul/2023:11:23:03 +0000] "GET /wp-content/plugins/elementskit-lite/widgets/init/assets/js/animate-circle.js?ver=2.8.7 HTTP/1.1" 200 5083 "https://mquickpay.com/" "Mozilla/5.0 (Linux; Android 6.0.1; Nexus 5X Build/MMB29P) AppleWebKit/537.36 (KHTML, like Gecko) Chrome/114.0.5735.179 Mobile Safari/537.36 (compatible; Googlebot/2.1; +http://www.google.com/bot.html)"
66.249.64.104 - - [19/Jul/2023:11:23:03 +0000] "GET /wp-content/plugins/elementor/assets/js/frontend.min.js?ver=3.12.2 HTTP/1.1" 200 16914 "https://mquickpay.com/" "Mozilla/5.0 (Linux; Android 6.0.1; Nexus 5X Build/MMB29P) AppleWebKit/537.36 (KHTML, like Gecko) Chrome/114.0.5735.179 Mobile Safari/537.36 (compatible; Googlebot/2.1; +http://www.google.com/bot.html)"
66.249.64.106 - - [19/Jul/2023:11:23:03 +0000] "GET /wp-content/plugins/elementskit-lite/widgets/init/assets/js/widget-scripts.js?ver=2.8.7 HTTP/1.1" 200 46458 "https://mquickpay.com/" "Mozilla/5.0 (Linux; Android 6.0.1; Nexus 5X Build/MMB29P) AppleWebKit/537.36 (KHTML, like Gecko) Chrome/114.0.5735.179 Mobile Safari/537.36 (compatible; Googlebot/2.1; +http://www.google.com/bot.html)"
66.249.64.105 - - [19/Jul/2023:11:23:03 +0000] "GET /wp-json/contact-form-7/v1/contact-forms/255/feedback/schema HTTP/1.1" 200 809 "https://mquickpay.com/" "Mozilla/5.0 (Linux; Android 6.0.1; Nexus 5X Build/MMB29P) AppleWebKit/537.36 (KHTML, like Gecko) Chrome/114.0.5735.179 Mobile Safari/537.36 (compatible; Googlebot/2.1; +http://www.google.com/bot.html)"
66.249.64.104 - - [19/Jul/2023:11:23:03 +0000] "GET /wp-json/contact-form-7/v1/contact-forms/255/feedback/schema HTTP/1.1" 200 809 "https://mquickpay.com/" "Mozilla/5.0 (Linux; Android 6.0.1; Nexus 5X Build/MMB29P) AppleWebKit/537.36 (KHTML, like Gecko) Chrome/114.0.5735.179 Mobile Safari/537.36 (compatible; Googlebot/2.1; +http://www.google.com/bot.html)"
136.243.92.189 - - [19/Jul/2023:11:26:26 +0000] "POST /wp-cron.php?doing_wp_cron=1689765986.6957209110260009765625 HTTP/1.1" 200 4648 "-" "WordPress/6.2; https://mquickpay.com"
151.106.35.235 - - [19/Jul/2023:11:26:26 +0000] "POST /xmlrpc.php HTTP/1.1" 200 4507 "-" "Mozilla/5.0 (X11; Fedora; Linux x86_64; rv:94.0) Gecko/20100101 Firefox/95.0"
194.35.43.175 - - [19/Jul/2023:11:30:15 +0000] "POST /xmlrpc.php HTTP/1.1" 200 4509 "-" "Mozilla/5.0 (X11; Fedora; Linux x86_64; rv:94.0) Gecko/20100101 Firefox/95.0"
184.168.116.160 - - [19/Jul/2023:11:33:57 +0000] "POST /xmlrpc.php HTTP/1.1" 200 4509 "-" "Mozilla/5.0 (X11; Fedora; Linux x86_64; rv:94.0) Gecko/20100101 Firefox/95.0"
40.77.167.239 - - [19/Jul/2023:11:37:50 +0000] "GET / HTTP/1.1" 200 28559 "-" "Mozilla/5.0 AppleWebKit/537.36 (KHTML, like Gecko; compatible; bingbot/2.0; +http://www.bing.com/bingbot.htm) Chrome/103.0.5060.134 Safari/537.36"
40.77.167.239 - - [19/Jul/2023:11:38:00 +0000] "GET /wp-content/plugins/contact-form-7/includes/css/styles.css?ver=5.7.6 HTTP/1.1" 200 5742 "-" "Mozilla/5.0 AppleWebKit/537.36 (KHTML, like Gecko; compatible; bingbot/2.0; +http://www.bing.com/bingbot.htm) Chrome/103.0.5060.134 Safari/537.36"
40.77.167.239 - - [19/Jul/2023:11:38:00 +0000] "GET /wp-content/plugins/contact-form-7/includes/swv/js/index.js?ver=5.7.6 HTTP/1.1" 200 3383 "-" "Mozilla/5.0 AppleWebKit/537.36 (KHTML, like Gecko; compatible; bingbot/2.0; +http://www.bing.com/bingbot.htm) Chrome/103.0.5060.134 Safari/537.36"
40.77.167.239 - - [19/Jul/2023:11:38:00 +0000] "GET /wp-content/plugins/elementor/assets/css/widget-icon-list.min.css HTTP/1.1" 200 1331 "-" "Mozilla/5.0 AppleWebKit/537.36 (KHTML, like Gecko; compatible; bingbot/2.0; +http://www.bing.com/bingbot.htm) Chrome/103.0.5060.134 Safari/537.36"
40.77.167.239 - - [19/Jul/2023:11:38:00 +0000] "GET /wp-content/plugins/elementor/assets/js/frontend-modules.min.js?ver=3.12.2 HTTP/1.1" 200 13437 "-" "Mozilla/5.0 AppleWebKit/537.36 (KHTML, like Gecko; compatible; bingbot/2.0; +http://www.bing.com/bingbot.htm) Chrome/103.0.5060.134 Safari/537.36"
40.77.167.239 - - [19/Jul/2023:11:38:00 +0000] "GET /wp-content/plugins/elementor/assets/js/frontend.min.js?ver=3.12.2 HTTP/1.1" 200 12646 "-" "Mozilla/5.0 AppleWebKit/537.36 (KHTML, like Gecko; compatible; bingbot/2.0; +http://www.bing.com/bingbot.htm) Chrome/103.0.5060.134 Safari/537.36"
40.77.167.239 - - [19/Jul/2023:11:38:00 +0000] "GET /wp-content/plugins/elementor/assets/lib/animations/animations.min.css?ver=3.12.2 HTTP/1.1" 200 2951 "-" "Mozilla/5.0 AppleWebKit/537.36 (KHTML, like Gecko; compatible; bingbot/2.0; +http://www.bing.com/bingbot.htm) Chrome/103.0.5060.134 Safari/537.36"
40.77.167.239 - - [19/Jul/2023:11:38:01 +0000] "GET /wp-content/plugins/elementor/assets/lib/font-awesome/css/fontawesome.min.css?ver=5.15.3 HTTP/1.1" 200 13008 "-" "Mozilla/5.0 AppleWebKit/537.36 (KHTML, like Gecko; compatible; bingbot/2.0; +http://www.bing.com/bingbot.htm) Chrome/103.0.5060.134 Safari/537.36"
40.77.167.239 - - [19/Jul/2023:11:38:01 +0000] "GET /wp-content/plugins/elementor/assets/lib/font-awesome/css/solid.min.css?ver=5.15.3 HTTP/1.1" 200 666 "-" "Mozilla/5.0 AppleWebKit/537.36 (KHTML, like Gecko; compatible; bingbot/2.0; +http://www.bing.com/bingbot.htm) Chrome/103.0.5060.134 Safari/537.36"
40.77.167.239 - - [19/Jul/2023:11:38:01 +0000] "GET /wp-content/plugins/elementskit-lite/widgets/init/assets/js/animate-circle.js?ver=2.8.7 HTTP/1.1" 200 813 "-" "Mozilla/5.0 AppleWebKit/537.36 (KHTML, like Gecko; compatible; bingbot/2.0; +http://www.bing.com/bingbot.htm) Chrome/103.0.5060.134 Safari/537.36"
40.77.167.239 - - [19/Jul/2023:11:38:01 +0000] "GET /wp-content/themes/mehraforex/style.css?ver=1.8 HTTP/1.1" 200 2128 "-" "Mozilla/5.0 AppleWebKit/537.36 (KHTML, like Gecko; compatible; bingbot/2.0; +http://www.bing.com/bingbot.htm) Chrome/103.0.5060.134 Safari/537.36"
40.77.167.239 - - [19/Jul/2023:11:38:01 +0000] "GET /wp-content/uploads/elementor/css/global.css?ver=1689158198 HTTP/1.1" 200 1197 "-" "Mozilla/5.0 AppleWebKit/537.36 (KHTML, like Gecko; compatible; bingbot/2.0; +http://www.bing.com/bingbot.htm) Chrome/103.0.5060.134 Safari/537.36"
40.77.167.239 - - [19/Jul/2023:11:38:01 +0000] "GET /wp-includes/js/jquery/ui/core.min.js?ver=1.13.2 HTTP/1.1" 200 7472 "-" "Mozilla/5.0 AppleWebKit/537.36 (KHTML, like Gecko; compatible; bingbot/2.0; +http://www.bing.com/bingbot.htm) Chrome/103.0.5060.134 Safari/537.36"
40.77.167.251 - - [19/Jul/2023:11:38:12 +0000] "GET /wp-content/plugins/elementor/assets/css/frontend-lite.min.css?ver=3.12.2 HTTP/1.1" 200 15588 "-" "Mozilla/5.0 AppleWebKit/537.36 (KHTML, like Gecko; compatible; bingbot/2.0; +http://www.bing.com/bingbot.htm) Chrome/103.0.5060.134 Safari/537.36"
40.77.167.251 - - [19/Jul/2023:11:38:12 +0000] "GET /wp-content/plugins/elementor/assets/js/webpack.runtime.min.js?ver=3.12.2 HTTP/1.1" 200 2570 "-" "Mozilla/5.0 AppleWebKit/537.36 (KHTML, like Gecko; compatible; bingbot/2.0; +http://www.bing.com/bingbot.htm) Chrome/103.0.5060.134 Safari/537.36"
40.77.167.251 - - [19/Jul/2023:11:38:12 +0000] "GET /wp-content/plugins/elementor/assets/lib/eicons/css/elementor-icons.min.css?ver=5.18.0 HTTP/1.1" 200 4336 "-" "Mozilla/5.0 AppleWebKit/537.36 (KHTML, like Gecko; compatible; bingbot/2.0; +http://www.bing.com/bingbot.htm) Chrome/103.0.5060.134 Safari/537.36"
40.77.167.251 - - [19/Jul/2023:11:38:12 +0000] "GET /wp-content/plugins/elementor/assets/lib/font-awesome/css/brands.min.css?ver=5.15.3 HTTP/1.1" 200 665 "-" "Mozilla/5.0 AppleWebKit/537.36 (KHTML, like Gecko; compatible; bingbot/2.0; +http://www.bing.com/bingbot.htm) Chrome/103.0.5060.134 Safari/537.36"
40.77.167.251 - - [19/Jul/2023:11:38:12 +0000] "GET /wp-content/plugins/elementskit-lite/libs/framework/assets/js/frontend-script.js?ver=2.8.7 HTTP/1.1" 200 357 "-" "Mozilla/5.0 AppleWebKit/537.36 (KHTML, like Gecko; compatible; bingbot/2.0; +http://www.bing.com/bingbot.htm) Chrome/103.0.5060.134 Safari/537.36"
40.77.167.251 - - [19/Jul/2023:11:38:12 +0000] "GET /wp-content/plugins/elementskit-lite/widgets/init/assets/css/responsive.css?ver=2.8.7 HTTP/1.1" 200 3509 "-" "Mozilla/5.0 AppleWebKit/537.36 (KHTML, like Gecko; compatible; bingbot/2.0; +http://www.bing.com/bingbot.htm) Chrome/103.0.5060.134 Safari/537.36"
40.77.167.251 - - [19/Jul/2023:11:38:12 +0000] "GET /wp-content/plugins/elementskit-lite/modules/elementskit-icon-pack/assets/css/ekiticons.css?ver=2.8.7 HTTP/1.1" 200 13541 "-" "Mozilla/5.0 AppleWebKit/537.36 (KHTML, like Gecko; compatible; bingbot/2.0; +http://www.bing.com/bingbot.htm) Chrome/103.0.5060.134 Safari/537.36"
40.77.167.251 - - [19/Jul/2023:11:38:12 +0000] "GET /wp-content/plugins/elementskit-lite/widgets/init/assets/css/widget-styles.css?ver=2.8.7 HTTP/1.1" 200 51210 "-" "Mozilla/5.0 AppleWebKit/537.36 (KHTML, like Gecko; compatible; bingbot/2.0; +http://www.bing.com/bingbot.htm) Chrome/103.0.5060.134 Safari/537.36"
40.77.167.251 - - [19/Jul/2023:11:38:13 +0000] "GET /wp-content/plugins/elementskit-lite/widgets/init/assets/js/widget-scripts.js?ver=2.8.7 HTTP/1.1" 200 42188 "-" "Mozilla/5.0 AppleWebKit/537.36 (KHTML, like Gecko; compatible; bingbot/2.0; +http://www.bing.com/bingbot.htm) Chrome/103.0.5060.134 Safari/537.36"
40.77.167.251 - - [19/Jul/2023:11:38:13 +0000] "GET /wp-content/uploads/elementor/css/post-20.css?ver=1689229785 HTTP/1.1" 200 1634 "-" "Mozilla/5.0 AppleWebKit/537.36 (KHTML, like Gecko; compatible; bingbot/2.0; +http://www.bing.com/bingbot.htm) Chrome/103.0.5060.134 Safari/537.36"
40.77.167.251 - - [19/Jul/2023:11:38:13 +0000] "GET /wp-includes/css/classic-themes.min.css?ver=6.2 HTTP/1.1" 200 567 "-" "Mozilla/5.0 AppleWebKit/537.36 (KHTML, like Gecko; compatible; bingbot/2.0; +http://www.bing.com/bingbot.htm) Chrome/103.0.5060.134 Safari/537.36"
40.77.167.251 - - [19/Jul/2023:11:38:13 +0000] "GET /wp-includes/js/jquery/jquery-migrate.min.js?ver=3.4.0 HTTP/1.1" 200 5168 "-" "Mozilla/5.0 AppleWebKit/537.36 (KHTML, like Gecko; compatible; bingbot/2.0; +http://www.bing.com/bingbot.htm) Chrome/103.0.5060.134 Safari/537.36"
52.167.144.176 - - [19/Jul/2023:11:38:23 +0000] "GET /wp-content/plugins/contact-form-7/includes/js/index.js?ver=5.7.6 HTTP/1.1" 200 8936 "-" "Mozilla/5.0 AppleWebKit/537.36 (KHTML, like Gecko; compatible; bingbot/2.0; +http://www.bing.com/bingbot.htm) Chrome/103.0.5060.134 Safari/537.36"
52.167.144.176 - - [19/Jul/2023:11:38:23 +0000] "GET /wp-content/plugins/elementor/assets/lib/waypoints/waypoints.min.js?ver=4.0.2 HTTP/1.1" 200 3366 "-" "Mozilla/5.0 AppleWebKit/537.36 (KHTML, like Gecko; compatible; bingbot/2.0; +http://www.bing.com/bingbot.htm) Chrome/103.0.5060.134 Safari/537.36"
52.167.144.176 - - [19/Jul/2023:11:38:23 +0000] "GET /wp-content/plugins/elementskit-lite/widgets/init/assets/js/elementor.js?ver=2.8.7 HTTP/1.1" 200 5755 "-" "Mozilla/5.0 AppleWebKit/537.36 (KHTML, like Gecko; compatible; bingbot/2.0; +http://www.bing.com/bingbot.htm) Chrome/103.0.5060.134 Safari/537.36"
139.59.2.175 - - [19/Jul/2023:11:38:23 +0000] "POST /xmlrpc.php HTTP/1.1" 200 4507 "-" "Mozilla/5.0 (X11; Fedora; Linux x86_64; rv:94.0) Gecko/20100101 Firefox/95.0"
52.167.144.176 - - [19/Jul/2023:11:38:23 +0000] "GET /wp-content/themes/mehraforex/assets/js/primary-navigation.js?ver=1.8 HTTP/1.1" 200 2223 "-" "Mozilla/5.0 AppleWebKit/537.36 (KHTML, like Gecko; compatible; bingbot/2.0; +http://www.bing.com/bingbot.htm) Chrome/103.0.5060.134 Safari/537.36"
52.167.144.176 - - [19/Jul/2023:11:38:23 +0000] "GET /wp-content/uploads/elementor/css/post-17.css?ver=1689229607 HTTP/1.1" 200 4261 "-" "Mozilla/5.0 AppleWebKit/537.36 (KHTML, like Gecko; compatible; bingbot/2.0; +http://www.bing.com/bingbot.htm) Chrome/103.0.5060.134 Safari/537.36"
52.167.144.176 - - [19/Jul/2023:11:38:23 +0000] "GET /wp-content/uploads/elementor/css/post-5.css?ver=1689158037 HTTP/1.1" 200 788 "-" "Mozilla/5.0 AppleWebKit/537.36 (KHTML, like Gecko; compatible; bingbot/2.0; +http://www.bing.com/bingbot.htm) Chrome/103.0.5060.134 Safari/537.36"
52.167.144.176 - - [19/Jul/2023:11:38:23 +0000] "GET /wp-includes/css/dist/block-library/style.min.css?ver=6.2 HTTP/1.1" 200 13163 "-" "Mozilla/5.0 AppleWebKit/537.36 (KHTML, like Gecko; compatible; bingbot/2.0; +http://www.bing.com/bingbot.htm) Chrome/103.0.5060.134 Safari/537.36"
52.167.144.176 - - [19/Jul/2023:11:38:24 +0000] "GET /wp-includes/js/jquery/jquery.min.js?ver=3.6.3 HTTP/1.1" 200 31534 "-" "Mozilla/5.0 AppleWebKit/537.36 (KHTML, like Gecko; compatible; bingbot/2.0; +http://www.bing.com/bingbot.htm) Chrome/103.0.5060.134 Safari/537.36"
52.167.144.176 - - [19/Jul/2023:11:38:24 +0000] "GET /wp-includes/js/wp-emoji-release.min.js?ver=6.2 HTTP/1.1" 200 5412 "-" "Mozilla/5.0 AppleWebKit/537.36 (KHTML, like Gecko; compatible; bingbot/2.0; +http://www.bing.com/bingbot.htm) Chrome/103.0.5060.134 Safari/537.36"
40.77.167.224 - - [19/Jul/2023:11:40:30 +0000] "GET /wp-content/plugins/elementor/assets/lib/swiper/v8/css/swiper.min.css?ver=8.4.5 HTTP/1.1" 200 9268 "-" "Mozilla/5.0 AppleWebKit/537.36 (KHTML, like Gecko; compatible; bingbot/2.0; +http://www.bing.com/bingbot.htm) Chrome/103.0.5060.134 Safari/537.36"
40.77.167.224 - - [19/Jul/2023:11:40:30 +0000] "GET /wp-content/themes/mehraforex/assets/css/print.css?ver=1.8 HTTP/1.1" 200 1387 "-" "Mozilla/5.0 AppleWebKit/537.36 (KHTML, like Gecko; compatible; bingbot/2.0; +http://www.bing.com/bingbot.htm) Chrome/103.0.5060.134 Safari/537.36"
