185.129.62.62 - - [15/Jul/2023:08:09:46 +0000] "POST /xmlrpc.php HTTP/1.1" 200 4710 "-" "Mozilla/5.0 (X11; Linux x86_64) AppleWebKit/537.36 (KHTML, like Gecko) Chrome/77.0.3865.120 Safari/537.36"
136.243.92.189 - - [15/Jul/2023:08:30:19 +0000] "POST /wp-cron.php?doing_wp_cron=1689409819.5756039619445800781250 HTTP/1.1" 200 4648 "-" "WordPress/6.2; https://mquickpay.com"
34.29.10.222 - - [15/Jul/2023:08:30:19 +0000] "POST /wp-login.php HTTP/1.1" 200 6902 "-" "Mozilla/5.0 (Windows NT 6.1; Win64; x64) AppleWebKit/537.36 (KHTML, like Gecko) Chrome/80.0.3987.106 Safari/537.36"
167.71.218.228 - - [15/Jul/2023:08:49:02 +0000] "POST /wp-login.php HTTP/1.1" 200 6902 "-" "Mozilla/5.0 (Windows NT 6.1; Win64; x64) AppleWebKit/537.36 (KHTML, like Gecko) Chrome/80.0.3987.163 Safari/537.36"
103.163.139.202 - - [15/Jul/2023:09:07:39 +0000] "POST /wp-login.php HTTP/1.1" 200 6902 "-" "Mozilla/5.0 (Windows NT 10.0; WOW64) AppleWebKit/537.36 (KHTML, like Gecko) Chrome/46.0.2490.86 Safari/537.36"
34.162.215.233 - - [15/Jul/2023:09:20:41 +0000] "GET / HTTP/1.1" 301 568 "-" "Mozilla/5.0 (Windows NT 10.0; Win64; x64) AppleWebKit/537.36 (KHTML, like Gecko) Chrome/78.0.3904.108 Safari/537.36"
34.162.215.233 - - [15/Jul/2023:09:20:41 +0000] "GET / HTTP/1.1" 200 194073 "-" "Mozilla/5.0 (Windows NT 10.0; Win64; x64) AppleWebKit/537.36 (KHTML, like Gecko) Chrome/78.0.3904.108 Safari/537.36"
34.162.215.233 - - [15/Jul/2023:09:20:42 +0000] "GET //wp-includes/wlwmanifest.xml HTTP/1.1" 200 1388 "-" "Mozilla/5.0 (Windows NT 10.0; Win64; x64) AppleWebKit/537.36 (KHTML, like Gecko) Chrome/78.0.3904.108 Safari/537.36"
34.162.215.233 - - [15/Jul/2023:09:20:43 +0000] "GET //?author=1 HTTP/1.1" 301 319 "-" "Mozilla/5.0 (Windows NT 10.0; Win64; x64) AppleWebKit/537.36 (KHTML, like Gecko) Chrome/78.0.3904.108 Safari/537.36"
34.162.215.233 - - [15/Jul/2023:09:20:43 +0000] "GET //?author=2 HTTP/1.1" 301 408 "-" "Mozilla/5.0 (Windows NT 10.0; Win64; x64) AppleWebKit/537.36 (KHTML, like Gecko) Chrome/78.0.3904.108 Safari/537.36"
34.162.215.233 - - [15/Jul/2023:09:20:43 +0000] "GET //wp-json/wp/v2/users/ HTTP/1.1" 200 1194 "-" "Mozilla/5.0 (Windows NT 10.0; Win64; x64) AppleWebKit/537.36 (KHTML, like Gecko) Chrome/78.0.3904.108 Safari/537.36"
34.162.215.233 - - [15/Jul/2023:09:20:43 +0000] "POST //xmlrpc.php HTTP/1.1" 200 620 "-" "Mozilla/5.0 (Windows NT 10.0; Win64; x64) AppleWebKit/537.36 (KHTML, like Gecko) Chrome/78.0.3904.108 Safari/537.36"
34.162.215.233 - - [15/Jul/2023:09:20:44 +0000] "POST //xmlrpc.php HTTP/1.1" 200 4694 "-" "Mozilla/5.0 (Windows NT 10.0; Win64; x64) AppleWebKit/537.36 (KHTML, like Gecko) Chrome/78.0.3904.108 Safari/537.36"
34.162.215.233 - - [15/Jul/2023:09:20:44 +0000] "POST //xmlrpc.php HTTP/1.1" 200 4693 "-" "Mozilla/5.0 (Windows NT 10.0; Win64; x64) AppleWebKit/537.36 (KHTML, like Gecko) Chrome/78.0.3904.108 Safari/537.36"
34.162.215.233 - - [15/Jul/2023:09:20:45 +0000] "POST //xmlrpc.php HTTP/1.1" 200 4693 "-" "Mozilla/5.0 (Windows NT 10.0; Win64; x64) AppleWebKit/537.36 (KHTML, like Gecko) Chrome/78.0.3904.108 Safari/537.36"
34.162.215.233 - - [15/Jul/2023:09:20:45 +0000] "POST //xmlrpc.php HTTP/1.1" 200 4694 "-" "Mozilla/5.0 (Windows NT 10.0; Win64; x64) AppleWebKit/537.36 (KHTML, like Gecko) Chrome/78.0.3904.108 Safari/537.36"
34.162.215.233 - - [15/Jul/2023:09:20:46 +0000] "POST //xmlrpc.php HTTP/1.1" 200 4693 "-" "Mozilla/5.0 (Windows NT 10.0; Win64; x64) AppleWebKit/537.36 (KHTML, like Gecko) Chrome/78.0.3904.108 Safari/537.36"
34.162.215.233 - - [15/Jul/2023:09:20:46 +0000] "POST //xmlrpc.php HTTP/1.1" 200 4693 "-" "Mozilla/5.0 (Windows NT 10.0; Win64; x64) AppleWebKit/537.36 (KHTML, like Gecko) Chrome/78.0.3904.108 Safari/537.36"
34.162.215.233 - - [15/Jul/2023:09:20:47 +0000] "POST //xmlrpc.php HTTP/1.1" 200 4693 "-" "Mozilla/5.0 (Windows NT 10.0; Win64; x64) AppleWebKit/537.36 (KHTML, like Gecko) Chrome/78.0.3904.108 Safari/537.36"
34.162.215.233 - - [15/Jul/2023:09:20:47 +0000] "POST //xmlrpc.php HTTP/1.1" 200 4693 "-" "Mozilla/5.0 (Windows NT 10.0; Win64; x64) AppleWebKit/537.36 (KHTML, like Gecko) Chrome/78.0.3904.108 Safari/537.36"
34.162.215.233 - - [15/Jul/2023:09:20:48 +0000] "POST //xmlrpc.php HTTP/1.1" 200 4693 "-" "Mozilla/5.0 (Windows NT 10.0; Win64; x64) AppleWebKit/537.36 (KHTML, like Gecko) Chrome/78.0.3904.108 Safari/537.36"
34.162.215.233 - - [15/Jul/2023:09:20:48 +0000] "POST //xmlrpc.php HTTP/1.1" 200 4693 "-" "Mozilla/5.0 (Windows NT 10.0; Win64; x64) AppleWebKit/537.36 (KHTML, like Gecko) Chrome/78.0.3904.108 Safari/537.36"
34.162.215.233 - - [15/Jul/2023:09:20:49 +0000] "POST //xmlrpc.php HTTP/1.1" 200 4694 "-" "Mozilla/5.0 (Windows NT 10.0; Win64; x64) AppleWebKit/537.36 (KHTML, like Gecko) Chrome/78.0.3904.108 Safari/537.36"
34.162.215.233 - - [15/Jul/2023:09:20:49 +0000] "POST //xmlrpc.php HTTP/1.1" 200 4693 "-" "Mozilla/5.0 (Windows NT 10.0; Win64; x64) AppleWebKit/537.36 (KHTML, like Gecko) Chrome/78.0.3904.108 Safari/537.36"
34.162.215.233 - - [15/Jul/2023:09:20:50 +0000] "POST //xmlrpc.php HTTP/1.1" 200 4694 "-" "Mozilla/5.0 (Windows NT 10.0; Win64; x64) AppleWebKit/537.36 (KHTML, like Gecko) Chrome/78.0.3904.108 Safari/537.36"
34.162.215.233 - - [15/Jul/2023:09:20:50 +0000] "POST //xmlrpc.php HTTP/1.1" 200 4693 "-" "Mozilla/5.0 (Windows NT 10.0; Win64; x64) AppleWebKit/537.36 (KHTML, like Gecko) Chrome/78.0.3904.108 Safari/537.36"
34.162.215.233 - - [15/Jul/2023:09:20:51 +0000] "POST //xmlrpc.php HTTP/1.1" 200 4692 "-" "Mozilla/5.0 (Windows NT 10.0; Win64; x64) AppleWebKit/537.36 (KHTML, like Gecko) Chrome/78.0.3904.108 Safari/537.36"
34.162.215.233 - - [15/Jul/2023:09:20:51 +0000] "POST //xmlrpc.php HTTP/1.1" 200 4693 "-" "Mozilla/5.0 (Windows NT 10.0; Win64; x64) AppleWebKit/537.36 (KHTML, like Gecko) Chrome/78.0.3904.108 Safari/537.36"
34.162.215.233 - - [15/Jul/2023:09:20:52 +0000] "POST //xmlrpc.php HTTP/1.1" 200 4693 "-" "Mozilla/5.0 (Windows NT 10.0; Win64; x64) AppleWebKit/537.36 (KHTML, like Gecko) Chrome/78.0.3904.108 Safari/537.36"
34.162.215.233 - - [15/Jul/2023:09:20:52 +0000] "POST //xmlrpc.php HTTP/1.1" 200 4694 "-" "Mozilla/5.0 (Windows NT 10.0; Win64; x64) AppleWebKit/537.36 (KHTML, like Gecko) Chrome/78.0.3904.108 Safari/537.36"
34.162.215.233 - - [15/Jul/2023:09:20:53 +0000] "POST //xmlrpc.php HTTP/1.1" 200 4692 "-" "Mozilla/5.0 (Windows NT 10.0; Win64; x64) AppleWebKit/537.36 (KHTML, like Gecko) Chrome/78.0.3904.108 Safari/537.36"
34.162.215.233 - - [15/Jul/2023:09:20:53 +0000] "POST //xmlrpc.php HTTP/1.1" 200 4693 "-" "Mozilla/5.0 (Windows NT 10.0; Win64; x64) AppleWebKit/537.36 (KHTML, like Gecko) Chrome/78.0.3904.108 Safari/537.36"
34.162.215.233 - - [15/Jul/2023:09:20:54 +0000] "POST //xmlrpc.php HTTP/1.1" 200 4693 "-" "Mozilla/5.0 (Windows NT 10.0; Win64; x64) AppleWebKit/537.36 (KHTML, like Gecko) Chrome/78.0.3904.108 Safari/537.36"
34.162.215.233 - - [15/Jul/2023:09:20:54 +0000] "POST //xmlrpc.php HTTP/1.1" 200 4694 "-" "Mozilla/5.0 (Windows NT 10.0; Win64; x64) AppleWebKit/537.36 (KHTML, like Gecko) Chrome/78.0.3904.108 Safari/537.36"
34.162.215.233 - - [15/Jul/2023:09:20:55 +0000] "POST //xmlrpc.php HTTP/1.1" 200 4692 "-" "Mozilla/5.0 (Windows NT 10.0; Win64; x64) AppleWebKit/537.36 (KHTML, like Gecko) Chrome/78.0.3904.108 Safari/537.36"
34.162.215.233 - - [15/Jul/2023:09:20:55 +0000] "POST //xmlrpc.php HTTP/1.1" 200 4692 "-" "Mozilla/5.0 (Windows NT 10.0; Win64; x64) AppleWebKit/537.36 (KHTML, like Gecko) Chrome/78.0.3904.108 Safari/537.36"
34.162.215.233 - - [15/Jul/2023:09:20:56 +0000] "POST //xmlrpc.php HTTP/1.1" 200 4694 "-" "Mozilla/5.0 (Windows NT 10.0; Win64; x64) AppleWebKit/537.36 (KHTML, like Gecko) Chrome/78.0.3904.108 Safari/537.36"
34.162.215.233 - - [15/Jul/2023:09:20:57 +0000] "POST //xmlrpc.php HTTP/1.1" 200 4693 "-" "Mozilla/5.0 (Windows NT 10.0; Win64; x64) AppleWebKit/537.36 (KHTML, like Gecko) Chrome/78.0.3904.108 Safari/537.36"
34.162.215.233 - - [15/Jul/2023:09:20:57 +0000] "POST //xmlrpc.php HTTP/1.1" 200 4692 "-" "Mozilla/5.0 (Windows NT 10.0; Win64; x64) AppleWebKit/537.36 (KHTML, like Gecko) Chrome/78.0.3904.108 Safari/537.36"
34.162.215.233 - - [15/Jul/2023:09:20:58 +0000] "POST //xmlrpc.php HTTP/1.1" 200 4693 "-" "Mozilla/5.0 (Windows NT 10.0; Win64; x64) AppleWebKit/537.36 (KHTML, like Gecko) Chrome/78.0.3904.108 Safari/537.36"
34.162.215.233 - - [15/Jul/2023:09:20:58 +0000] "POST //xmlrpc.php HTTP/1.1" 200 4694 "-" "Mozilla/5.0 (Windows NT 10.0; Win64; x64) AppleWebKit/537.36 (KHTML, like Gecko) Chrome/78.0.3904.108 Safari/537.36"
34.162.215.233 - - [15/Jul/2023:09:20:59 +0000] "POST //xmlrpc.php HTTP/1.1" 200 4694 "-" "Mozilla/5.0 (Windows NT 10.0; Win64; x64) AppleWebKit/537.36 (KHTML, like Gecko) Chrome/78.0.3904.108 Safari/537.36"
34.162.215.233 - - [15/Jul/2023:09:20:59 +0000] "POST //xmlrpc.php HTTP/1.1" 200 4694 "-" "Mozilla/5.0 (Windows NT 10.0; Win64; x64) AppleWebKit/537.36 (KHTML, like Gecko) Chrome/78.0.3904.108 Safari/537.36"
34.162.215.233 - - [15/Jul/2023:09:21:00 +0000] "POST //xmlrpc.php HTTP/1.1" 200 4692 "-" "Mozilla/5.0 (Windows NT 10.0; Win64; x64) AppleWebKit/537.36 (KHTML, like Gecko) Chrome/78.0.3904.108 Safari/537.36"
34.162.215.233 - - [15/Jul/2023:09:21:00 +0000] "POST //xmlrpc.php HTTP/1.1" 200 4694 "-" "Mozilla/5.0 (Windows NT 10.0; Win64; x64) AppleWebKit/537.36 (KHTML, like Gecko) Chrome/78.0.3904.108 Safari/537.36"
34.162.215.233 - - [15/Jul/2023:09:21:01 +0000] "POST //xmlrpc.php HTTP/1.1" 200 4693 "-" "Mozilla/5.0 (Windows NT 10.0; Win64; x64) AppleWebKit/537.36 (KHTML, like Gecko) Chrome/78.0.3904.108 Safari/537.36"
34.162.215.233 - - [15/Jul/2023:09:21:01 +0000] "POST //xmlrpc.php HTTP/1.1" 200 4694 "-" "Mozilla/5.0 (Windows NT 10.0; Win64; x64) AppleWebKit/537.36 (KHTML, like Gecko) Chrome/78.0.3904.108 Safari/537.36"
34.162.215.233 - - [15/Jul/2023:09:21:02 +0000] "POST //xmlrpc.php HTTP/1.1" 200 4694 "-" "Mozilla/5.0 (Windows NT 10.0; Win64; x64) AppleWebKit/537.36 (KHTML, like Gecko) Chrome/78.0.3904.108 Safari/537.36"
34.162.215.233 - - [15/Jul/2023:09:21:03 +0000] "POST //xmlrpc.php HTTP/1.1" 200 4693 "-" "Mozilla/5.0 (Windows NT 10.0; Win64; x64) AppleWebKit/537.36 (KHTML, like Gecko) Chrome/78.0.3904.108 Safari/537.36"
34.162.215.233 - - [15/Jul/2023:09:21:03 +0000] "POST //xmlrpc.php HTTP/1.1" 200 4692 "-" "Mozilla/5.0 (Windows NT 10.0; Win64; x64) AppleWebKit/537.36 (KHTML, like Gecko) Chrome/78.0.3904.108 Safari/537.36"
34.162.215.233 - - [15/Jul/2023:09:21:03 +0000] "POST //xmlrpc.php HTTP/1.1" 200 4694 "-" "Mozilla/5.0 (Windows NT 10.0; Win64; x64) AppleWebKit/537.36 (KHTML, like Gecko) Chrome/78.0.3904.108 Safari/537.36"
34.162.215.233 - - [15/Jul/2023:09:21:04 +0000] "POST //xmlrpc.php HTTP/1.1" 200 4694 "-" "Mozilla/5.0 (Windows NT 10.0; Win64; x64) AppleWebKit/537.36 (KHTML, like Gecko) Chrome/78.0.3904.108 Safari/537.36"
34.162.215.233 - - [15/Jul/2023:09:21:04 +0000] "POST //xmlrpc.php HTTP/1.1" 200 4693 "-" "Mozilla/5.0 (Windows NT 10.0; Win64; x64) AppleWebKit/537.36 (KHTML, like Gecko) Chrome/78.0.3904.108 Safari/537.36"
34.162.215.233 - - [15/Jul/2023:09:21:05 +0000] "POST //xmlrpc.php HTTP/1.1" 200 4692 "-" "Mozilla/5.0 (Windows NT 10.0; Win64; x64) AppleWebKit/537.36 (KHTML, like Gecko) Chrome/78.0.3904.108 Safari/537.36"
34.162.215.233 - - [15/Jul/2023:09:21:05 +0000] "POST //xmlrpc.php HTTP/1.1" 200 4692 "-" "Mozilla/5.0 (Windows NT 10.0; Win64; x64) AppleWebKit/537.36 (KHTML, like Gecko) Chrome/78.0.3904.108 Safari/537.36"
34.162.215.233 - - [15/Jul/2023:09:21:06 +0000] "POST //xmlrpc.php HTTP/1.1" 200 4694 "-" "Mozilla/5.0 (Windows NT 10.0; Win64; x64) AppleWebKit/537.36 (KHTML, like Gecko) Chrome/78.0.3904.108 Safari/537.36"
34.162.215.233 - - [15/Jul/2023:09:21:06 +0000] "POST //xmlrpc.php HTTP/1.1" 200 4694 "-" "Mozilla/5.0 (Windows NT 10.0; Win64; x64) AppleWebKit/537.36 (KHTML, like Gecko) Chrome/78.0.3904.108 Safari/537.36"
34.162.215.233 - - [15/Jul/2023:09:21:07 +0000] "POST //xmlrpc.php HTTP/1.1" 200 4692 "-" "Mozilla/5.0 (Windows NT 10.0; Win64; x64) AppleWebKit/537.36 (KHTML, like Gecko) Chrome/78.0.3904.108 Safari/537.36"
34.162.215.233 - - [15/Jul/2023:09:21:07 +0000] "POST //xmlrpc.php HTTP/1.1" 200 4694 "-" "Mozilla/5.0 (Windows NT 10.0; Win64; x64) AppleWebKit/537.36 (KHTML, like Gecko) Chrome/78.0.3904.108 Safari/537.36"
34.162.215.233 - - [15/Jul/2023:09:21:08 +0000] "POST //xmlrpc.php HTTP/1.1" 200 4693 "-" "Mozilla/5.0 (Windows NT 10.0; Win64; x64) AppleWebKit/537.36 (KHTML, like Gecko) Chrome/78.0.3904.108 Safari/537.36"
34.162.215.233 - - [15/Jul/2023:09:21:08 +0000] "POST //xmlrpc.php HTTP/1.1" 200 4692 "-" "Mozilla/5.0 (Windows NT 10.0; Win64; x64) AppleWebKit/537.36 (KHTML, like Gecko) Chrome/78.0.3904.108 Safari/537.36"
34.162.215.233 - - [15/Jul/2023:09:21:09 +0000] "POST //xmlrpc.php HTTP/1.1" 200 4694 "-" "Mozilla/5.0 (Windows NT 10.0; Win64; x64) AppleWebKit/537.36 (KHTML, like Gecko) Chrome/78.0.3904.108 Safari/537.36"
34.162.215.233 - - [15/Jul/2023:09:21:09 +0000] "POST //xmlrpc.php HTTP/1.1" 200 4693 "-" "Mozilla/5.0 (Windows NT 10.0; Win64; x64) AppleWebKit/537.36 (KHTML, like Gecko) Chrome/78.0.3904.108 Safari/537.36"
34.162.215.233 - - [15/Jul/2023:09:21:10 +0000] "POST //xmlrpc.php HTTP/1.1" 200 4693 "-" "Mozilla/5.0 (Windows NT 10.0; Win64; x64) AppleWebKit/537.36 (KHTML, like Gecko) Chrome/78.0.3904.108 Safari/537.36"
34.162.215.233 - - [15/Jul/2023:09:21:10 +0000] "POST //xmlrpc.php HTTP/1.1" 200 4693 "-" "Mozilla/5.0 (Windows NT 10.0; Win64; x64) AppleWebKit/537.36 (KHTML, like Gecko) Chrome/78.0.3904.108 Safari/537.36"
34.162.215.233 - - [15/Jul/2023:09:21:11 +0000] "POST //xmlrpc.php HTTP/1.1" 200 4693 "-" "Mozilla/5.0 (Windows NT 10.0; Win64; x64) AppleWebKit/537.36 (KHTML, like Gecko) Chrome/78.0.3904.108 Safari/537.36"
34.162.215.233 - - [15/Jul/2023:09:21:11 +0000] "POST //xmlrpc.php HTTP/1.1" 200 4692 "-" "Mozilla/5.0 (Windows NT 10.0; Win64; x64) AppleWebKit/537.36 (KHTML, like Gecko) Chrome/78.0.3904.108 Safari/537.36"
34.162.215.233 - - [15/Jul/2023:09:21:12 +0000] "POST //xmlrpc.php HTTP/1.1" 200 4692 "-" "Mozilla/5.0 (Windows NT 10.0; Win64; x64) AppleWebKit/537.36 (KHTML, like Gecko) Chrome/78.0.3904.108 Safari/537.36"
34.162.215.233 - - [15/Jul/2023:09:21:12 +0000] "POST //xmlrpc.php HTTP/1.1" 200 4693 "-" "Mozilla/5.0 (Windows NT 10.0; Win64; x64) AppleWebKit/537.36 (KHTML, like Gecko) Chrome/78.0.3904.108 Safari/537.36"
34.162.215.233 - - [15/Jul/2023:09:21:13 +0000] "POST //xmlrpc.php HTTP/1.1" 200 4693 "-" "Mozilla/5.0 (Windows NT 10.0; Win64; x64) AppleWebKit/537.36 (KHTML, like Gecko) Chrome/78.0.3904.108 Safari/537.36"
34.162.215.233 - - [15/Jul/2023:09:21:13 +0000] "POST //xmlrpc.php HTTP/1.1" 200 4693 "-" "Mozilla/5.0 (Windows NT 10.0; Win64; x64) AppleWebKit/537.36 (KHTML, like Gecko) Chrome/78.0.3904.108 Safari/537.36"
136.243.92.189 - - [15/Jul/2023:09:26:17 +0000] "POST /wp-cron.php?doing_wp_cron=1689413177.8469660282135009765625 HTTP/1.1" 200 4648 "-" "WordPress/6.2; https://mquickpay.com"
178.62.239.223 - - [15/Jul/2023:09:26:17 +0000] "POST /wp-login.php HTTP/1.1" 200 6902 "-" "Mozilla/5.0 (Windows NT 6.1; WOW64) AppleWebKit/537.36 (KHTML, like Gecko) Chrome/48.0.2564.116 Safari/537.36"
221.120.103.135 - - [15/Jul/2023:09:45:05 +0000] "POST /wp-login.php HTTP/1.1" 200 6902 "-" "Mozilla/5.0 (Windows NT 10.0; Win64; x64) AppleWebKit/537.36 (KHTML, like Gecko) Chrome/86.0.4240.193 Safari/537.36"
45.141.149.43 - - [15/Jul/2023:10:03:50 +0000] "POST /wp-login.php HTTP/1.1" 200 6902 "-" "Mozilla/5.0 (Windows NT 6.1; Win64; x64) AppleWebKit/537.36 (KHTML, like Gecko) Chrome/81.0.4044.122 Safari/537.36"
173.236.176.15 - - [15/Jul/2023:10:22:34 +0000] "POST /wp-login.php HTTP/1.1" 200 6902 "-" "Mozilla/5.0 (Windows NT 10.0; Win64; x64) AppleWebKit/537.36 (KHTML, like Gecko) Chrome/87.0.4280.88 Safari/537.36"
94.46.220.96 - - [15/Jul/2023:10:31:01 +0000] "GET / HTTP/1.1" 301 531 "http://mquickpay.com/" "Mozilla/5.0 (Macintosh; Intel Mac OS X 10.15; rv:77.0) Gecko/20100101 Firefox/77.0"
84.247.50.238 - - [15/Jul/2023:10:31:01 +0000] "GET / HTTP/1.1" 301 531 "http://mquickpay.com/" "Mozilla/5.0 (Windows NT 10.0; Win64; x64) AppleWebKit/537.36 (KHTML, like Gecko) Chrome/90.0.4430.85 Safari/537.36"
216.131.114.7 - - [15/Jul/2023:10:31:02 +0000] "GET / HTTP/1.1" 301 531 "http://mquickpay.com/" "Mozilla/5.0 (Linux; U; Android 4.4.2; en-US; HM NOTE 1W Build/KOT49H) AppleWebKit/534.30 (KHTML, like Gecko) Version/4.0 UCBrowser/11.0.5.850 U3/0.8.0 Mobile Safari/534.30"
136.243.92.189 - - [15/Jul/2023:10:31:02 +0000] "POST /wp-cron.php?doing_wp_cron=1689417062.4955320358276367187500 HTTP/1.1" 200 4648 "-" "WordPress/6.2; https://mquickpay.com"
136.243.92.189 - - [15/Jul/2023:10:31:02 +0000] "POST /wp-cron.php?doing_wp_cron=1689417062.4954319000244140625000 HTTP/1.1" 200 4647 "-" "WordPress/6.2; https://mquickpay.com"
136.243.92.189 - - [15/Jul/2023:10:31:02 +0000] "POST /wp-cron.php?doing_wp_cron=1689417062.4954240322113037109375 HTTP/1.1" 200 4648 "-" "WordPress/6.2; https://mquickpay.com"
104.244.209.44 - - [15/Jul/2023:10:31:03 +0000] "GET / HTTP/1.1" 301 531 "http://mquickpay.com/" "Mozilla/5.082584686 Mozilla/5.0 (iPhone; CPU iPhone OS 11_4_1 like Mac OS X) AppleWebKit/605.1.15 (KHTML, like Gecko) Version/11.0 Mobile/15E148 Safari/604.1"
84.247.50.238 - - [15/Jul/2023:10:31:02 +0000] "GET / HTTP/1.1" 200 194073 "https://mquickpay.com/" "Mozilla/5.0 (Windows NT 10.0; Win64; x64) AppleWebKit/537.36 (KHTML, like Gecko) Chrome/90.0.4430.85 Safari/537.36"
94.46.220.96 - - [15/Jul/2023:10:31:02 +0000] "GET / HTTP/1.1" 200 194072 "https://mquickpay.com/" "Mozilla/5.0 (Macintosh; Intel Mac OS X 10.15; rv:77.0) Gecko/20100101 Firefox/77.0"
104.244.209.44 - - [15/Jul/2023:10:31:03 +0000] "GET / HTTP/1.1" 200 194072 "https://mquickpay.com/" "Mozilla/5.082584686 Mozilla/5.0 (iPhone; CPU iPhone OS 11_4_1 like Mac OS X) AppleWebKit/605.1.15 (KHTML, like Gecko) Version/11.0 Mobile/15E148 Safari/604.1"
216.131.114.7 - - [15/Jul/2023:10:31:02 +0000] "GET / HTTP/1.1" 200 194072 "https://mquickpay.com/" "Mozilla/5.0 (Linux; U; Android 4.4.2; en-US; HM NOTE 1W Build/KOT49H) AppleWebKit/534.30 (KHTML, like Gecko) Version/4.0 UCBrowser/11.0.5.850 U3/0.8.0 Mobile Safari/534.30"
154.47.30.161 - - [15/Jul/2023:10:31:17 +0000] "GET / HTTP/1.1" 301 531 "http://mquickpay.com/" "Mozilla/5.082584686 Mozilla/5.0 (iPhone; CPU iPhone OS 11_4_1 like Mac OS X) AppleWebKit/605.1.15 (KHTML, like Gecko) Version/11.0 Mobile/15E148 Safari/604.1"
94.46.220.96 - - [15/Jul/2023:10:31:20 +0000] "GET / HTTP/1.1" 301 531 "http://mquickpay.com/" "Mozilla/5.0 (iPad; CPU OS 9_1 like Mac OS X) AppleWebKit/601.1.46 (KHTML, like Gecko) Version/9.0 Mobile/13B143 Safari/601.1"
154.47.30.161 - - [15/Jul/2023:10:31:33 +0000] "OPTIONS / HTTP/1.1" 301 531 "http://mquickpay.com/" "Mozilla/5.0 (Windows NT 10.0; Win64; x64) AppleWebKit/537.36 (KHTML, like Gecko) Chrome/90.0.4430.85 Safari/537.36"
185.253.96.16 - - [15/Jul/2023:10:32:52 +0000] "GET / HTTP/1.1" 200 194071 "http://mquickpay.com/" "Mozilla/5.0 (Macintosh; Intel Mac OS X 10.15; rv:77.0) Gecko/20100101 Firefox/77.0"
46.246.122.38 - - [15/Jul/2023:10:32:52 +0000] "GET / HTTP/1.1" 200 194072 "http://mquickpay.com/" "Mozilla/5.0 (Windows NT 10.0; Win64; x64) AppleWebKit/537.36 (KHTML, like Gecko) Chrome/78.0.3904.108 Safari/537.36"
104.244.210.59 - - [15/Jul/2023:10:32:53 +0000] "GET / HTTP/1.1" 200 194072 "http://mquickpay.com/" "Mozilla/5.0 (Linux; Android 6.0; Nexus 5 Build/MRA58N) AppleWebKit/537.36 (KHTML, like Gecko) Chrome/55.0.2883.87 Mobile Safari/537.36"
216.131.114.7 - - [15/Jul/2023:10:32:58 +0000] "GET / HTTP/1.1" 200 194071 "http://mquickpay.com/" "Mozilla/5.0 (Linux; Android 10; K) AppleWebKit/537.36 (KHTML, like Gecko) Chrome/114.0.0.0 Mobile Safari/537.36"
46.246.122.38 - - [15/Jul/2023:10:33:10 +0000] "GET /wp-content/uploads/2023/07/cropped-mehra-quick-pay-logo-1-32x32.png HTTP/1.1" 200 6873 "http://mquickpay.com/" "Mozilla/5.0 (Windows NT 10.0; Win64; x64) AppleWebKit/537.36 (KHTML, like Gecko) Chrome/78.0.3904.108 Safari/537.36"
46.246.122.38 - - [15/Jul/2023:10:33:10 +0000] "GET /wp-content/uploads/elementor/thumbs/logo-main-q999meubc1zw5ydgqrvvzn9t3vccwg8gkt0lza2ry8.webp HTTP/1.1" 200 6448 "http://mquickpay.com/" "Mozilla/5.0 (Windows NT 10.0; Win64; x64) AppleWebKit/537.36 (KHTML, like Gecko) Chrome/78.0.3904.108 Safari/537.36"
46.246.122.38 - - [15/Jul/2023:10:33:10 +0000] "GET /wp-content/uploads/2023/07/mehra-quick-pay-logo.webp HTTP/1.1" 200 33208 "http://mquickpay.com/" "Mozilla/5.0 (Windows NT 10.0; Win64; x64) AppleWebKit/537.36 (KHTML, like Gecko) Chrome/78.0.3904.108 Safari/537.36"
46.246.122.38 - - [15/Jul/2023:10:33:10 +0000] "GET /wp-content/uploads/2023/07/cropped-mehra-quick-pay-logo-1-180x180.png HTTP/1.1" 200 46107 "http://mquickpay.com/" "Mozilla/5.0 (Windows NT 10.0; Win64; x64) AppleWebKit/537.36 (KHTML, like Gecko) Chrome/78.0.3904.108 Safari/537.36"
46.246.122.38 - - [15/Jul/2023:10:33:10 +0000] "GET /wp-content/uploads/2023/07/cropped-mehra-quick-pay-logo-1-192x192.png HTTP/1.1" 200 50728 "http://mquickpay.com/" "Mozilla/5.0 (Windows NT 10.0; Win64; x64) AppleWebKit/537.36 (KHTML, like Gecko) Chrome/78.0.3904.108 Safari/537.36"
185.253.96.16 - - [15/Jul/2023:10:33:19 +0000] "GET /wp-content/uploads/2023/07/cropped-mehra-quick-pay-logo-1-180x180.png HTTP/1.1" 200 46108 "http://mquickpay.com/" "Mozilla/5.0 (Macintosh; Intel Mac OS X 10.15; rv:77.0) Gecko/20100101 Firefox/77.0"
185.253.96.16 - - [15/Jul/2023:10:33:19 +0000] "GET /wp-content/uploads/elementor/thumbs/logo-main-q999meubc1zw5ydgqrvvzn9t3vccwg8gkt0lza2ry8.webp HTTP/1.1" 200 6449 "http://mquickpay.com/" "Mozilla/5.0 (Macintosh; Intel Mac OS X 10.15; rv:77.0) Gecko/20100101 Firefox/77.0"
185.253.96.16 - - [15/Jul/2023:10:33:19 +0000] "GET /wp-content/uploads/2023/07/mehra-quick-pay-logo.webp HTTP/1.1" 200 33209 "http://mquickpay.com/" "Mozilla/5.0 (Macintosh; Intel Mac OS X 10.15; rv:77.0) Gecko/20100101 Firefox/77.0"
185.253.96.16 - - [15/Jul/2023:10:33:19 +0000] "GET /wp-content/uploads/2023/07/cropped-mehra-quick-pay-logo-1-32x32.png HTTP/1.1" 200 6873 "http://mquickpay.com/" "Mozilla/5.0 (Macintosh; Intel Mac OS X 10.15; rv:77.0) Gecko/20100101 Firefox/77.0"
185.253.96.16 - - [15/Jul/2023:10:33:19 +0000] "GET /wp-content/uploads/2023/07/cropped-mehra-quick-pay-logo-1-192x192.png HTTP/1.1" 200 50727 "http://mquickpay.com/" "Mozilla/5.0 (Macintosh; Intel Mac OS X 10.15; rv:77.0) Gecko/20100101 Firefox/77.0"
104.244.210.59 - - [15/Jul/2023:10:33:25 +0000] "GET /wp-content/uploads/2023/07/cropped-mehra-quick-pay-logo-1-32x32.png HTTP/1.1" 200 6871 "http://mquickpay.com/" "Mozilla/5.0 (Linux; Android 6.0; Nexus 5 Build/MRA58N) AppleWebKit/537.36 (KHTML, like Gecko) Chrome/55.0.2883.87 Mobile Safari/537.36"
104.244.210.59 - - [15/Jul/2023:10:33:25 +0000] "GET /wp-content/uploads/elementor/thumbs/logo-main-q999meubc1zw5ydgqrvvzn9t3vccwg8gkt0lza2ry8.webp HTTP/1.1" 200 6449 "http://mquickpay.com/" "Mozilla/5.0 (Linux; Android 6.0; Nexus 5 Build/MRA58N) AppleWebKit/537.36 (KHTML, like Gecko) Chrome/55.0.2883.87 Mobile Safari/537.36"
104.244.210.59 - - [15/Jul/2023:10:33:25 +0000] "GET /wp-content/uploads/2023/07/mehra-quick-pay-logo.webp HTTP/1.1" 200 33208 "http://mquickpay.com/" "Mozilla/5.0 (Linux; Android 6.0; Nexus 5 Build/MRA58N) AppleWebKit/537.36 (KHTML, like Gecko) Chrome/55.0.2883.87 Mobile Safari/537.36"
104.244.210.59 - - [15/Jul/2023:10:33:25 +0000] "GET /wp-content/uploads/2023/07/cropped-mehra-quick-pay-logo-1-180x180.png HTTP/1.1" 200 46107 "http://mquickpay.com/" "Mozilla/5.0 (Linux; Android 6.0; Nexus 5 Build/MRA58N) AppleWebKit/537.36 (KHTML, like Gecko) Chrome/55.0.2883.87 Mobile Safari/537.36"
104.244.210.59 - - [15/Jul/2023:10:33:25 +0000] "GET /wp-content/uploads/2023/07/cropped-mehra-quick-pay-logo-1-192x192.png HTTP/1.1" 200 50729 "http://mquickpay.com/" "Mozilla/5.0 (Linux; Android 6.0; Nexus 5 Build/MRA58N) AppleWebKit/537.36 (KHTML, like Gecko) Chrome/55.0.2883.87 Mobile Safari/537.36"
106.15.38.206 - - [15/Jul/2023:10:41:45 +0000] "POST /wp-login.php HTTP/1.1" 200 6901 "-" "Mozilla/5.0 (Windows NT 6.1; Win64; x64) AppleWebKit/537.36 (KHTML, like Gecko) Chrome/79.0.3945.117 Safari/537.36"
69.163.224.108 - - [15/Jul/2023:11:00:56 +0000] "POST /wp-login.php HTTP/1.1" 200 6903 "-" "Mozilla/5.0 (Windows NT 10.0; WOW64) AppleWebKit/537.36 (KHTML, like Gecko) Chrome/47.0.2526.106 Safari/537.36"
81.70.248.169 - - [15/Jul/2023:11:20:19 +0000] "POST /wp-login.php HTTP/1.1" 200 6902 "-" "Mozilla/5.0 (Windows NT 6.3; Win64; x64) AppleWebKit/537.36 (KHTML, like Gecko) Chrome/67.0.3396.99 Safari/537.36"
135.148.195.2 - - [15/Jul/2023:11:29:23 +0000] "GET / HTTP/1.1" 301 524 "-" "Mozilla/5.0 (X11; NetBSD) AppleWebKit/537.36 (KHTML, like Gecko) Chrome/27.0.1453.116 Safari/537.36"
136.243.92.189 - - [15/Jul/2023:11:29:48 +0000] "POST /wp-cron.php?doing_wp_cron=1689420588.1741180419921875000000 HTTP/1.1" 200 4649 "-" "WordPress/6.2; https://mquickpay.com"
135.148.195.5 - - [15/Jul/2023:11:29:47 +0000] "GET / HTTP/1.1" 301 4596 "-" "Mozilla/5.0 (X11; NetBSD) AppleWebKit/537.36 (KHTML, like Gecko) Chrome/27.0.1453.116 Safari/537.36"
135.148.195.4 - - [15/Jul/2023:11:29:50 +0000] "GET / HTTP/1.1" 200 28408 "-" "Mozilla/5.0 (X11; NetBSD) AppleWebKit/537.36 (KHTML, like Gecko) Chrome/27.0.1453.116 Safari/537.36"
135.148.195.12 - - [15/Jul/2023:11:29:56 +0000] "GET /wp-content/uploads/2023/07/cropped-mehra-quick-pay-logo-1-32x32.png HTTP/1.1" 200 6924 "-" "Mozilla/5.0 (X11; CrOS i686 3912.101.0) AppleWebKit/537.36 (KHTML, like Gecko) Chrome/27.0.1453.116 Safari/537.36"
135.148.195.11 - - [15/Jul/2023:11:29:57 +0000] "GET /wp-content/uploads/2023/07/mehra-quick-pay-logo.webp HTTP/1.1" 200 33260 "-" "Mozilla/5.0 (Windows NT 5.0; rv:21.0) Gecko/20100101 Firefox/21.0"
74.81.38.26 - - [15/Jul/2023:11:36:48 +0000] "POST /wp-login.php HTTP/1.1" 200 6901 "-" "Mozilla/5.0 (Windows NT 10.0; Win64; x64) AppleWebKit/537.36 (KHTML, like Gecko) Chrome/78.0.3904.70 Safari/537.36"
5.42.80.219 - - [15/Jul/2023:11:43:26 +0000] "POST /xmlrpc.php HTTP/1.1" 200 4710 "-" "Mozilla/5.0 (Macintosh; Intel Mac OS X 10_6_8) AppleWebKit/534.59.10 (KHTML, like Gecko) Version/5.1.9 Safari/534.59.10"
5.42.80.219 - - [15/Jul/2023:11:43:28 +0000] "POST /xmlrpc.php HTTP/1.1" 200 4710 "-" "Mozilla/5.0 (Macintosh; Intel Mac OS X 10_6_8) AppleWebKit/534.59.10 (KHTML, like Gecko) Version/5.1.9 Safari/534.59.10"
5.42.80.219 - - [15/Jul/2023:11:43:30 +0000] "POST /xmlrpc.php HTTP/1.1" 200 4710 "-" "Mozilla/5.0 (Macintosh; Intel Mac OS X 10_6_8) AppleWebKit/534.59.10 (KHTML, like Gecko) Version/5.1.9 Safari/534.59.10"
5.42.80.219 - - [15/Jul/2023:11:43:32 +0000] "POST /xmlrpc.php HTTP/1.1" 200 4710 "-" "Mozilla/5.0 (Macintosh; Intel Mac OS X 10_6_8) AppleWebKit/534.59.10 (KHTML, like Gecko) Version/5.1.9 Safari/534.59.10"
5.42.80.219 - - [15/Jul/2023:11:43:34 +0000] "POST /xmlrpc.php HTTP/1.1" 200 4711 "-" "Mozilla/5.0 (Macintosh; Intel Mac OS X 10_6_8) AppleWebKit/534.59.10 (KHTML, like Gecko) Version/5.1.9 Safari/534.59.10"
51.158.124.112 - - [15/Jul/2023:12:15:52 +0000] "POST /wp-login.php HTTP/1.1" 200 6900 "-" "Mozilla/5.0 (Windows NT 6.1; WOW64) AppleWebKit/537.36 (KHTML, like Gecko) Chrome/32.0.1700.107 Safari/537.36"
136.243.92.189 - - [15/Jul/2023:12:24:28 +0000] "POST /wp-cron.php?doing_wp_cron=1689423868.1332468986511230468750 HTTP/1.1" 200 4648 "-" "WordPress/6.2; https://mquickpay.com"
40.77.167.101 - - [15/Jul/2023:12:24:27 +0000] "GET /robots.txt HTTP/1.1" 200 4830 "-" "Mozilla/5.0 AppleWebKit/537.36 (KHTML, like Gecko; compatible; bingbot/2.0; +http://www.bing.com/bingbot.htm) Chrome/103.0.5060.134 Safari/537.36"
52.167.144.24 - - [15/Jul/2023:12:24:40 +0000] "GET /education-loan-for-study-abroad/ HTTP/1.1" 200 18880 "-" "Mozilla/5.0 AppleWebKit/537.36 (KHTML, like Gecko; compatible; bingbot/2.0; +http://www.bing.com/bingbot.htm) Chrome/103.0.5060.134 Safari/537.36"
35.240.119.241 - - [15/Jul/2023:12:35:33 +0000] "POST /wp-login.php HTTP/1.1" 200 6899 "-" "Mozilla/5.0 (Windows NT 10.0; Win64; x64) AppleWebKit/537.36 (KHTML, like Gecko) Chrome/62.0.3202.89 Safari/537.36"
167.71.227.142 - - [15/Jul/2023:12:54:56 +0000] "POST /wp-login.php HTTP/1.1" 200 6901 "-" "Mozilla/5.0 (Windows NT 6.1; Win64; x64) AppleWebKit/537.36 (KHTML, like Gecko) Chrome/78.0.3904.97 Safari/537.36"
14.29.176.211 - - [15/Jul/2023:13:02:46 +0000] "GET / HTTP/1.1" 301 531 "-" "Mozilla/5.0 (iPhone; CPU iPhone OS 13_2_3 like Mac OS X) AppleWebKit/605.1.15 (KHTML, like Gecko) Version/13.0.3 Mobile/15E148 Safari/604.1"
14.29.176.211 - - [15/Jul/2023:13:02:58 +0000] "GET / HTTP/1.1" 200 28411 "http://mquickpay.com" "Mozilla/5.0 (iPhone; CPU iPhone OS 13_2_3 like Mac OS X) AppleWebKit/605.1.15 (KHTML, like Gecko) Version/13.0.3 Mobile/15E148 Safari/604.1"
136.243.92.189 - - [15/Jul/2023:13:34:08 +0000] "POST /wp-cron.php?doing_wp_cron=1689428048.6929950714111328125000 HTTP/1.1" 200 4647 "-" "WordPress/6.2; https://mquickpay.com"
103.163.139.202 - - [15/Jul/2023:13:34:08 +0000] "POST /wp-login.php HTTP/1.1" 200 6901 "-" "Mozilla/5.0 (Windows NT 6.1) AppleWebKit/537.36 (KHTML, like Gecko) Chrome/70.0.3538.102 Safari/537.36"
188.166.225.235 - - [15/Jul/2023:13:53:47 +0000] "POST /wp-login.php HTTP/1.1" 200 6901 "-" "Mozilla/5.0 (Windows NT 10.0; Win64; x64) AppleWebKit/537.36 (KHTML, like Gecko) Chrome/62.0.3202.89 Safari/537.36"
52.167.144.38 - - [15/Jul/2023:14:12:32 +0000] "GET /contact-us/ HTTP/1.1" 200 18006 "-" "Mozilla/5.0 AppleWebKit/537.36 (KHTML, like Gecko; compatible; bingbot/2.0; +http://www.bing.com/bingbot.htm) Chrome/103.0.5060.134 Safari/537.36"
146.190.71.232 - - [15/Jul/2023:14:13:21 +0000] "POST /wp-login.php HTTP/1.1" 200 6902 "-" "Mozilla/5.0 (Windows NT 6.1; Win64; x64) AppleWebKit/537.36 (KHTML, like Gecko) Chrome/81.0.4044.122 Safari/537.36"
136.243.92.189 - - [15/Jul/2023:14:33:12 +0000] "POST /wp-cron.php?doing_wp_cron=1689431592.7695050239562988281250 HTTP/1.1" 200 4647 "-" "WordPress/6.2; https://mquickpay.com"
173.236.152.123 - - [15/Jul/2023:14:33:12 +0000] "POST /wp-login.php HTTP/1.1" 200 6901 "-" "Mozilla/5.0 (Windows NT 6.1; WOW64) AppleWebKit/537.36 (KHTML, like Gecko) Chrome/52.0.2743.116 Safari/537.36"
51.77.118.166 - - [15/Jul/2023:14:51:21 +0000] "GET / HTTP/1.0" 301 531 "-" "Mozilla/5.0 (Windows NT 10.0; Win64; x64) AppleWebKit/537.36 (KHTML, like Gecko) Chrome/51.0.2704.106 Safari/537.36"
51.77.118.166 - - [15/Jul/2023:14:51:21 +0000] "GET / HTTP/1.0" 200 193656 "-" "Mozilla/5.0 (Windows NT 10.0; Win64; x64) AppleWebKit/537.36 (KHTML, like Gecko) Chrome/51.0.2704.106 Safari/537.36"
51.77.118.166 - - [15/Jul/2023:14:51:30 +0000] "GET / HTTP/1.0" 301 531 "-" "Mozilla/5.0 (Windows NT 10.0; Win64; x64) AppleWebKit/537.36 (KHTML, like Gecko) Chrome/51.0.2704.106 Safari/537.36"
51.77.118.166 - - [15/Jul/2023:14:51:30 +0000] "GET / HTTP/1.0" 200 193657 "-" "Mozilla/5.0 (Windows NT 10.0; Win64; x64) AppleWebKit/537.36 (KHTML, like Gecko) Chrome/51.0.2704.106 Safari/537.36"
39.101.185.186 - - [15/Jul/2023:14:53:06 +0000] "POST /wp-login.php HTTP/1.1" 200 6900 "-" "Mozilla/5.0 (Windows NT 6.3; Win64; x64) AppleWebKit/537.36 (KHTML, like Gecko) Chrome/77.0.3865.90 Safari/537.36"
142.93.122.161 - - [15/Jul/2023:15:12:52 +0000] "POST /wp-login.php HTTP/1.1" 200 6901 "-" "Mozilla/5.0 (Windows NT 6.1) AppleWebKit/537.36 (KHTML, like Gecko) Chrome/80.0.3987.149 Safari/537.36"
162.247.74.216 - - [15/Jul/2023:15:17:31 +0000] "POST /xmlrpc.php HTTP/1.1" 200 4709 "-" "Mozilla/5.0 (Macintosh; Intel Mac OS X 10_9_5) AppleWebKit/601.7.8 (KHTML, like Gecko) Version/9.1.3 Safari/537.86.7"
162.247.74.216 - - [15/Jul/2023:15:17:32 +0000] "POST /xmlrpc.php HTTP/1.1" 200 4711 "-" "Mozilla/5.0 (Macintosh; Intel Mac OS X 10_9_5) AppleWebKit/601.7.8 (KHTML, like Gecko) Version/9.1.3 Safari/537.86.7"
162.247.74.216 - - [15/Jul/2023:15:17:33 +0000] "POST /xmlrpc.php HTTP/1.1" 200 4710 "-" "Mozilla/5.0 (Macintosh; Intel Mac OS X 10_9_5) AppleWebKit/601.7.8 (KHTML, like Gecko) Version/9.1.3 Safari/537.86.7"
162.247.74.216 - - [15/Jul/2023:15:17:35 +0000] "POST /xmlrpc.php HTTP/1.1" 200 4711 "-" "Mozilla/5.0 (Macintosh; Intel Mac OS X 10_9_5) AppleWebKit/601.7.8 (KHTML, like Gecko) Version/9.1.3 Safari/537.86.7"
162.247.74.216 - - [15/Jul/2023:15:17:37 +0000] "POST /xmlrpc.php HTTP/1.1" 200 4710 "-" "Mozilla/5.0 (Macintosh; Intel Mac OS X 10_9_5) AppleWebKit/601.7.8 (KHTML, like Gecko) Version/9.1.3 Safari/537.86.7"
136.243.92.189 - - [15/Jul/2023:15:32:33 +0000] "POST /wp-cron.php?doing_wp_cron=1689435153.7013580799102783203125 HTTP/1.1" 200 4649 "-" "WordPress/6.2; https://mquickpay.com"
24.199.86.99 - - [15/Jul/2023:15:32:33 +0000] "POST /wp-login.php HTTP/1.1" 200 6901 "-" "Mozilla/5.0 (Windows NT 6.1; WOW64) AppleWebKit/537.36 (KHTML, like Gecko) Chrome/48.0.2564.109 Safari/537.36"
52.167.144.173 - - [15/Jul/2023:15:36:46 +0000] "GET /about-us/ HTTP/1.1" 200 19640 "-" "Mozilla/5.0 AppleWebKit/537.36 (KHTML, like Gecko; compatible; bingbot/2.0; +http://www.bing.com/bingbot.htm) Chrome/103.0.5060.134 Safari/537.36"
35.187.58.136 - - [15/Jul/2023:15:52:14 +0000] "POST /wp-login.php HTTP/1.1" 200 6900 "-" "Mozilla/5.0 (Windows NT 10.0; WOW64) AppleWebKit/537.36 (KHTML, like Gecko) Chrome/57.0.2987.133 Safari/537.36"
35.219.66.183 - - [15/Jul/2023:16:12:01 +0000] "POST /wp-login.php HTTP/1.1" 200 6902 "-" "Mozilla/5.0 (Windows NT 10.0; WOW64) AppleWebKit/537.36 (KHTML, like Gecko) Chrome/46.0.2490.80 Safari/537.36"
136.243.92.189 - - [15/Jul/2023:16:31:29 +0000] "POST /wp-cron.php?doing_wp_cron=1689438689.4092550277709960937500 HTTP/1.1" 200 4649 "-" "WordPress/6.2; https://mquickpay.com"
74.81.38.26 - - [15/Jul/2023:16:31:29 +0000] "POST /wp-login.php HTTP/1.1" 200 6900 "-" "Mozilla/5.0 (Windows NT 10.0; Win64; x64) AppleWebKit/537.36 (KHTML, like Gecko) Chrome/72.0.3626.109 Safari/537.36"
13.75.189.243 - - [15/Jul/2023:17:10:50 +0000] "POST /wp-login.php HTTP/1.1" 200 6902 "-" "Mozilla/5.0 (Windows NT 10.0; WOW64) AppleWebKit/537.36 (KHTML, like Gecko) Chrome/79.0.3945.130 Safari/537.36"
136.243.92.189 - - [15/Jul/2023:17:30:35 +0000] "GET / HTTP/1.1" 200 28442 "-" "WordPress/6.2; https://mquickpay.com"
103.158.206.167 - - [15/Jul/2023:17:30:34 +0000] "POST /wp-login.php HTTP/1.1" 200 6902 "-" "Mozilla/5.0 (Windows NT 6.1) AppleWebKit/537.36 (KHTML, like Gecko) Chrome/56.0.2924.87 Safari/537.36"
136.243.92.189 - - [15/Jul/2023:17:30:35 +0000] "POST /wp-cron.php?doing_wp_cron=1689442235.1404109001159667968750 HTTP/1.1" 200 4648 "-" "WordPress/6.2; https://mquickpay.com"
52.167.144.25 - - [15/Jul/2023:17:33:47 +0000] "GET /careers/ HTTP/1.1" 200 19077 "-" "Mozilla/5.0 AppleWebKit/537.36 (KHTML, like Gecko; compatible; bingbot/2.0; +http://www.bing.com/bingbot.htm) Chrome/103.0.5060.134 Safari/537.36"
138.2.24.226 - - [15/Jul/2023:17:50:31 +0000] "POST /wp-login.php HTTP/1.1" 200 6901 "-" "Mozilla/5.0 (Windows NT 10.0; Win64; x64) AppleWebKit/537.36 (KHTML, like Gecko) Chrome/73.0.3683.75 Safari/537.36"
136.243.92.189 - - [15/Jul/2023:18:30:21 +0000] "POST /wp-cron.php?doing_wp_cron=1689445821.2982490062713623046875 HTTP/1.1" 200 4647 "-" "WordPress/6.2; https://mquickpay.com"
34.142.99.36 - - [15/Jul/2023:18:30:20 +0000] "POST /wp-login.php HTTP/1.1" 200 6900 "-" "Mozilla/5.0 (Windows NT 10.0; Win64; x64) AppleWebKit/537.36 (KHTML, like Gecko) Chrome/86.0.4240.193 Safari/537.36"
45.120.69.121 - - [15/Jul/2023:18:50:25 +0000] "POST /wp-login.php HTTP/1.1" 200 6902 "-" "Mozilla/5.0 (Windows NT 6.3; Win64; x64) AppleWebKit/537.36 (KHTML, like Gecko) Chrome/79.0.3945.88 Safari/537.36"
45.120.69.121 - - [15/Jul/2023:19:10:29 +0000] "POST /wp-login.php HTTP/1.1" 200 6902 "-" "Mozilla/5.0 (Windows NT 6.1) AppleWebKit/537.36 (KHTML, like Gecko) Chrome/61.0.3163.100 Safari/537.36"
136.243.92.189 - - [15/Jul/2023:19:30:33 +0000] "POST /wp-cron.php?doing_wp_cron=1689449433.7001619338989257812500 HTTP/1.1" 200 4648 "-" "WordPress/6.2; https://mquickpay.com"
161.35.52.207 - - [15/Jul/2023:19:30:33 +0000] "POST /wp-login.php HTTP/1.1" 200 6900 "-" "Mozilla/5.0 (Windows NT 6.3; Win64; x64) AppleWebKit/537.36 (KHTML, like Gecko) Chrome/79.0.3945.88 Safari/537.36"
14.116.156.77 - - [15/Jul/2023:19:31:04 +0000] "GET / HTTP/1.1" 301 531 "-" "Mozilla/5.0 (iPhone; CPU iPhone OS 13_2_3 like Mac OS X) AppleWebKit/605.1.15 (KHTML, like Gecko) Version/13.0.3 Mobile/15E148 Safari/604.1"
14.116.156.77 - - [15/Jul/2023:19:31:06 +0000] "GET / HTTP/1.1" 200 28409 "http://mquickpay.com" "Mozilla/5.0 (iPhone; CPU iPhone OS 13_2_3 like Mac OS X) AppleWebKit/605.1.15 (KHTML, like Gecko) Version/13.0.3 Mobile/15E148 Safari/604.1"
40.77.167.235 - - [15/Jul/2023:19:41:07 +0000] "GET /neu-banking-digital-payment-services/ HTTP/1.1" 200 18265 "-" "Mozilla/5.0 AppleWebKit/537.36 (KHTML, like Gecko; compatible; bingbot/2.0; +http://www.bing.com/bingbot.htm) Chrome/103.0.5060.134 Safari/537.36"
103.158.206.167 - - [15/Jul/2023:19:50:45 +0000] "POST /wp-login.php HTTP/1.1" 200 6900 "-" "Mozilla/5.0 (Windows NT 10.0; Win64; x64) AppleWebKit/537.36 (KHTML, like Gecko) Chrome/78.0.3904.70 Safari/537.36"
52.167.144.38 - - [15/Jul/2023:19:59:55 +0000] "GET /international-remittances/ HTTP/1.1" 200 16969 "-" "Mozilla/5.0 AppleWebKit/537.36 (KHTML, like Gecko; compatible; bingbot/2.0; +http://www.bing.com/bingbot.htm) Chrome/103.0.5060.134 Safari/537.36"
165.232.191.9 - - [15/Jul/2023:20:10:53 +0000] "POST /wp-login.php HTTP/1.1" 200 6901 "-" "Mozilla/5.0 (Windows NT 6.1; Win64; x64) AppleWebKit/537.36 (KHTML, like Gecko) Chrome/70.0.3538.67 Safari/537.36"
136.243.92.189 - - [15/Jul/2023:20:31:13 +0000] "POST /wp-cron.php?doing_wp_cron=1689453073.8108649253845214843750 HTTP/1.1" 200 4648 "-" "WordPress/6.2; https://mquickpay.com"
124.106.70.154 - - [15/Jul/2023:20:31:13 +0000] "POST /wp-login.php HTTP/1.1" 200 6900 "-" "Mozilla/5.0 (Windows NT 10.0; WOW64) AppleWebKit/537.36 (KHTML, like Gecko) Chrome/53.0.2785.143 Safari/537.36"
51.68.38.140 - - [15/Jul/2023:20:51:23 +0000] "POST /wp-login.php HTTP/1.1" 200 6901 "-" "Mozilla/5.0 (Windows NT 6.1) AppleWebKit/537.36 (KHTML, like Gecko) Chrome/80.0.3987.132 Safari/537.36"
103.158.206.167 - - [15/Jul/2023:21:11:44 +0000] "POST /wp-login.php HTTP/1.1" 200 6901 "-" "Mozilla/5.0 (Windows NT 10.0; Win64; x64) AppleWebKit/537.36 (KHTML, like Gecko) Chrome/72.0.3626.109 Safari/537.36"
52.167.144.38 - - [15/Jul/2023:21:18:32 +0000] "GET /why-choose-us/ HTTP/1.1" 200 18048 "-" "Mozilla/5.0 AppleWebKit/537.36 (KHTML, like Gecko; compatible; bingbot/2.0; +http://www.bing.com/bingbot.htm) Chrome/103.0.5060.134 Safari/537.36"
136.243.92.189 - - [15/Jul/2023:21:32:09 +0000] "POST /wp-cron.php?doing_wp_cron=1689456729.3329989910125732421875 HTTP/1.1" 200 4649 "-" "WordPress/6.2; https://mquickpay.com"
181.43.102.0 - - [15/Jul/2023:21:32:09 +0000] "POST /wp-login.php HTTP/1.1" 200 6900 "-" "Mozilla/5.0 (Windows NT 10.0; Win64; x64) AppleWebKit/537.36 (KHTML, like Gecko) Chrome/86.0.4240.193 Safari/537.36"
138.2.24.226 - - [15/Jul/2023:21:52:44 +0000] "POST /wp-login.php HTTP/1.1" 200 6901 "-" "Mozilla/5.0 (Windows NT 6.1) AppleWebKit/537.36 (KHTML, like Gecko) Chrome/58.0.3029.110 Safari/537.36"
69.160.160.57 - - [15/Jul/2023:22:07:27 +0000] "GET / HTTP/1.1" 301 531 "http://mquickpay.com" "Mozilla/5.0 AppleWebKit/537.36 (KHTML, like Gecko; compatible; Nicecrawler/1.1; +http://www.nicecrawler.com/) Chrome/90.0.4430.97 Safari/537.36"
69.160.160.57 - - [15/Jul/2023:22:07:28 +0000] "GET / HTTP/1.1" 200 28276 "http://mquickpay.com" "Mozilla/5.0 AppleWebKit/537.36 (KHTML, like Gecko; compatible; Nicecrawler/1.1; +http://www.nicecrawler.com/) Chrome/90.0.4430.97 Safari/537.36"
69.160.160.57 - - [15/Jul/2023:22:07:31 +0000] "GET / HTTP/1.1" 301 568 "-" "Mozilla/5.0 (X11; Linux x86_64) AppleWebKit/537.36 (KHTML, like Gecko) HeadlessChrome/81.0.4044.92 Safari/537.36"
69.160.160.57 - - [15/Jul/2023:22:07:32 +0000] "GET / HTTP/1.1" 200 28461 "-" "Mozilla/5.0 (X11; Linux x86_64) AppleWebKit/537.36 (KHTML, like Gecko) HeadlessChrome/81.0.4044.92 Safari/537.36"
69.160.160.57 - - [15/Jul/2023:22:07:32 +0000] "GET /wp-content/plugins/elementor/assets/css/frontend-lite.min.css?ver=3.12.2 HTTP/1.1" 200 11207 "https://mquickpay.com/" "Mozilla/5.0 (X11; Linux x86_64) AppleWebKit/537.36 (KHTML, like Gecko) HeadlessChrome/81.0.4044.92 Safari/537.36"
69.160.160.57 - - [15/Jul/2023:22:07:33 +0000] "GET /wp-content/uploads/elementor/css/post-20.css?ver=1689229785 HTTP/1.1" 200 1958 "https://mquickpay.com/" "Mozilla/5.0 (X11; Linux x86_64) AppleWebKit/537.36 (KHTML, like Gecko) HeadlessChrome/81.0.4044.92 Safari/537.36"
69.160.160.57 - - [15/Jul/2023:22:07:33 +0000] "GET /wp-content/uploads/elementor/css/post-189.css?ver=1689229964 HTTP/1.1" 200 1598 "https://mquickpay.com/" "Mozilla/5.0 (X11; Linux x86_64) AppleWebKit/537.36 (KHTML, like Gecko) HeadlessChrome/81.0.4044.92 Safari/537.36"
69.160.160.57 - - [15/Jul/2023:22:07:33 +0000] "GET /wp-includes/css/classic-themes.min.css?ver=6.2 HTTP/1.1" 200 4851 "https://mquickpay.com/" "Mozilla/5.0 (X11; Linux x86_64) AppleWebKit/537.36 (KHTML, like Gecko) HeadlessChrome/81.0.4044.92 Safari/537.36"
69.160.160.57 - - [15/Jul/2023:22:07:33 +0000] "GET /wp-content/plugins/contact-form-7/includes/css/styles.css?ver=5.7.6 HTTP/1.1" 200 5646 "https://mquickpay.com/" "Mozilla/5.0 (X11; Linux x86_64) AppleWebKit/537.36 (KHTML, like Gecko) HeadlessChrome/81.0.4044.92 Safari/537.36"
69.160.160.57 - - [15/Jul/2023:22:07:33 +0000] "GET /wp-content/themes/mehraforex/style.css?ver=1.8 HTTP/1.1" 200 2128 "https://mquickpay.com/" "Mozilla/5.0 (X11; Linux x86_64) AppleWebKit/537.36 (KHTML, like Gecko) HeadlessChrome/81.0.4044.92 Safari/537.36"
69.160.160.57 - - [15/Jul/2023:22:07:33 +0000] "GET /wp-includes/css/dist/block-library/style.min.css?ver=6.2 HTTP/1.1" 200 17445 "https://mquickpay.com/" "Mozilla/5.0 (X11; Linux x86_64) AppleWebKit/537.36 (KHTML, like Gecko) HeadlessChrome/81.0.4044.92 Safari/537.36"
69.160.160.57 - - [15/Jul/2023:22:07:33 +0000] "GET /wp-content/plugins/elementskit-lite/modules/elementskit-icon-pack/assets/css/ekiticons.css?ver=2.8.7 HTTP/1.1" 200 13541 "https://mquickpay.com/" "Mozilla/5.0 (X11; Linux x86_64) AppleWebKit/537.36 (KHTML, like Gecko) HeadlessChrome/81.0.4044.92 Safari/537.36"
69.160.160.57 - - [15/Jul/2023:22:07:33 +0000] "GET /wp-content/plugins/elementor/assets/lib/eicons/css/elementor-icons.min.css?ver=5.18.0 HTTP/1.1" 200 4336 "https://mquickpay.com/" "Mozilla/5.0 (X11; Linux x86_64) AppleWebKit/537.36 (KHTML, like Gecko) HeadlessChrome/81.0.4044.92 Safari/537.36"
69.160.160.57 - - [15/Jul/2023:22:07:33 +0000] "GET /wp-content/plugins/elementor/assets/lib/swiper/v8/css/swiper.min.css?ver=8.4.5 HTTP/1.1" 200 4942 "https://mquickpay.com/" "Mozilla/5.0 (X11; Linux x86_64) AppleWebKit/537.36 (KHTML, like Gecko) HeadlessChrome/81.0.4044.92 Safari/537.36"
69.160.160.57 - - [15/Jul/2023:22:07:33 +0000] "GET /wp-content/uploads/elementor/css/global.css?ver=1689158198 HTTP/1.1" 200 1197 "https://mquickpay.com/" "Mozilla/5.0 (X11; Linux x86_64) AppleWebKit/537.36 (KHTML, like Gecko) HeadlessChrome/81.0.4044.92 Safari/537.36"
69.160.160.57 - - [15/Jul/2023:22:07:33 +0000] "GET /wp-content/uploads/elementor/css/post-5.css?ver=1689158037 HTTP/1.1" 200 788 "https://mquickpay.com/" "Mozilla/5.0 (X11; Linux x86_64) AppleWebKit/537.36 (KHTML, like Gecko) HeadlessChrome/81.0.4044.92 Safari/537.36"
69.160.160.57 - - [15/Jul/2023:22:07:33 +0000] "GET /wp-content/uploads/elementor/css/post-17.css?ver=1689229607 HTTP/1.1" 200 4261 "https://mquickpay.com/" "Mozilla/5.0 (X11; Linux x86_64) AppleWebKit/537.36 (KHTML, like Gecko) HeadlessChrome/81.0.4044.92 Safari/537.36"
69.160.160.57 - - [15/Jul/2023:22:07:33 +0000] "GET /wp-content/plugins/elementskit-lite/widgets/init/assets/css/responsive.css?ver=2.8.7 HTTP/1.1" 200 3509 "https://mquickpay.com/" "Mozilla/5.0 (X11; Linux x86_64) AppleWebKit/537.36 (KHTML, like Gecko) HeadlessChrome/81.0.4044.92 Safari/537.36"
69.160.160.57 - - [15/Jul/2023:22:07:33 +0000] "GET /wp-content/plugins/elementor/assets/lib/font-awesome/css/solid.min.css?ver=5.15.3 HTTP/1.1" 200 666 "https://mquickpay.com/" "Mozilla/5.0 (X11; Linux x86_64) AppleWebKit/537.36 (KHTML, like Gecko) HeadlessChrome/81.0.4044.92 Safari/537.36"
69.160.160.57 - - [15/Jul/2023:22:07:33 +0000] "GET /wp-content/plugins/elementor/assets/lib/font-awesome/css/brands.min.css?ver=5.15.3 HTTP/1.1" 200 665 "https://mquickpay.com/" "Mozilla/5.0 (X11; Linux x86_64) AppleWebKit/537.36 (KHTML, like Gecko) HeadlessChrome/81.0.4044.92 Safari/537.36"
69.160.160.57 - - [15/Jul/2023:22:07:33 +0000] "GET /wp-content/plugins/elementor/assets/lib/font-awesome/css/fontawesome.min.css?ver=5.15.3 HTTP/1.1" 200 13008 "https://mquickpay.com/" "Mozilla/5.0 (X11; Linux x86_64) AppleWebKit/537.36 (KHTML, like Gecko) HeadlessChrome/81.0.4044.92 Safari/537.36"
69.160.160.57 - - [15/Jul/2023:22:07:33 +0000] "GET /wp-content/plugins/elementskit-lite/widgets/init/assets/css/widget-styles.css?ver=2.8.7 HTTP/1.1" 200 51210 "https://mquickpay.com/" "Mozilla/5.0 (X11; Linux x86_64) AppleWebKit/537.36 (KHTML, like Gecko) HeadlessChrome/81.0.4044.92 Safari/537.36"
69.160.160.57 - - [15/Jul/2023:22:07:33 +0000] "GET /wp-content/plugins/elementor/assets/css/widget-icon-list.min.css HTTP/1.1" 200 1331 "https://mquickpay.com/" "Mozilla/5.0 (X11; Linux x86_64) AppleWebKit/537.36 (KHTML, like Gecko) HeadlessChrome/81.0.4044.92 Safari/537.36"
69.160.160.57 - - [15/Jul/2023:22:07:33 +0000] "GET /wp-includes/js/jquery/jquery-migrate.min.js?ver=3.4.0 HTTP/1.1" 200 5168 "https://mquickpay.com/" "Mozilla/5.0 (X11; Linux x86_64) AppleWebKit/537.36 (KHTML, like Gecko) HeadlessChrome/81.0.4044.92 Safari/537.36"
69.160.160.57 - - [15/Jul/2023:22:07:33 +0000] "GET /wp-content/plugins/elementor/assets/lib/animations/animations.min.css?ver=3.12.2 HTTP/1.1" 200 2951 "https://mquickpay.com/" "Mozilla/5.0 (X11; Linux x86_64) AppleWebKit/537.36 (KHTML, like Gecko) HeadlessChrome/81.0.4044.92 Safari/537.36"
69.160.160.57 - - [15/Jul/2023:22:07:33 +0000] "GET /wp-content/plugins/contact-form-7/includes/swv/js/index.js?ver=5.7.6 HTTP/1.1" 200 3383 "https://mquickpay.com/" "Mozilla/5.0 (X11; Linux x86_64) AppleWebKit/537.36 (KHTML, like Gecko) HeadlessChrome/81.0.4044.92 Safari/537.36"
69.160.160.57 - - [15/Jul/2023:22:07:33 +0000] "GET /wp-includes/js/jquery/jquery.min.js?ver=3.6.3 HTTP/1.1" 200 31534 "https://mquickpay.com/" "Mozilla/5.0 (X11; Linux x86_64) AppleWebKit/537.36 (KHTML, like Gecko) HeadlessChrome/81.0.4044.92 Safari/537.36"
69.160.160.57 - - [15/Jul/2023:22:07:33 +0000] "GET /wp-content/plugins/contact-form-7/includes/js/index.js?ver=5.7.6 HTTP/1.1" 200 4555 "https://mquickpay.com/" "Mozilla/5.0 (X11; Linux x86_64) AppleWebKit/537.36 (KHTML, like Gecko) HeadlessChrome/81.0.4044.92 Safari/537.36"
69.160.160.57 - - [15/Jul/2023:22:07:33 +0000] "GET /wp-content/themes/mehraforex/assets/js/primary-navigation.js?ver=1.8 HTTP/1.1" 200 2223 "https://mquickpay.com/" "Mozilla/5.0 (X11; Linux x86_64) AppleWebKit/537.36 (KHTML, like Gecko) HeadlessChrome/81.0.4044.92 Safari/537.36"
69.160.160.57 - - [15/Jul/2023:22:07:33 +0000] "GET /wp-content/themes/mehraforex/assets/js/responsive-embeds.js?ver=1.8 HTTP/1.1" 200 916 "https://mquickpay.com/" "Mozilla/5.0 (X11; Linux x86_64) AppleWebKit/537.36 (KHTML, like Gecko) HeadlessChrome/81.0.4044.92 Safari/537.36"
69.160.160.57 - - [15/Jul/2023:22:07:33 +0000] "GET /wp-content/plugins/elementskit-lite/libs/framework/assets/js/frontend-script.js?ver=2.8.7 HTTP/1.1" 200 357 "https://mquickpay.com/" "Mozilla/5.0 (X11; Linux x86_64) AppleWebKit/537.36 (KHTML, like Gecko) HeadlessChrome/81.0.4044.92 Safari/537.36"
69.160.160.57 - - [15/Jul/2023:22:07:33 +0000] "GET /wp-content/plugins/elementskit-lite/widgets/init/assets/js/widget-scripts.js?ver=2.8.7 HTTP/1.1" 200 42188 "https://mquickpay.com/" "Mozilla/5.0 (X11; Linux x86_64) AppleWebKit/537.36 (KHTML, like Gecko) HeadlessChrome/81.0.4044.92 Safari/537.36"
69.160.160.57 - - [15/Jul/2023:22:07:33 +0000] "GET /wp-content/plugins/elementor/assets/js/webpack.runtime.min.js?ver=3.12.2 HTTP/1.1" 200 2570 "https://mquickpay.com/" "Mozilla/5.0 (X11; Linux x86_64) AppleWebKit/537.36 (KHTML, like Gecko) HeadlessChrome/81.0.4044.92 Safari/537.36"
69.160.160.57 - - [15/Jul/2023:22:07:33 +0000] "GET /wp-content/plugins/elementor/assets/lib/waypoints/waypoints.min.js?ver=4.0.2 HTTP/1.1" 200 3366 "https://mquickpay.com/" "Mozilla/5.0 (X11; Linux x86_64) AppleWebKit/537.36 (KHTML, like Gecko) HeadlessChrome/81.0.4044.92 Safari/537.36"
69.160.160.57 - - [15/Jul/2023:22:07:33 +0000] "GET /wp-includes/js/jquery/ui/core.min.js?ver=1.13.2 HTTP/1.1" 200 7472 "https://mquickpay.com/" "Mozilla/5.0 (X11; Linux x86_64) AppleWebKit/537.36 (KHTML, like Gecko) HeadlessChrome/81.0.4044.92 Safari/537.36"
69.160.160.57 - - [15/Jul/2023:22:07:33 +0000] "GET /wp-content/plugins/elementor/assets/js/frontend-modules.min.js?ver=3.12.2 HTTP/1.1" 200 13437 "https://mquickpay.com/" "Mozilla/5.0 (X11; Linux x86_64) AppleWebKit/537.36 (KHTML, like Gecko) HeadlessChrome/81.0.4044.92 Safari/537.36"
69.160.160.57 - - [15/Jul/2023:22:07:33 +0000] "GET /wp-content/plugins/elementor/assets/js/frontend.min.js?ver=3.12.2 HTTP/1.1" 200 12646 "https://mquickpay.com/" "Mozilla/5.0 (X11; Linux x86_64) AppleWebKit/537.36 (KHTML, like Gecko) HeadlessChrome/81.0.4044.92 Safari/537.36"
69.160.160.57 - - [15/Jul/2023:22:07:33 +0000] "GET /wp-content/plugins/elementskit-lite/widgets/init/assets/js/animate-circle.js?ver=2.8.7 HTTP/1.1" 200 813 "https://mquickpay.com/" "Mozilla/5.0 (X11; Linux x86_64) AppleWebKit/537.36 (KHTML, like Gecko) HeadlessChrome/81.0.4044.92 Safari/537.36"
69.160.160.57 - - [15/Jul/2023:22:07:33 +0000] "GET /wp-content/plugins/elementskit-lite/widgets/init/assets/js/elementor.js?ver=2.8.7 HTTP/1.1" 200 5755 "https://mquickpay.com/" "Mozilla/5.0 (X11; Linux x86_64) AppleWebKit/537.36 (KHTML, like Gecko) HeadlessChrome/81.0.4044.92 Safari/537.36"
