125.62.125.213 - - [17/Jan/2025:18:22:28 +0000] "GET /vite.svg HTTP/1.1" 200 1808 "https://mykeywordtracker.com/" "Mozilla/5.0 (Windows NT 10.0; Win64; x64) AppleWebKit/537.36 (KHTML, like Gecko) Chrome/131.0.0.0 Safari/537.36"
64.227.21.251 - - [17/Jan/2025:18:22:52 +0000] "POST /api/clients/1737125405142/check-keywords HTTP/1.1" 500 3335 "-" "Mozilla/5.0 (Windows NT 10.0; Win64; x64) AppleWebKit/537.36 (KHTML, like Gecko) Chrome/131.0.0.0 Safari/537.36"
64.227.21.251 - - [17/Jan/2025:18:23:20 +0000] "POST /api/clients/1737125405142/check-keywords HTTP/1.1" 500 2898 "-" "Mozilla/5.0 (Windows NT 10.0; Win64; x64) AppleWebKit/537.36 (KHTML, like Gecko) Chrome/131.0.0.0 Safari/537.36"
64.227.21.251 - - [17/Jan/2025:18:24:50 +0000] "POST /api/clients/1737125405142/check-keywords HTTP/1.1" 500 2919 "-" "Mozilla/5.0 (Windows NT 10.0; Win64; x64) AppleWebKit/537.36 (KHTML, like Gecko) Chrome/131.0.0.0 Safari/537.36"
64.227.21.251 - - [17/Jan/2025:18:26:04 +0000] "POST /api/clients/1737125405142/check-keywords HTTP/1.1" 500 2921 "-" "Mozilla/5.0 (Windows NT 10.0; Win64; x64) AppleWebKit/537.36 (KHTML, like Gecko) Chrome/131.0.0.0 Safari/537.36"
125.62.125.213 - - [17/Jan/2025:18:27:20 +0000] "GET / HTTP/1.1" 200 981 "-" "Mozilla/5.0 (Windows NT 10.0; Win64; x64) AppleWebKit/537.36 (KHTML, like Gecko) Chrome/131.0.0.0 Safari/537.36"
75.243.75.75 - - [17/Jan/2025:18:27:20 +0000] "GET / HTTP/1.1" 200 3216 "-" "Mozilla/5.0 (Macintosh; Intel Mac OS X 10_15_7) AppleWebKit/537.36 (KHTML, like Gecko) Chrome/131.0.0.0 Safari/537.36"
125.62.125.213 - - [17/Jan/2025:18:27:20 +0000] "GET /assets/index-DajH6hJY.css HTTP/1.1" 200 2334 "https://mykeywordtracker.com/" "Mozilla/5.0 (Windows NT 10.0; Win64; x64) AppleWebKit/537.36 (KHTML, like Gecko) Chrome/131.0.0.0 Safari/537.36"
75.243.75.75 - - [17/Jan/2025:18:27:20 +0000] "GET /assets/index-DajH6hJY.css HTTP/1.1" 200 2010 "https://mykeywordtracker.com/" "Mozilla/5.0 (Macintosh; Intel Mac OS X 10_15_7) AppleWebKit/537.36 (KHTML, like Gecko) Chrome/131.0.0.0 Safari/537.36"
125.62.125.213 - - [17/Jan/2025:18:27:20 +0000] "GET /assets/index-UwRc0nDX.js HTTP/1.1" 200 131641 "https://mykeywordtracker.com/" "Mozilla/5.0 (Windows NT 10.0; Win64; x64) AppleWebKit/537.36 (KHTML, like Gecko) Chrome/131.0.0.0 Safari/537.36"
75.243.75.75 - - [17/Jan/2025:18:27:20 +0000] "GET /assets/index-UwRc0nDX.js HTTP/1.1" 200 131641 "https://mykeywordtracker.com/" "Mozilla/5.0 (Macintosh; Intel Mac OS X 10_15_7) AppleWebKit/537.36 (KHTML, like Gecko) Chrome/131.0.0.0 Safari/537.36"
125.62.125.213 - - [17/Jan/2025:18:27:20 +0000] "GET /api/clients HTTP/1.1" 200 1637 "https://mykeywordtracker.com/" "Mozilla/5.0 (Windows NT 10.0; Win64; x64) AppleWebKit/537.36 (KHTML, like Gecko) Chrome/131.0.0.0 Safari/537.36"
125.62.125.213 - - [17/Jan/2025:18:27:20 +0000] "GET /vite.svg HTTP/1.1" 200 1808 "https://mykeywordtracker.com/" "Mozilla/5.0 (Windows NT 10.0; Win64; x64) AppleWebKit/537.36 (KHTML, like Gecko) Chrome/131.0.0.0 Safari/537.36"
75.243.75.75 - - [17/Jan/2025:18:27:21 +0000] "GET /api/clients HTTP/1.1" 200 1637 "https://mykeywordtracker.com/" "Mozilla/5.0 (Macintosh; Intel Mac OS X 10_15_7) AppleWebKit/537.36 (KHTML, like Gecko) Chrome/131.0.0.0 Safari/537.36"
125.62.125.213 - - [17/Jan/2025:18:27:22 +0000] "POST /api/clients/1737125405142/check-keywords HTTP/1.1" 500 345 "https://mykeywordtracker.com/" "Mozilla/5.0 (Windows NT 10.0; Win64; x64) AppleWebKit/537.36 (KHTML, like Gecko) Chrome/131.0.0.0 Safari/537.36"
125.62.125.213 - - [17/Jan/2025:18:27:23 +0000] "POST /api/clients/1737125435020/check-keywords HTTP/1.1" 502 24 "https://mykeywordtracker.com/" "Mozilla/5.0 (Windows NT 10.0; Win64; x64) AppleWebKit/537.36 (KHTML, like Gecko) Chrome/131.0.0.0 Safari/537.36"
125.62.125.213 - - [17/Jan/2025:18:27:24 +0000] "POST /api/clients/1737125435020/check-keywords HTTP/1.1" 502 992 "https://mykeywordtracker.com/" "Mozilla/5.0 (Windows NT 10.0; Win64; x64) AppleWebKit/537.36 (KHTML, like Gecko) Chrome/131.0.0.0 Safari/537.36"
125.62.125.213 - - [17/Jan/2025:18:27:25 +0000] "POST /api/clients/1737125465711/check-keywords HTTP/1.1" 502 24 "https://mykeywordtracker.com/" "Mozilla/5.0 (Windows NT 10.0; Win64; x64) AppleWebKit/537.36 (KHTML, like Gecko) Chrome/131.0.0.0 Safari/537.36"
125.62.125.213 - - [17/Jan/2025:18:27:26 +0000] "POST /api/clients/1737125465711/check-keywords HTTP/1.1" 502 992 "https://mykeywordtracker.com/" "Mozilla/5.0 (Windows NT 10.0; Win64; x64) AppleWebKit/537.36 (KHTML, like Gecko) Chrome/131.0.0.0 Safari/537.36"
125.62.125.213 - - [17/Jan/2025:18:27:27 +0000] "POST /api/clients/1737125488669/check-keywords HTTP/1.1" 502 24 "https://mykeywordtracker.com/" "Mozilla/5.0 (Windows NT 10.0; Win64; x64) AppleWebKit/537.36 (KHTML, like Gecko) Chrome/131.0.0.0 Safari/537.36"
125.62.125.213 - - [17/Jan/2025:18:27:28 +0000] "POST /api/clients/1737125488669/check-keywords HTTP/1.1" 502 992 "https://mykeywordtracker.com/" "Mozilla/5.0 (Windows NT 10.0; Win64; x64) AppleWebKit/537.36 (KHTML, like Gecko) Chrome/131.0.0.0 Safari/537.36"
125.62.125.213 - - [17/Jan/2025:18:27:29 +0000] "POST /api/clients/1737125516672/check-keywords HTTP/1.1" 502 24 "https://mykeywordtracker.com/" "Mozilla/5.0 (Windows NT 10.0; Win64; x64) AppleWebKit/537.36 (KHTML, like Gecko) Chrome/131.0.0.0 Safari/537.36"
125.62.125.213 - - [17/Jan/2025:18:27:30 +0000] "POST /api/clients/1737125516672/check-keywords HTTP/1.1" 502 992 "https://mykeywordtracker.com/" "Mozilla/5.0 (Windows NT 10.0; Win64; x64) AppleWebKit/537.36 (KHTML, like Gecko) Chrome/131.0.0.0 Safari/537.36"
125.62.125.213 - - [17/Jan/2025:18:27:30 +0000] "POST /api/clients/1737125516672/check-keywords HTTP/1.1" 503 921 "https://mykeywordtracker.com/" "Mozilla/5.0 (Windows NT 10.0; Win64; x64) AppleWebKit/537.36 (KHTML, like Gecko) Chrome/131.0.0.0 Safari/537.36"
125.62.125.213 - - [17/Jan/2025:18:27:32 +0000] "DELETE /api/clients/1737125516672 HTTP/1.1" 200 345 "https://mykeywordtracker.com/" "Mozilla/5.0 (Windows NT 10.0; Win64; x64) AppleWebKit/537.36 (KHTML, like Gecko) Chrome/131.0.0.0 Safari/537.36"
125.62.125.213 - - [17/Jan/2025:18:27:39 +0000] "POST /api/clients HTTP/1.1" 502 992 "https://mykeywordtracker.com/add-client" "Mozilla/5.0 (Windows NT 10.0; Win64; x64) AppleWebKit/537.36 (KHTML, like Gecko) Chrome/131.0.0.0 Safari/537.36"
125.62.125.213 - - [17/Jan/2025:18:27:48 +0000] "POST /api/clients HTTP/1.1" 502 992 "https://mykeywordtracker.com/add-client" "Mozilla/5.0 (Windows NT 10.0; Win64; x64) AppleWebKit/537.36 (KHTML, like Gecko) Chrome/131.0.0.0 Safari/537.36"
125.62.125.213 - - [17/Jan/2025:18:27:53 +0000] "GET / HTTP/1.1" 200 657 "-" "Mozilla/5.0 (Windows NT 10.0; Win64; x64) AppleWebKit/537.36 (KHTML, like Gecko) Chrome/131.0.0.0 Safari/537.36"
125.62.125.213 - - [17/Jan/2025:18:27:53 +0000] "GET /api/clients HTTP/1.1" 200 1745 "https://mykeywordtracker.com/" "Mozilla/5.0 (Windows NT 10.0; Win64; x64) AppleWebKit/537.36 (KHTML, like Gecko) Chrome/131.0.0.0 Safari/537.36"
125.62.125.213 - - [17/Jan/2025:18:27:54 +0000] "GET / HTTP/1.1" 200 657 "-" "Mozilla/5.0 (Windows NT 10.0; Win64; x64) AppleWebKit/537.36 (KHTML, like Gecko) Chrome/131.0.0.0 Safari/537.36"
125.62.125.213 - - [17/Jan/2025:18:27:54 +0000] "GET /assets/index-DajH6hJY.css HTTP/1.1" 200 2334 "https://mykeywordtracker.com/" "Mozilla/5.0 (Windows NT 10.0; Win64; x64) AppleWebKit/537.36 (KHTML, like Gecko) Chrome/131.0.0.0 Safari/537.36"
125.62.125.213 - - [17/Jan/2025:18:27:54 +0000] "GET /assets/index-UwRc0nDX.js HTTP/1.1" 200 131641 "https://mykeywordtracker.com/" "Mozilla/5.0 (Windows NT 10.0; Win64; x64) AppleWebKit/537.36 (KHTML, like Gecko) Chrome/131.0.0.0 Safari/537.36"
125.62.125.213 - - [17/Jan/2025:18:27:55 +0000] "GET /vite.svg HTTP/1.1" 200 1808 "https://mykeywordtracker.com/" "Mozilla/5.0 (Windows NT 10.0; Win64; x64) AppleWebKit/537.36 (KHTML, like Gecko) Chrome/131.0.0.0 Safari/537.36"
125.62.125.213 - - [17/Jan/2025:18:27:55 +0000] "GET /api/clients HTTP/1.1" 200 1745 "https://mykeywordtracker.com/" "Mozilla/5.0 (Windows NT 10.0; Win64; x64) AppleWebKit/537.36 (KHTML, like Gecko) Chrome/131.0.0.0 Safari/537.36"
125.62.125.213 - - [17/Jan/2025:18:27:56 +0000] "POST /api/clients/1737125405142/check-keywords HTTP/1.1" 500 345 "https://mykeywordtracker.com/" "Mozilla/5.0 (Windows NT 10.0; Win64; x64) AppleWebKit/537.36 (KHTML, like Gecko) Chrome/131.0.0.0 Safari/537.36"
125.62.125.213 - - [17/Jan/2025:18:28:00 +0000] "POST /api/clients HTTP/1.1" 200 490 "https://mykeywordtracker.com/add-client" "Mozilla/5.0 (Windows NT 10.0; Win64; x64) AppleWebKit/537.36 (KHTML, like Gecko) Chrome/131.0.0.0 Safari/537.36"
125.62.125.213 - - [17/Jan/2025:18:28:04 +0000] "POST /api/clients/1737138480132/check-keywords HTTP/1.1" 502 24 "https://mykeywordtracker.com/" "Mozilla/5.0 (Windows NT 10.0; Win64; x64) AppleWebKit/537.36 (KHTML, like Gecko) Chrome/131.0.0.0 Safari/537.36"
125.62.125.213 - - [17/Jan/2025:18:28:04 +0000] "POST /api/clients/1737138480132/check-keywords HTTP/1.1" 502 992 "https://mykeywordtracker.com/" "Mozilla/5.0 (Windows NT 10.0; Win64; x64) AppleWebKit/537.36 (KHTML, like Gecko) Chrome/131.0.0.0 Safari/537.36"
125.62.125.213 - - [17/Jan/2025:18:28:05 +0000] "POST /api/clients/1737138480132/check-keywords HTTP/1.1" 503 921 "https://mykeywordtracker.com/" "Mozilla/5.0 (Windows NT 10.0; Win64; x64) AppleWebKit/537.36 (KHTML, like Gecko) Chrome/131.0.0.0 Safari/537.36"
125.62.125.213 - - [17/Jan/2025:18:28:07 +0000] "POST /api/clients/1737138468687/check-keywords HTTP/1.1" 502 24 "https://mykeywordtracker.com/" "Mozilla/5.0 (Windows NT 10.0; Win64; x64) AppleWebKit/537.36 (KHTML, like Gecko) Chrome/131.0.0.0 Safari/537.36"
125.62.125.213 - - [17/Jan/2025:18:28:07 +0000] "POST /api/clients/1737138468687/check-keywords HTTP/1.1" 200 814 "https://mykeywordtracker.com/" "Mozilla/5.0 (Windows NT 10.0; Win64; x64) AppleWebKit/537.36 (KHTML, like Gecko) Chrome/131.0.0.0 Safari/537.36"
125.62.125.213 - - [17/Jan/2025:18:28:10 +0000] "POST /api/clients/1737138480132/check-keywords HTTP/1.1" 502 24 "https://mykeywordtracker.com/" "Mozilla/5.0 (Windows NT 10.0; Win64; x64) AppleWebKit/537.36 (KHTML, like Gecko) Chrome/131.0.0.0 Safari/537.36"
125.62.125.213 - - [17/Jan/2025:18:28:10 +0000] "POST /api/clients/1737138480132/check-keywords HTTP/1.1" 502 992 "https://mykeywordtracker.com/" "Mozilla/5.0 (Windows NT 10.0; Win64; x64) AppleWebKit/537.36 (KHTML, like Gecko) Chrome/131.0.0.0 Safari/537.36"
125.62.125.213 - - [17/Jan/2025:18:28:17 +0000] "POST /api/clients/1737138480132/check-keywords HTTP/1.1" 200 814 "https://mykeywordtracker.com/" "Mozilla/5.0 (Windows NT 10.0; Win64; x64) AppleWebKit/537.36 (KHTML, like Gecko) Chrome/131.0.0.0 Safari/537.36"
125.62.125.213 - - [17/Jan/2025:18:28:18 +0000] "POST /api/clients/1737138468687/check-keywords HTTP/1.1" 502 24 "https://mykeywordtracker.com/" "Mozilla/5.0 (Windows NT 10.0; Win64; x64) AppleWebKit/537.36 (KHTML, like Gecko) Chrome/131.0.0.0 Safari/537.36"
125.62.125.213 - - [17/Jan/2025:18:28:19 +0000] "POST /api/clients/1737138468687/check-keywords HTTP/1.1" 502 992 "https://mykeywordtracker.com/" "Mozilla/5.0 (Windows NT 10.0; Win64; x64) AppleWebKit/537.36 (KHTML, like Gecko) Chrome/131.0.0.0 Safari/537.36"
125.62.125.213 - - [17/Jan/2025:18:28:20 +0000] "POST /api/clients/1737138459307/check-keywords HTTP/1.1" 502 24 "https://mykeywordtracker.com/" "Mozilla/5.0 (Windows NT 10.0; Win64; x64) AppleWebKit/537.36 (KHTML, like Gecko) Chrome/131.0.0.0 Safari/537.36"
125.62.125.213 - - [17/Jan/2025:18:28:21 +0000] "POST /api/clients/1737138459307/check-keywords HTTP/1.1" 502 992 "https://mykeywordtracker.com/" "Mozilla/5.0 (Windows NT 10.0; Win64; x64) AppleWebKit/537.36 (KHTML, like Gecko) Chrome/131.0.0.0 Safari/537.36"
125.62.125.213 - - [17/Jan/2025:18:28:22 +0000] "POST /api/clients/1737125488669/check-keywords HTTP/1.1" 502 24 "https://mykeywordtracker.com/" "Mozilla/5.0 (Windows NT 10.0; Win64; x64) AppleWebKit/537.36 (KHTML, like Gecko) Chrome/131.0.0.0 Safari/537.36"
125.62.125.213 - - [17/Jan/2025:18:28:23 +0000] "POST /api/clients/1737125488669/check-keywords HTTP/1.1" 502 992 "https://mykeywordtracker.com/" "Mozilla/5.0 (Windows NT 10.0; Win64; x64) AppleWebKit/537.36 (KHTML, like Gecko) Chrome/131.0.0.0 Safari/537.36"
125.62.125.213 - - [17/Jan/2025:18:28:25 +0000] "DELETE /api/clients/1737138468687 HTTP/1.1" 502 24 "https://mykeywordtracker.com/" "Mozilla/5.0 (Windows NT 10.0; Win64; x64) AppleWebKit/537.36 (KHTML, like Gecko) Chrome/131.0.0.0 Safari/537.36"
125.62.125.213 - - [17/Jan/2025:18:28:26 +0000] "DELETE /api/clients/1737138468687 HTTP/1.1" 404 688 "https://mykeywordtracker.com/" "Mozilla/5.0 (Windows NT 10.0; Win64; x64) AppleWebKit/537.36 (KHTML, like Gecko) Chrome/131.0.0.0 Safari/537.36"
125.62.125.213 - - [17/Jan/2025:18:28:27 +0000] "DELETE /api/clients/1737125488669 HTTP/1.1" 502 24 "https://mykeywordtracker.com/" "Mozilla/5.0 (Windows NT 10.0; Win64; x64) AppleWebKit/537.36 (KHTML, like Gecko) Chrome/131.0.0.0 Safari/537.36"
125.62.125.213 - - [17/Jan/2025:18:28:27 +0000] "DELETE /api/clients/1737125488669 HTTP/1.1" 404 688 "https://mykeywordtracker.com/" "Mozilla/5.0 (Windows NT 10.0; Win64; x64) AppleWebKit/537.36 (KHTML, like Gecko) Chrome/131.0.0.0 Safari/537.36"
125.62.125.213 - - [17/Jan/2025:18:28:29 +0000] "DELETE /api/clients/1737125465711 HTTP/1.1" 200 345 "https://mykeywordtracker.com/" "Mozilla/5.0 (Windows NT 10.0; Win64; x64) AppleWebKit/537.36 (KHTML, like Gecko) Chrome/131.0.0.0 Safari/537.36"
75.243.75.75 - - [17/Jan/2025:18:28:31 +0000] "GET / HTTP/1.1" 200 981 "-" "Mozilla/5.0 (Macintosh; Intel Mac OS X 10_15_7) AppleWebKit/537.36 (KHTML, like Gecko) Chrome/131.0.0.0 Safari/537.36"
75.243.75.75 - - [17/Jan/2025:18:28:32 +0000] "GET /api/clients HTTP/1.1" 200 1309 "https://mykeywordtracker.com/" "Mozilla/5.0 (Macintosh; Intel Mac OS X 10_15_7) AppleWebKit/537.36 (KHTML, like Gecko) Chrome/131.0.0.0 Safari/537.36"
125.62.125.213 - - [17/Jan/2025:18:28:32 +0000] "DELETE /api/clients/1737125405142 HTTP/1.1" 200 345 "https://mykeywordtracker.com/" "Mozilla/5.0 (Windows NT 10.0; Win64; x64) AppleWebKit/537.36 (KHTML, like Gecko) Chrome/131.0.0.0 Safari/537.36"
75.243.75.75 - - [17/Jan/2025:18:28:32 +0000] "GET /vite.svg HTTP/1.1" 304 270 "https://mykeywordtracker.com/" "Mozilla/5.0 (Macintosh; Intel Mac OS X 10_15_7) AppleWebKit/537.36 (KHTML, like Gecko) Chrome/131.0.0.0 Safari/537.36"
125.62.125.213 - - [17/Jan/2025:18:28:34 +0000] "DELETE /api/clients/1737125435020 HTTP/1.1" 502 24 "https://mykeywordtracker.com/" "Mozilla/5.0 (Windows NT 10.0; Win64; x64) AppleWebKit/537.36 (KHTML, like Gecko) Chrome/131.0.0.0 Safari/537.36"
125.62.125.213 - - [17/Jan/2025:18:28:34 +0000] "DELETE /api/clients/1737125435020 HTTP/1.1" 404 688 "https://mykeywordtracker.com/" "Mozilla/5.0 (Windows NT 10.0; Win64; x64) AppleWebKit/537.36 (KHTML, like Gecko) Chrome/131.0.0.0 Safari/537.36"
125.62.125.213 - - [17/Jan/2025:18:28:37 +0000] "DELETE /api/clients/1737138459307 HTTP/1.1" 502 24 "https://mykeywordtracker.com/" "Mozilla/5.0 (Windows NT 10.0; Win64; x64) AppleWebKit/537.36 (KHTML, like Gecko) Chrome/131.0.0.0 Safari/537.36"
125.62.125.213 - - [17/Jan/2025:18:28:37 +0000] "DELETE /api/clients/1737138459307 HTTP/1.1" 404 688 "https://mykeywordtracker.com/" "Mozilla/5.0 (Windows NT 10.0; Win64; x64) AppleWebKit/537.36 (KHTML, like Gecko) Chrome/131.0.0.0 Safari/537.36"
125.62.125.213 - - [17/Jan/2025:18:28:38 +0000] "POST /api/clients/1737138480132/check-keywords HTTP/1.1" 502 24 "https://mykeywordtracker.com/" "Mozilla/5.0 (Windows NT 10.0; Win64; x64) AppleWebKit/537.36 (KHTML, like Gecko) Chrome/131.0.0.0 Safari/537.36"
125.62.125.213 - - [17/Jan/2025:18:28:38 +0000] "POST /api/clients/1737138480132/check-keywords HTTP/1.1" 502 992 "https://mykeywordtracker.com/" "Mozilla/5.0 (Windows NT 10.0; Win64; x64) AppleWebKit/537.36 (KHTML, like Gecko) Chrome/131.0.0.0 Safari/537.36"
125.62.125.213 - - [17/Jan/2025:18:28:53 +0000] "DELETE /api/clients/1737138480132 HTTP/1.1" 502 992 "https://mykeywordtracker.com/" "Mozilla/5.0 (Windows NT 10.0; Win64; x64) AppleWebKit/537.36 (KHTML, like Gecko) Chrome/131.0.0.0 Safari/537.36"
125.62.125.213 - - [17/Jan/2025:18:28:58 +0000] "POST /api/clients HTTP/1.1" 502 24 "https://mykeywordtracker.com/add-client" "Mozilla/5.0 (Windows NT 10.0; Win64; x64) AppleWebKit/537.36 (KHTML, like Gecko) Chrome/131.0.0.0 Safari/537.36"
125.62.125.213 - - [17/Jan/2025:18:28:59 +0000] "POST /api/clients HTTP/1.1" 502 992 "https://mykeywordtracker.com/add-client" "Mozilla/5.0 (Windows NT 10.0; Win64; x64) AppleWebKit/537.36 (KHTML, like Gecko) Chrome/131.0.0.0 Safari/537.36"
125.62.125.213 - - [17/Jan/2025:18:29:06 +0000] "POST /api/clients HTTP/1.1" 502 992 "https://mykeywordtracker.com/add-client" "Mozilla/5.0 (Windows NT 10.0; Win64; x64) AppleWebKit/537.36 (KHTML, like Gecko) Chrome/131.0.0.0 Safari/537.36"
125.62.125.213 - - [17/Jan/2025:18:29:13 +0000] "POST /api/clients HTTP/1.1" 200 814 "https://mykeywordtracker.com/add-client" "Mozilla/5.0 (Windows NT 10.0; Win64; x64) AppleWebKit/537.36 (KHTML, like Gecko) Chrome/131.0.0.0 Safari/537.36"
125.62.125.213 - - [17/Jan/2025:18:29:17 +0000] "POST /api/clients/1737138554016/check-keywords HTTP/1.1" 200 490 "https://mykeywordtracker.com/" "Mozilla/5.0 (Windows NT 10.0; Win64; x64) AppleWebKit/537.36 (KHTML, like Gecko) Chrome/131.0.0.0 Safari/537.36"
125.62.125.213 - - [17/Jan/2025:18:29:32 +0000] "PUT /api/clients/1737138554016 HTTP/1.1" 502 992 "https://mykeywordtracker.com/" "Mozilla/5.0 (Windows NT 10.0; Win64; x64) AppleWebKit/537.36 (KHTML, like Gecko) Chrome/131.0.0.0 Safari/537.36"
125.62.125.213 - - [17/Jan/2025:18:29:35 +0000] "POST /api/clients/1737138554016/check-keywords HTTP/1.1" 502 24 "https://mykeywordtracker.com/" "Mozilla/5.0 (Windows NT 10.0; Win64; x64) AppleWebKit/537.36 (KHTML, like Gecko) Chrome/131.0.0.0 Safari/537.36"
125.62.125.213 - - [17/Jan/2025:18:29:36 +0000] "POST /api/clients/1737138554016/check-keywords HTTP/1.1" 502 992 "https://mykeywordtracker.com/" "Mozilla/5.0 (Windows NT 10.0; Win64; x64) AppleWebKit/537.36 (KHTML, like Gecko) Chrome/131.0.0.0 Safari/537.36"
125.62.125.213 - - [17/Jan/2025:18:29:37 +0000] "POST /api/clients/1737138554016/check-keywords HTTP/1.1" 502 24 "https://mykeywordtracker.com/" "Mozilla/5.0 (Windows NT 10.0; Win64; x64) AppleWebKit/537.36 (KHTML, like Gecko) Chrome/131.0.0.0 Safari/537.36"
125.62.125.213 - - [17/Jan/2025:18:29:38 +0000] "POST /api/clients/1737138554016/check-keywords HTTP/1.1" 200 1042 "https://mykeywordtracker.com/" "Mozilla/5.0 (Windows NT 10.0; Win64; x64) AppleWebKit/537.36 (KHTML, like Gecko) Chrome/131.0.0.0 Safari/537.36"
125.62.125.213 - - [17/Jan/2025:18:29:42 +0000] "POST /api/clients/1737138554016/check-keywords HTTP/1.1" 502 24 "https://mykeywordtracker.com/" "Mozilla/5.0 (Windows NT 10.0; Win64; x64) AppleWebKit/537.36 (KHTML, like Gecko) Chrome/131.0.0.0 Safari/537.36"
125.62.125.213 - - [17/Jan/2025:18:29:42 +0000] "POST /api/clients/1737138554016/check-keywords HTTP/1.1" 502 992 "https://mykeywordtracker.com/" "Mozilla/5.0 (Windows NT 10.0; Win64; x64) AppleWebKit/537.36 (KHTML, like Gecko) Chrome/131.0.0.0 Safari/537.36"
18.190.67.238 - - [17/Jan/2025:18:29:47 +0000] "GET /.netlify/verification/-QwoSwrsoUhNr1xh31A1s2-uW6x9NwaUemtws-XBiJh5d4wDQIsjx3hw8BmKUQJIRpbz6w3RlVmkPbukk8oMCP_qxYcp2h8NJvSrJiX3pG3k8orm-cAJpz__2KcB-AgmYjXyTTLPoER_IUk3bsp4im0ohsQXLhJtKnujpeQHyL81tWQyOFHA5-TFZltC2kZBJOm53JqvpdqLI9blNFuSlRl_QcS0svnf9UmXKIY9ljBceDllOrbp8JVtUWq4Bqlh5plLp8MvlCZ54TuT1kW1YTf6X2BwF72wY8lUrB73yYBHv2Wk1dWwfGB-AiVKz2btah4ZWJe_CCQyMnaClPzAKQ== HTTP/1.1" 404 2994 "-" "excon/0.112.0"
18.190.67.238 - - [17/Jan/2025:18:29:47 +0000] "GET /.netlify/verification/-QwoSwrsoUhNr1xh31A1s2-uW6x9NwaUemtws-XBiJh5d4wDQIsjx3hw8BmKUQJIRpbz6w3RlVmkPbukk8oMCP_qxYcp2h8NJvSrJiX3pG3k8orm-cAJpz__2KcB-AgmYjXyTTLPoER_IUk3bsp4im0ohsQXLhJtKnujpeQHyL81tWQyOFHA5-TFZltC2kZBJOm53JqvpdqLI9blNFuSlRl_QcS0svnf9UmXKIY9ljBceDllOrbp8JVtUWq4Bqlh5plLp8MvlCZ54TuT1kW1YTf6X2BwF72wY8lUrB73yYBHv2Wk1dWwfGB-AiVKz2btah4ZWJe_CCQyMnaClPzAKQ== HTTP/1.1" 404 2995 "-" "excon/0.112.0"
64.227.21.251 - - [17/Jan/2025:18:29:47 +0000] "POST /api/clients/1737125405142/check-keywords HTTP/1.1" 404 2885 "-" "Mozilla/5.0 (Windows NT 10.0; Win64; x64) AppleWebKit/537.36 (KHTML, like Gecko) Chrome/131.0.0.0 Safari/537.36"
18.190.67.238 - - [17/Jan/2025:18:29:48 +0000] "GET /.netlify/verification/IGbi3aLyHiXbVOA2UqQqopiB9XCOnIoQolia-tzxFIG3HqVK-WqvPNCRZjj0fqzpJ97mRDb-jjq6owkU0YWraeagOy_eh56Imbe4e19nRCcU3xVS8JAepO0G2Kg-bVxlXk2ybUjwAWU852mfxTlLbW2dmW231xjEeXgowk5dorOU1exx6qgVkFnWdzrGucbpgohgHV0Gv-YKMIdcKuNBGHO9OYVK_pVkZw9An5sKKddZXoaq5C_VLiMeYBnQmjN_JhDVRUNLXd1KWEzlvXphYVi8ORgKtQfnGVGzMku8ctUy5FQUNR-YrGVsJK0jHvRb3QuYDQtS6-gTTHyLzpxSSw== HTTP/1.1" 404 2998 "-" "excon/0.112.0"
125.62.125.213 - - [17/Jan/2025:18:29:48 +0000] "POST /api/clients/1737138554016/check-keywords HTTP/1.1" 200 1042 "https://mykeywordtracker.com/" "Mozilla/5.0 (Windows NT 10.0; Win64; x64) AppleWebKit/537.36 (KHTML, like Gecko) Chrome/131.0.0.0 Safari/537.36"
18.190.67.238 - - [17/Jan/2025:18:29:48 +0000] "GET /.netlify/verification/IGbi3aLyHiXbVOA2UqQqopiB9XCOnIoQolia-tzxFIG3HqVK-WqvPNCRZjj0fqzpJ97mRDb-jjq6owkU0YWraeagOy_eh56Imbe4e19nRCcU3xVS8JAepO0G2Kg-bVxlXk2ybUjwAWU852mfxTlLbW2dmW231xjEeXgowk5dorOU1exx6qgVkFnWdzrGucbpgohgHV0Gv-YKMIdcKuNBGHO9OYVK_pVkZw9An5sKKddZXoaq5C_VLiMeYBnQmjN_JhDVRUNLXd1KWEzlvXphYVi8ORgKtQfnGVGzMku8ctUy5FQUNR-YrGVsJK0jHvRb3QuYDQtS6-gTTHyLzpxSSw== HTTP/1.1" 404 2998 "-" "excon/0.112.0"
125.62.125.213 - - [17/Jan/2025:18:29:55 +0000] "POST /api/clients/1737138554016/check-keywords HTTP/1.1" 502 992 "https://mykeywordtracker.com/" "Mozilla/5.0 (Windows NT 10.0; Win64; x64) AppleWebKit/537.36 (KHTML, like Gecko) Chrome/131.0.0.0 Safari/537.36"
125.62.125.213 - - [17/Jan/2025:18:29:57 +0000] "POST /api/clients/1737138554016/check-keywords HTTP/1.1" 502 24 "https://mykeywordtracker.com/" "Mozilla/5.0 (Windows NT 10.0; Win64; x64) AppleWebKit/537.36 (KHTML, like Gecko) Chrome/131.0.0.0 Safari/537.36"
125.62.125.213 - - [17/Jan/2025:18:29:57 +0000] "POST /api/clients/1737138554016/check-keywords HTTP/1.1" 502 992 "https://mykeywordtracker.com/" "Mozilla/5.0 (Windows NT 10.0; Win64; x64) AppleWebKit/537.36 (KHTML, like Gecko) Chrome/131.0.0.0 Safari/537.36"
125.62.125.213 - - [17/Jan/2025:18:30:05 +0000] "POST /api/clients/1737138554016/check-keywords HTTP/1.1" 502 992 "https://mykeywordtracker.com/" "Mozilla/5.0 (Windows NT 10.0; Win64; x64) AppleWebKit/537.36 (KHTML, like Gecko) Chrome/131.0.0.0 Safari/537.36"
125.62.125.213 - - [17/Jan/2025:18:30:05 +0000] "POST /api/clients/1737138554016/check-keywords HTTP/1.1" 502 24 "https://mykeywordtracker.com/" "Mozilla/5.0 (Windows NT 10.0; Win64; x64) AppleWebKit/537.36 (KHTML, like Gecko) Chrome/131.0.0.0 Safari/537.36"
125.62.125.213 - - [17/Jan/2025:18:30:06 +0000] "POST /api/clients/1737138554016/check-keywords HTTP/1.1" 502 992 "https://mykeywordtracker.com/" "Mozilla/5.0 (Windows NT 10.0; Win64; x64) AppleWebKit/537.36 (KHTML, like Gecko) Chrome/131.0.0.0 Safari/537.36"
125.62.125.213 - - [17/Jan/2025:18:30:07 +0000] "POST /api/clients/1737138554016/check-keywords HTTP/1.1" 200 718 "https://mykeywordtracker.com/" "Mozilla/5.0 (Windows NT 10.0; Win64; x64) AppleWebKit/537.36 (KHTML, like Gecko) Chrome/131.0.0.0 Safari/537.36"
125.62.125.213 - - [17/Jan/2025:18:30:22 +0000] "POST /api/clients/1737138554016/check-keywords HTTP/1.1" 502 992 "https://mykeywordtracker.com/" "Mozilla/5.0 (Windows NT 10.0; Win64; x64) AppleWebKit/537.36 (KHTML, like Gecko) Chrome/131.0.0.0 Safari/537.36"
125.62.125.213 - - [17/Jan/2025:18:30:23 +0000] "POST /api/clients/1737138554016/check-keywords HTTP/1.1" 502 24 "https://mykeywordtracker.com/" "Mozilla/5.0 (Windows NT 10.0; Win64; x64) AppleWebKit/537.36 (KHTML, like Gecko) Chrome/131.0.0.0 Safari/537.36"
125.62.125.213 - - [17/Jan/2025:18:30:24 +0000] "POST /api/clients/1737138554016/check-keywords HTTP/1.1" 502 992 "https://mykeywordtracker.com/" "Mozilla/5.0 (Windows NT 10.0; Win64; x64) AppleWebKit/537.36 (KHTML, like Gecko) Chrome/131.0.0.0 Safari/537.36"
125.62.125.213 - - [17/Jan/2025:18:30:25 +0000] "POST /api/clients/1737138554016/check-keywords HTTP/1.1" 502 24 "https://mykeywordtracker.com/" "Mozilla/5.0 (Windows NT 10.0; Win64; x64) AppleWebKit/537.36 (KHTML, like Gecko) Chrome/131.0.0.0 Safari/537.36"
125.62.125.213 - - [17/Jan/2025:18:30:25 +0000] "POST /api/clients/1737138554016/check-keywords HTTP/1.1" 502 992 "https://mykeywordtracker.com/" "Mozilla/5.0 (Windows NT 10.0; Win64; x64) AppleWebKit/537.36 (KHTML, like Gecko) Chrome/131.0.0.0 Safari/537.36"
125.62.125.213 - - [17/Jan/2025:18:30:26 +0000] "POST /api/clients/1737138554016/check-keywords HTTP/1.1" 502 24 "https://mykeywordtracker.com/" "Mozilla/5.0 (Windows NT 10.0; Win64; x64) AppleWebKit/537.36 (KHTML, like Gecko) Chrome/131.0.0.0 Safari/537.36"
125.62.125.213 - - [17/Jan/2025:18:30:27 +0000] "POST /api/clients/1737138554016/check-keywords HTTP/1.1" 502 992 "https://mykeywordtracker.com/" "Mozilla/5.0 (Windows NT 10.0; Win64; x64) AppleWebKit/537.36 (KHTML, like Gecko) Chrome/131.0.0.0 Safari/537.36"
125.62.125.213 - - [17/Jan/2025:18:30:27 +0000] "POST /api/clients/1737138554016/check-keywords HTTP/1.1" 502 24 "https://mykeywordtracker.com/" "Mozilla/5.0 (Windows NT 10.0; Win64; x64) AppleWebKit/537.36 (KHTML, like Gecko) Chrome/131.0.0.0 Safari/537.36"
125.62.125.213 - - [17/Jan/2025:18:30:28 +0000] "POST /api/clients/1737138554016/check-keywords HTTP/1.1" 200 1042 "https://mykeywordtracker.com/" "Mozilla/5.0 (Windows NT 10.0; Win64; x64) AppleWebKit/537.36 (KHTML, like Gecko) Chrome/131.0.0.0 Safari/537.36"
54.196.114.70 - - [17/Jan/2025:18:30:38 +0000] "GET / HTTP/1.1" 301 589 "-" "Mozilla/5.0 (Windows NT 10.0; Win64; x64) AppleWebKit/537.36 (KHTML, like Gecko) Chrome/103.0.5060.66 Safari/537.36 Edg/103.0.1264.44"
54.196.114.70 - - [17/Jan/2025:18:30:39 +0000] "GET / HTTP/1.1" 200 3218 "-" "Mozilla/5.0 (Windows NT 10.0; Win64; x64) AppleWebKit/537.36 (KHTML, like Gecko) Chrome/103.0.5060.66 Safari/537.36 Edg/103.0.1264.44"
54.196.114.70 - - [17/Jan/2025:18:30:39 +0000] "GET /assets/index-DajH6hJY.css HTTP/1.1" 200 2010 "https://mykeywordtracker.com/" "Mozilla/5.0 (Windows NT 10.0; Win64; x64) AppleWebKit/537.36 (KHTML, like Gecko) Chrome/103.0.5060.66 Safari/537.36 Edg/103.0.1264.44"
54.226.230.146 - - [17/Jan/2025:18:30:39 +0000] "GET /vite.svg HTTP/1.1" 301 605 "-" "Mozilla/5.0 (Windows NT 6.3; WOW64; rv:38.0) Gecko/20100101 Firefox/38.0"
54.226.230.146 - - [17/Jan/2025:18:30:40 +0000] "GET /vite.svg HTTP/1.1" 200 4384 "-" "Mozilla/5.0 (Windows NT 6.3; WOW64; rv:38.0) Gecko/20100101 Firefox/38.0"
54.226.230.146 - - [17/Jan/2025:18:30:40 +0000] "GET /favicon.ico HTTP/1.1" 301 610 "-" "Mozilla/5.0 (Windows NT 6.3; WOW64; rv:38.0) Gecko/20100101 Firefox/38.0"
54.226.230.146 - - [17/Jan/2025:18:30:40 +0000] "GET /favicon.ico HTTP/1.1" 404 521 "-" "Mozilla/5.0 (Windows NT 6.3; WOW64; rv:38.0) Gecko/20100101 Firefox/38.0"
54.92.173.100 - - [17/Jan/2025:18:30:40 +0000] "GET / HTTP/1.1" 301 589 "-" "Mozilla/5.0 (iPhone; CPU iPhone OS 12_2 like Mac OS X) AppleWebKit/605.1.15 (KHTML, like Gecko) Mobile/15E148"
54.92.173.100 - - [17/Jan/2025:18:30:41 +0000] "GET / HTTP/1.1" 200 3233 "-" "Mozilla/5.0 (iPhone; CPU iPhone OS 12_2 like Mac OS X) AppleWebKit/605.1.15 (KHTML, like Gecko) Mobile/15E148"
54.92.173.100 - - [17/Jan/2025:18:30:41 +0000] "GET /assets/index-DajH6hJY.css HTTP/1.1" 200 2010 "https://mykeywordtracker.com/" "Mozilla/5.0 (iPhone; CPU iPhone OS 12_2 like Mac OS X) AppleWebKit/605.1.15 (KHTML, like Gecko) Mobile/15E148"
18.232.82.21 - - [17/Jan/2025:18:30:41 +0000] "GET /vite.svg HTTP/1.1" 301 605 "-" "Mozilla/5.0 (Windows NT 6.3; WOW64; rv:38.0) Gecko/20100101 Firefox/38.0"
18.232.82.21 - - [17/Jan/2025:18:30:41 +0000] "GET /vite.svg HTTP/1.1" 200 4384 "-" "Mozilla/5.0 (Windows NT 6.3; WOW64; rv:38.0) Gecko/20100101 Firefox/38.0"
18.232.82.21 - - [17/Jan/2025:18:30:41 +0000] "GET /favicon.ico HTTP/1.1" 301 610 "-" "Mozilla/5.0 (Windows NT 6.3; WOW64; rv:38.0) Gecko/20100101 Firefox/38.0"
18.232.82.21 - - [17/Jan/2025:18:30:42 +0000] "GET /favicon.ico HTTP/1.1" 404 521 "-" "Mozilla/5.0 (Windows NT 6.3; WOW64; rv:38.0) Gecko/20100101 Firefox/38.0"
125.62.125.213 - - [17/Jan/2025:18:30:53 +0000] "GET / HTTP/1.1" 200 981 "-" "Mozilla/5.0 (Windows NT 10.0; Win64; x64) AppleWebKit/537.36 (KHTML, like Gecko) Chrome/131.0.0.0 Safari/537.36"
125.62.125.213 - - [17/Jan/2025:18:30:53 +0000] "GET /assets/index-DajH6hJY.css HTTP/1.1" 200 2334 "https://mykeywordtracker.com/" "Mozilla/5.0 (Windows NT 10.0; Win64; x64) AppleWebKit/537.36 (KHTML, like Gecko) Chrome/131.0.0.0 Safari/537.36"
125.62.125.213 - - [17/Jan/2025:18:30:53 +0000] "GET /assets/index-UwRc0nDX.js HTTP/1.1" 200 131641 "https://mykeywordtracker.com/" "Mozilla/5.0 (Windows NT 10.0; Win64; x64) AppleWebKit/537.36 (KHTML, like Gecko) Chrome/131.0.0.0 Safari/537.36"
125.62.125.213 - - [17/Jan/2025:18:30:54 +0000] "GET /vite.svg HTTP/1.1" 200 1808 "https://mykeywordtracker.com/" "Mozilla/5.0 (Windows NT 10.0; Win64; x64) AppleWebKit/537.36 (KHTML, like Gecko) Chrome/131.0.0.0 Safari/537.36"
125.62.125.213 - - [17/Jan/2025:18:30:54 +0000] "GET /api/clients HTTP/1.1" 200 1203 "https://mykeywordtracker.com/" "Mozilla/5.0 (Windows NT 10.0; Win64; x64) AppleWebKit/537.36 (KHTML, like Gecko) Chrome/131.0.0.0 Safari/537.36"
125.62.125.213 - - [17/Jan/2025:18:30:56 +0000] "POST /api/clients/1737138538845/check-keywords HTTP/1.1" 502 24 "https://mykeywordtracker.com/" "Mozilla/5.0 (Windows NT 10.0; Win64; x64) AppleWebKit/537.36 (KHTML, like Gecko) Chrome/131.0.0.0 Safari/537.36"
125.62.125.213 - - [17/Jan/2025:18:30:56 +0000] "POST /api/clients/1737138538845/check-keywords HTTP/1.1" 503 598 "https://mykeywordtracker.com/" "Mozilla/5.0 (Windows NT 10.0; Win64; x64) AppleWebKit/537.36 (KHTML, like Gecko) Chrome/131.0.0.0 Safari/537.36"
125.62.125.213 - - [17/Jan/2025:18:31:01 +0000] "POST /api/clients/1737138538845/check-keywords HTTP/1.1" 502 992 "https://mykeywordtracker.com/" "Mozilla/5.0 (Windows NT 10.0; Win64; x64) AppleWebKit/537.36 (KHTML, like Gecko) Chrome/131.0.0.0 Safari/537.36"
125.62.125.213 - - [17/Jan/2025:18:31:03 +0000] "POST /api/clients/1737138538845/check-keywords HTTP/1.1" 200 490 "https://mykeywordtracker.com/" "Mozilla/5.0 (Windows NT 10.0; Win64; x64) AppleWebKit/537.36 (KHTML, like Gecko) Chrome/131.0.0.0 Safari/537.36"
125.62.125.213 - - [17/Jan/2025:18:31:07 +0000] "POST /api/clients/1737138554016/check-keywords HTTP/1.1" 502 24 "https://mykeywordtracker.com/" "Mozilla/5.0 (Windows NT 10.0; Win64; x64) AppleWebKit/537.36 (KHTML, like Gecko) Chrome/131.0.0.0 Safari/537.36"
125.62.125.213 - - [17/Jan/2025:18:31:08 +0000] "POST /api/clients/1737138554016/check-keywords HTTP/1.1" 502 992 "https://mykeywordtracker.com/" "Mozilla/5.0 (Windows NT 10.0; Win64; x64) AppleWebKit/537.36 (KHTML, like Gecko) Chrome/131.0.0.0 Safari/537.36"
125.62.125.213 - - [17/Jan/2025:18:31:08 +0000] "POST /api/clients/1737138554016/check-keywords HTTP/1.1" 200 718 "https://mykeywordtracker.com/" "Mozilla/5.0 (Windows NT 10.0; Win64; x64) AppleWebKit/537.36 (KHTML, like Gecko) Chrome/131.0.0.0 Safari/537.36"
64.227.21.251 - - [17/Jan/2025:18:31:13 +0000] "POST /api/clients/1737125405142/check-keywords HTTP/1.1" 404 2884 "-" "Mozilla/5.0 (Windows NT 10.0; Win64; x64) AppleWebKit/537.36 (KHTML, like Gecko) Chrome/131.0.0.0 Safari/537.36"
125.62.125.213 - - [17/Jan/2025:18:31:27 +0000] "GET /api/clients/1737138538845/check-keywords HTTP/1.1" 404 869 "-" "Mozilla/5.0 (Windows NT 10.0; Win64; x64) AppleWebKit/537.36 (KHTML, like Gecko) Chrome/131.0.0.0 Safari/537.36"
125.62.125.213 - - [17/Jan/2025:18:31:32 +0000] "GET /api/clients/1737138538845/check-keywords HTTP/1.1" 404 869 "-" "Mozilla/5.0 (Windows NT 10.0; Win64; x64) AppleWebKit/537.36 (KHTML, like Gecko) Chrome/131.0.0.0 Safari/537.36"
125.62.125.213 - - [17/Jan/2025:18:31:33 +0000] "GET /api/clients/1737138538845/check-keywords HTTP/1.1" 404 545 "-" "Mozilla/5.0 (Windows NT 10.0; Win64; x64) AppleWebKit/537.36 (KHTML, like Gecko) Chrome/131.0.0.0 Safari/537.36"
125.62.125.213 - - [17/Jan/2025:18:31:34 +0000] "GET /api/clients/1737138538845/check-keywords HTTP/1.1" 404 545 "-" "Mozilla/5.0 (Windows NT 10.0; Win64; x64) AppleWebKit/537.36 (KHTML, like Gecko) Chrome/131.0.0.0 Safari/537.36"
125.62.125.213 - - [17/Jan/2025:18:31:34 +0000] "GET /api/clients/1737138538845/check-keywords HTTP/1.1" 404 545 "-" "Mozilla/5.0 (Windows NT 10.0; Win64; x64) AppleWebKit/537.36 (KHTML, like Gecko) Chrome/131.0.0.0 Safari/537.36"
125.62.125.213 - - [17/Jan/2025:18:31:35 +0000] "GET /api/clients/1737138538845/check-keywords HTTP/1.1" 404 545 "-" "Mozilla/5.0 (Windows NT 10.0; Win64; x64) AppleWebKit/537.36 (KHTML, like Gecko) Chrome/131.0.0.0 Safari/537.36"
125.62.125.213 - - [17/Jan/2025:18:31:35 +0000] "GET /api/clients/1737138538845/check-keywords HTTP/1.1" 404 545 "-" "Mozilla/5.0 (Windows NT 10.0; Win64; x64) AppleWebKit/537.36 (KHTML, like Gecko) Chrome/131.0.0.0 Safari/537.36"
125.62.125.213 - - [17/Jan/2025:18:31:36 +0000] "GET /api/clients/1737138538845/check-keywords HTTP/1.1" 404 545 "-" "Mozilla/5.0 (Windows NT 10.0; Win64; x64) AppleWebKit/537.36 (KHTML, like Gecko) Chrome/131.0.0.0 Safari/537.36"
125.62.125.213 - - [17/Jan/2025:18:31:36 +0000] "GET /api/clients/1737138538845/check-keywords HTTP/1.1" 404 545 "-" "Mozilla/5.0 (Windows NT 10.0; Win64; x64) AppleWebKit/537.36 (KHTML, like Gecko) Chrome/131.0.0.0 Safari/537.36"
125.62.125.213 - - [17/Jan/2025:18:31:37 +0000] "GET /api/clients/1737138538845/check-keywords HTTP/1.1" 404 545 "-" "Mozilla/5.0 (Windows NT 10.0; Win64; x64) AppleWebKit/537.36 (KHTML, like Gecko) Chrome/131.0.0.0 Safari/537.36"
125.62.125.213 - - [17/Jan/2025:18:31:37 +0000] "GET /api/clients/1737138538845/check-keywords HTTP/1.1" 404 545 "-" "Mozilla/5.0 (Windows NT 10.0; Win64; x64) AppleWebKit/537.36 (KHTML, like Gecko) Chrome/131.0.0.0 Safari/537.36"
125.62.125.213 - - [17/Jan/2025:18:31:42 +0000] "POST /api/clients/1737138554016/check-keywords HTTP/1.1" 200 718 "https://mykeywordtracker.com/" "Mozilla/5.0 (Windows NT 10.0; Win64; x64) AppleWebKit/537.36 (KHTML, like Gecko) Chrome/131.0.0.0 Safari/537.36"
125.62.125.213 - - [17/Jan/2025:18:31:45 +0000] "POST /api/clients/1737138554016/check-keywords HTTP/1.1" 502 24 "https://mykeywordtracker.com/" "Mozilla/5.0 (Windows NT 10.0; Win64; x64) AppleWebKit/537.36 (KHTML, like Gecko) Chrome/131.0.0.0 Safari/537.36"
125.62.125.213 - - [17/Jan/2025:18:31:45 +0000] "POST /api/clients/1737138554016/check-keywords HTTP/1.1" 503 921 "https://mykeywordtracker.com/" "Mozilla/5.0 (Windows NT 10.0; Win64; x64) AppleWebKit/537.36 (KHTML, like Gecko) Chrome/131.0.0.0 Safari/537.36"
64.227.21.251 - - [17/Jan/2025:18:32:18 +0000] "POST /api/clients/1737125405142/check-keywords HTTP/1.1" 404 2884 "-" "Mozilla/5.0 (Windows NT 10.0; Win64; x64) AppleWebKit/537.36 (KHTML, like Gecko) Chrome/131.0.0.0 Safari/537.36"
125.62.125.213 - - [17/Jan/2025:18:32:24 +0000] "POST /api/clients/1737138554016/check-keywords HTTP/1.1" 502 992 "https://mykeywordtracker.com/" "Mozilla/5.0 (Windows NT 10.0; Win64; x64) AppleWebKit/537.36 (KHTML, like Gecko) Chrome/131.0.0.0 Safari/537.36"
125.62.125.213 - - [17/Jan/2025:18:32:25 +0000] "POST /api/clients/1737138554016/check-keywords HTTP/1.1" 502 24 "https://mykeywordtracker.com/" "Mozilla/5.0 (Windows NT 10.0; Win64; x64) AppleWebKit/537.36 (KHTML, like Gecko) Chrome/131.0.0.0 Safari/537.36"
125.62.125.213 - - [17/Jan/2025:18:32:26 +0000] "POST /api/clients/1737138554016/check-keywords HTTP/1.1" 502 992 "https://mykeywordtracker.com/" "Mozilla/5.0 (Windows NT 10.0; Win64; x64) AppleWebKit/537.36 (KHTML, like Gecko) Chrome/131.0.0.0 Safari/537.36"
125.62.125.213 - - [17/Jan/2025:18:32:27 +0000] "POST /api/clients/1737138554016/check-keywords HTTP/1.1" 502 24 "https://mykeywordtracker.com/" "Mozilla/5.0 (Windows NT 10.0; Win64; x64) AppleWebKit/537.36 (KHTML, like Gecko) Chrome/131.0.0.0 Safari/537.36"
125.62.125.213 - - [17/Jan/2025:18:32:28 +0000] "POST /api/clients/1737138554016/check-keywords HTTP/1.1" 502 992 "https://mykeywordtracker.com/" "Mozilla/5.0 (Windows NT 10.0; Win64; x64) AppleWebKit/537.36 (KHTML, like Gecko) Chrome/131.0.0.0 Safari/537.36"
125.62.125.213 - - [17/Jan/2025:18:32:30 +0000] "POST /api/clients/1737138554016/check-keywords HTTP/1.1" 502 24 "https://mykeywordtracker.com/" "Mozilla/5.0 (Windows NT 10.0; Win64; x64) AppleWebKit/537.36 (KHTML, like Gecko) Chrome/131.0.0.0 Safari/537.36"
125.62.125.213 - - [17/Jan/2025:18:32:31 +0000] "POST /api/clients/1737138554016/check-keywords HTTP/1.1" 502 992 "https://mykeywordtracker.com/" "Mozilla/5.0 (Windows NT 10.0; Win64; x64) AppleWebKit/537.36 (KHTML, like Gecko) Chrome/131.0.0.0 Safari/537.36"
125.62.125.213 - - [17/Jan/2025:18:32:32 +0000] "POST /api/clients/1737138554016/check-keywords HTTP/1.1" 502 24 "https://mykeywordtracker.com/" "Mozilla/5.0 (Windows NT 10.0; Win64; x64) AppleWebKit/537.36 (KHTML, like Gecko) Chrome/131.0.0.0 Safari/537.36"
125.62.125.213 - - [17/Jan/2025:18:32:32 +0000] "POST /api/clients/1737138554016/check-keywords HTTP/1.1" 200 1042 "https://mykeywordtracker.com/" "Mozilla/5.0 (Windows NT 10.0; Win64; x64) AppleWebKit/537.36 (KHTML, like Gecko) Chrome/131.0.0.0 Safari/537.36"
125.62.125.213 - - [17/Jan/2025:18:32:32 +0000] "POST /api/clients/1737138554016/check-keywords HTTP/1.1" 503 921 "https://mykeywordtracker.com/" "Mozilla/5.0 (Windows NT 10.0; Win64; x64) AppleWebKit/537.36 (KHTML, like Gecko) Chrome/131.0.0.0 Safari/537.36"
125.62.125.213 - - [17/Jan/2025:18:32:33 +0000] "POST /api/clients/1737138554016/check-keywords HTTP/1.1" 200 718 "https://mykeywordtracker.com/" "Mozilla/5.0 (Windows NT 10.0; Win64; x64) AppleWebKit/537.36 (KHTML, like Gecko) Chrome/131.0.0.0 Safari/537.36"
74.125.182.7 - - [17/Jan/2025:18:33:03 +0000] "GET / HTTP/1.1" 200 3217 "-" "Mozilla/5.0 (Windows NT 10.0; Win64; x64) AppleWebKit/537.36 (KHTML, like Gecko) Chrome/131.0.0.0 Safari/537.36"
74.125.182.7 - - [17/Jan/2025:18:33:03 +0000] "GET /assets/index-UwRc0nDX.js HTTP/1.1" 200 131641 "https://mykeywordtracker.com/" "Mozilla/5.0 (Windows NT 10.0; Win64; x64) AppleWebKit/537.36 (KHTML, like Gecko) Chrome/131.0.0.0 Safari/537.36"
74.125.182.133 - - [17/Jan/2025:18:33:03 +0000] "GET /assets/index-DajH6hJY.css HTTP/1.1" 200 2334 "https://mykeywordtracker.com/" "Mozilla/5.0 (Windows NT 10.0; Win64; x64) AppleWebKit/537.36 (KHTML, like Gecko) Chrome/131.0.0.0 Safari/537.36"
74.125.182.7 - - [17/Jan/2025:18:33:03 +0000] "GET /api/clients HTTP/1.1" 200 1203 "https://mykeywordtracker.com/" "Mozilla/5.0 (Windows NT 10.0; Win64; x64) AppleWebKit/537.36 (KHTML, like Gecko) Chrome/131.0.0.0 Safari/537.36"
172.253.212.55 - - [17/Jan/2025:18:33:04 +0000] "GET / HTTP/1.1" 200 3217 "-" "Mozilla/5.0 (Windows NT 10.0; Win64; x64) AppleWebKit/537.36 (KHTML, like Gecko) Chrome/131.0.0.0 Safari/537.36"
172.253.212.55 - - [17/Jan/2025:18:33:04 +0000] "GET /assets/index-UwRc0nDX.js HTTP/1.1" 200 131641 "https://www.mykeywordtracker.com/" "Mozilla/5.0 (Windows NT 10.0; Win64; x64) AppleWebKit/537.36 (KHTML, like Gecko) Chrome/131.0.0.0 Safari/537.36"
172.253.212.49 - - [17/Jan/2025:18:33:05 +0000] "GET /assets/index-DajH6hJY.css HTTP/1.1" 200 2334 "https://www.mykeywordtracker.com/" "Mozilla/5.0 (Windows NT 10.0; Win64; x64) AppleWebKit/537.36 (KHTML, like Gecko) Chrome/131.0.0.0 Safari/537.36"
172.253.212.55 - - [17/Jan/2025:18:33:05 +0000] "GET /api/clients HTTP/1.1" 200 1203 "https://www.mykeywordtracker.com/" "Mozilla/5.0 (Windows NT 10.0; Win64; x64) AppleWebKit/537.36 (KHTML, like Gecko) Chrome/131.0.0.0 Safari/537.36"
75.243.75.75 - - [17/Jan/2025:18:33:14 +0000] "GET /assets/index-DajH6hJY.css HTTP/1.1" 200 2334 "https://mykeywordtracker.com/" "Mozilla/5.0 (Macintosh; Intel Mac OS X 10_15_7) AppleWebKit/537.36 (KHTML, like Gecko) Chrome/131.0.0.0 Safari/537.36"
75.243.75.75 - - [17/Jan/2025:18:33:14 +0000] "GET /assets/index-UwRc0nDX.js HTTP/1.1" 200 131965 "https://mykeywordtracker.com/" "Mozilla/5.0 (Macintosh; Intel Mac OS X 10_15_7) AppleWebKit/537.36 (KHTML, like Gecko) Chrome/131.0.0.0 Safari/537.36"
75.243.75.75 - - [17/Jan/2025:18:33:15 +0000] "GET /api/clients HTTP/1.1" 200 1203 "https://mykeywordtracker.com/" "Mozilla/5.0 (Macintosh; Intel Mac OS X 10_15_7) AppleWebKit/537.36 (KHTML, like Gecko) Chrome/131.0.0.0 Safari/537.36"
125.62.125.213 - - [17/Jan/2025:18:33:25 +0000] "POST /api/clients/1737138538845/check-keywords HTTP/1.1" 502 992 "https://mykeywordtracker.com/" "Mozilla/5.0 (Windows NT 10.0; Win64; x64) AppleWebKit/537.36 (KHTML, like Gecko) Chrome/131.0.0.0 Safari/537.36"
125.62.125.213 - - [17/Jan/2025:18:33:26 +0000] "POST /api/clients/1737138538845/check-keywords HTTP/1.1" 502 24 "https://mykeywordtracker.com/" "Mozilla/5.0 (Windows NT 10.0; Win64; x64) AppleWebKit/537.36 (KHTML, like Gecko) Chrome/131.0.0.0 Safari/537.36"
125.62.125.213 - - [17/Jan/2025:18:33:27 +0000] "POST /api/clients/1737138538845/check-keywords HTTP/1.1" 502 992 "https://mykeywordtracker.com/" "Mozilla/5.0 (Windows NT 10.0; Win64; x64) AppleWebKit/537.36 (KHTML, like Gecko) Chrome/131.0.0.0 Safari/537.36"
125.62.125.213 - - [17/Jan/2025:18:33:28 +0000] "POST /api/clients/1737138538845/check-keywords HTTP/1.1" 200 490 "https://mykeywordtracker.com/" "Mozilla/5.0 (Windows NT 10.0; Win64; x64) AppleWebKit/537.36 (KHTML, like Gecko) Chrome/131.0.0.0 Safari/537.36"
125.62.125.213 - - [17/Jan/2025:18:34:23 +0000] "POST /api/clients/1737138554016/check-keywords HTTP/1.1" 502 992 "https://mykeywordtracker.com/" "Mozilla/5.0 (Windows NT 10.0; Win64; x64) AppleWebKit/537.36 (KHTML, like Gecko) Chrome/131.0.0.0 Safari/537.36"
125.62.125.213 - - [17/Jan/2025:18:34:26 +0000] "POST /api/clients/1737138554016/check-keywords HTTP/1.1" 502 24 "https://mykeywordtracker.com/" "Mozilla/5.0 (Windows NT 10.0; Win64; x64) AppleWebKit/537.36 (KHTML, like Gecko) Chrome/131.0.0.0 Safari/537.36"
125.62.125.213 - - [17/Jan/2025:18:34:26 +0000] "POST /api/clients/1737138554016/check-keywords HTTP/1.1" 502 992 "https://mykeywordtracker.com/" "Mozilla/5.0 (Windows NT 10.0; Win64; x64) AppleWebKit/537.36 (KHTML, like Gecko) Chrome/131.0.0.0 Safari/537.36"
125.62.125.213 - - [17/Jan/2025:18:34:27 +0000] "POST /api/clients/1737138554016/check-keywords HTTP/1.1" 502 24 "https://mykeywordtracker.com/" "Mozilla/5.0 (Windows NT 10.0; Win64; x64) AppleWebKit/537.36 (KHTML, like Gecko) Chrome/131.0.0.0 Safari/537.36"
125.62.125.213 - - [17/Jan/2025:18:34:28 +0000] "POST /api/clients/1737138554016/check-keywords HTTP/1.1" 502 992 "https://mykeywordtracker.com/" "Mozilla/5.0 (Windows NT 10.0; Win64; x64) AppleWebKit/537.36 (KHTML, like Gecko) Chrome/131.0.0.0 Safari/537.36"
125.62.125.213 - - [17/Jan/2025:18:34:29 +0000] "POST /api/clients/1737138554016/check-keywords HTTP/1.1" 502 24 "https://mykeywordtracker.com/" "Mozilla/5.0 (Windows NT 10.0; Win64; x64) AppleWebKit/537.36 (KHTML, like Gecko) Chrome/131.0.0.0 Safari/537.36"
125.62.125.213 - - [17/Jan/2025:18:34:29 +0000] "POST /api/clients/1737138554016/check-keywords HTTP/1.1" 502 992 "https://mykeywordtracker.com/" "Mozilla/5.0 (Windows NT 10.0; Win64; x64) AppleWebKit/537.36 (KHTML, like Gecko) Chrome/131.0.0.0 Safari/537.36"
125.62.125.213 - - [17/Jan/2025:18:34:30 +0000] "POST /api/clients/1737138554016/check-keywords HTTP/1.1" 502 24 "https://mykeywordtracker.com/" "Mozilla/5.0 (Windows NT 10.0; Win64; x64) AppleWebKit/537.36 (KHTML, like Gecko) Chrome/131.0.0.0 Safari/537.36"
125.62.125.213 - - [17/Jan/2025:18:34:31 +0000] "POST /api/clients/1737138554016/check-keywords HTTP/1.1" 502 992 "https://mykeywordtracker.com/" "Mozilla/5.0 (Windows NT 10.0; Win64; x64) AppleWebKit/537.36 (KHTML, like Gecko) Chrome/131.0.0.0 Safari/537.36"
125.62.125.213 - - [17/Jan/2025:18:34:32 +0000] "POST /api/clients/1737138554016/check-keywords HTTP/1.1" 502 24 "https://mykeywordtracker.com/" "Mozilla/5.0 (Windows NT 10.0; Win64; x64) AppleWebKit/537.36 (KHTML, like Gecko) Chrome/131.0.0.0 Safari/537.36"
125.62.125.213 - - [17/Jan/2025:18:34:33 +0000] "POST /api/clients/1737138554016/check-keywords HTTP/1.1" 502 992 "https://mykeywordtracker.com/" "Mozilla/5.0 (Windows NT 10.0; Win64; x64) AppleWebKit/537.36 (KHTML, like Gecko) Chrome/131.0.0.0 Safari/537.36"
125.62.125.213 - - [17/Jan/2025:18:34:34 +0000] "POST /api/clients/1737138554016/check-keywords HTTP/1.1" 200 718 "https://mykeywordtracker.com/" "Mozilla/5.0 (Windows NT 10.0; Win64; x64) AppleWebKit/537.36 (KHTML, like Gecko) Chrome/131.0.0.0 Safari/537.36"
13.59.88.50 - - [17/Jan/2025:18:35:19 +0000] "GET /.netlify/verification/Innz60qNfabK67AmsHZX14LxR5xV_I3zGWupBxbDPAh6hQaCJEPl9IXKWGKQzdY21rFW0EGrrClV6_e9L-XmMSZaO-E3vI9PROWboySrK6M8nmGgJQLJV5jKKnekzEnXGikVjBds5dEoSzK365fcMjJk2iVZwtQKGlYDe3MxeVvEPE8Sq6cIDBnEsn94-zfMQsp3wzFagnkw4cf4eGisb8Up9sHO4tRMIGVgL0_Azb_XqfHg7KCNX2C8pW3QhVpO48hXfINS1W2WxzPuU1CkbPHELStF14CIxY8QUwxRYdYBxaip_0cK8FCDsMOFzZeafpM-bWTJmc4ntZkc HTTP/1.1" 404 3044 "-" "node-fetch"
13.59.88.50 - - [17/Jan/2025:18:35:19 +0000] "GET /.netlify/verification/pLjHdWM0oBKyyVJm-twCgSmi8gN1ZUMWZZomJQj9er5O7tVFlyr7D2Ltsu-ev53g7hmunvwmtuUly0xwXLbR30TsYIuuWnpiUZWIZXPAkQP_8MsntecLfyWF64WM1KxBjbjT8PYW_L_itcUoxGQcqVJLqDFiocTmen8fNiyNkZCWd34jOhXMBUg0U0iK5Og-aGIjtvpdkvMgwocwasQ-2-Y2JLnwPMlp-xowlRrZW-Y1sGLziGU_8Lbtl2LhFqaBxyOookxfKE9zUCMuUVjxtWKUcdkv7Hh-aCR9QFgaKO4pv7iY-R7iA8H0o-L3MRWXS9P_gBuW95R4JOnY HTTP/1.1" 404 3050 "-" "node-fetch"
13.59.88.50 - - [17/Jan/2025:18:35:20 +0000] "GET /.netlify/verification/0ANXRUl4opOkhQoDthrYUH9Qi4bAergntHr25qHkNbrPeIoFEZNA1pAmsd5vS1JzjbkFoJCjjDAbGbqFylfAo5uV3mFmXesF2_HFALC8tFWMdHRpv55SozZYoCOBgp5W5KD2igT8kENzmloz3DtdSX3g1ZBC5kcP8rqCnf3QZv3xtbhSxSS2vbOkZauY9Ct76CQ-Bs5IbhGUVmdpPzWMNKnaeaOrg2woQXYQT6obp11xLIFvLvKujJrBzhbd57GrFvzineVkp8pOzL8021kP68n9o8L9fLkKcg-scz4H-69bgF6tFyCayGSPiXq7Gsnsp-8kBy9gm3IcaFwe HTTP/1.1" 404 3048 "-" "node-fetch"
13.59.88.50 - - [17/Jan/2025:18:35:20 +0000] "GET /.netlify/verification/HzJg0-gfYIsMA81z7ISFG67YDPcm6BtoYXXMrc9Q5TNXlNZGCYYD9qyOTyjKD2W2PnsCRffITc0MB7TIoslcvxWkcQf3-OPzzjlRZg29HoK1QVjuQiyzMSTMiSAj1qo72jOWNcVLI4hrgI8RVKBq8ntSTVXBzblHHyYQe4dxIZNispxCYsg37gzKN2gXmt1A_b7DWIhWqcYW_i-WnM55sKuJ-wPIaVLhKCbUcyuDMNUDJSgax6T1SYnqRcOb4BOO3rHkZJo8vOOKamyuugWOZJoCNCpmKunHavN5dGGpawuSwAhXPCE7vyVCNpl0e7wwzOakSZuW_29SkQuD HTTP/1.1" 404 3045 "-" "node-fetch"
18.225.15.98 - - [17/Jan/2025:18:35:20 +0000] "GET /.netlify/verification/w6ON8ltW7LtHxprnBk2L5ZNVdjq--dl6UOFUyInyuQ_EqhP7GGuXhXrUUyPZB0Ch3c06p-L8uY6tqJnl0HDFAmRW6GIJALCaPs3_2Fua_lsRX0B7lMxj9GkP3YRtwim3K-sr54OncPzNtcQ5CAV1jKgbH18PPCPFxP3KXS6Z7KbBKQPQOzrasQaVGnMJEuUbFtEF4q4ppL8d2vBXy1tHCkPnUaffBhza_uxyJWrYQfQxr8Vc7D2BvgFo6Zs9cTgr1gvjds6FN75PMoP3odYYzfyfOZPNIhigOX-K6tPCbND-W2Tx56aS8HxD2QfAn_zR2Mf61q9iioTnX60- HTTP/1.1" 404 3045 "-" "node-fetch"
18.225.15.98 - - [17/Jan/2025:18:35:20 +0000] "GET /.netlify/verification/OzDvV5XhVvDNqgB6bLerX81Whmo-t6NUF4GkRaBFxHMi9jnCjbgoFXdYOvy6BT-W5w0Aqn4D_NFJZwK_qMNlZ90gmjBcAW7kGltEasSEUQ6KGBqcRg9Vx6_Qk5C2a5ByP1yCH-5bo6eAueNR_yxLkJUkKt3jVB-5nCbvI5mkIavfpONe5LjGEeRtMbCCH-gPlknbRt6TwP0QOAP_lLXftUtepK5yfENpWJOkpmZW4UOOd4eZ1FgbP5TBAGJwOQgDAc699EShw7Gj6w4ehYq56IbSthqcGuNtP6Su78p0xskiVg1MGdkX_JwVfUrG1N3-v5NZGgIR0r08xlJo HTTP/1.1" 404 3049 "-" "node-fetch"
13.59.88.50 - - [17/Jan/2025:18:35:21 +0000] "GET /.netlify/verification/91PNa2zFbL_jABGwfKnWygmxbF9_rpxjWcHaoN-zWlaAmIc_fTo_eTFrZSnVVD36KWZ87PpVdldHb_iOEd8j5ZZ0FYio-Mw8J5zG1BlGqadFl8uuEIvRU_vQUSeiFXp18BoJTt25FA49JWCUw0-inVFIWBVfeO3M9ywFZDWr4tQLzOFJlvpQHivu_-cfzIC-Mv6xugsOy0jlBRfmbMwRXs30QIakeDPTGYtkU2auAtCfah8W-vBx6bb3C_48hIvMUYkUuykGHNiHABoMEFRXtzGNw_kCtyvTtySSQD79s2O547h2us6kl1N1ltc1Cn1ImFvLnhkRfbisRj1X HTTP/1.1" 404 3044 "-" "node-fetch"
13.59.88.50 - - [17/Jan/2025:18:35:21 +0000] "GET /.netlify/verification/JsmT3LV8FfBEtNMjymTQMQZUy1bNE61WcC93h9k-wySNNC4FiOAboRPEZjaCqKs8_PC4vhzu4uIa97kOh6B3hXIrp76zwRo34D8ngU3yhb3SmhRHmG-ji_sAnr528NHUsutHjnyIChIVPW_gW7NqBcIh1ANO0dWC1zSr0u_wS6NIHprvGm3XbmrxBRanjw0ViGgy_4KzeyDfNXThU3cJT_eVSfeActXAQQUfA5bw1zr2JOmeoPg1WyfavnAhEyYSwUAawm_1KUPrbIc3O9b16pW-PWrgj8_6vvicDPgfG5wolQS94Gh6meKnSkTqlWYYVqF2ee1jO3jybmq2 HTTP/1.1" 404 3048 "-" "node-fetch"
75.243.75.75 - - [17/Jan/2025:18:35:50 +0000] "GET / HTTP/1.1" 200 981 "-" "Mozilla/5.0 (Macintosh; Intel Mac OS X 10_15_7) AppleWebKit/537.36 (KHTML, like Gecko) Chrome/131.0.0.0 Safari/537.36"
75.243.75.75 - - [17/Jan/2025:18:35:50 +0000] "GET /api/clients HTTP/1.1" 200 1203 "https://mykeywordtracker.com/" "Mozilla/5.0 (Macintosh; Intel Mac OS X 10_15_7) AppleWebKit/537.36 (KHTML, like Gecko) Chrome/131.0.0.0 Safari/537.36"
205.169.39.16 - - [17/Jan/2025:18:36:10 +0000] "GET / HTTP/1.1" 301 589 "-" "Mozilla/5.0 (Windows NT 10.0; Win64; x64) AppleWebKit/537.36 (KHTML, like Gecko) Chrome/117.0.5938.132 Safari/537.36"
205.169.39.16 - - [17/Jan/2025:18:36:11 +0000] "GET / HTTP/1.1" 200 3217 "-" "Mozilla/5.0 (Windows NT 10.0; Win64; x64) AppleWebKit/537.36 (KHTML, like Gecko) Chrome/117.0.5938.132 Safari/537.36"
205.169.39.16 - - [17/Jan/2025:18:36:12 +0000] "GET /assets/index-DajH6hJY.css HTTP/1.1" 200 2334 "https://mykeywordtracker.com/" "Mozilla/5.0 (Windows NT 10.0; Win64; x64) AppleWebKit/537.36 (KHTML, like Gecko) Chrome/117.0.5938.132 Safari/537.36"
205.169.39.16 - - [17/Jan/2025:18:36:12 +0000] "GET /assets/index-UwRc0nDX.js HTTP/1.1" 200 131641 "https://mykeywordtracker.com/" "Mozilla/5.0 (Windows NT 10.0; Win64; x64) AppleWebKit/537.36 (KHTML, like Gecko) Chrome/117.0.5938.132 Safari/537.36"
205.169.39.16 - - [17/Jan/2025:18:36:18 +0000] "GET /api/clients HTTP/1.1" 200 1203 "https://mykeywordtracker.com/" "Mozilla/5.0 (Windows NT 10.0; Win64; x64) AppleWebKit/537.36 (KHTML, like Gecko) Chrome/117.0.5938.132 Safari/537.36"
125.62.125.213 - - [17/Jan/2025:18:36:46 +0000] "POST /api/clients/1737138554016/check-keywords HTTP/1.1" 502 992 "https://mykeywordtracker.com/" "Mozilla/5.0 (Windows NT 10.0; Win64; x64) AppleWebKit/537.36 (KHTML, like Gecko) Chrome/131.0.0.0 Safari/537.36"
