117.99.236.252 - - [17/Jan/2025:17:30:02 +0000] "GET /api/clients HTTP/1.1" 304 597 "-" "Mozilla/5.0 (Windows NT 10.0; Win64; x64) AppleWebKit/537.36 (KHTML, like Gecko) Chrome/131.0.0.0 Safari/537.36"
117.99.236.252 - - [17/Jan/2025:17:30:26 +0000] "GET /api/clients HTTP/1.1" 304 597 "-" "Mozilla/5.0 (Windows NT 10.0; Win64; x64) AppleWebKit/537.36 (KHTML, like Gecko) Chrome/131.0.0.0 Safari/537.36"
117.99.236.252 - - [17/Jan/2025:17:30:29 +0000] "GET /api/clients HTTP/1.1" 304 273 "-" "Mozilla/5.0 (Windows NT 10.0; Win64; x64) AppleWebKit/537.36 (KHTML, like Gecko) Chrome/131.0.0.0 Safari/537.36"
117.99.236.252 - - [17/Jan/2025:17:30:59 +0000] "GET /api/clients HTTP/1.1" 304 597 "-" "Mozilla/5.0 (Windows NT 10.0; Win64; x64) AppleWebKit/537.36 (KHTML, like Gecko) Chrome/131.0.0.0 Safari/537.36"
125.62.125.213 - - [17/Jan/2025:17:35:15 +0000] "GET / HTTP/1.1" 200 3216 "-" "Mozilla/5.0 (Windows NT 10.0; Win64; x64) AppleWebKit/537.36 (KHTML, like Gecko) Chrome/131.0.0.0 Safari/537.36"
125.62.125.213 - - [17/Jan/2025:17:35:15 +0000] "GET /assets/index-DajH6hJY.css HTTP/1.1" 200 4571 "https://mykeywordtracker.com/" "Mozilla/5.0 (Windows NT 10.0; Win64; x64) AppleWebKit/537.36 (KHTML, like Gecko) Chrome/131.0.0.0 Safari/537.36"
125.62.125.213 - - [17/Jan/2025:17:35:15 +0000] "GET /assets/index-UwRc0nDX.js HTTP/1.1" 200 131641 "https://mykeywordtracker.com/" "Mozilla/5.0 (Windows NT 10.0; Win64; x64) AppleWebKit/537.36 (KHTML, like Gecko) Chrome/131.0.0.0 Safari/537.36"
125.62.125.213 - - [17/Jan/2025:17:35:16 +0000] "GET /api/clients HTTP/1.1" 200 1639 "https://mykeywordtracker.com/" "Mozilla/5.0 (Windows NT 10.0; Win64; x64) AppleWebKit/537.36 (KHTML, like Gecko) Chrome/131.0.0.0 Safari/537.36"
125.62.125.213 - - [17/Jan/2025:17:35:16 +0000] "GET /vite.svg HTTP/1.1" 200 1808 "https://mykeywordtracker.com/" "Mozilla/5.0 (Windows NT 10.0; Win64; x64) AppleWebKit/537.36 (KHTML, like Gecko) Chrome/131.0.0.0 Safari/537.36"
125.62.125.213 - - [17/Jan/2025:17:35:16 +0000] "GET /assets/index-UwRc0nDX.js HTTP/1.1" 200 134200 "-" "Mozilla/5.0 (Windows NT 10.0; Win64; x64) AppleWebKit/537.36 (KHTML, like Gecko) Chrome/131.0.0.0 Safari/537.36"
125.62.125.213 - - [17/Jan/2025:17:35:19 +0000] "POST /api/clients/1737125405142/check-keywords HTTP/1.1" 500 345 "https://mykeywordtracker.com/" "Mozilla/5.0 (Windows NT 10.0; Win64; x64) AppleWebKit/537.36 (KHTML, like Gecko) Chrome/131.0.0.0 Safari/537.36"
117.99.236.252 - - [17/Jan/2025:17:35:20 +0000] "GET /api/clients HTTP/1.1" 304 597 "-" "Mozilla/5.0 (Windows NT 10.0; Win64; x64) AppleWebKit/537.36 (KHTML, like Gecko) Chrome/131.0.0.0 Safari/537.36"
125.62.125.213 - - [17/Jan/2025:17:35:21 +0000] "POST /api/clients/1737125435020/check-keywords HTTP/1.1" 200 872 "https://mykeywordtracker.com/" "Mozilla/5.0 (Windows NT 10.0; Win64; x64) AppleWebKit/537.36 (KHTML, like Gecko) Chrome/131.0.0.0 Safari/537.36"
117.99.236.252 - - [17/Jan/2025:17:35:23 +0000] "GET /api/clients HTTP/1.1" 304 273 "-" "Mozilla/5.0 (Windows NT 10.0; Win64; x64) AppleWebKit/537.36 (KHTML, like Gecko) Chrome/131.0.0.0 Safari/537.36"
125.62.125.213 - - [17/Jan/2025:17:35:24 +0000] "POST /api/clients/1737125405142/check-keywords HTTP/1.1" 500 345 "https://mykeywordtracker.com/" "Mozilla/5.0 (Windows NT 10.0; Win64; x64) AppleWebKit/537.36 (KHTML, like Gecko) Chrome/131.0.0.0 Safari/537.36"
117.99.236.252 - - [17/Jan/2025:17:35:25 +0000] "GET /api/clients HTTP/1.1" 304 273 "-" "Mozilla/5.0 (Windows NT 10.0; Win64; x64) AppleWebKit/537.36 (KHTML, like Gecko) Chrome/131.0.0.0 Safari/537.36"
117.99.236.252 - - [17/Jan/2025:17:35:47 +0000] "GET /api/clients HTTP/1.1" 304 597 "-" "Mozilla/5.0 (Windows NT 10.0; Win64; x64) AppleWebKit/537.36 (KHTML, like Gecko) Chrome/131.0.0.0 Safari/537.36"
117.99.236.252 - - [17/Jan/2025:17:35:49 +0000] "GET /api/clients HTTP/1.1" 304 273 "-" "Mozilla/5.0 (Windows NT 10.0; Win64; x64) AppleWebKit/537.36 (KHTML, like Gecko) Chrome/131.0.0.0 Safari/537.36"
117.99.236.252 - - [17/Jan/2025:17:38:19 +0000] "GET /api/clients HTTP/1.1" 200 4198 "-" "Mozilla/5.0 (Windows NT 10.0; Win64; x64) AppleWebKit/537.36 (KHTML, like Gecko) Chrome/131.0.0.0 Safari/537.36"
117.99.236.252 - - [17/Jan/2025:17:38:20 +0000] "GET /favicon.ico HTTP/1.1" 404 521 "https://mykeywordtracker.com/api/clients" "Mozilla/5.0 (Windows NT 10.0; Win64; x64) AppleWebKit/537.36 (KHTML, like Gecko) Chrome/131.0.0.0 Safari/537.36"
125.62.125.213 - - [17/Jan/2025:17:38:28 +0000] "GET / HTTP/1.1" 200 981 "-" "Mozilla/5.0 (Windows NT 10.0; Win64; x64) AppleWebKit/537.36 (KHTML, like Gecko) Chrome/131.0.0.0 Safari/537.36"
125.62.125.213 - - [17/Jan/2025:17:38:28 +0000] "GET /assets/index-DajH6hJY.css HTTP/1.1" 200 2334 "https://mykeywordtracker.com/" "Mozilla/5.0 (Windows NT 10.0; Win64; x64) AppleWebKit/537.36 (KHTML, like Gecko) Chrome/131.0.0.0 Safari/537.36"
125.62.125.213 - - [17/Jan/2025:17:38:28 +0000] "GET /assets/index-UwRc0nDX.js HTTP/1.1" 200 131641 "https://mykeywordtracker.com/" "Mozilla/5.0 (Windows NT 10.0; Win64; x64) AppleWebKit/537.36 (KHTML, like Gecko) Chrome/131.0.0.0 Safari/537.36"
125.62.125.213 - - [17/Jan/2025:17:38:29 +0000] "GET /api/clients HTTP/1.1" 200 1639 "https://mykeywordtracker.com/" "Mozilla/5.0 (Windows NT 10.0; Win64; x64) AppleWebKit/537.36 (KHTML, like Gecko) Chrome/131.0.0.0 Safari/537.36"
125.62.125.213 - - [17/Jan/2025:17:38:29 +0000] "GET /vite.svg HTTP/1.1" 200 1808 "https://mykeywordtracker.com/" "Mozilla/5.0 (Windows NT 10.0; Win64; x64) AppleWebKit/537.36 (KHTML, like Gecko) Chrome/131.0.0.0 Safari/537.36"
125.62.125.213 - - [17/Jan/2025:17:38:31 +0000] "POST /api/clients/1737125435020/check-keywords HTTP/1.1" 200 548 "https://mykeywordtracker.com/" "Mozilla/5.0 (Windows NT 10.0; Win64; x64) AppleWebKit/537.36 (KHTML, like Gecko) Chrome/131.0.0.0 Safari/537.36"
125.62.125.213 - - [17/Jan/2025:17:38:34 +0000] "POST /api/clients/1737125405142/check-keywords HTTP/1.1" 500 345 "https://mykeywordtracker.com/" "Mozilla/5.0 (Windows NT 10.0; Win64; x64) AppleWebKit/537.36 (KHTML, like Gecko) Chrome/131.0.0.0 Safari/537.36"
125.62.125.213 - - [17/Jan/2025:17:38:46 +0000] "PUT /api/clients/1737125405142 HTTP/1.1" 200 3327 "https://mykeywordtracker.com/edit-client/1737125405142" "Mozilla/5.0 (Windows NT 10.0; Win64; x64) AppleWebKit/537.36 (KHTML, like Gecko) Chrome/131.0.0.0 Safari/537.36"
125.62.125.213 - - [17/Jan/2025:17:38:50 +0000] "POST /api/clients/1737125405142/check-keywords HTTP/1.1" 500 345 "https://mykeywordtracker.com/" "Mozilla/5.0 (Windows NT 10.0; Win64; x64) AppleWebKit/537.36 (KHTML, like Gecko) Chrome/131.0.0.0 Safari/537.36"
17.241.75.90 - - [17/Jan/2025:17:41:17 +0000] "GET /robots.txt HTTP/1.1" 301 565 "-" "Mozilla/5.0 (Macintosh; Intel Mac OS X 10_15_7) AppleWebKit/605.1.15 (KHTML, like Gecko) Version/17.4 Safari/605.1.15 (Applebot/0.1; +http://www.apple.com/go/applebot)"
17.241.219.207 - - [17/Jan/2025:17:41:18 +0000] "GET /robots.txt HTTP/1.1" 404 3031 "-" "Mozilla/5.0 (Macintosh; Intel Mac OS X 10_15_7) AppleWebKit/605.1.15 (KHTML, like Gecko) Version/17.4 Safari/605.1.15 (Applebot/0.1; +http://www.apple.com/go/applebot)"
17.241.75.90 - - [17/Jan/2025:17:41:19 +0000] "GET / HTTP/1.1" 301 545 "-" "Mozilla/5.0 (Macintosh; Intel Mac OS X 10_15_7) AppleWebKit/605.1.15 (KHTML, like Gecko) Version/17.4 Safari/605.1.15 (Applebot/0.1; +http://www.apple.com/go/applebot)"
17.241.219.207 - - [17/Jan/2025:17:41:19 +0000] "GET / HTTP/1.1" 200 602 "-" "Mozilla/5.0 (Macintosh; Intel Mac OS X 10_15_7) AppleWebKit/605.1.15 (KHTML, like Gecko) Version/17.4 Safari/605.1.15 (Applebot/0.1; +http://www.apple.com/go/applebot)"
117.99.236.252 - - [17/Jan/2025:17:42:13 +0000] "GET /api/clients HTTP/1.1" 200 4197 "-" "Mozilla/5.0 (Windows NT 10.0; Win64; x64) AppleWebKit/537.36 (KHTML, like Gecko) Chrome/131.0.0.0 Safari/537.36"
17.22.245.102 - - [17/Jan/2025:17:42:30 +0000] "GET /assets/index-DajH6hJY.css HTTP/1.1" 200 4570 "https://www.mykeywordtracker.com/" "Mozilla/5.0 (Macintosh; Intel Mac OS X 10_15_7) AppleWebKit/605.1.15 (KHTML, like Gecko) Version/17.4 Safari/605.1.15 (Applebot/0.1; +http://www.apple.com/go/applebot)"
17.22.237.37 - - [17/Jan/2025:17:42:31 +0000] "GET /assets/index-UwRc0nDX.js HTTP/1.1" 200 134203 "https://www.mykeywordtracker.com/" "Mozilla/5.0 (Macintosh; Intel Mac OS X 10_15_7) AppleWebKit/605.1.15 (KHTML, like Gecko) Version/17.4 Safari/605.1.15 (Applebot/0.1; +http://www.apple.com/go/applebot)"
17.22.237.21 - - [17/Jan/2025:17:42:32 +0000] "GET /api/clients HTTP/1.1" 200 4198 "https://www.mykeywordtracker.com/" "Mozilla/5.0 (Macintosh; Intel Mac OS X 10_15_7) AppleWebKit/605.1.15 (KHTML, like Gecko) Version/17.4 Safari/605.1.15 (Applebot/0.1; +http://www.apple.com/go/applebot)"
117.99.236.252 - - [17/Jan/2025:17:42:48 +0000] "GET /api/clients HTTP/1.1" 304 597 "-" "Mozilla/5.0 (Windows NT 10.0; Win64; x64) AppleWebKit/537.36 (KHTML, like Gecko) Chrome/131.0.0.0 Safari/537.36"
125.62.125.213 - - [17/Jan/2025:17:43:54 +0000] "GET / HTTP/1.1" 200 3216 "-" "Mozilla/5.0 (Windows NT 10.0; Win64; x64) AppleWebKit/537.36 (KHTML, like Gecko) Chrome/131.0.0.0 Safari/537.36"
125.62.125.213 - - [17/Jan/2025:17:43:55 +0000] "GET /assets/index-DajH6hJY.css HTTP/1.1" 200 4569 "https://mykeywordtracker.com/" "Mozilla/5.0 (Windows NT 10.0; Win64; x64) AppleWebKit/537.36 (KHTML, like Gecko) Chrome/131.0.0.0 Safari/537.36"
125.62.125.213 - - [17/Jan/2025:17:43:55 +0000] "GET /assets/index-UwRc0nDX.js HTTP/1.1" 200 131641 "https://mykeywordtracker.com/" "Mozilla/5.0 (Windows NT 10.0; Win64; x64) AppleWebKit/537.36 (KHTML, like Gecko) Chrome/131.0.0.0 Safari/537.36"
125.62.125.213 - - [17/Jan/2025:17:43:55 +0000] "GET /api/clients HTTP/1.1" 200 1637 "https://mykeywordtracker.com/" "Mozilla/5.0 (Windows NT 10.0; Win64; x64) AppleWebKit/537.36 (KHTML, like Gecko) Chrome/131.0.0.0 Safari/537.36"
125.62.125.213 - - [17/Jan/2025:17:43:55 +0000] "GET /vite.svg HTTP/1.1" 200 1808 "https://mykeywordtracker.com/" "Mozilla/5.0 (Windows NT 10.0; Win64; x64) AppleWebKit/537.36 (KHTML, like Gecko) Chrome/131.0.0.0 Safari/537.36"
125.62.125.213 - - [17/Jan/2025:17:43:57 +0000] "POST /api/clients/1737125405142/check-keywords HTTP/1.1" 500 345 "https://mykeywordtracker.com/" "Mozilla/5.0 (Windows NT 10.0; Win64; x64) AppleWebKit/537.36 (KHTML, like Gecko) Chrome/131.0.0.0 Safari/537.36"
35.212.50.173 - - [17/Jan/2025:17:44:07 +0000] "GET /.well-known/sg-hosted-ping HTTP/1.1" 404 3044 "-" "Avalon API Client"
35.212.50.173 - - [17/Jan/2025:17:44:07 +0000] "GET /.well-known/sg-hosted-ping HTTP/1.1" 404 3049 "-" "Avalon API Client"
117.99.236.252 - - [17/Jan/2025:17:44:17 +0000] "GET /api/clients HTTP/1.1" 503 921 "-" "Mozilla/5.0 (Windows NT 10.0; Win64; x64) AppleWebKit/537.36 (KHTML, like Gecko) Chrome/131.0.0.0 Safari/537.36"
95.177.180.82 - - [17/Jan/2025:17:45:42 +0000] "GET / HTTP/1.1" 200 3216 "-" "Mozilla/5.0 (iPhone; CPU iPhone OS 10_3_1 like Mac OS X) AppleWebKit/603.1.30 (KHTML, like Gecko) Version/10.0 Mobile/14E304 Safari/602.1"
95.177.180.82 - - [17/Jan/2025:17:45:42 +0000] "GET /assets/index-UwRc0nDX.js HTTP/1.1" 200 131641 "https://mykeywordtracker.com/" "Mozilla/5.0 (iPhone; CPU iPhone OS 10_3_1 like Mac OS X) AppleWebKit/603.1.30 (KHTML, like Gecko) Version/10.0 Mobile/14E304 Safari/602.1"
95.177.180.82 - - [17/Jan/2025:17:45:42 +0000] "GET /assets/index-DajH6hJY.css HTTP/1.1" 200 2334 "https://mykeywordtracker.com/" "Mozilla/5.0 (iPhone; CPU iPhone OS 10_3_1 like Mac OS X) AppleWebKit/603.1.30 (KHTML, like Gecko) Version/10.0 Mobile/14E304 Safari/602.1"
95.177.180.82 - - [17/Jan/2025:17:45:43 +0000] "GET /api/clients HTTP/1.1" 503 598 "https://mykeywordtracker.com/" "Mozilla/5.0 (iPhone; CPU iPhone OS 10_3_1 like Mac OS X) AppleWebKit/603.1.30 (KHTML, like Gecko) Version/10.0 Mobile/14E304 Safari/602.1"
117.99.236.252 - - [17/Jan/2025:17:47:13 +0000] "GET /api/clients HTTP/1.1" 200 1961 "-" "Mozilla/5.0 (Windows NT 10.0; Win64; x64) AppleWebKit/537.36 (KHTML, like Gecko) Chrome/131.0.0.0 Safari/537.36"
117.99.236.252 - - [17/Jan/2025:17:47:41 +0000] "GET /api/clients HTTP/1.1" 304 597 "-" "Mozilla/5.0 (Windows NT 10.0; Win64; x64) AppleWebKit/537.36 (KHTML, like Gecko) Chrome/131.0.0.0 Safari/537.36"
117.99.236.252 - - [17/Jan/2025:17:47:45 +0000] "GET /api/clients HTTP/1.1" 304 273 "-" "Mozilla/5.0 (Windows NT 10.0; Win64; x64) AppleWebKit/537.36 (KHTML, like Gecko) Chrome/131.0.0.0 Safari/537.36"
117.99.236.252 - - [17/Jan/2025:17:47:59 +0000] "GET /api/clients HTTP/1.1" 200 657 "-" "Mozilla/5.0 (Windows NT 10.0; Win64; x64) AppleWebKit/537.36 (KHTML, like Gecko) Chrome/131.0.0.0 Safari/537.36"
117.99.236.252 - - [17/Jan/2025:17:48:23 +0000] "GET /api/clients HTTP/1.1" 200 656 "-" "Mozilla/5.0 (Windows NT 10.0; Win64; x64) AppleWebKit/537.36 (KHTML, like Gecko) Chrome/131.0.0.0 Safari/537.36"
117.99.236.252 - - [17/Jan/2025:17:49:18 +0000] "GET /api/clients HTTP/1.1" 200 1961 "-" "Mozilla/5.0 (Windows NT 10.0; Win64; x64) AppleWebKit/537.36 (KHTML, like Gecko) Chrome/131.0.0.0 Safari/537.36"
75.243.75.75 - - [17/Jan/2025:17:50:24 +0000] "GET / HTTP/1.1" 200 3217 "-" "Mozilla/5.0 (Macintosh; Intel Mac OS X 10_15_7) AppleWebKit/537.36 (KHTML, like Gecko) Chrome/131.0.0.0 Safari/537.36"
75.243.75.75 - - [17/Jan/2025:17:50:25 +0000] "GET /assets/index-DajH6hJY.css HTTP/1.1" 200 2010 "https://mykeywordtracker.com/" "Mozilla/5.0 (Macintosh; Intel Mac OS X 10_15_7) AppleWebKit/537.36 (KHTML, like Gecko) Chrome/131.0.0.0 Safari/537.36"
75.243.75.75 - - [17/Jan/2025:17:50:25 +0000] "GET /assets/index-UwRc0nDX.js HTTP/1.1" 200 134200 "https://mykeywordtracker.com/" "Mozilla/5.0 (Macintosh; Intel Mac OS X 10_15_7) AppleWebKit/537.36 (KHTML, like Gecko) Chrome/131.0.0.0 Safari/537.36"
75.243.75.75 - - [17/Jan/2025:17:50:26 +0000] "GET /api/clients HTTP/1.1" 200 1637 "https://mykeywordtracker.com/" "Mozilla/5.0 (Macintosh; Intel Mac OS X 10_15_7) AppleWebKit/537.36 (KHTML, like Gecko) Chrome/131.0.0.0 Safari/537.36"
64.227.21.251 - - [17/Jan/2025:17:50:28 +0000] "POST /api/clients/1737125405142/check-keywords HTTP/1.1" 500 3335 "-" "Mozilla/5.0 (Windows NT 10.0; Win64; x64) AppleWebKit/537.36 (KHTML, like Gecko) Chrome/131.0.0.0 Safari/537.36"
64.227.21.251 - - [17/Jan/2025:17:52:48 +0000] "POST /api/clients/1737125405142/check-keywords HTTP/1.1" 500 3126 "-" "Mozilla/5.0 (Windows NT 10.0; Win64; x64) AppleWebKit/537.36 (KHTML, like Gecko) Chrome/131.0.0.0 Safari/537.36"
117.99.236.252 - - [17/Jan/2025:17:55:21 +0000] "POST /api/clients/1737125405142/check-keywords HTTP/1.1" 503 3158 "https://mykeywordtracker.com/" "Mozilla/5.0 (Windows NT 10.0; Win64; x64) AppleWebKit/537.36 (KHTML, like Gecko) Chrome/131.0.0.0 Safari/537.36"
117.99.236.252 - - [17/Jan/2025:17:55:37 +0000] "GET / HTTP/1.1" 200 981 "-" "Mozilla/5.0 (Windows NT 10.0; Win64; x64) AppleWebKit/537.36 (KHTML, like Gecko) Chrome/131.0.0.0 Safari/537.36"
117.99.236.252 - - [17/Jan/2025:17:55:38 +0000] "GET /assets/index-DajH6hJY.css HTTP/1.1" 200 2334 "https://mykeywordtracker.com/" "Mozilla/5.0 (Windows NT 10.0; Win64; x64) AppleWebKit/537.36 (KHTML, like Gecko) Chrome/131.0.0.0 Safari/537.36"
117.99.236.252 - - [17/Jan/2025:17:55:38 +0000] "GET /assets/index-UwRc0nDX.js HTTP/1.1" 200 131641 "https://mykeywordtracker.com/" "Mozilla/5.0 (Windows NT 10.0; Win64; x64) AppleWebKit/537.36 (KHTML, like Gecko) Chrome/131.0.0.0 Safari/537.36"
117.99.236.252 - - [17/Jan/2025:17:55:39 +0000] "GET /api/clients HTTP/1.1" 503 598 "https://mykeywordtracker.com/" "Mozilla/5.0 (Windows NT 10.0; Win64; x64) AppleWebKit/537.36 (KHTML, like Gecko) Chrome/131.0.0.0 Safari/537.36"
117.99.236.252 - - [17/Jan/2025:17:55:39 +0000] "GET /vite.svg HTTP/1.1" 200 1808 "https://mykeywordtracker.com/" "Mozilla/5.0 (Windows NT 10.0; Win64; x64) AppleWebKit/537.36 (KHTML, like Gecko) Chrome/131.0.0.0 Safari/537.36"
117.99.236.252 - - [17/Jan/2025:17:56:26 +0000] "GET / HTTP/1.1" 200 981 "-" "Mozilla/5.0 (Windows NT 10.0; Win64; x64) AppleWebKit/537.36 (KHTML, like Gecko) Chrome/131.0.0.0 Safari/537.36"
117.99.236.252 - - [17/Jan/2025:17:56:26 +0000] "GET /api/clients HTTP/1.1" 200 1637 "https://mykeywordtracker.com/" "Mozilla/5.0 (Windows NT 10.0; Win64; x64) AppleWebKit/537.36 (KHTML, like Gecko) Chrome/131.0.0.0 Safari/537.36"
3.18.3.140 - - [17/Jan/2025:17:56:29 +0000] "GET /.netlify/verification/lmbrxRWdunJEqhwKBWxE6Fn_s236Yer1XLc6-02YDv4wL2EMDR-CM-_hCAEwc711j31xAqMYEcJUud3JCnb2IPFY9j6Mod7o8OI6FtFKT7G3kypchCZO1tIrnNfdMTYKuPWpgC6N7QwrHTLBTf3oMhXttWFpvTnIXINdOVZy-SktcjCtVI7C8SkX12gzG80q3FDbVXsTZlLTaaMvvnMlEx22RnIP2nx8BVQwKlQS0cOMcsNgRUyGMsPyYy5HW0MUaSaDpm5uGkq0s1qoiYm7hlMRq_H_EDMDiFCkb0fb8Jw-L3_zufH6o7vTHeXcAp3b9NPT1FjwJqHjBbIe HTTP/1.1" 404 3045 "-" "node-fetch"
3.18.3.140 - - [17/Jan/2025:17:56:29 +0000] "GET /.netlify/verification/mrUUVMABmNwY8BJFN6WiWfk0_F4VjNWIxG56fK4_Xp1r_8Utt6I0tsjFHAIpyAzSz6JKtxaEsdddxHsl3o9r4jn3oEnrKgNYRS67df2RWGTAaMw1b2FSqhF7Z075VNUn45nEWQ8-jnXYRVRLAyKM_v0PQpz2IcM-9NriIUNaalzzqUmB0AMwPhJGQPoBSL_GE_hcQhCxQFU0ovsLxNJnOCTdGsOvKYtxiT_sdj2Ocd3udNammOvutJjC4ItjVjyqPy9Xe0bUeQow9HRSkDawI4TGCEiIrNX9jPC0Lg93YytLLSeiVLPLo66sOYzKaow4pJyUdKOfiKaNrT9V HTTP/1.1" 404 3049 "-" "node-fetch"
3.18.3.140 - - [17/Jan/2025:17:56:29 +0000] "GET /.netlify/verification/7doYgq1dXAC0RPMxeuSxO591AIwEgGZEnqCv_Eh5kXlFdD3KFviEmNCDdgjjO_SYCJk32msXXJU7K3cGlnLmB4O3grdioYv27JHFGRQIS1AaGsS5G0I0bfLZ0cQyFmqTq__6gsT_54I-Evzu8eew6xh3pVjiWVSsYzp0r8bQJx4F6WFI_GoRnTMTehqi3f7hNrxHsc_QeWGqGmRQaz705szklf6Z4HqpiBhY_DX0iFeX7ykj4DFP8uqRXWJQICBmx026FjdEaqOtz8AhfH6o4sIEEDixG4MAWlC_d9fHXmc9PqYF42Fzf5aPcGbvkZ1i2u9ki8EVoc7fCe6I HTTP/1.1" 404 3045 "-" "node-fetch"
3.18.3.140 - - [17/Jan/2025:17:56:29 +0000] "GET /.netlify/verification/Rc12vxs7ZbwHJBB2JNIGt2vBnhzee42pcWEY3whZ4utEYPfxVtSrbuMIR-nc4Z2h5kiIbhj2th3aVVlZu-FzYiFpIHR74OLJfZEDHhWU6ahRhScyCtKhV-l8bFaD5gU3-TBIT6GXrLJD9cXdVJRFEz6XijlACSCgD3gyDFCUZnNStkH2nH-d21DHfFkRgM9vt_TI9hOkItJV1utQj_fPPzY9O8llAEa8fF5OJmaqRvb4KNloO3TDfDHf1Kx1d_eMJQymG1fSl3lJOIU-SY0DCr8pJLFBclCnI3DynpfxuP01UfcrXA4ijizcXo-gZug9b0p6QNL__iunrSkA HTTP/1.1" 404 3049 "-" "node-fetch"
3.18.3.140 - - [17/Jan/2025:17:56:30 +0000] "GET /.netlify/verification/BxnsEExrFxtL9oRrP5To-YCiUXxqCdyvoCvqbadhXDknJ6xPJ4KtcP1p1CcfoghCbVTtEZu3Dxk4qi770R7CvdcWfjGgnHGFkgit-XenMV9KpuBnwHwh6rzK34-kKaPQhpxxK5WTgJaeU_W6me7l1RbEzQo06S--FHQgBovCB6XVyn79t3_RfRzNqBBqocfR9YmfvMW9l-8ONmp7sE4ycvMNFnmGMFcNJHjSbUPRXcT5T3w63KI8PQVoyylp241g-qEcCnouI2UXDpU6ntWrBybQua_3zqysnNi--O3JuOQfLGAppPd7Jy_N3hRpwL9CkBzegvmN6PyZ0782 HTTP/1.1" 404 3046 "-" "node-fetch"
3.18.3.140 - - [17/Jan/2025:17:56:30 +0000] "GET /.netlify/verification/avTL68VimBKjc82e9ZfAl_-lslSBuEPqs3-CuPDJx_9OQGcS_NGQ-aVK1mdpQXdmnH7Om-Q5BChbKRNsucs8SSi4kBT-MnKqf1wFmVFsqKqP_2jlBtIyoiPnrp4lOYwdgzvZ1B2r2f3wZa0rdVUMjs-VWKW4BHJGDzbKK6-KCpanlc0cPwAUyUarn4vzA5BEwYlIFl2Z6HXiB0OFyqD5dIRcEMvVOIBNDhTdkrlAzqdXMGhA1K5mZElHlJG1P2NYQiq6fbnKNP1auO4VMkes927cWNBHSWJCX3sO_VcBzJe3SDvSV_ZbUx2rgCScV8IuSZWAlmm5kzm3wzDc HTTP/1.1" 404 3049 "-" "node-fetch"
13.59.88.50 - - [17/Jan/2025:17:56:30 +0000] "GET /.netlify/verification/Ffa7BdSZjcDRiLSdwzcAsPhtN99KaOuNljQV23WqN_nouZ0zcUoW_gPHyo_pU2MbOH7OtXS5BPweb9UEn7Ocff9FgkEmncsQfJaFJfo9XAht8cvyFfoG4ufKsmw-K0IR5b6vKG5YE9GTAW_1z4hrNvViuY8Y1T5rbWBqkwkT12VDXITCFep7eXFaLYAKYaOGg8Kj9EPZmzPAvDdgOHXQ2TLXHJdVN400669hyqIygyGOyW79F3n4Q4H3jOIKPIXAw8yrBFRbRoqo_gLfitOshrXz8f1LvJv-7nBb7UUeLfi-ERRNkQBk0A5T-GUGwbZ0VE55IoxASh-efq_c HTTP/1.1" 404 3044 "-" "node-fetch"
13.59.88.50 - - [17/Jan/2025:17:56:30 +0000] "GET /.netlify/verification/FN5SzUALzYCBU7I7zWKoG9h90a8YLmQaJDbUdty5OEip_AcmIl9HZSfais8vgutCwW3QZL-WfkmRxbP267pSTEFmZlHdWn0fxVUIQO7uTBcGPp0wAN70oag7KcM79LYaZiFOPgG0-zWNtucW59TijOS8oylBfnSxloB6Am-vqt3LE0Lg4oIIXeJWcXyMhkoBksY2qqcM5EQxaAQOOgy9kPSw6H6PKm5aC81NpB1tH1W-SGPqkeJIDPi9HI-geHSlEg3wpbXQINp5ppy9jHB0gDbNxQFS4pVVmblHuipMdiaMisLtaEkkESDJQZ1RgqZk4eCxPy8V7Ewpf37Q HTTP/1.1" 404 3048 "-" "node-fetch"
117.99.236.252 - - [17/Jan/2025:17:56:35 +0000] "POST /api/clients/1737125405142/check-keywords HTTP/1.1" 500 874 "https://mykeywordtracker.com/" "Mozilla/5.0 (Windows NT 10.0; Win64; x64) AppleWebKit/537.36 (KHTML, like Gecko) Chrome/131.0.0.0 Safari/537.36"
117.99.236.252 - - [17/Jan/2025:17:56:52 +0000] "POST /api/clients/1737125465711/check-keywords HTTP/1.1" 503 921 "https://mykeywordtracker.com/" "Mozilla/5.0 (Windows NT 10.0; Win64; x64) AppleWebKit/537.36 (KHTML, like Gecko) Chrome/131.0.0.0 Safari/537.36"
117.99.236.252 - - [17/Jan/2025:17:57:28 +0000] "GET / HTTP/1.1" 200 981 "-" "Mozilla/5.0 (Windows NT 10.0; Win64; x64) AppleWebKit/537.36 (KHTML, like Gecko) Chrome/131.0.0.0 Safari/537.36"
18.246.69.217 - - [17/Jan/2025:17:57:28 +0000] "GET / HTTP/1.1" 301 589 "-" "Mozilla/5.0 (Windows NT 10.0; Win64; x64)AppleWebKit/537.36 (KHTML, like Gecko) Chrome/66.0.3359.181 Safari/537.36"
117.99.236.252 - - [17/Jan/2025:17:57:28 +0000] "GET /api/clients HTTP/1.1" 304 273 "https://mykeywordtracker.com/" "Mozilla/5.0 (Windows NT 10.0; Win64; x64) AppleWebKit/537.36 (KHTML, like Gecko) Chrome/131.0.0.0 Safari/537.36"
18.246.69.217 - - [17/Jan/2025:17:57:29 +0000] "GET / HTTP/1.1" 200 3234 "-" "Mozilla/5.0 (Windows NT 10.0; Win64; x64)AppleWebKit/537.36 (KHTML, like Gecko) Chrome/66.0.3359.181 Safari/537.36"
209.38.111.34 - - [17/Jan/2025:17:57:30 +0000] "GET / HTTP/1.1" 301 545 "-" "Mozilla/5.0 (compatible)"
209.38.111.34 - - [17/Jan/2025:17:57:30 +0000] "GET / HTTP/1.1" 200 3163 "-" "Mozilla/5.0 (compatible)"
209.38.111.34 - - [17/Jan/2025:17:57:31 +0000] "GET /vite.svg HTTP/1.1" 200 4313 "https://www.mykeywordtracker.com/" "Mozilla/5.0 (compatible)"
117.99.236.252 - - [17/Jan/2025:17:57:37 +0000] "POST /api/clients/1737125405142/check-keywords HTTP/1.1" 500 677 "https://mykeywordtracker.com/" "Mozilla/5.0 (Windows NT 10.0; Win64; x64) AppleWebKit/537.36 (KHTML, like Gecko) Chrome/131.0.0.0 Safari/537.36"
117.99.236.252 - - [17/Jan/2025:17:57:48 +0000] "POST /api/clients/1737125465711/check-keywords HTTP/1.1" 502 992 "https://mykeywordtracker.com/" "Mozilla/5.0 (Windows NT 10.0; Win64; x64) AppleWebKit/537.36 (KHTML, like Gecko) Chrome/131.0.0.0 Safari/537.36"
117.99.236.252 - - [17/Jan/2025:17:58:13 +0000] "POST /api/clients/1737125488669/check-keywords HTTP/1.1" 502 992 "https://mykeywordtracker.com/" "Mozilla/5.0 (Windows NT 10.0; Win64; x64) AppleWebKit/537.36 (KHTML, like Gecko) Chrome/131.0.0.0 Safari/537.36"
117.99.236.252 - - [17/Jan/2025:17:59:30 +0000] "GET / HTTP/1.1" 200 981 "-" "Mozilla/5.0 (Windows NT 10.0; Win64; x64) AppleWebKit/537.36 (KHTML, like Gecko) Chrome/131.0.0.0 Safari/537.36"
117.99.236.252 - - [17/Jan/2025:17:59:31 +0000] "GET /assets/index-DajH6hJY.css HTTP/1.1" 200 2334 "https://mykeywordtracker.com/" "Mozilla/5.0 (Windows NT 10.0; Win64; x64) AppleWebKit/537.36 (KHTML, like Gecko) Chrome/131.0.0.0 Safari/537.36"
117.99.236.252 - - [17/Jan/2025:17:59:31 +0000] "GET /assets/index-UwRc0nDX.js HTTP/1.1" 200 131641 "https://mykeywordtracker.com/" "Mozilla/5.0 (Windows NT 10.0; Win64; x64) AppleWebKit/537.36 (KHTML, like Gecko) Chrome/131.0.0.0 Safari/537.36"
117.99.236.252 - - [17/Jan/2025:17:59:32 +0000] "GET /vite.svg HTTP/1.1" 304 270 "https://mykeywordtracker.com/" "Mozilla/5.0 (Windows NT 10.0; Win64; x64) AppleWebKit/537.36 (KHTML, like Gecko) Chrome/131.0.0.0 Safari/537.36"
117.99.236.252 - - [17/Jan/2025:17:59:32 +0000] "GET /api/clients HTTP/1.1" 304 273 "https://mykeywordtracker.com/" "Mozilla/5.0 (Windows NT 10.0; Win64; x64) AppleWebKit/537.36 (KHTML, like Gecko) Chrome/131.0.0.0 Safari/537.36"
18.190.67.238 - - [17/Jan/2025:17:59:36 +0000] "GET /.netlify/verification/RmLwiJJ95T90k5VnL5e7BEyhltyLP_xrqi32ZMvHAF-D9sjt54_27-pO561sbSzrs5IsU9PTamq6pKW1TgGEnROVnYuWNNgIWAlWiCgI2KWf95I-8fb8ztJHQP_PsXX2vTkC6Np7QRbuyTzr_-XIP1PIiZk0enKXvWnn5yn1nMYR9w6WrbeOKVcfT4hT8YQoFIiaAGLVM8wnfSHh6iev29lKqyDkf_qyfvThGBU5wmbWgmHmeYF-awu1zyxHSuBc8axnfDyrHwJ27iOU1-d7N7KupDFst_ej2RvJvYUCndntUp1nFVy3Yje6i2ljrf2MEf_mq5Jxc9B9cRApNN4PFA== HTTP/1.1" 404 2994 "-" "excon/0.112.0"
18.190.67.238 - - [17/Jan/2025:17:59:36 +0000] "GET /.netlify/verification/RmLwiJJ95T90k5VnL5e7BEyhltyLP_xrqi32ZMvHAF-D9sjt54_27-pO561sbSzrs5IsU9PTamq6pKW1TgGEnROVnYuWNNgIWAlWiCgI2KWf95I-8fb8ztJHQP_PsXX2vTkC6Np7QRbuyTzr_-XIP1PIiZk0enKXvWnn5yn1nMYR9w6WrbeOKVcfT4hT8YQoFIiaAGLVM8wnfSHh6iev29lKqyDkf_qyfvThGBU5wmbWgmHmeYF-awu1zyxHSuBc8axnfDyrHwJ27iOU1-d7N7KupDFst_ej2RvJvYUCndntUp1nFVy3Yje6i2ljrf2MEf_mq5Jxc9B9cRApNN4PFA== HTTP/1.1" 404 2993 "-" "excon/0.112.0"
18.190.67.238 - - [17/Jan/2025:17:59:36 +0000] "GET /.netlify/verification/5K_XwC_XMc4Dk4ohtAiKLPhIKnSp-eZsxM8F_HHa7CpN_2DZ7_6UNymTWjyH7B0qWnZT57JKNI84nbHuj_mNYxQd1ZRKhw7OEwCMsX1Bv0gRJaD4VK11soVHbCPB4oTa84IccJPig27Fk_U7i6098qm3BsdIpRTXz4OZ-u5tqT39elDXttGfVFdeQt50fbI0ByJN6XY3C3RGuIHkMBGIeFBT9f7YXn0oss7vO1gKXbqOVEur_x1BDk9xTXe2q-Z3HIWvgDXwNB8owmnWr-ozvsExOAc2GJ95SeSuUMA45WG9Vv9ULsLonHEdl60Zrkcn6-JqCrARwkIzKPxbBXxCVw== HTTP/1.1" 404 2997 "-" "excon/0.112.0"
18.190.67.238 - - [17/Jan/2025:17:59:37 +0000] "GET /.netlify/verification/5K_XwC_XMc4Dk4ohtAiKLPhIKnSp-eZsxM8F_HHa7CpN_2DZ7_6UNymTWjyH7B0qWnZT57JKNI84nbHuj_mNYxQd1ZRKhw7OEwCMsX1Bv0gRJaD4VK11soVHbCPB4oTa84IccJPig27Fk_U7i6098qm3BsdIpRTXz4OZ-u5tqT39elDXttGfVFdeQt50fbI0ByJN6XY3C3RGuIHkMBGIeFBT9f7YXn0oss7vO1gKXbqOVEur_x1BDk9xTXe2q-Z3HIWvgDXwNB8owmnWr-ozvsExOAc2GJ95SeSuUMA45WG9Vv9ULsLonHEdl60Zrkcn6-JqCrARwkIzKPxbBXxCVw== HTTP/1.1" 404 2998 "-" "excon/0.112.0"
117.99.236.252 - - [17/Jan/2025:17:59:40 +0000] "POST /api/clients/1737125405142/check-keywords HTTP/1.1" 500 668 "https://mykeywordtracker.com/" "Mozilla/5.0 (Windows NT 10.0; Win64; x64) AppleWebKit/537.36 (KHTML, like Gecko) Chrome/131.0.0.0 Safari/537.36"
117.99.236.252 - - [17/Jan/2025:17:59:51 +0000] "POST /api/clients/1737125435020/check-keywords HTTP/1.1" 502 992 "https://mykeywordtracker.com/" "Mozilla/5.0 (Windows NT 10.0; Win64; x64) AppleWebKit/537.36 (KHTML, like Gecko) Chrome/131.0.0.0 Safari/537.36"
117.99.236.252 - - [17/Jan/2025:17:59:57 +0000] "POST /api/clients/1737125405142/check-keywords HTTP/1.1" 500 668 "https://mykeywordtracker.com/" "Mozilla/5.0 (Windows NT 10.0; Win64; x64) AppleWebKit/537.36 (KHTML, like Gecko) Chrome/131.0.0.0 Safari/537.36"
172.68.10.188 - - [17/Jan/2025:18:02:06 +0000] "GET /wp-admin/setup-config.php HTTP/1.1" 301 639 "-" "Mozilla/5.0 (Windows NT 10.0; Win64; x64) AppleWebKit/537.36 (KHTML, like Gecko) Chrome/131.0.0.0 Safari/537.36"
172.68.10.199 - - [17/Jan/2025:18:02:06 +0000] "GET /wp-admin/setup-config.php HTTP/1.1" 404 3080 "-" "Mozilla/5.0 (Windows NT 10.0; Win64; x64) AppleWebKit/537.36 (KHTML, like Gecko) Chrome/131.0.0.0 Safari/537.36"
64.227.21.251 - - [17/Jan/2025:18:02:30 +0000] "POST /api/clients/1737125405142/check-keywords HTTP/1.1" 500 2920 "-" "Mozilla/5.0 (Windows NT 10.0; Win64; x64) AppleWebKit/537.36 (KHTML, like Gecko) Chrome/131.0.0.0 Safari/537.36"
162.158.170.61 - - [17/Jan/2025:18:02:52 +0000] "GET /wordpress/wp-admin/setup-config.php HTTP/1.1" 301 659 "-" "Mozilla/5.0 (Windows NT 10.0; Win64; x64) AppleWebKit/537.36 (KHTML, like Gecko) Chrome/131.0.0.0 Safari/537.36"
162.158.170.53 - - [17/Jan/2025:18:02:57 +0000] "GET /wordpress/wp-admin/setup-config.php HTTP/1.1" 404 3082 "-" "Mozilla/5.0 (Windows NT 10.0; Win64; x64) AppleWebKit/537.36 (KHTML, like Gecko) Chrome/131.0.0.0 Safari/537.36"
64.227.21.251 - - [17/Jan/2025:18:03:25 +0000] "POST /api/clients/1737125405142/check-keywords HTTP/1.1" 500 2919 "-" "Mozilla/5.0 (Windows NT 10.0; Win64; x64) AppleWebKit/537.36 (KHTML, like Gecko) Chrome/131.0.0.0 Safari/537.36"
64.227.21.251 - - [17/Jan/2025:18:03:32 +0000] "POST /api/clients/1737125405142/check-keywords HTTP/1.1" 500 2920 "-" "Mozilla/5.0 (Windows NT 10.0; Win64; x64) AppleWebKit/537.36 (KHTML, like Gecko) Chrome/131.0.0.0 Safari/537.36"
64.227.21.251 - - [17/Jan/2025:18:04:04 +0000] "POST /api/clients/1737125405142/check-keywords HTTP/1.1" 500 2901 "-" "Mozilla/5.0 (Windows NT 10.0; Win64; x64) AppleWebKit/537.36 (KHTML, like Gecko) Chrome/131.0.0.0 Safari/537.36"
75.243.75.75 - - [17/Jan/2025:18:04:14 +0000] "GET / HTTP/1.1" 200 3218 "-" "Mozilla/5.0 (Macintosh; Intel Mac OS X 10_15_7) AppleWebKit/537.36 (KHTML, like Gecko) Chrome/131.0.0.0 Safari/537.36"
75.243.75.75 - - [17/Jan/2025:18:04:14 +0000] "GET /assets/index-DajH6hJY.css HTTP/1.1" 200 2010 "https://mykeywordtracker.com/" "Mozilla/5.0 (Macintosh; Intel Mac OS X 10_15_7) AppleWebKit/537.36 (KHTML, like Gecko) Chrome/131.0.0.0 Safari/537.36"
75.243.75.75 - - [17/Jan/2025:18:04:14 +0000] "GET /assets/index-UwRc0nDX.js HTTP/1.1" 200 134201 "https://mykeywordtracker.com/" "Mozilla/5.0 (Macintosh; Intel Mac OS X 10_15_7) AppleWebKit/537.36 (KHTML, like Gecko) Chrome/131.0.0.0 Safari/537.36"
75.243.75.75 - - [17/Jan/2025:18:04:15 +0000] "GET /api/clients HTTP/1.1" 503 598 "https://mykeywordtracker.com/" "Mozilla/5.0 (Macintosh; Intel Mac OS X 10_15_7) AppleWebKit/537.36 (KHTML, like Gecko) Chrome/131.0.0.0 Safari/537.36"
75.243.75.75 - - [17/Jan/2025:18:04:40 +0000] "GET /api/clients HTTP/1.1" 503 921 "https://mykeywordtracker.com/" "Mozilla/5.0 (Macintosh; Intel Mac OS X 10_15_7) AppleWebKit/537.36 (KHTML, like Gecko) Chrome/131.0.0.0 Safari/537.36"
162.158.183.248 - - [17/Jan/2025:18:05:01 +0000] "GET /wp-admin/setup-config.php HTTP/1.1" 404 3081 "-" "Mozilla/5.0 (Windows NT 10.0; Win64; x64) AppleWebKit/537.36 (KHTML, like Gecko) Chrome/131.0.0.0 Safari/537.36"
162.158.172.101 - - [17/Jan/2025:18:05:28 +0000] "GET /wordpress/wp-admin/setup-config.php HTTP/1.1" 404 3082 "-" "Mozilla/5.0 (Windows NT 10.0; Win64; x64) AppleWebKit/537.36 (KHTML, like Gecko) Chrome/131.0.0.0 Safari/537.36"
172.70.46.9 - - [17/Jan/2025:18:05:38 +0000] "GET /wordpress/wp-admin/setup-config.php HTTP/1.1" 301 659 "-" "Mozilla/5.0 (Windows NT 10.0; Win64; x64) AppleWebKit/537.36 (KHTML, like Gecko) Chrome/131.0.0.0 Safari/537.36"
172.70.47.113 - - [17/Jan/2025:18:05:38 +0000] "GET /wordpress/wp-admin/setup-config.php HTTP/1.1" 404 3080 "-" "Mozilla/5.0 (Windows NT 10.0; Win64; x64) AppleWebKit/537.36 (KHTML, like Gecko) Chrome/131.0.0.0 Safari/537.36"
64.227.21.251 - - [17/Jan/2025:18:05:48 +0000] "POST /api/clients/1737125405142/check-keywords HTTP/1.1" 500 2920 "-" "Mozilla/5.0 (Windows NT 10.0; Win64; x64) AppleWebKit/537.36 (KHTML, like Gecko) Chrome/131.0.0.0 Safari/537.36"
64.227.21.251 - - [17/Jan/2025:18:06:25 +0000] "POST /api/clients/1737125405142/check-keywords HTTP/1.1" 500 2919 "-" "Mozilla/5.0 (Windows NT 10.0; Win64; x64) AppleWebKit/537.36 (KHTML, like Gecko) Chrome/131.0.0.0 Safari/537.36"
64.227.21.251 - - [17/Jan/2025:18:06:31 +0000] "POST /api/clients/1737125405142/check-keywords HTTP/1.1" 500 2921 "-" "Mozilla/5.0 (Windows NT 10.0; Win64; x64) AppleWebKit/537.36 (KHTML, like Gecko) Chrome/131.0.0.0 Safari/537.36"
64.227.21.251 - - [17/Jan/2025:18:07:16 +0000] "POST /api/clients/1737125405142/check-keywords HTTP/1.1" 500 3333 "-" "Mozilla/5.0 (Windows NT 10.0; Win64; x64) AppleWebKit/537.36 (KHTML, like Gecko) Chrome/131.0.0.0 Safari/537.36"
75.243.75.75 - - [17/Jan/2025:18:07:16 +0000] "GET / HTTP/1.1" 200 981 "-" "Mozilla/5.0 (Macintosh; Intel Mac OS X 10_15_7) AppleWebKit/537.36 (KHTML, like Gecko) Chrome/131.0.0.0 Safari/537.36"
75.243.75.75 - - [17/Jan/2025:18:07:17 +0000] "GET /assets/index-DajH6hJY.css HTTP/1.1" 200 2334 "https://mykeywordtracker.com/" "Mozilla/5.0 (Macintosh; Intel Mac OS X 10_15_7) AppleWebKit/537.36 (KHTML, like Gecko) Chrome/131.0.0.0 Safari/537.36"
75.243.75.75 - - [17/Jan/2025:18:07:17 +0000] "GET /assets/index-UwRc0nDX.js HTTP/1.1" 200 131641 "https://mykeywordtracker.com/" "Mozilla/5.0 (Macintosh; Intel Mac OS X 10_15_7) AppleWebKit/537.36 (KHTML, like Gecko) Chrome/131.0.0.0 Safari/537.36"
75.243.75.75 - - [17/Jan/2025:18:07:18 +0000] "GET /api/clients HTTP/1.1" 503 598 "https://mykeywordtracker.com/" "Mozilla/5.0 (Macintosh; Intel Mac OS X 10_15_7) AppleWebKit/537.36 (KHTML, like Gecko) Chrome/131.0.0.0 Safari/537.36"
75.243.75.75 - - [17/Jan/2025:18:07:18 +0000] "GET /vite.svg HTTP/1.1" 200 2132 "https://mykeywordtracker.com/" "Mozilla/5.0 (Macintosh; Intel Mac OS X 10_15_7) AppleWebKit/537.36 (KHTML, like Gecko) Chrome/131.0.0.0 Safari/537.36"
64.227.21.251 - - [17/Jan/2025:18:08:11 +0000] "POST /api/clients/1737125405142/check-keywords HTTP/1.1" 500 3126 "-" "Mozilla/5.0 (Windows NT 10.0; Win64; x64) AppleWebKit/537.36 (KHTML, like Gecko) Chrome/131.0.0.0 Safari/537.36"
75.243.75.75 - - [17/Jan/2025:18:08:21 +0000] "GET / HTTP/1.1" 200 981 "-" "Mozilla/5.0 (iPhone; CPU iPhone OS 16_6 like Mac OS X) AppleWebKit/605.1.15 (KHTML, like Gecko) Version/16.6 Mobile/15E148 Safari/604.1"
75.243.75.75 - - [17/Jan/2025:18:08:22 +0000] "GET /api/clients HTTP/1.1" 503 598 "https://mykeywordtracker.com/" "Mozilla/5.0 (iPhone; CPU iPhone OS 16_6 like Mac OS X) AppleWebKit/605.1.15 (KHTML, like Gecko) Version/16.6 Mobile/15E148 Safari/604.1"
75.243.75.75 - - [17/Jan/2025:18:08:45 +0000] "GET / HTTP/1.1" 200 981 "-" "Mozilla/5.0 (iPhone; CPU iPhone OS 16_6 like Mac OS X) AppleWebKit/605.1.15 (KHTML, like Gecko) Version/16.6 Mobile/15E148 Safari/604.1"
75.243.75.75 - - [17/Jan/2025:18:08:45 +0000] "GET /api/clients HTTP/1.1" 503 598 "https://mykeywordtracker.com/" "Mozilla/5.0 (iPhone; CPU iPhone OS 16_6 like Mac OS X) AppleWebKit/605.1.15 (KHTML, like Gecko) Version/16.6 Mobile/15E148 Safari/604.1"
75.243.75.75 - - [17/Jan/2025:18:09:13 +0000] "GET / HTTP/1.1" 200 3216 "-" "Mozilla/5.0 (Macintosh; Intel Mac OS X 10_15_7) AppleWebKit/537.36 (KHTML, like Gecko) Chrome/131.0.0.0 Safari/537.36"
75.243.75.75 - - [17/Jan/2025:18:09:13 +0000] "GET /assets/index-UwRc0nDX.js HTTP/1.1" 200 131641 "https://mykeywordtracker.com/" "Mozilla/5.0 (Macintosh; Intel Mac OS X 10_15_7) AppleWebKit/537.36 (KHTML, like Gecko) Chrome/131.0.0.0 Safari/537.36"
75.243.75.75 - - [17/Jan/2025:18:09:14 +0000] "GET /assets/index-DajH6hJY.css HTTP/1.1" 200 2334 "https://mykeywordtracker.com/" "Mozilla/5.0 (Macintosh; Intel Mac OS X 10_15_7) AppleWebKit/537.36 (KHTML, like Gecko) Chrome/131.0.0.0 Safari/537.36"
75.243.75.75 - - [17/Jan/2025:18:09:14 +0000] "GET /vite.svg HTTP/1.1" 200 1808 "https://mykeywordtracker.com/" "Mozilla/5.0 (Macintosh; Intel Mac OS X 10_15_7) AppleWebKit/537.36 (KHTML, like Gecko) Chrome/131.0.0.0 Safari/537.36"
75.243.75.75 - - [17/Jan/2025:18:09:14 +0000] "GET /api/clients HTTP/1.1" 503 598 "https://mykeywordtracker.com/" "Mozilla/5.0 (Macintosh; Intel Mac OS X 10_15_7) AppleWebKit/537.36 (KHTML, like Gecko) Chrome/131.0.0.0 Safari/537.36"
125.62.125.213 - - [17/Jan/2025:18:09:20 +0000] "POST /api/clients/1737125405142/check-keywords HTTP/1.1" 503 3157 "https://mykeywordtracker.com/" "Mozilla/5.0 (Windows NT 10.0; Win64; x64) AppleWebKit/537.36 (KHTML, like Gecko) Chrome/131.0.0.0 Safari/537.36"
3.136.140.56 - - [17/Jan/2025:18:09:39 +0000] "GET /.netlify/verification/GyEXFbpeOpN_AzCmnNWRwNjDJew7GIjv9zBMBbLrfTqUqXzZw5B6llODKKAjGmCNKxMqQD5sgRLAE0dgXk4KqkBF3ZFYVRJnDuV8TvFoqGAbbqzxu2ThBGCcm4OxIJMPZ6-ver13z1X5jTnlZXi1RDTNQA2eIzEHA7wu1IN69_Ifg1d-1PMydVB_Mx8rnNlpDYYqOQMQCZKLLoJBfsT-naO-wQxcC1Ob7plvbbLF-4kud4l0XEVlxx6oJBk0BtbBq8dylBuUsGcus7ngsuejBUWcL6as_emXQFv5cJ28zwUbWBHs8mXf0DtpEEjTzo9GHTKOIQcs4OJbylLARim2Xg== HTTP/1.1" 404 2995 "-" "excon/0.112.0"
3.136.140.56 - - [17/Jan/2025:18:09:40 +0000] "GET /.netlify/verification/GyEXFbpeOpN_AzCmnNWRwNjDJew7GIjv9zBMBbLrfTqUqXzZw5B6llODKKAjGmCNKxMqQD5sgRLAE0dgXk4KqkBF3ZFYVRJnDuV8TvFoqGAbbqzxu2ThBGCcm4OxIJMPZ6-ver13z1X5jTnlZXi1RDTNQA2eIzEHA7wu1IN69_Ifg1d-1PMydVB_Mx8rnNlpDYYqOQMQCZKLLoJBfsT-naO-wQxcC1Ob7plvbbLF-4kud4l0XEVlxx6oJBk0BtbBq8dylBuUsGcus7ngsuejBUWcL6as_emXQFv5cJ28zwUbWBHs8mXf0DtpEEjTzo9GHTKOIQcs4OJbylLARim2Xg== HTTP/1.1" 404 2993 "-" "excon/0.112.0"
3.136.140.56 - - [17/Jan/2025:18:09:40 +0000] "GET /.netlify/verification/ZH9gHa_wI2NKyzv9HK3dHNUezTXjuM6ohpIlXT3HSs1ATIq2Fa-1NpnzClKVFz7nA98YgcM6yvA-tYEuTsSa_qLk1aBufBimq6Xsb7PCwumQZijlZ2EiQgIUyaHLAF2OMYgUo-e27Bb7yzMdrJ9M16PWyjX5o7nlgS9rPMlpSWiDcZoLe81Tnkat4JN8OTIYFzABD0-HYRmPkQgMkO82PgEyGJkyjDmB20cTCBlBKMeQAI2cFntfp9SbfkgQvFx8JD29PzK1M9hFl25w4oeb_6o7KTtCv0qUp8yHpKN8nQSw24vpsyd6XDYn5PlB3jHFN6IuhUA6rw9gefD8w1YGlw== HTTP/1.1" 404 2999 "-" "excon/0.112.0"
3.136.140.56 - - [17/Jan/2025:18:09:40 +0000] "GET /.netlify/verification/ZH9gHa_wI2NKyzv9HK3dHNUezTXjuM6ohpIlXT3HSs1ATIq2Fa-1NpnzClKVFz7nA98YgcM6yvA-tYEuTsSa_qLk1aBufBimq6Xsb7PCwumQZijlZ2EiQgIUyaHLAF2OMYgUo-e27Bb7yzMdrJ9M16PWyjX5o7nlgS9rPMlpSWiDcZoLe81Tnkat4JN8OTIYFzABD0-HYRmPkQgMkO82PgEyGJkyjDmB20cTCBlBKMeQAI2cFntfp9SbfkgQvFx8JD29PzK1M9hFl25w4oeb_6o7KTtCv0qUp8yHpKN8nQSw24vpsyd6XDYn5PlB3jHFN6IuhUA6rw9gefD8w1YGlw== HTTP/1.1" 404 2997 "-" "excon/0.112.0"
125.62.125.213 - - [17/Jan/2025:18:09:47 +0000] "GET / HTTP/1.1" 200 981 "-" "Mozilla/5.0 (Windows NT 10.0; Win64; x64) AppleWebKit/537.36 (KHTML, like Gecko) Chrome/131.0.0.0 Safari/537.36"
125.62.125.213 - - [17/Jan/2025:18:09:47 +0000] "GET /assets/index-DajH6hJY.css HTTP/1.1" 200 2334 "https://mykeywordtracker.com/" "Mozilla/5.0 (Windows NT 10.0; Win64; x64) AppleWebKit/537.36 (KHTML, like Gecko) Chrome/131.0.0.0 Safari/537.36"
125.62.125.213 - - [17/Jan/2025:18:09:47 +0000] "GET /assets/index-UwRc0nDX.js HTTP/1.1" 200 131641 "https://mykeywordtracker.com/" "Mozilla/5.0 (Windows NT 10.0; Win64; x64) AppleWebKit/537.36 (KHTML, like Gecko) Chrome/131.0.0.0 Safari/537.36"
125.62.125.213 - - [17/Jan/2025:18:09:48 +0000] "GET /api/clients HTTP/1.1" 503 598 "https://mykeywordtracker.com/" "Mozilla/5.0 (Windows NT 10.0; Win64; x64) AppleWebKit/537.36 (KHTML, like Gecko) Chrome/131.0.0.0 Safari/537.36"
125.62.125.213 - - [17/Jan/2025:18:09:48 +0000] "GET /vite.svg HTTP/1.1" 200 1808 "https://mykeywordtracker.com/" "Mozilla/5.0 (Windows NT 10.0; Win64; x64) AppleWebKit/537.36 (KHTML, like Gecko) Chrome/131.0.0.0 Safari/537.36"
125.62.125.213 - - [17/Jan/2025:18:09:51 +0000] "GET / HTTP/1.1" 200 657 "-" "Mozilla/5.0 (Windows NT 10.0; Win64; x64) AppleWebKit/537.36 (KHTML, like Gecko) Chrome/131.0.0.0 Safari/537.36"
125.62.125.213 - - [17/Jan/2025:18:09:52 +0000] "GET /assets/index-DajH6hJY.css HTTP/1.1" 200 2334 "https://mykeywordtracker.com/" "Mozilla/5.0 (Windows NT 10.0; Win64; x64) AppleWebKit/537.36 (KHTML, like Gecko) Chrome/131.0.0.0 Safari/537.36"
125.62.125.213 - - [17/Jan/2025:18:09:52 +0000] "GET /assets/index-UwRc0nDX.js HTTP/1.1" 200 131641 "https://mykeywordtracker.com/" "Mozilla/5.0 (Windows NT 10.0; Win64; x64) AppleWebKit/537.36 (KHTML, like Gecko) Chrome/131.0.0.0 Safari/537.36"
125.62.125.213 - - [17/Jan/2025:18:09:52 +0000] "GET /api/clients HTTP/1.1" 503 598 "https://mykeywordtracker.com/" "Mozilla/5.0 (Windows NT 10.0; Win64; x64) AppleWebKit/537.36 (KHTML, like Gecko) Chrome/131.0.0.0 Safari/537.36"
125.62.125.213 - - [17/Jan/2025:18:09:52 +0000] "GET /vite.svg HTTP/1.1" 200 1808 "https://mykeywordtracker.com/" "Mozilla/5.0 (Windows NT 10.0; Win64; x64) AppleWebKit/537.36 (KHTML, like Gecko) Chrome/131.0.0.0 Safari/537.36"
125.62.125.213 - - [17/Jan/2025:18:10:07 +0000] "GET / HTTP/1.1" 200 981 "-" "Mozilla/5.0 (Windows NT 10.0; Win64; x64) AppleWebKit/537.36 (KHTML, like Gecko) Chrome/131.0.0.0 Safari/537.36"
125.62.125.213 - - [17/Jan/2025:18:10:07 +0000] "GET /assets/index-DajH6hJY.css HTTP/1.1" 200 2334 "https://mykeywordtracker.com/" "Mozilla/5.0 (Windows NT 10.0; Win64; x64) AppleWebKit/537.36 (KHTML, like Gecko) Chrome/131.0.0.0 Safari/537.36"
125.62.125.213 - - [17/Jan/2025:18:10:07 +0000] "GET /assets/index-UwRc0nDX.js HTTP/1.1" 200 131641 "https://mykeywordtracker.com/" "Mozilla/5.0 (Windows NT 10.0; Win64; x64) AppleWebKit/537.36 (KHTML, like Gecko) Chrome/131.0.0.0 Safari/537.36"
125.62.125.213 - - [17/Jan/2025:18:10:08 +0000] "GET /api/clients HTTP/1.1" 503 598 "https://mykeywordtracker.com/" "Mozilla/5.0 (Windows NT 10.0; Win64; x64) AppleWebKit/537.36 (KHTML, like Gecko) Chrome/131.0.0.0 Safari/537.36"
125.62.125.213 - - [17/Jan/2025:18:10:08 +0000] "GET /vite.svg HTTP/1.1" 200 1808 "https://mykeywordtracker.com/" "Mozilla/5.0 (Windows NT 10.0; Win64; x64) AppleWebKit/537.36 (KHTML, like Gecko) Chrome/131.0.0.0 Safari/537.36"
125.62.125.213 - - [17/Jan/2025:18:10:09 +0000] "GET / HTTP/1.1" 200 657 "-" "Mozilla/5.0 (Windows NT 10.0; Win64; x64) AppleWebKit/537.36 (KHTML, like Gecko) Chrome/131.0.0.0 Safari/537.36"
125.62.125.213 - - [17/Jan/2025:18:10:09 +0000] "GET /assets/index-DajH6hJY.css HTTP/1.1" 200 2334 "https://mykeywordtracker.com/" "Mozilla/5.0 (Windows NT 10.0; Win64; x64) AppleWebKit/537.36 (KHTML, like Gecko) Chrome/131.0.0.0 Safari/537.36"
125.62.125.213 - - [17/Jan/2025:18:10:09 +0000] "GET /assets/index-UwRc0nDX.js HTTP/1.1" 200 131641 "https://mykeywordtracker.com/" "Mozilla/5.0 (Windows NT 10.0; Win64; x64) AppleWebKit/537.36 (KHTML, like Gecko) Chrome/131.0.0.0 Safari/537.36"
125.62.125.213 - - [17/Jan/2025:18:10:10 +0000] "GET /api/clients HTTP/1.1" 503 598 "https://mykeywordtracker.com/" "Mozilla/5.0 (Windows NT 10.0; Win64; x64) AppleWebKit/537.36 (KHTML, like Gecko) Chrome/131.0.0.0 Safari/537.36"
125.62.125.213 - - [17/Jan/2025:18:10:10 +0000] "GET /vite.svg HTTP/1.1" 200 1808 "https://mykeywordtracker.com/" "Mozilla/5.0 (Windows NT 10.0; Win64; x64) AppleWebKit/537.36 (KHTML, like Gecko) Chrome/131.0.0.0 Safari/537.36"
64.227.21.251 - - [17/Jan/2025:18:12:11 +0000] "POST /api/clients/1737125405142/check-keywords HTTP/1.1" 500 2898 "-" "Mozilla/5.0 (Windows NT 10.0; Win64; x64) AppleWebKit/537.36 (KHTML, like Gecko) Chrome/131.0.0.0 Safari/537.36"
75.243.75.75 - - [17/Jan/2025:18:12:37 +0000] "GET / HTTP/1.1" 200 981 "-" "Mozilla/5.0 (Macintosh; Intel Mac OS X 10_15_7) AppleWebKit/537.36 (KHTML, like Gecko) Chrome/131.0.0.0 Safari/537.36"
75.243.75.75 - - [17/Jan/2025:18:12:37 +0000] "GET /assets/index-DajH6hJY.css HTTP/1.1" 200 2334 "https://mykeywordtracker.com/" "Mozilla/5.0 (Macintosh; Intel Mac OS X 10_15_7) AppleWebKit/537.36 (KHTML, like Gecko) Chrome/131.0.0.0 Safari/537.36"
75.243.75.75 - - [17/Jan/2025:18:12:37 +0000] "GET /assets/index-UwRc0nDX.js HTTP/1.1" 200 131641 "https://mykeywordtracker.com/" "Mozilla/5.0 (Macintosh; Intel Mac OS X 10_15_7) AppleWebKit/537.36 (KHTML, like Gecko) Chrome/131.0.0.0 Safari/537.36"
75.243.75.75 - - [17/Jan/2025:18:12:38 +0000] "GET /api/clients HTTP/1.1" 503 598 "https://mykeywordtracker.com/" "Mozilla/5.0 (Macintosh; Intel Mac OS X 10_15_7) AppleWebKit/537.36 (KHTML, like Gecko) Chrome/131.0.0.0 Safari/537.36"
75.243.75.75 - - [17/Jan/2025:18:12:39 +0000] "GET /vite.svg HTTP/1.1" 304 270 "https://mykeywordtracker.com/" "Mozilla/5.0 (Macintosh; Intel Mac OS X 10_15_7) AppleWebKit/537.36 (KHTML, like Gecko) Chrome/131.0.0.0 Safari/537.36"
64.227.21.251 - - [17/Jan/2025:18:12:50 +0000] "POST /api/clients/1737125405142/check-keywords HTTP/1.1" 500 2899 "-" "Mozilla/5.0 (Windows NT 10.0; Win64; x64) AppleWebKit/537.36 (KHTML, like Gecko) Chrome/131.0.0.0 Safari/537.36"
75.243.75.75 - - [17/Jan/2025:18:13:08 +0000] "POST /api/clients HTTP/1.1" 503 921 "https://mykeywordtracker.com/add-client" "Mozilla/5.0 (Macintosh; Intel Mac OS X 10_15_7) AppleWebKit/537.36 (KHTML, like Gecko) Chrome/131.0.0.0 Safari/537.36"
75.243.75.75 - - [17/Jan/2025:18:13:56 +0000] "GET /api/clients HTTP/1.1" 503 921 "https://mykeywordtracker.com/" "Mozilla/5.0 (Macintosh; Intel Mac OS X 10_15_7) AppleWebKit/537.36 (KHTML, like Gecko) Chrome/131.0.0.0 Safari/537.36"
117.99.236.252 - - [17/Jan/2025:18:15:23 +0000] "GET /api/clients/1737125405142/check-keywords HTTP/1.1" 500 2884 "-" "Mozilla/5.0 (Windows NT 10.0; Win64; x64) AppleWebKit/537.36 (KHTML, like Gecko) Chrome/131.0.0.0 Safari/537.36"
125.62.125.213 - - [17/Jan/2025:18:15:27 +0000] "GET / HTTP/1.1" 200 3217 "-" "Mozilla/5.0 (Windows NT 10.0; Win64; x64) AppleWebKit/537.36 (KHTML, like Gecko) Chrome/131.0.0.0 Safari/537.36"
117.99.236.252 - - [17/Jan/2025:18:15:27 +0000] "GET /api/clients/1737125405142/check-keywords HTTP/1.1" 503 3156 "-" "Mozilla/5.0 (Windows NT 10.0; Win64; x64) AppleWebKit/537.36 (KHTML, like Gecko) Chrome/131.0.0.0 Safari/537.36"
125.62.125.213 - - [17/Jan/2025:18:15:27 +0000] "GET /assets/index-DajH6hJY.css HTTP/1.1" 200 4571 "https://mykeywordtracker.com/" "Mozilla/5.0 (Windows NT 10.0; Win64; x64) AppleWebKit/537.36 (KHTML, like Gecko) Chrome/131.0.0.0 Safari/537.36"
125.62.125.213 - - [17/Jan/2025:18:15:27 +0000] "GET /assets/index-UwRc0nDX.js HTTP/1.1" 200 131641 "https://mykeywordtracker.com/" "Mozilla/5.0 (Windows NT 10.0; Win64; x64) AppleWebKit/537.36 (KHTML, like Gecko) Chrome/131.0.0.0 Safari/537.36"
125.62.125.213 - - [17/Jan/2025:18:15:28 +0000] "GET /vite.svg HTTP/1.1" 200 1808 "https://mykeywordtracker.com/" "Mozilla/5.0 (Windows NT 10.0; Win64; x64) AppleWebKit/537.36 (KHTML, like Gecko) Chrome/131.0.0.0 Safari/537.36"
125.62.125.213 - - [17/Jan/2025:18:15:28 +0000] "GET /api/clients HTTP/1.1" 503 598 "https://mykeywordtracker.com/" "Mozilla/5.0 (Windows NT 10.0; Win64; x64) AppleWebKit/537.36 (KHTML, like Gecko) Chrome/131.0.0.0 Safari/537.36"
117.99.236.252 - - [17/Jan/2025:18:15:35 +0000] "GET /api/clients/1737125405142/check-keywords HTTP/1.1" 503 921 "-" "Mozilla/5.0 (Windows NT 10.0; Win64; x64) AppleWebKit/537.36 (KHTML, like Gecko) Chrome/131.0.0.0 Safari/537.36"
117.99.236.252 - - [17/Jan/2025:18:15:53 +0000] "GET /api/clients/1737125405142/check-keywords HTTP/1.1" 500 647 "-" "Mozilla/5.0 (Windows NT 10.0; Win64; x64) AppleWebKit/537.36 (KHTML, like Gecko) Chrome/131.0.0.0 Safari/537.36"
117.99.236.252 - - [17/Jan/2025:18:16:08 +0000] "GET /api/clients/1737125405142/check-keywords HTTP/1.1" 503 921 "-" "Mozilla/5.0 (Windows NT 10.0; Win64; x64) AppleWebKit/537.36 (KHTML, like Gecko) Chrome/131.0.0.0 Safari/537.36"
117.99.236.252 - - [17/Jan/2025:18:16:23 +0000] "GET /api/clients/1737125405142/check-keywords HTTP/1.1" 500 647 "-" "Mozilla/5.0 (Windows NT 10.0; Win64; x64) AppleWebKit/537.36 (KHTML, like Gecko) Chrome/131.0.0.0 Safari/537.36"
64.227.21.251 - - [17/Jan/2025:18:17:10 +0000] "POST /api/clients/1737125405142/check-keywords HTTP/1.1" 500 2899 "-" "Mozilla/5.0 (Windows NT 10.0; Win64; x64) AppleWebKit/537.36 (KHTML, like Gecko) Chrome/131.0.0.0 Safari/537.36"
125.62.125.213 - - [17/Jan/2025:18:19:19 +0000] "GET / HTTP/1.1" 200 981 "-" "Mozilla/5.0 (Windows NT 10.0; Win64; x64) AppleWebKit/537.36 (KHTML, like Gecko) Chrome/131.0.0.0 Safari/537.36"
125.62.125.213 - - [17/Jan/2025:18:19:20 +0000] "GET /assets/index-DajH6hJY.css HTTP/1.1" 200 2334 "https://mykeywordtracker.com/" "Mozilla/5.0 (Windows NT 10.0; Win64; x64) AppleWebKit/537.36 (KHTML, like Gecko) Chrome/131.0.0.0 Safari/537.36"
125.62.125.213 - - [17/Jan/2025:18:19:20 +0000] "GET /assets/index-UwRc0nDX.js HTTP/1.1" 200 131641 "https://mykeywordtracker.com/" "Mozilla/5.0 (Windows NT 10.0; Win64; x64) AppleWebKit/537.36 (KHTML, like Gecko) Chrome/131.0.0.0 Safari/537.36"
125.62.125.213 - - [17/Jan/2025:18:19:20 +0000] "GET /api/clients HTTP/1.1" 503 598 "https://mykeywordtracker.com/" "Mozilla/5.0 (Windows NT 10.0; Win64; x64) AppleWebKit/537.36 (KHTML, like Gecko) Chrome/131.0.0.0 Safari/537.36"
125.62.125.213 - - [17/Jan/2025:18:19:20 +0000] "GET /vite.svg HTTP/1.1" 200 1808 "https://mykeywordtracker.com/" "Mozilla/5.0 (Windows NT 10.0; Win64; x64) AppleWebKit/537.36 (KHTML, like Gecko) Chrome/131.0.0.0 Safari/537.36"
3.143.196.177 - - [17/Jan/2025:18:19:44 +0000] "GET /.netlify/verification/QsQuSBdtl1LXz2MkAjO8Xkqpuy3uKWitFNHcCv92NYN3GDMFjPrqUFquizAV0xfvJCrVAbAmAejwvI8m_UIZx3CSwbqbHz9cSDaho-a3JEh3VSUJu9JE95uAz1FZM6zG-Bza3wHBbGqhYDAM00HuLuZZvP-eQTPmopdYXBBD04sA6HM0byafsoH_OaXJJN2c7Ar3gkMKf2Ls7MpOAfECt3_jRy6ZnaekCRKXZg798FubYqEazoUJ-m6CYCXgq_6VWdOh2ae_MebtQGHxMgCR2_1ofsZ-UQtVsOrBKl1Ekv7dI4AvmENgGqmIvXx86MbEjRjL_a4TocK00f26fd1xuA== HTTP/1.1" 404 2994 "-" "excon/0.112.0"
3.143.196.177 - - [17/Jan/2025:18:19:45 +0000] "GET /.netlify/verification/QsQuSBdtl1LXz2MkAjO8Xkqpuy3uKWitFNHcCv92NYN3GDMFjPrqUFquizAV0xfvJCrVAbAmAejwvI8m_UIZx3CSwbqbHz9cSDaho-a3JEh3VSUJu9JE95uAz1FZM6zG-Bza3wHBbGqhYDAM00HuLuZZvP-eQTPmopdYXBBD04sA6HM0byafsoH_OaXJJN2c7Ar3gkMKf2Ls7MpOAfECt3_jRy6ZnaekCRKXZg798FubYqEazoUJ-m6CYCXgq_6VWdOh2ae_MebtQGHxMgCR2_1ofsZ-UQtVsOrBKl1Ekv7dI4AvmENgGqmIvXx86MbEjRjL_a4TocK00f26fd1xuA== HTTP/1.1" 404 2994 "-" "excon/0.112.0"
3.143.196.177 - - [17/Jan/2025:18:19:45 +0000] "GET /.netlify/verification/w21xsDJXMxqWzlGJ92v8jtduQ7NXT-yvuNkBMcN2_7W3kkLoQjrzoGvkSDXGZBRgFH0JesVRhZ-6xkuHvbHhrxTK1nw_um_JuxkCuAxXXg4OXBfbSf33_SNHo1HwIETjOfodDS89oKWYKisfxhKg_KYSV1dQqtyBXdu5WNyyniaMxelfJ0rMWpubpi9IBx3JNPSnpqaFAw1VfI8PuXt2SYf-onpCVCVTM128gUegPr4ctRUGhZutgqDf3X_2S7F-2wgU-MmCeYm5a1-E4GVb8HzJHlmglSLYQDZLrTxMp_whcE_Z2jejjf6V1bmHQwr06X-Q4Xl-yy6OxntLYdhcRg== HTTP/1.1" 404 2998 "-" "excon/0.112.0"
3.143.196.177 - - [17/Jan/2025:18:19:45 +0000] "GET /.netlify/verification/w21xsDJXMxqWzlGJ92v8jtduQ7NXT-yvuNkBMcN2_7W3kkLoQjrzoGvkSDXGZBRgFH0JesVRhZ-6xkuHvbHhrxTK1nw_um_JuxkCuAxXXg4OXBfbSf33_SNHo1HwIETjOfodDS89oKWYKisfxhKg_KYSV1dQqtyBXdu5WNyyniaMxelfJ0rMWpubpi9IBx3JNPSnpqaFAw1VfI8PuXt2SYf-onpCVCVTM128gUegPr4ctRUGhZutgqDf3X_2S7F-2wgU-MmCeYm5a1-E4GVb8HzJHlmglSLYQDZLrTxMp_whcE_Z2jejjf6V1bmHQwr06X-Q4Xl-yy6OxntLYdhcRg== HTTP/1.1" 404 2999 "-" "excon/0.112.0"
64.227.21.251 - - [17/Jan/2025:18:20:50 +0000] "POST /api/clients/1737125405142/check-keywords HTTP/1.1" 500 3334 "-" "Mozilla/5.0 (Windows NT 10.0; Win64; x64) AppleWebKit/537.36 (KHTML, like Gecko) Chrome/131.0.0.0 Safari/537.36"
125.62.125.213 - - [17/Jan/2025:18:22:27 +0000] "GET / HTTP/1.1" 200 981 "-" "Mozilla/5.0 (Windows NT 10.0; Win64; x64) AppleWebKit/537.36 (KHTML, like Gecko) Chrome/131.0.0.0 Safari/537.36"
125.62.125.213 - - [17/Jan/2025:18:22:27 +0000] "GET /assets/index-DajH6hJY.css HTTP/1.1" 200 2334 "https://mykeywordtracker.com/" "Mozilla/5.0 (Windows NT 10.0; Win64; x64) AppleWebKit/537.36 (KHTML, like Gecko) Chrome/131.0.0.0 Safari/537.36"
125.62.125.213 - - [17/Jan/2025:18:22:27 +0000] "GET /assets/index-UwRc0nDX.js HTTP/1.1" 200 131641 "https://mykeywordtracker.com/" "Mozilla/5.0 (Windows NT 10.0; Win64; x64) AppleWebKit/537.36 (KHTML, like Gecko) Chrome/131.0.0.0 Safari/537.36"
125.62.125.213 - - [17/Jan/2025:18:22:28 +0000] "GET /api/clients HTTP/1.1" 503 598 "https://mykeywordtracker.com/" "Mozilla/5.0 (Windows NT 10.0; Win64; x64) AppleWebKit/537.36 (KHTML, like Gecko) Chrome/131.0.0.0 Safari/537.36"
