[Sun Jun 12 07:49:12.649398 2022] [php7:error] [pid 3994633] [client 66.249.70.27:38146] script '/home/rajatbiotech.com/www/log.php' not found or unable to stat
[Sun Jun 12 07:49:36.004332 2022] [php7:error] [pid 3994505] [client 66.249.70.25:61417] script '/home/rajatbiotech.com/www/log.php' not found or unable to stat
[Sun Jun 12 07:50:22.714016 2022] [php7:error] [pid 3994566] [client 66.249.70.23:49755] script '/home/rajatbiotech.com/www/wp-signups.php' not found or unable to stat
[Sun Jun 12 07:51:32.778105 2022] [php7:error] [pid 3994763] [client 66.249.70.23:45102] script '/home/rajatbiotech.com/www/license.php' not found or unable to stat
[Sun Jun 12 07:52:19.507834 2022] [php7:error] [pid 3994755] [client 66.249.70.23:42027] script '/home/rajatbiotech.com/www/license.php' not found or unable to stat
[Sun Jun 12 07:52:42.851456 2022] [php7:error] [pid 3994633] [client 66.249.70.23:65433] script '/home/rajatbiotech.com/www/license.php' not found or unable to stat
[Sun Jun 12 07:53:06.211586 2022] [php7:error] [pid 3994756] [client 66.249.70.23:60650] script '/home/rajatbiotech.com/www/license.php' not found or unable to stat
[Sun Jun 12 07:55:04.510591 2022] [php7:error] [pid 3994756] [client 66.249.70.27:51548] script '/home/rajatbiotech.com/www/license.php' not found or unable to stat
[Sun Jun 12 07:55:26.340660 2022] [php7:error] [pid 3994866] [client 66.249.70.23:40954] script '/home/rajatbiotech.com/www/wp-signups.php' not found or unable to stat
[Sun Jun 12 07:56:13.060297 2022] [php7:error] [pid 3994866] [client 66.249.70.27:51794] script '/home/rajatbiotech.com/www/license.php' not found or unable to stat
[Sun Jun 12 07:56:36.415794 2022] [php7:error] [pid 3994810] [client 66.249.70.25:63367] script '/home/rajatbiotech.com/www/1.php' not found or unable to stat
[Sun Jun 12 07:56:59.775069 2022] [php7:error] [pid 3994866] [client 66.249.70.23:44001] script '/home/rajatbiotech.com/www/log.php' not found or unable to stat
[Sun Jun 12 07:57:23.127797 2022] [php7:error] [pid 3994756] [client 66.249.70.23:40737] script '/home/rajatbiotech.com/www/log.php' not found or unable to stat
[Sun Jun 12 07:57:46.475048 2022] [php7:error] [pid 3994505] [client 66.249.70.23:53212] script '/home/rajatbiotech.com/www/1.php' not found or unable to stat
[Sun Jun 12 07:58:09.833740 2022] [php7:error] [pid 3994808] [client 66.249.70.27:47691] script '/home/rajatbiotech.com/www/1.php' not found or unable to stat
[Sun Jun 12 07:58:33.191517 2022] [php7:error] [pid 3994755] [client 66.249.70.25:42494] script '/home/rajatbiotech.com/www/license.php' not found or unable to stat
[Sun Jun 12 07:59:43.257224 2022] [php7:error] [pid 3994810] [client 66.249.70.25:42228] script '/home/rajatbiotech.com/www/license.php' not found or unable to stat
[Sun Jun 12 08:02:26.743399 2022] [php7:error] [pid 3994505] [client 66.249.70.23:60288] script '/home/rajatbiotech.com/www/license.php' not found or unable to stat
[Sun Jun 12 08:02:50.102146 2022] [php7:error] [pid 3994808] [client 66.249.70.25:51952] script '/home/rajatbiotech.com/www/license.php' not found or unable to stat
[Sun Jun 12 08:03:13.457544 2022] [php7:error] [pid 3994633] [client 66.249.70.20:48345] script '/home/rajatbiotech.com/www/index.php' not found or unable to stat
[Sun Jun 12 08:03:36.808255 2022] [php7:error] [pid 3994757] [client 66.249.70.23:47663] script '/home/rajatbiotech.com/www/log.php' not found or unable to stat
[Sun Jun 12 08:04:00.188214 2022] [php7:error] [pid 3994810] [client 66.249.70.23:52989] script '/home/rajatbiotech.com/www/license.php' not found or unable to stat
[Sun Jun 12 08:04:23.525617 2022] [php7:error] [pid 3995206] [client 66.249.70.23:44660] script '/home/rajatbiotech.com/www/1.php' not found or unable to stat
[Sun Jun 12 08:05:33.590232 2022] [php7:error] [pid 3994866] [client 66.249.70.27:37293] script '/home/rajatbiotech.com/www/license.php' not found or unable to stat
[Sun Jun 12 08:06:20.310561 2022] [php7:error] [pid 3994757] [client 66.249.70.25:57512] script '/home/rajatbiotech.com/www/1.php' not found or unable to stat
[Sun Jun 12 08:07:07.015967 2022] [php7:error] [pid 3994808] [client 66.249.70.25:35492] script '/home/rajatbiotech.com/www/log.php' not found or unable to stat
[Sun Jun 12 08:08:17.081686 2022] [php7:error] [pid 3994763] [client 66.249.70.25:61991] script '/home/rajatbiotech.com/www/1.php' not found or unable to stat
[Sun Jun 12 08:08:40.441545 2022] [php7:error] [pid 3995295] [client 66.249.70.23:45172] script '/home/rajatbiotech.com/www/log.php' not found or unable to stat
[Sun Jun 12 08:09:03.792121 2022] [php7:error] [pid 3995296] [client 66.249.70.27:61027] script '/home/rajatbiotech.com/www/license.php' not found or unable to stat
[Sun Jun 12 08:09:50.542929 2022] [php7:error] [pid 3994865] [client 66.249.70.23:64535] script '/home/rajatbiotech.com/www/license.php' not found or unable to stat
[Sun Jun 12 08:10:13.861608 2022] [php7:error] [pid 3995296] [client 66.249.70.23:63078] script '/home/rajatbiotech.com/www/license.php' not found or unable to stat
[Sun Jun 12 08:11:00.572489 2022] [php7:error] [pid 3994866] [client 66.249.70.23:50575] script '/home/rajatbiotech.com/www/log.php' not found or unable to stat
[Sun Jun 12 08:11:47.284848 2022] [php7:error] [pid 3994866] [client 66.249.70.23:61648] script '/home/rajatbiotech.com/www/license.php' not found or unable to stat
[Sun Jun 12 08:12:10.535059 2022] [php7:error] [pid 3995299] [client 66.249.70.18:47441] script '/home/rajatbiotech.com/www/index.php' not found or unable to stat
[Sun Jun 12 08:13:20.709006 2022] [php7:error] [pid 3994505] [client 66.249.70.25:60697] script '/home/rajatbiotech.com/www/1.php' not found or unable to stat
[Sun Jun 12 08:14:07.434966 2022] [php7:error] [pid 3995302] [client 66.249.70.25:40995] script '/home/rajatbiotech.com/www/1.php' not found or unable to stat
[Sun Jun 12 08:14:30.777565 2022] [php7:error] [pid 3995296] [client 66.249.70.23:47328] script '/home/rajatbiotech.com/www/log.php' not found or unable to stat
[Sun Jun 12 08:16:04.199508 2022] [php7:error] [pid 3994505] [client 66.249.70.23:49852] script '/home/rajatbiotech.com/www/license.php' not found or unable to stat
[Sun Jun 12 08:16:27.443970 2022] [php7:error] [pid 3995300] [client 66.249.70.18:42255] script '/home/rajatbiotech.com/www/index.php' not found or unable to stat
[Sun Jun 12 08:16:50.908683 2022] [php7:error] [pid 3995296] [client 66.249.70.23:59903] script '/home/rajatbiotech.com/www/license.php' not found or unable to stat
[Sun Jun 12 08:18:00.980019 2022] [php7:error] [pid 3995299] [client 66.249.70.23:38052] script '/home/rajatbiotech.com/www/1.php' not found or unable to stat
[Sun Jun 12 08:18:24.326715 2022] [php7:error] [pid 3994505] [client 66.249.70.25:36143] script '/home/rajatbiotech.com/www/1.php' not found or unable to stat
[Sun Jun 12 08:18:47.688373 2022] [php7:error] [pid 3994763] [client 66.249.70.23:54613] script '/home/rajatbiotech.com/www/1.php' not found or unable to stat
[Sun Jun 12 08:19:11.040347 2022] [php7:error] [pid 3995299] [client 66.249.70.23:41535] script '/home/rajatbiotech.com/www/log.php' not found or unable to stat
[Sun Jun 12 08:19:34.394376 2022] [php7:error] [pid 3994763] [client 66.249.70.25:65296] script '/home/rajatbiotech.com/www/log.php' not found or unable to stat
[Sun Jun 12 08:19:57.751018 2022] [php7:error] [pid 3994808] [client 66.249.70.23:36911] script '/home/rajatbiotech.com/www/license.php' not found or unable to stat
[Sun Jun 12 08:20:21.108324 2022] [php7:error] [pid 3994866] [client 66.249.70.27:47563] script '/home/rajatbiotech.com/www/license.php' not found or unable to stat
[Sun Jun 12 08:20:44.468788 2022] [php7:error] [pid 3994808] [client 66.249.70.25:64362] script '/home/rajatbiotech.com/www/log.php' not found or unable to stat
[Sun Jun 12 08:21:31.174034 2022] [php7:error] [pid 3995299] [client 66.249.70.25:35072] script '/home/rajatbiotech.com/www/1.php' not found or unable to stat
[Sun Jun 12 08:21:54.537851 2022] [php7:error] [pid 3995300] [client 66.249.70.23:61689] script '/home/rajatbiotech.com/www/license.php' not found or unable to stat
[Sun Jun 12 08:22:41.239845 2022] [php7:error] [pid 3994865] [client 66.249.70.23:59245] script '/home/rajatbiotech.com/www/1.php' not found or unable to stat
[Sun Jun 12 08:23:04.593535 2022] [php7:error] [pid 3994505] [client 66.249.70.23:40762] script '/home/rajatbiotech.com/www/license.php' not found or unable to stat
[Sun Jun 12 08:23:27.950276 2022] [php7:error] [pid 3994763] [client 66.249.70.25:41359] script '/home/rajatbiotech.com/www/1.php' not found or unable to stat
[Sun Jun 12 08:23:32.503155 2022] [php7:error] [pid 3994808] [client 66.249.70.23:48088] script '/home/rajatbiotech.com/www/1.php' not found or unable to stat
[Sun Jun 12 08:25:02.280743 2022] [php7:error] [pid 3995300] [client 66.249.70.27:38002] script '/home/rajatbiotech.com/www/1.php' not found or unable to stat
[Sun Jun 12 08:27:21.507748 2022] [php7:error] [pid 3995700] [client 66.249.70.25:39773] script '/home/rajatbiotech.com/www/1.php' not found or unable to stat
[Sun Jun 12 08:49:32.680292 2022] [php7:error] [pid 3994505] [client 66.249.70.20:55863] script '/home/rajatbiotech.com/www/index.php' not found or unable to stat
[Sun Jun 12 08:58:29.855340 2022] [php7:error] [pid 3996228] [client 66.249.70.16:42783] script '/home/rajatbiotech.com/www/index.php' not found or unable to stat
[Sun Jun 12 08:58:52.867307 2022] [php7:error] [pid 3996117] [client 66.249.70.23:53530] script '/home/rajatbiotech.com/www/wp-signups.php' not found or unable to stat
[Sun Jun 12 09:06:46.380337 2022] [php7:error] [pid 3995881] [client 66.249.70.23:44351] script '/home/rajatbiotech.com/www/wp-signups.php' not found or unable to stat
[Sun Jun 12 09:08:33.114375 2022] [php7:error] [pid 3996362] [client 66.249.70.23:48320] script '/home/rajatbiotech.com/www/index.php' not found or unable to stat
[Sun Jun 12 09:38:59.127210 2022] [php7:error] [pid 3997001] [client 185.242.180.8:38024] script '/home/rajatbiotech.com/www/wp-login.php' not found or unable to stat
[Sun Jun 12 09:40:25.113469 2022] [php7:error] [pid 3997110] [client 66.249.70.25:62820] script '/home/rajatbiotech.com/www/wp-signups.php' not found or unable to stat
[Sun Jun 12 09:43:27.062866 2022] [php7:error] [pid 3997170] [client 66.249.70.25:65253] script '/home/rajatbiotech.com/www/wp-signups.php' not found or unable to stat
[Sun Jun 12 09:53:22.991596 2022] [php7:error] [pid 3997160] [client 66.249.70.18:51189] script '/home/rajatbiotech.com/www/index.php' not found or unable to stat
[Sun Jun 12 10:07:04.663464 2022] [php7:error] [pid 3997471] [client 66.249.70.25:55240] script '/home/rajatbiotech.com/www/wp-signups.php' not found or unable to stat
[Sun Jun 12 10:28:00.577878 2022] [php7:error] [pid 3997586] [client 66.249.70.23:36242] script '/home/rajatbiotech.com/www/1.php' not found or unable to stat
[Sun Jun 12 10:35:02.047980 2022] [php7:error] [pid 3997985] [client 66.249.70.18:40765] script '/home/rajatbiotech.com/www/index.php' not found or unable to stat
[Sun Jun 12 10:35:25.399743 2022] [php7:error] [pid 3997738] [client 66.249.70.18:62377] script '/home/rajatbiotech.com/www/index.php' not found or unable to stat
[Sun Jun 12 10:38:32.153256 2022] [php7:error] [pid 3997738] [client 66.249.70.16:44260] script '/home/rajatbiotech.com/www/index.php' not found or unable to stat
[Sun Jun 12 10:48:39.504093 2022] [php7:error] [pid 3998309] [client 66.249.70.20:36536] script '/home/rajatbiotech.com/www/index.php' not found or unable to stat
[Sun Jun 12 10:57:37.178046 2022] [php7:error] [pid 3998355] [client 66.249.70.25:46184] script '/home/rajatbiotech.com/www/1.php' not found or unable to stat
[Sun Jun 12 11:03:08.699855 2022] [php7:error] [pid 3998263] [client 66.249.70.18:48593] script '/home/rajatbiotech.com/www/index.php' not found or unable to stat
[Sun Jun 12 11:26:12.684019 2022] [php7:error] [pid 3998985] [client 66.249.70.23:58469] script '/home/rajatbiotech.com/www/index.php' not found or unable to stat
[Sun Jun 12 11:26:26.492595 2022] [php7:error] [pid 3998962] [client 66.249.70.18:56232] script '/home/rajatbiotech.com/www/index.php' not found or unable to stat
[Sun Jun 12 12:36:43.619895 2022] [php7:error] [pid 4000577] [client 66.249.70.18:35641] script '/home/rajatbiotech.com/www/index.php' not found or unable to stat
[Sun Jun 12 12:40:16.839267 2022] [php7:error] [pid 4000642] [client 66.249.70.16:55182] script '/home/rajatbiotech.com/www/index.php' not found or unable to stat
[Sun Jun 12 12:40:40.534201 2022] [php7:error] [pid 4000716] [client 66.249.70.16:35665] script '/home/rajatbiotech.com/www/index.php' not found or unable to stat
[Sun Jun 12 12:47:44.588279 2022] [php7:error] [pid 4000779] [client 66.249.70.18:56119] script '/home/rajatbiotech.com/www/index.php' not found or unable to stat
[Sun Jun 12 13:08:53.141413 2022] [php7:error] [pid 4000874] [client 66.249.70.20:37044] script '/home/rajatbiotech.com/www/index.php' not found or unable to stat
[Sun Jun 12 13:34:07.496023 2022] [php7:error] [pid 4001109] [client 66.249.70.23:61141] script '/home/rajatbiotech.com/www/1.php' not found or unable to stat
[Sun Jun 12 13:35:31.320366 2022] [php7:error] [pid 4001142] [client 95.108.213.71:63212] script '/home/rajatbiotech.com/www/xmlrpc.php' not found or unable to stat
[Sun Jun 12 13:57:24.102318 2022] [php7:error] [pid 4001496] [client 66.249.70.20:34885] script '/home/rajatbiotech.com/www/index.php' not found or unable to stat
[Sun Jun 12 13:59:51.680557 2022] [php7:error] [pid 4001528] [client 20.211.40.51:54863] script '/home/rajatbiotech.com/www/wp-class.php' not found or unable to stat, referer: www.google.com
[Sun Jun 12 14:03:35.139851 2022] [php7:error] [pid 4001594] [client 66.249.70.18:55532] script '/home/rajatbiotech.com/www/index.php' not found or unable to stat
[Sun Jun 12 14:06:59.385667 2022] [php7:error] [pid 4001635] [client 95.217.88.250:48468] script '/home/rajatbiotech.com/www/1index.php' not found or unable to stat, referer: http://simplesite.com
[Sun Jun 12 14:17:11.256951 2022] [php7:error] [pid 4001673] [client 92.53.96.174:55070] script '/home/rajatbiotech.com/www/radio.php' not found or unable to stat, referer: http://simplesite.com
[Sun Jun 12 14:18:00.898160 2022] [php7:error] [pid 4001673] [client 66.249.70.16:45831] script '/home/rajatbiotech.com/www/index.php' not found or unable to stat
[Sun Jun 12 14:28:19.298388 2022] [php7:error] [pid 4001702] [client 66.249.70.20:53984] script '/home/rajatbiotech.com/www/index.php' not found or unable to stat
[Sun Jun 12 14:32:26.668620 2022] [php7:error] [pid 4001921] [client 66.249.70.18:59020] script '/home/rajatbiotech.com/www/index.php' not found or unable to stat
[Sun Jun 12 15:08:32.711609 2022] [php7:error] [pid 4002276] [client 66.249.70.20:35489] script '/home/rajatbiotech.com/www/index.php' not found or unable to stat
[Sun Jun 12 15:33:06.814598 2022] [php7:error] [pid 4002718] [client 66.249.70.18:58024] script '/home/rajatbiotech.com/www/index.php' not found or unable to stat
[Sun Jun 12 15:35:32.633653 2022] [php7:error] [pid 4002795] [client 66.249.70.23:35050] script '/home/rajatbiotech.com/www/wp-signups.php' not found or unable to stat
[Sun Jun 12 16:16:24.328810 2022] [php7:error] [pid 4003423] [client 66.249.70.20:61640] script '/home/rajatbiotech.com/www/index.php' not found or unable to stat
[Sun Jun 12 16:31:52.034937 2022] [php7:error] [pid 4003587] [client 66.249.70.16:58311] script '/home/rajatbiotech.com/www/index.php' not found or unable to stat
[Sun Jun 12 16:36:54.517966 2022] [php7:error] [pid 4003626] [client 49.51.72.236:61833] script '/home/rajatbiotech.com/www/wp-load.php' not found or unable to stat, referer: www.bing.com
[Sun Jun 12 16:36:58.831976 2022] [php7:error] [pid 4003586] [client 49.51.72.236:52325] script '/home/rajatbiotech.com/www/style.php' not found or unable to stat, referer: www.bing.com
[Sun Jun 12 16:37:08.992341 2022] [php7:error] [pid 4003290] [client 49.51.72.236:58361] script '/home/rajatbiotech.com/www/s_e.php' not found or unable to stat, referer: www.bing.com
[Sun Jun 12 16:37:13.321027 2022] [php7:error] [pid 4003626] [client 49.51.72.236:60741] script '/home/rajatbiotech.com/www/s_ne.php' not found or unable to stat, referer: www.bing.com
[Sun Jun 12 16:37:19.210659 2022] [php7:error] [pid 4003587] [client 49.51.72.236:53822] script '/home/rajatbiotech.com/www/1index.php' not found or unable to stat, referer: www.bing.com
[Sun Jun 12 16:37:23.056167 2022] [php7:error] [pid 4003586] [client 49.51.72.236:55988] script '/home/rajatbiotech.com/www/radio.php' not found or unable to stat, referer: www.bing.com
[Sun Jun 12 16:37:25.942670 2022] [php7:error] [pid 4003550] [client 49.51.72.236:58789] script '/home/rajatbiotech.com/www/doc.php' not found or unable to stat, referer: www.bing.com
[Sun Jun 12 16:37:28.626981 2022] [php7:error] [pid 4003640] [client 49.51.72.236:60441] script '/home/rajatbiotech.com/www/wp_wrong_datlib.php' not found or unable to stat, referer: www.bing.com
[Sun Jun 12 16:37:30.633585 2022] [php7:error] [pid 4003658] [client 49.51.72.236:55275] script '/home/rajatbiotech.com/www/beence.php' not found or unable to stat, referer: www.bing.com
[Sun Jun 12 16:37:32.774573 2022] [php7:error] [pid 4003282] [client 49.51.72.236:63460] script '/home/rajatbiotech.com/www/ups.php' not found or unable to stat, referer: www.bing.com
[Sun Jun 12 16:37:33.778822 2022] [php7:error] [pid 4003659] [client 49.51.72.236:57923] script '/home/rajatbiotech.com/www/wp-signin.php' not found or unable to stat, referer: www.bing.com
[Sun Jun 12 16:37:35.924336 2022] [php7:error] [pid 4003282] [client 49.51.72.236:49702] script '/home/rajatbiotech.com/www/media-admin.php' not found or unable to stat, referer: www.bing.com
[Sun Jun 12 16:37:38.702284 2022] [php7:error] [pid 4003640] [client 49.51.72.236:62819] script '/home/rajatbiotech.com/www/export.php' not found or unable to stat, referer: www.bing.com
[Sun Jun 12 16:38:03.095377 2022] [php7:error] [pid 4003590] [client 66.249.70.18:42719] script '/home/rajatbiotech.com/www/index.php' not found or unable to stat
[Sun Jun 12 16:38:05.692260 2022] [php7:error] [pid 4003290] [client 49.51.72.236:53328] script '/home/rajatbiotech.com/www/defau1t.php' not found or unable to stat, referer: www.bing.com
[Sun Jun 12 16:38:08.290446 2022] [php7:error] [pid 4003550] [client 49.51.72.236:63577] script '/home/rajatbiotech.com/www/moduless.php' not found or unable to stat, referer: www.bing.com
[Sun Jun 12 16:38:10.470733 2022] [php7:error] [pid 4003586] [client 49.51.72.236:58328] script '/home/rajatbiotech.com/www/wp-booking.php' not found or unable to stat, referer: www.bing.com
[Sun Jun 12 16:38:18.116878 2022] [php7:error] [pid 4003290] [client 49.51.72.236:53923] script '/home/rajatbiotech.com/www/config.bak.php' not found or unable to stat, referer: www.bing.com
[Sun Jun 12 16:38:23.093940 2022] [php7:error] [pid 4003590] [client 49.51.72.236:49315] script '/home/rajatbiotech.com/www/legion.php' not found or unable to stat, referer: www.bing.com
[Sun Jun 12 16:38:27.708018 2022] [php7:error] [pid 4003557] [client 49.51.72.236:63147] script '/home/rajatbiotech.com/www/wp-plugins.php' not found or unable to stat, referer: www.bing.com
[Sun Jun 12 16:38:33.105980 2022] [php7:error] [pid 4003282] [client 49.51.72.236:55576] script '/home/rajatbiotech.com/www/archives.php' not found or unable to stat, referer: www.bing.com
[Sun Jun 12 16:38:35.227531 2022] [php7:error] [pid 4003590] [client 49.51.72.236:57787] script '/home/rajatbiotech.com/www/defau11.php' not found or unable to stat, referer: www.bing.com
[Sun Jun 12 16:38:40.714765 2022] [php7:error] [pid 4003557] [client 49.51.72.236:64973] script '/home/rajatbiotech.com/www/system_log.php' not found or unable to stat, referer: www.bing.com
[Sun Jun 12 16:38:44.975169 2022] [php7:error] [pid 4003587] [client 49.51.72.236:56405] script '/home/rajatbiotech.com/www/wp-backup-sql-302.php' not found or unable to stat, referer: www.bing.com
[Sun Jun 12 16:38:48.184061 2022] [php7:error] [pid 4003282] [client 49.51.72.236:57926] script '/home/rajatbiotech.com/www/error.php' not found or unable to stat, referer: www.bing.com
[Sun Jun 12 16:41:33.082332 2022] [php7:error] [pid 4003748] [client 49.51.72.236:64192] script '/home/rajatbiotech.com/www/index.php' not found or unable to stat, referer: www.bing.com
[Sun Jun 12 16:41:33.587720 2022] [php7:error] [pid 4003748] [client 49.51.72.236:64192] script '/home/rajatbiotech.com/www/olux.php' not found or unable to stat, referer: www.bing.com
[Sun Jun 12 16:41:35.944637 2022] [php7:error] [pid 4003748] [client 49.51.72.236:64192] script '/home/rajatbiotech.com/www/xleet.php' not found or unable to stat, referer: www.bing.com
[Sun Jun 12 16:41:38.332675 2022] [php7:error] [pid 4003748] [client 49.51.72.236:64192] script '/home/rajatbiotech.com/www/wso.php' not found or unable to stat, referer: www.bing.com
[Sun Jun 12 16:41:40.670234 2022] [php7:error] [pid 4003748] [client 49.51.72.236:64192] script '/home/rajatbiotech.com/www/shell.php' not found or unable to stat, referer: www.bing.com
[Sun Jun 12 16:41:42.364320 2022] [php7:error] [pid 4003748] [client 49.51.72.236:64192] script '/home/rajatbiotech.com/www/up.php' not found or unable to stat, referer: www.bing.com
[Sun Jun 12 16:41:43.842466 2022] [php7:error] [pid 4003748] [client 49.51.72.236:64192] script '/home/rajatbiotech.com/www/upload.php' not found or unable to stat, referer: www.bing.com
[Sun Jun 12 16:41:46.405415 2022] [php7:error] [pid 4003748] [client 49.51.72.236:64192] script '/home/rajatbiotech.com/www/1.php' not found or unable to stat, referer: www.bing.com
[Sun Jun 12 16:41:49.230538 2022] [php7:error] [pid 4003748] [client 49.51.72.236:64192] script '/home/rajatbiotech.com/www/x.php' not found or unable to stat, referer: www.bing.com
[Sun Jun 12 16:41:51.651903 2022] [php7:error] [pid 4003748] [client 49.51.72.236:64192] script '/home/rajatbiotech.com/www/z.php' not found or unable to stat, referer: www.bing.com
[Sun Jun 12 16:41:54.046626 2022] [php7:error] [pid 4003748] [client 49.51.72.236:64192] script '/home/rajatbiotech.com/www/a.php' not found or unable to stat, referer: www.bing.com
[Sun Jun 12 16:42:02.479012 2022] [php7:error] [pid 4003675] [client 49.51.72.236:56933] script '/home/rajatbiotech.com/www/wp.php' not found or unable to stat, referer: www.bing.com
[Sun Jun 12 16:42:04.418838 2022] [php7:error] [pid 4003675] [client 49.51.72.236:56933] script '/home/rajatbiotech.com/www/alfa.php' not found or unable to stat, referer: www.bing.com
[Sun Jun 12 16:42:06.230784 2022] [php7:error] [pid 4003675] [client 49.51.72.236:56933] script '/home/rajatbiotech.com/www/config.php' not found or unable to stat, referer: www.bing.com
[Sun Jun 12 16:42:09.358695 2022] [php7:error] [pid 4003675] [client 49.51.72.236:56933] script '/home/rajatbiotech.com/www/about.php' not found or unable to stat, referer: www.bing.com
[Sun Jun 12 16:42:13.881731 2022] [php7:error] [pid 4003675] [client 49.51.72.236:56933] script '/home/rajatbiotech.com/www/shells.php' not found or unable to stat, referer: www.bing.com
[Sun Jun 12 16:49:47.567697 2022] [php7:error] [pid 4003817] [client 66.249.70.20:49959] script '/home/rajatbiotech.com/www/index.php' not found or unable to stat
[Sun Jun 12 17:13:34.648726 2022] [php7:error] [pid 4004397] [client 66.249.70.20:52563] script '/home/rajatbiotech.com/www/index.php' not found or unable to stat
[Sun Jun 12 17:26:33.056605 2022] [php7:error] [pid 4004381] [client 66.249.70.16:50753] script '/home/rajatbiotech.com/www/index.php' not found or unable to stat
[Sun Jun 12 17:27:21.180771 2022] [php7:error] [pid 4004514] [client 66.249.70.23:41470] script '/home/rajatbiotech.com/www/1.php' not found or unable to stat
[Sun Jun 12 17:30:52.533253 2022] [php7:error] [pid 4004623] [client 66.249.70.20:58608] script '/home/rajatbiotech.com/www/index.php' not found or unable to stat
[Sun Jun 12 17:59:44.908009 2022] [php7:error] [pid 4004989] [client 66.249.70.20:42206] script '/home/rajatbiotech.com/www/index.php' not found or unable to stat
[Sun Jun 12 19:09:52.108674 2022] [php7:error] [pid 4006293] [client 66.249.70.18:64271] script '/home/rajatbiotech.com/www/index.php' not found or unable to stat
[Sun Jun 12 19:12:08.891684 2022] [php7:error] [pid 4006292] [client 66.249.70.20:59969] script '/home/rajatbiotech.com/www/index.php' not found or unable to stat
[Sun Jun 12 19:23:00.104264 2022] [php7:error] [pid 4006469] [client 66.249.70.25:62796] script '/home/rajatbiotech.com/www/1.php' not found or unable to stat
[Sun Jun 12 19:25:49.547877 2022] [php7:error] [pid 4006694] [client 66.249.70.20:49565] script '/home/rajatbiotech.com/www/index.php' not found or unable to stat
[Sun Jun 12 19:28:48.637234 2022] [php7:error] [pid 4006699] [client 66.249.70.25:59264] script '/home/rajatbiotech.com/www/wp-signups.php' not found or unable to stat
[Sun Jun 12 19:40:52.252849 2022] [php7:error] [pid 4006960] [client 66.249.70.20:65277] script '/home/rajatbiotech.com/www/index.php' not found or unable to stat
[Sun Jun 12 19:45:55.916985 2022] [php7:error] [pid 4007060] [client 66.249.70.20:45031] script '/home/rajatbiotech.com/www/index.php' not found or unable to stat
[Sun Jun 12 19:48:23.662950 2022] [php7:error] [pid 4006868] [client 66.249.70.18:61221] script '/home/rajatbiotech.com/www/index.php' not found or unable to stat
[Sun Jun 12 20:15:28.666799 2022] [php7:error] [pid 4007248] [client 66.249.70.16:35887] script '/home/rajatbiotech.com/www/index.php' not found or unable to stat
[Sun Jun 12 20:36:24.378510 2022] [php7:error] [pid 4007730] [client 66.249.70.20:53716] script '/home/rajatbiotech.com/www/index.php' not found or unable to stat
[Sun Jun 12 20:56:10.276501 2022] [php7:error] [pid 4008161] [client 66.249.70.18:43896] script '/home/rajatbiotech.com/www/index.php' not found or unable to stat
[Sun Jun 12 20:59:05.607645 2022] [php7:error] [pid 4008205] [client 66.249.70.25:36162] script '/home/rajatbiotech.com/www/index.php' not found or unable to stat
[Sun Jun 12 21:26:27.641107 2022] [php7:error] [pid 4008175] [client 66.249.70.25:45280] script '/home/rajatbiotech.com/www/1.php' not found or unable to stat
[Sun Jun 12 21:42:48.759687 2022] [php7:error] [pid 4008172] [client 66.249.70.18:59255] script '/home/rajatbiotech.com/www/index.php' not found or unable to stat
[Sun Jun 12 22:10:34.306766 2022] [php7:error] [pid 4008809] [client 66.249.70.23:58492] script '/home/rajatbiotech.com/www/1.php' not found or unable to stat
[Sun Jun 12 23:38:48.414021 2022] [php7:error] [pid 4008706] [client 66.249.70.25:53804] script '/home/rajatbiotech.com/www/license.php' not found or unable to stat
[Mon Jun 13 00:11:26.331578 2022] [php7:error] [pid 4010612] [client 141.94.87.67:55448] script '/home/rajatbiotech.com/www/ffAA531.php' not found or unable to stat, referer: http://simplesite.com
[Mon Jun 13 00:42:42.324491 2022] [php7:error] [pid 4010938] [client 66.249.70.20:49095] script '/home/rajatbiotech.com/www/index.php' not found or unable to stat
[Mon Jun 13 00:58:51.982203 2022] [php7:error] [pid 4010937] [client 66.249.70.20:46852] script '/home/rajatbiotech.com/www/index.php' not found or unable to stat
[Mon Jun 13 01:02:27.458170 2022] [php7:error] [pid 4010613] [client 66.249.70.16:55161] script '/home/rajatbiotech.com/www/index.php' not found or unable to stat
[Mon Jun 13 01:13:14.020696 2022] [php7:error] [pid 4010613] [client 66.249.70.25:64342] script '/home/rajatbiotech.com/www/index.php' not found or unable to stat
[Mon Jun 13 01:24:00.439350 2022] [php7:error] [pid 4011839] [client 66.249.70.18:42119] script '/home/rajatbiotech.com/www/index.php' not found or unable to stat
[Mon Jun 13 01:32:59.076004 2022] [php7:error] [pid 4010625] [client 66.249.70.18:54677] script '/home/rajatbiotech.com/www/index.php' not found or unable to stat
[Mon Jun 13 01:48:56.385086 2022] [php7:error] [pid 4012210] [client 66.249.70.20:52135] script '/home/rajatbiotech.com/www/index.php' not found or unable to stat
[Mon Jun 13 01:54:34.947550 2022] [php7:error] [pid 4011839] [client 66.249.70.16:56962] script '/home/rajatbiotech.com/www/index.php' not found or unable to stat
[Mon Jun 13 01:57:58.058490 2022] [php7:error] [pid 4012209] [client 66.249.70.18:53171] script '/home/rajatbiotech.com/www/index.php' not found or unable to stat
[Mon Jun 13 02:27:32.656581 2022] [php7:error] [pid 4010613] [client 66.249.70.16:44764] script '/home/rajatbiotech.com/www/index.php' not found or unable to stat
[Mon Jun 13 02:35:12.543493 2022] [php7:error] [pid 4013032] [client 66.249.70.27:64362] script '/home/rajatbiotech.com/www/license.php' not found or unable to stat
[Mon Jun 13 02:46:29.534722 2022] [php7:error] [pid 4011839] [client 66.249.70.18:57218] script '/home/rajatbiotech.com/www/index.php' not found or unable to stat
[Mon Jun 13 03:00:19.553033 2022] [php7:error] [pid 4013461] [client 66.249.70.27:62980] script '/home/rajatbiotech.com/www/wp-signups.php' not found or unable to stat
[Mon Jun 13 03:16:30.539947 2022] [php7:error] [pid 4013447] [client 66.249.70.20:64550] script '/home/rajatbiotech.com/www/index.php' not found or unable to stat
[Mon Jun 13 03:34:18.648806 2022] [php7:error] [pid 4013734] [client 66.249.70.25:60800] script '/home/rajatbiotech.com/www/1.php' not found or unable to stat
[Mon Jun 13 03:41:57.319124 2022] [php7:error] [pid 4013380] [client 66.249.70.18:62480] script '/home/rajatbiotech.com/www/index.php' not found or unable to stat
[Mon Jun 13 03:58:49.810235 2022] [php7:error] [pid 4013912] [client 66.249.70.25:43362] script '/home/rajatbiotech.com/www/1.php' not found or unable to stat
[Mon Jun 13 04:13:37.122750 2022] [php7:error] [pid 4014343] [client 66.249.70.20:35153] script '/home/rajatbiotech.com/www/index.php' not found or unable to stat
[Mon Jun 13 04:22:39.282570 2022] [php7:error] [pid 4013946] [client 66.249.70.20:41077] script '/home/rajatbiotech.com/www/index.php' not found or unable to stat
[Mon Jun 13 04:26:16.142357 2022] [php7:error] [pid 4014013] [client 66.249.70.20:39220] script '/home/rajatbiotech.com/www/index.php' not found or unable to stat
[Mon Jun 13 04:29:53.005720 2022] [php7:error] [pid 4014203] [client 66.249.70.16:55285] script '/home/rajatbiotech.com/www/index.php' not found or unable to stat
[Mon Jun 13 04:51:34.205293 2022] [php7:error] [pid 4015039] [client 66.249.70.20:34999] script '/home/rajatbiotech.com/www/index.php' not found or unable to stat
[Mon Jun 13 05:16:24.136585 2022] [php7:error] [pid 4015336] [client 114.119.145.86:56079] script '/home/rajatbiotech.com/www/index.php' not found or unable to stat
[Mon Jun 13 05:27:42.859811 2022] [php7:error] [pid 4014961] [client 66.249.70.16:53557] script '/home/rajatbiotech.com/www/index.php' not found or unable to stat
[Mon Jun 13 05:33:08.163864 2022] [php7:error] [pid 4015733] [client 66.249.70.18:46776] script '/home/rajatbiotech.com/www/index.php' not found or unable to stat
[Mon Jun 13 05:51:12.477471 2022] [php7:error] [pid 4016235] [client 66.249.70.20:43839] script '/home/rajatbiotech.com/www/index.php' not found or unable to stat
[Mon Jun 13 05:56:37.786330 2022] [php7:error] [pid 4015733] [client 66.249.70.16:48811] script '/home/rajatbiotech.com/www/index.php' not found or unable to stat
[Mon Jun 13 06:01:32.396246 2022] [php7:error] [pid 4016043] [client 114.119.131.197:38255] script '/home/rajatbiotech.com/www/index.php' not found or unable to stat
[Mon Jun 13 06:06:50.511798 2022] [php7:error] [pid 4016043] [client 114.119.146.100:54075] script '/home/rajatbiotech.com/www/index.php' not found or unable to stat
[Mon Jun 13 06:07:59.641823 2022] [php7:error] [pid 4016427] [client 114.119.145.86:47051] script '/home/rajatbiotech.com/www/index.php' not found or unable to stat
[Mon Jun 13 06:11:28.912476 2022] [php7:error] [pid 4015733] [client 114.119.145.86:59557] script '/home/rajatbiotech.com/www/index.php' not found or unable to stat
[Mon Jun 13 06:14:34.929685 2022] [php7:error] [pid 4016516] [client 114.119.145.86:43525] script '/home/rajatbiotech.com/www/index.php' not found or unable to stat
[Mon Jun 13 06:16:17.196274 2022] [php7:error] [pid 4016699] [client 66.249.70.27:39591] script '/home/rajatbiotech.com/www/license.php' not found or unable to stat
[Mon Jun 13 06:20:07.517196 2022] [php7:error] [pid 4016516] [client 66.249.70.25:34962] script '/home/rajatbiotech.com/www/1.php' not found or unable to stat
[Mon Jun 13 06:25:32.803491 2022] [php7:error] [pid 4016721] [client 66.249.70.27:44580] script '/home/rajatbiotech.com/www/1.php' not found or unable to stat
[Mon Jun 13 06:27:21.127835 2022] [php7:error] [pid 4016852] [client 66.249.70.18:52461] script '/home/rajatbiotech.com/www/index.php' not found or unable to stat
[Mon Jun 13 06:34:34.971298 2022] [php7:error] [pid 4016904] [client 66.249.70.25:63878] script '/home/rajatbiotech.com/www/license.php' not found or unable to stat
[Mon Jun 13 06:38:11.831583 2022] [php7:error] [pid 4017066] [client 66.249.70.25:60756] script '/home/rajatbiotech.com/www/log.php' not found or unable to stat
[Mon Jun 13 06:49:02.321048 2022] [php7:error] [pid 4016985] [client 66.249.70.16:51009] script '/home/rajatbiotech.com/www/index.php' not found or unable to stat
[Mon Jun 13 06:55:43.719450 2022] [php7:error] [pid 4017395] [client 114.119.145.86:60933] script '/home/rajatbiotech.com/www/index.php' not found or unable to stat
[Mon Jun 13 07:02:19.231142 2022] [php7:error] [pid 4017513] [client 66.249.70.25:63968] script '/home/rajatbiotech.com/www/1.php' not found or unable to stat
[Mon Jun 13 07:10:26.558242 2022] [php7:error] [pid 4017492] [client 114.119.146.100:38399] script '/home/rajatbiotech.com/www/index.php' not found or unable to stat
[Mon Jun 13 07:16:10.331834 2022] [php7:error] [pid 4017763] [client 66.249.70.23:38890] script '/home/rajatbiotech.com/www/wp-signups.php' not found or unable to stat
[Mon Jun 13 07:24:32.442222 2022] [php7:error] [pid 4017925] [client 66.249.70.20:52328] script '/home/rajatbiotech.com/www/index.php' not found or unable to stat
[Mon Jun 13 07:34:44.517844 2022] [php7:error] [pid 4018072] [client 66.249.70.18:58252] script '/home/rajatbiotech.com/www/index.php' not found or unable to stat
[Mon Jun 13 07:58:24.451472 2022] [php7:error] [pid 4018451] [client 114.119.146.100:29203] script '/home/rajatbiotech.com/www/index.php' not found or unable to stat
[Mon Jun 13 07:58:55.452525 2022] [php7:error] [pid 4018606] [client 95.217.114.21:57975] script '/home/rajatbiotech.com/www/xmlrpc.php' not found or unable to stat
[Mon Jun 13 08:09:43.594659 2022] [php7:error] [pid 4018464] [client 114.119.145.81:34935] script '/home/rajatbiotech.com/www/index.php' not found or unable to stat
[Mon Jun 13 08:10:26.885479 2022] [php7:error] [pid 4018793] [client 66.249.70.23:38092] script '/home/rajatbiotech.com/www/1.php' not found or unable to stat
[Mon Jun 13 08:14:19.084624 2022] [php7:error] [pid 4018913] [client 114.119.145.86:26159] script '/home/rajatbiotech.com/www/index.php' not found or unable to stat
[Mon Jun 13 08:34:33.047917 2022] [php7:error] [pid 4019227] [client 114.119.145.88:62105] script '/home/rajatbiotech.com/www/index.php' not found or unable to stat
[Mon Jun 13 08:42:24.999362 2022] [php7:error] [pid 4019462] [client 213.108.1.223:55803] script '/home/rajatbiotech.com/www/wp-login.php' not found or unable to stat
[Mon Jun 13 08:44:10.875002 2022] [php7:error] [pid 4019488] [client 114.119.145.86:35361] script '/home/rajatbiotech.com/www/index.php' not found or unable to stat
[Mon Jun 13 08:51:15.051299 2022] [php7:error] [pid 4019622] [client 66.249.70.18:49203] script '/home/rajatbiotech.com/www/index.php' not found or unable to stat
[Mon Jun 13 08:51:30.719615 2022] [php7:error] [pid 4019619] [client 114.119.145.81:27559] script '/home/rajatbiotech.com/www/index.php' not found or unable to stat
[Mon Jun 13 08:57:15.962431 2022] [php7:error] [pid 4019731] [client 114.119.145.8:34097] script '/home/rajatbiotech.com/www/index.php' not found or unable to stat
[Mon Jun 13 09:17:27.302786 2022] [php7:error] [pid 4019977] [client 114.119.145.86:51773] script '/home/rajatbiotech.com/www/index.php' not found or unable to stat
[Mon Jun 13 09:21:12.475769 2022] [php7:error] [pid 4020108] [client 34.176.50.114:41506] script '/home/rajatbiotech.com/www/wp-login.php' not found or unable to stat
[Mon Jun 13 09:21:56.589245 2022] [php7:error] [pid 4020165] [client 114.119.145.81:45125] script '/home/rajatbiotech.com/www/index.php' not found or unable to stat
[Mon Jun 13 09:28:30.099163 2022] [php7:error] [pid 4020226] [client 66.249.70.27:40125] script '/home/rajatbiotech.com/www/wp-signups.php' not found or unable to stat
[Mon Jun 13 09:31:08.825216 2022] [php7:error] [pid 4020338] [client 66.249.70.20:37236] script '/home/rajatbiotech.com/www/index.php' not found or unable to stat
[Mon Jun 13 09:53:53.355259 2022] [php7:error] [pid 4020724] [client 114.119.145.81:51201] script '/home/rajatbiotech.com/www/index.php' not found or unable to stat
[Mon Jun 13 09:56:39.498741 2022] [php7:error] [pid 4020724] [client 114.119.145.86:41473] script '/home/rajatbiotech.com/www/index.php' not found or unable to stat
[Mon Jun 13 09:56:44.763523 2022] [php7:error] [pid 4020549] [client 66.249.70.23:46182] script '/home/rajatbiotech.com/www/wp-signups.php' not found or unable to stat
[Mon Jun 13 10:00:45.826913 2022] [php7:error] [pid 4020843] [client 66.249.70.23:44976] script '/home/rajatbiotech.com/www/wp-signups.php' not found or unable to stat
[Mon Jun 13 10:07:55.260247 2022] [php7:error] [pid 4020227] [client 114.119.145.81:41373] script '/home/rajatbiotech.com/www/index.php' not found or unable to stat
[Mon Jun 13 10:22:34.465290 2022] [php7:error] [pid 4021286] [client 66.249.70.23:57644] script '/home/rajatbiotech.com/www/log.php' not found or unable to stat
[Mon Jun 13 10:23:02.560507 2022] [php7:error] [pid 4021261] [client 66.249.70.23:47408] script '/home/rajatbiotech.com/www/license.php' not found or unable to stat
[Mon Jun 13 10:24:05.623848 2022] [php7:error] [pid 4021260] [client 66.249.70.23:35358] script '/home/rajatbiotech.com/www/log.php' not found or unable to stat
[Mon Jun 13 10:25:17.914168 2022] [php7:error] [pid 4021325] [client 114.119.145.88:39273] script '/home/rajatbiotech.com/www/index.php' not found or unable to stat
[Mon Jun 13 10:25:36.778031 2022] [php7:error] [pid 4021330] [client 66.249.70.27:60600] script '/home/rajatbiotech.com/www/license.php' not found or unable to stat
[Mon Jun 13 10:27:07.931064 2022] [php7:error] [pid 4021379] [client 66.249.70.25:62119] script '/home/rajatbiotech.com/www/license.php' not found or unable to stat
[Mon Jun 13 10:28:39.088385 2022] [php7:error] [pid 4021452] [client 66.249.70.27:35358] script '/home/rajatbiotech.com/www/license.php' not found or unable to stat
[Mon Jun 13 10:30:11.543295 2022] [php7:error] [pid 4021453] [client 66.249.64.219:50506] script '/home/rajatbiotech.com/www/license.php' not found or unable to stat
[Mon Jun 13 10:31:41.411414 2022] [php7:error] [pid 4021611] [client 66.249.64.215:64248] script '/home/rajatbiotech.com/www/1.php' not found or unable to stat
[Mon Jun 13 10:33:12.570925 2022] [php7:error] [pid 4021650] [client 66.249.64.217:52434] script '/home/rajatbiotech.com/www/1.php' not found or unable to stat
[Mon Jun 13 10:34:43.626991 2022] [php7:error] [pid 4021533] [client 66.249.64.212:35138] script '/home/rajatbiotech.com/www/index.php' not found or unable to stat
[Mon Jun 13 10:36:14.888805 2022] [php7:error] [pid 4021652] [client 66.249.64.217:55303] script '/home/rajatbiotech.com/www/license.php' not found or unable to stat
[Mon Jun 13 10:37:46.048223 2022] [php7:error] [pid 4021705] [client 66.249.64.215:49563] script '/home/rajatbiotech.com/www/log.php' not found or unable to stat
[Mon Jun 13 10:39:17.197229 2022] [php7:error] [pid 4021776] [client 66.249.64.215:49848] script '/home/rajatbiotech.com/www/log.php' not found or unable to stat
[Mon Jun 13 10:45:20.768230 2022] [php7:error] [pid 4021533] [client 66.249.64.215:48883] script '/home/rajatbiotech.com/www/license.php' not found or unable to stat
[Mon Jun 13 10:46:53.004749 2022] [php7:error] [pid 4021738] [client 66.249.64.217:49343] script '/home/rajatbiotech.com/www/license.php' not found or unable to stat
[Mon Jun 13 10:49:55.314034 2022] [php7:error] [pid 4022222] [client 66.249.64.219:51161] script '/home/rajatbiotech.com/www/1.php' not found or unable to stat
[Mon Jun 13 10:51:27.876608 2022] [php7:error] [pid 4022222] [client 66.249.64.219:45890] script '/home/rajatbiotech.com/www/license.php' not found or unable to stat
[Mon Jun 13 10:52:14.175291 2022] [php7:error] [pid 4022228] [client 66.249.64.217:64184] script '/home/rajatbiotech.com/www/license.php' not found or unable to stat
[Mon Jun 13 10:53:00.745091 2022] [php7:error] [pid 4022228] [client 66.249.64.219:40256] script '/home/rajatbiotech.com/www/1.php' not found or unable to stat
[Mon Jun 13 10:53:46.624075 2022] [php7:error] [pid 4022302] [client 66.249.64.210:44995] script '/home/rajatbiotech.com/www/index.php' not found or unable to stat
[Mon Jun 13 10:56:05.588839 2022] [php7:error] [pid 4022190] [client 66.249.64.215:55693] script '/home/rajatbiotech.com/www/log.php' not found or unable to stat
[Mon Jun 13 10:56:51.869017 2022] [php7:error] [pid 4022205] [client 66.249.64.215:38753] script '/home/rajatbiotech.com/www/license.php' not found or unable to stat
[Mon Jun 13 10:58:24.447231 2022] [php7:error] [pid 4022290] [client 66.249.64.215:43932] script '/home/rajatbiotech.com/www/license.php' not found or unable to stat
[Mon Jun 13 10:59:57.013123 2022] [php7:error] [pid 4022402] [client 66.249.64.215:36797] script '/home/rajatbiotech.com/www/1.php' not found or unable to stat
[Mon Jun 13 11:00:43.279469 2022] [php7:error] [pid 4022444] [client 66.249.64.219:53392] script '/home/rajatbiotech.com/www/log.php' not found or unable to stat
[Mon Jun 13 11:02:15.866354 2022] [php7:error] [pid 4022464] [client 66.249.64.215:61549] script '/home/rajatbiotech.com/www/license.php' not found or unable to stat
[Mon Jun 13 11:03:48.423641 2022] [php7:error] [pid 4022447] [client 66.249.64.217:51911] script '/home/rajatbiotech.com/www/log.php' not found or unable to stat
[Mon Jun 13 11:04:34.706793 2022] [php7:error] [pid 4022446] [client 66.249.64.215:55057] script '/home/rajatbiotech.com/www/1.php' not found or unable to stat
[Mon Jun 13 11:05:20.990235 2022] [php7:error] [pid 4022401] [client 66.249.64.215:60718] script '/home/rajatbiotech.com/www/license.php' not found or unable to stat
[Mon Jun 13 11:06:53.554597 2022] [php7:error] [pid 4022446] [client 66.249.64.217:39865] script '/home/rajatbiotech.com/www/1.php' not found or unable to stat
[Mon Jun 13 11:07:39.840983 2022] [php7:error] [pid 4022574] [client 66.249.64.217:55368] script '/home/rajatbiotech.com/www/1.php' not found or unable to stat
[Mon Jun 13 11:08:26.124734 2022] [php7:error] [pid 4022535] [client 66.249.64.215:35678] script '/home/rajatbiotech.com/www/log.php' not found or unable to stat
[Mon Jun 13 11:09:12.415974 2022] [php7:error] [pid 4022580] [client 66.249.64.219:64487] script '/home/rajatbiotech.com/www/1.php' not found or unable to stat
[Mon Jun 13 11:09:58.688110 2022] [php7:error] [pid 4022683] [client 66.249.64.215:42773] script '/home/rajatbiotech.com/www/license.php' not found or unable to stat
[Mon Jun 13 11:10:44.972024 2022] [php7:error] [pid 4022579] [client 66.249.64.217:56575] script '/home/rajatbiotech.com/www/1.php' not found or unable to stat
[Mon Jun 13 11:12:17.554242 2022] [php7:error] [pid 4022592] [client 66.249.64.217:59072] script '/home/rajatbiotech.com/www/license.php' not found or unable to stat
[Mon Jun 13 11:12:42.621271 2022] [php7:error] [pid 4022683] [client 114.119.145.86:49409] script '/home/rajatbiotech.com/www/index.php' not found or unable to stat
[Mon Jun 13 11:17:41.525452 2022] [php7:error] [pid 4022693] [client 66.249.64.217:62903] script '/home/rajatbiotech.com/www/1.php' not found or unable to stat
[Mon Jun 13 11:18:27.815512 2022] [php7:error] [pid 4022864] [client 66.249.64.219:58316] script '/home/rajatbiotech.com/www/1.php' not found or unable to stat
[Mon Jun 13 11:20:00.683747 2022] [php7:error] [pid 4022858] [client 66.249.64.217:63260] script '/home/rajatbiotech.com/www/1.php' not found or unable to stat
[Mon Jun 13 11:20:46.655754 2022] [php7:error] [pid 4022858] [client 66.249.64.215:47868] script '/home/rajatbiotech.com/www/license.php' not found or unable to stat
[Mon Jun 13 11:21:32.946395 2022] [php7:error] [pid 4022941] [client 66.249.64.215:61593] script '/home/rajatbiotech.com/www/log.php' not found or unable to stat
[Mon Jun 13 11:23:05.541634 2022] [php7:error] [pid 4022758] [client 66.249.64.215:44662] script '/home/rajatbiotech.com/www/log.php' not found or unable to stat
[Mon Jun 13 11:23:51.789960 2022] [php7:error] [pid 4022947] [client 66.249.64.215:37528] script '/home/rajatbiotech.com/www/1.php' not found or unable to stat
[Mon Jun 13 11:24:38.071039 2022] [php7:error] [pid 4022913] [client 66.249.64.217:53546] script '/home/rajatbiotech.com/www/1.php' not found or unable to stat
[Mon Jun 13 11:25:24.359744 2022] [php7:error] [pid 4022952] [client 66.249.64.219:40929] script '/home/rajatbiotech.com/www/1.php' not found or unable to stat
[Mon Jun 13 11:26:56.936981 2022] [php7:error] [pid 4022766] [client 66.249.64.217:43494] script '/home/rajatbiotech.com/www/wp-signups.php' not found or unable to stat
[Mon Jun 13 11:27:43.215105 2022] [php7:error] [pid 4022941] [client 66.249.64.217:47435] script '/home/rajatbiotech.com/www/1.php' not found or unable to stat
[Mon Jun 13 11:29:15.781209 2022] [php7:error] [pid 4023100] [client 66.249.64.217:50299] script '/home/rajatbiotech.com/www/license.php' not found or unable to stat
[Mon Jun 13 11:30:02.063375 2022] [php7:error] [pid 4022952] [client 66.249.64.217:51702] script '/home/rajatbiotech.com/www/1.php' not found or unable to stat
[Mon Jun 13 11:30:48.348823 2022] [php7:error] [pid 4023151] [client 66.249.64.215:46213] script '/home/rajatbiotech.com/www/index.php' not found or unable to stat
[Mon Jun 13 11:31:34.622735 2022] [php7:error] [pid 4022947] [client 66.249.64.219:35511] script '/home/rajatbiotech.com/www/license.php' not found or unable to stat
[Mon Jun 13 11:32:20.918550 2022] [php7:error] [pid 4022766] [client 66.249.64.219:47015] script '/home/rajatbiotech.com/www/log.php' not found or unable to stat
[Mon Jun 13 11:33:07.197574 2022] [php7:error] [pid 4023151] [client 66.249.64.219:53097] script '/home/rajatbiotech.com/www/license.php' not found or unable to stat
[Mon Jun 13 11:33:53.476058 2022] [php7:error] [pid 4023098] [client 66.249.64.217:53122] script '/home/rajatbiotech.com/www/1.php' not found or unable to stat
[Mon Jun 13 11:34:39.764952 2022] [php7:error] [pid 4022955] [client 66.249.64.215:41644] script '/home/rajatbiotech.com/www/1.php' not found or unable to stat
[Mon Jun 13 11:35:25.945519 2022] [php7:error] [pid 4023292] [client 66.249.64.212:59151] script '/home/rajatbiotech.com/www/index.php' not found or unable to stat
[Mon Jun 13 11:36:12.333250 2022] [php7:error] [pid 4023227] [client 66.249.64.217:41276] script '/home/rajatbiotech.com/www/log.php' not found or unable to stat
[Mon Jun 13 11:40:05.576870 2022] [php7:error] [pid 4023293] [client 66.249.64.217:49950] script '/home/rajatbiotech.com/www/license.php' not found or unable to stat
[Mon Jun 13 11:42:22.611446 2022] [php7:error] [pid 4023532] [client 66.249.64.219:51252] script '/home/rajatbiotech.com/www/license.php' not found or unable to stat
[Mon Jun 13 11:42:31.294014 2022] [php7:error] [pid 4023227] [client 114.119.145.81:34919] script '/home/rajatbiotech.com/www/index.php' not found or unable to stat
[Mon Jun 13 11:43:08.876750 2022] [php7:error] [pid 4023293] [client 66.249.64.215:64227] script '/home/rajatbiotech.com/www/log.php' not found or unable to stat
[Mon Jun 13 11:45:27.746776 2022] [php7:error] [pid 4023227] [client 66.249.64.219:57929] script '/home/rajatbiotech.com/www/license.php' not found or unable to stat
[Mon Jun 13 11:46:14.490857 2022] [php7:error] [pid 4023605] [client 66.249.64.215:50879] script '/home/rajatbiotech.com/www/1.php' not found or unable to stat
[Mon Jun 13 11:46:38.033354 2022] [php7:error] [pid 4023532] [client 66.249.64.215:41109] script '/home/rajatbiotech.com/www/log.php' not found or unable to stat
[Mon Jun 13 11:47:48.327376 2022] [php7:error] [pid 4023654] [client 66.249.64.215:42232] script '/home/rajatbiotech.com/www/1.php' not found or unable to stat
[Mon Jun 13 11:48:23.481262 2022] [php7:error] [pid 4023532] [client 66.249.64.219:35268] script '/home/rajatbiotech.com/www/log.php' not found or unable to stat
[Mon Jun 13 11:50:08.921760 2022] [php7:error] [pid 4023532] [client 66.249.64.217:35157] script '/home/rajatbiotech.com/www/1.php' not found or unable to stat
[Mon Jun 13 11:50:44.063867 2022] [php7:error] [pid 4023322] [client 66.249.64.215:36087] script '/home/rajatbiotech.com/www/license.php' not found or unable to stat
[Mon Jun 13 11:51:19.220052 2022] [php7:error] [pid 4023691] [client 66.249.64.219:41315] script '/home/rajatbiotech.com/www/license.php' not found or unable to stat
[Mon Jun 13 11:51:54.365295 2022] [php7:error] [pid 4023691] [client 66.249.64.215:35726] script '/home/rajatbiotech.com/www/license.php' not found or unable to stat
[Mon Jun 13 11:52:29.516186 2022] [php7:error] [pid 4023680] [client 66.249.64.215:52492] script '/home/rajatbiotech.com/www/1.php' not found or unable to stat
[Mon Jun 13 11:53:04.660643 2022] [php7:error] [pid 4023680] [client 66.249.64.215:55091] script '/home/rajatbiotech.com/www/1.php' not found or unable to stat
