[Mon Jun 13 15:09:10.070576 2022] [php7:error] [pid 4027785] [client 66.249.64.219:37826] script '/home/rajatbiotech.com/www/1.php' not found or unable to stat
[Mon Jun 13 15:09:24.396761 2022] [php7:error] [pid 4027816] [client 66.249.64.217:37910] script '/home/rajatbiotech.com/www/log.php' not found or unable to stat
[Mon Jun 13 15:09:53.022553 2022] [php7:error] [pid 4028108] [client 66.249.64.215:53083] script '/home/rajatbiotech.com/www/1.php' not found or unable to stat
[Mon Jun 13 15:10:07.328244 2022] [php7:error] [pid 4028116] [client 66.249.64.217:56293] script '/home/rajatbiotech.com/www/1.php' not found or unable to stat
[Mon Jun 13 15:10:22.807175 2022] [php7:error] [pid 4028108] [client 66.249.64.217:48633] script '/home/rajatbiotech.com/www/license.php' not found or unable to stat
[Mon Jun 13 15:10:35.955525 2022] [php7:error] [pid 4027434] [client 66.249.64.215:49696] script '/home/rajatbiotech.com/www/1.php' not found or unable to stat
[Mon Jun 13 15:10:50.266418 2022] [php7:error] [pid 4027815] [client 66.249.64.215:40778] script '/home/rajatbiotech.com/www/wp-signups.php' not found or unable to stat
[Mon Jun 13 15:11:18.934619 2022] [php7:error] [pid 4028108] [client 66.249.64.219:57413] script '/home/rajatbiotech.com/www/license.php' not found or unable to stat
[Mon Jun 13 15:11:33.212158 2022] [php7:error] [pid 4028013] [client 66.249.64.217:43780] script '/home/rajatbiotech.com/www/1.php' not found or unable to stat
[Mon Jun 13 15:12:01.842123 2022] [php7:error] [pid 4028116] [client 66.249.64.219:46662] script '/home/rajatbiotech.com/www/1.php' not found or unable to stat
[Mon Jun 13 15:12:16.164339 2022] [php7:error] [pid 4027819] [client 66.249.64.215:36507] script '/home/rajatbiotech.com/www/index.php' not found or unable to stat
[Mon Jun 13 15:12:59.089316 2022] [php7:error] [pid 4028108] [client 66.249.64.215:47724] script '/home/rajatbiotech.com/www/1.php' not found or unable to stat
[Mon Jun 13 15:13:42.034798 2022] [php7:error] [pid 4028224] [client 66.249.64.215:41140] script '/home/rajatbiotech.com/www/log.php' not found or unable to stat
[Mon Jun 13 15:13:56.350809 2022] [php7:error] [pid 4028219] [client 66.249.64.215:34898] script '/home/rajatbiotech.com/www/1.php' not found or unable to stat
[Mon Jun 13 15:14:10.659148 2022] [php7:error] [pid 4027815] [client 66.249.64.215:41962] script '/home/rajatbiotech.com/www/1.php' not found or unable to stat
[Mon Jun 13 15:14:39.558696 2022] [php7:error] [pid 4028227] [client 66.249.64.210:62639] script '/home/rajatbiotech.com/www/index.php' not found or unable to stat
[Mon Jun 13 15:15:07.919017 2022] [php7:error] [pid 4028121] [client 66.249.64.217:64516] script '/home/rajatbiotech.com/www/wp-signups.php' not found or unable to stat
[Mon Jun 13 15:15:36.553261 2022] [php7:error] [pid 4027815] [client 66.249.64.215:53311] script '/home/rajatbiotech.com/www/1.php' not found or unable to stat
[Mon Jun 13 15:16:19.483701 2022] [php7:error] [pid 4027814] [client 66.249.64.215:44881] script '/home/rajatbiotech.com/www/index.php' not found or unable to stat
[Mon Jun 13 15:16:33.800043 2022] [php7:error] [pid 4028218] [client 66.249.64.215:40899] script '/home/rajatbiotech.com/www/index.php' not found or unable to stat
[Mon Jun 13 15:17:16.741467 2022] [php7:error] [pid 4027814] [client 66.249.64.217:63236] script '/home/rajatbiotech.com/www/1.php' not found or unable to stat
[Mon Jun 13 15:17:45.365161 2022] [php7:error] [pid 4028216] [client 66.249.64.215:46561] script '/home/rajatbiotech.com/www/log.php' not found or unable to stat
[Mon Jun 13 15:17:59.683880 2022] [php7:error] [pid 4028218] [client 66.249.64.215:62548] script '/home/rajatbiotech.com/www/1.php' not found or unable to stat
[Mon Jun 13 15:18:28.305746 2022] [php7:error] [pid 4027434] [client 66.249.64.215:50430] script '/home/rajatbiotech.com/www/log.php' not found or unable to stat
[Mon Jun 13 15:18:42.625772 2022] [php7:error] [pid 4027814] [client 66.249.64.217:65497] script '/home/rajatbiotech.com/www/log.php' not found or unable to stat
[Mon Jun 13 15:18:56.940274 2022] [php7:error] [pid 4028260] [client 66.249.64.215:54497] script '/home/rajatbiotech.com/www/log.php' not found or unable to stat
[Mon Jun 13 15:19:39.873266 2022] [php7:error] [pid 4028121] [client 66.249.64.215:61970] script '/home/rajatbiotech.com/www/log.php' not found or unable to stat
[Mon Jun 13 15:21:48.694857 2022] [php7:error] [pid 4028487] [client 66.249.64.215:62416] script '/home/rajatbiotech.com/www/1.php' not found or unable to stat
[Mon Jun 13 15:23:14.578821 2022] [php7:error] [pid 4028489] [client 66.249.64.217:51677] script '/home/rajatbiotech.com/www/license.php' not found or unable to stat
[Mon Jun 13 15:23:28.898699 2022] [php7:error] [pid 4028463] [client 66.249.64.215:53727] script '/home/rajatbiotech.com/www/index.php' not found or unable to stat
[Mon Jun 13 15:23:43.212772 2022] [php7:error] [pid 4028553] [client 66.249.64.215:48627] script '/home/rajatbiotech.com/www/1.php' not found or unable to stat
[Mon Jun 13 15:24:11.836469 2022] [php7:error] [pid 4028489] [client 66.249.64.217:46052] script '/home/rajatbiotech.com/www/1.php' not found or unable to stat
[Mon Jun 13 15:24:40.464574 2022] [php7:error] [pid 4027434] [client 66.249.64.215:48832] script '/home/rajatbiotech.com/www/1.php' not found or unable to stat
[Mon Jun 13 15:25:09.086821 2022] [php7:error] [pid 4028489] [client 66.249.64.215:35831] script '/home/rajatbiotech.com/www/1.php' not found or unable to stat
[Mon Jun 13 15:25:23.401061 2022] [php7:error] [pid 4028578] [client 66.249.64.215:40331] script '/home/rajatbiotech.com/www/1.php' not found or unable to stat
[Mon Jun 13 15:26:06.358766 2022] [php7:error] [pid 4028463] [client 66.249.64.219:41023] script '/home/rajatbiotech.com/www/1.php' not found or unable to stat
[Mon Jun 13 15:26:20.657382 2022] [php7:error] [pid 4028580] [client 66.249.64.217:44301] script '/home/rajatbiotech.com/www/1.php' not found or unable to stat
[Mon Jun 13 15:26:49.294318 2022] [php7:error] [pid 4028545] [client 66.249.64.215:47600] script '/home/rajatbiotech.com/www/log.php' not found or unable to stat
[Mon Jun 13 15:27:17.915412 2022] [php7:error] [pid 4028553] [client 66.249.64.217:63969] script '/home/rajatbiotech.com/www/1.php' not found or unable to stat
[Mon Jun 13 15:27:32.231005 2022] [php7:error] [pid 4028579] [client 66.249.64.215:62327] script '/home/rajatbiotech.com/www/1.php' not found or unable to stat
[Mon Jun 13 15:28:43.795573 2022] [php7:error] [pid 4027434] [client 66.249.64.215:47284] script '/home/rajatbiotech.com/www/license.php' not found or unable to stat
[Mon Jun 13 15:28:58.114948 2022] [php7:error] [pid 4028678] [client 66.249.64.215:47510] script '/home/rajatbiotech.com/www/1.php' not found or unable to stat
[Mon Jun 13 15:29:12.430447 2022] [php7:error] [pid 4028683] [client 66.249.64.215:62426] script '/home/rajatbiotech.com/www/log.php' not found or unable to stat
[Mon Jun 13 15:29:55.366833 2022] [php7:error] [pid 4028545] [client 66.249.64.215:45666] script '/home/rajatbiotech.com/www/wp-signups.php' not found or unable to stat
[Mon Jun 13 15:30:09.675447 2022] [php7:error] [pid 4027434] [client 66.249.64.217:42438] script '/home/rajatbiotech.com/www/1.php' not found or unable to stat
[Mon Jun 13 15:31:06.937242 2022] [php7:error] [pid 4028730] [client 66.249.64.215:48898] script '/home/rajatbiotech.com/www/1.php' not found or unable to stat
[Mon Jun 13 15:32:18.499210 2022] [php7:error] [pid 4028553] [client 66.249.64.217:35641] script '/home/rajatbiotech.com/www/log.php' not found or unable to stat
[Mon Jun 13 15:32:47.127299 2022] [php7:error] [pid 4028764] [client 66.249.64.215:48178] script '/home/rajatbiotech.com/www/1.php' not found or unable to stat
[Mon Jun 13 15:34:08.053712 2022] [php7:error] [pid 4028683] [client 114.119.146.107:29233] script '/home/rajatbiotech.com/www/index.php' not found or unable to stat
[Mon Jun 13 15:34:13.007535 2022] [php7:error] [pid 4028781] [client 66.249.64.215:50854] script '/home/rajatbiotech.com/www/index.php' not found or unable to stat
[Mon Jun 13 15:34:27.323553 2022] [php7:error] [pid 4028579] [client 66.249.64.215:50916] script '/home/rajatbiotech.com/www/1.php' not found or unable to stat
[Mon Jun 13 15:34:55.955202 2022] [php7:error] [pid 4028800] [client 66.249.64.215:55080] script '/home/rajatbiotech.com/www/1.php' not found or unable to stat
[Mon Jun 13 15:35:53.209870 2022] [php7:error] [pid 4028832] [client 66.249.64.215:54933] script '/home/rajatbiotech.com/www/1.php' not found or unable to stat
[Mon Jun 13 15:36:21.834198 2022] [php7:error] [pid 4028683] [client 66.249.64.217:44310] script '/home/rajatbiotech.com/www/wp-signups.php' not found or unable to stat
[Mon Jun 13 15:37:04.777081 2022] [php7:error] [pid 4028781] [client 66.249.64.217:50440] script '/home/rajatbiotech.com/www/1.php' not found or unable to stat
[Mon Jun 13 15:37:19.091218 2022] [php7:error] [pid 4028867] [client 66.249.64.217:42682] script '/home/rajatbiotech.com/www/1.php' not found or unable to stat
[Mon Jun 13 15:37:33.396585 2022] [php7:error] [pid 4028781] [client 66.249.64.215:41419] script '/home/rajatbiotech.com/www/1.php' not found or unable to stat
[Mon Jun 13 15:37:47.707834 2022] [php7:error] [pid 4028553] [client 66.249.64.215:38078] script '/home/rajatbiotech.com/www/1.php' not found or unable to stat
[Mon Jun 13 15:38:16.333580 2022] [php7:error] [pid 4028800] [client 66.249.64.215:58347] script '/home/rajatbiotech.com/www/log.php' not found or unable to stat
[Mon Jun 13 15:38:59.287183 2022] [php7:error] [pid 4028553] [client 66.249.64.215:65423] script '/home/rajatbiotech.com/www/index.php' not found or unable to stat
[Mon Jun 13 15:39:13.592465 2022] [php7:error] [pid 4028869] [client 66.249.64.219:59330] script '/home/rajatbiotech.com/www/index.php' not found or unable to stat
[Mon Jun 13 15:39:27.922611 2022] [php7:error] [pid 4028903] [client 66.249.64.215:61869] script '/home/rajatbiotech.com/www/index.php' not found or unable to stat
[Mon Jun 13 15:39:42.223065 2022] [php7:error] [pid 4028974] [client 66.249.64.215:58200] script '/home/rajatbiotech.com/www/index.php' not found or unable to stat
[Mon Jun 13 15:39:56.540263 2022] [php7:error] [pid 4028894] [client 66.249.64.215:45144] script '/home/rajatbiotech.com/www/index.php' not found or unable to stat
[Mon Jun 13 15:40:39.467714 2022] [php7:error] [pid 4028553] [client 66.249.64.215:62398] script '/home/rajatbiotech.com/www/index.php' not found or unable to stat
[Mon Jun 13 15:41:08.094939 2022] [php7:error] [pid 4028903] [client 66.249.64.219:61013] script '/home/rajatbiotech.com/www/index.php' not found or unable to stat
[Mon Jun 13 15:41:22.424336 2022] [php7:error] [pid 4028911] [client 66.249.64.215:55902] script '/home/rajatbiotech.com/www/index.php' not found or unable to stat
[Mon Jun 13 15:41:36.736094 2022] [php7:error] [pid 4028974] [client 66.249.64.215:60968] script '/home/rajatbiotech.com/www/index.php' not found or unable to stat
[Mon Jun 13 15:42:05.502734 2022] [php7:error] [pid 4028894] [client 66.249.79.145:46732] script '/home/rajatbiotech.com/www/log.php' not found or unable to stat
[Mon Jun 13 15:44:28.496093 2022] [php7:error] [pid 4028730] [client 66.249.64.215:52978] script '/home/rajatbiotech.com/www/log.php' not found or unable to stat
[Mon Jun 13 15:44:42.811355 2022] [php7:error] [pid 4028903] [client 66.249.64.215:36907] script '/home/rajatbiotech.com/www/index.php' not found or unable to stat
[Mon Jun 13 15:44:57.122745 2022] [php7:error] [pid 4028974] [client 66.249.64.215:48300] script '/home/rajatbiotech.com/www/index.php' not found or unable to stat
[Mon Jun 13 15:45:40.071735 2022] [php7:error] [pid 4028553] [client 66.249.64.215:65285] script '/home/rajatbiotech.com/www/index.php' not found or unable to stat
[Mon Jun 13 15:46:37.320437 2022] [php7:error] [pid 4028868] [client 66.249.64.215:63330] script '/home/rajatbiotech.com/www/wp-signups.php' not found or unable to stat
[Mon Jun 13 15:46:51.629036 2022] [php7:error] [pid 4028974] [client 66.249.64.215:44439] script '/home/rajatbiotech.com/www/1.php' not found or unable to stat
[Mon Jun 13 15:47:20.261393 2022] [php7:error] [pid 4028911] [client 66.249.64.217:36109] script '/home/rajatbiotech.com/www/index.php' not found or unable to stat
[Mon Jun 13 15:47:34.583319 2022] [php7:error] [pid 4029068] [client 66.249.64.215:65328] script '/home/rajatbiotech.com/www/1.php' not found or unable to stat
[Mon Jun 13 15:47:48.894138 2022] [php7:error] [pid 4029057] [client 66.249.64.215:46156] script '/home/rajatbiotech.com/www/wp-signups.php' not found or unable to stat
[Mon Jun 13 15:48:17.518940 2022] [php7:error] [pid 4029057] [client 66.249.64.215:42699] script '/home/rajatbiotech.com/www/index.php' not found or unable to stat
[Mon Jun 13 15:48:52.229854 2022] [php7:error] [pid 4028911] [client 114.119.145.86:33207] script '/home/rajatbiotech.com/www/index.php' not found or unable to stat
[Mon Jun 13 15:49:00.723222 2022] [php7:error] [pid 4029068] [client 66.249.64.217:64983] script '/home/rajatbiotech.com/www/index.php' not found or unable to stat
[Mon Jun 13 15:49:29.088315 2022] [php7:error] [pid 4028868] [client 66.249.64.215:56313] script '/home/rajatbiotech.com/www/index.php' not found or unable to stat
[Mon Jun 13 15:49:57.716568 2022] [php7:error] [pid 4029031] [client 66.249.64.215:48297] script '/home/rajatbiotech.com/www/1.php' not found or unable to stat
[Mon Jun 13 15:50:40.651628 2022] [php7:error] [pid 4029111] [client 66.249.64.215:44109] script '/home/rajatbiotech.com/www/license.php' not found or unable to stat
[Mon Jun 13 15:51:23.592222 2022] [php7:error] [pid 4029111] [client 66.249.64.217:53957] script '/home/rajatbiotech.com/www/index.php' not found or unable to stat
[Mon Jun 13 15:51:37.899867 2022] [php7:error] [pid 4029057] [client 66.249.64.215:48812] script '/home/rajatbiotech.com/www/1.php' not found or unable to stat
[Mon Jun 13 15:52:06.531549 2022] [php7:error] [pid 4029115] [client 66.249.64.217:58016] script '/home/rajatbiotech.com/www/index.php' not found or unable to stat
[Mon Jun 13 15:52:20.851087 2022] [php7:error] [pid 4028553] [client 66.249.64.217:60615] script '/home/rajatbiotech.com/www/1.php' not found or unable to stat
[Mon Jun 13 15:52:35.164249 2022] [php7:error] [pid 4029144] [client 66.249.64.215:46876] script '/home/rajatbiotech.com/www/1.php' not found or unable to stat
[Mon Jun 13 15:52:49.956825 2022] [php7:error] [pid 4029174] [client 66.249.64.215:53206] script '/home/rajatbiotech.com/www/wp-signups.php' not found or unable to stat
[Mon Jun 13 15:53:03.789616 2022] [php7:error] [pid 4029142] [client 66.249.64.217:37608] script '/home/rajatbiotech.com/www/log.php' not found or unable to stat
[Mon Jun 13 15:53:18.098632 2022] [php7:error] [pid 4029122] [client 66.249.64.215:56320] script '/home/rajatbiotech.com/www/1.php' not found or unable to stat
[Mon Jun 13 15:53:20.538280 2022] [php7:error] [pid 4029169] [client 114.119.145.86:58081] script '/home/rajatbiotech.com/www/index.php' not found or unable to stat
[Mon Jun 13 15:53:32.408783 2022] [php7:error] [pid 4029122] [client 66.249.64.215:36939] script '/home/rajatbiotech.com/www/1.php' not found or unable to stat
[Mon Jun 13 15:54:01.041191 2022] [php7:error] [pid 4029182] [client 66.249.64.217:56474] script '/home/rajatbiotech.com/www/log.php' not found or unable to stat
[Mon Jun 13 15:54:15.356923 2022] [php7:error] [pid 4029173] [client 66.249.64.217:39446] script '/home/rajatbiotech.com/www/1.php' not found or unable to stat
[Mon Jun 13 15:54:43.982777 2022] [php7:error] [pid 4029165] [client 66.249.64.215:45490] script '/home/rajatbiotech.com/www/1.php' not found or unable to stat
[Mon Jun 13 15:54:58.296163 2022] [php7:error] [pid 4029168] [client 66.249.64.215:42288] script '/home/rajatbiotech.com/www/index.php' not found or unable to stat
[Mon Jun 13 15:55:26.922219 2022] [php7:error] [pid 4029170] [client 66.249.64.215:64045] script '/home/rajatbiotech.com/www/1.php' not found or unable to stat
[Mon Jun 13 15:55:55.541572 2022] [php7:error] [pid 4029221] [client 66.249.64.215:45742] script '/home/rajatbiotech.com/www/1.php' not found or unable to stat
[Mon Jun 13 15:56:09.877441 2022] [php7:error] [pid 4029168] [client 66.249.64.219:39575] script '/home/rajatbiotech.com/www/index.php' not found or unable to stat
[Mon Jun 13 15:56:38.487467 2022] [php7:error] [pid 4029232] [client 66.249.64.215:55072] script '/home/rajatbiotech.com/www/index.php' not found or unable to stat
[Mon Jun 13 15:57:07.119946 2022] [php7:error] [pid 4029170] [client 66.249.64.217:46980] script '/home/rajatbiotech.com/www/index.php' not found or unable to stat
[Mon Jun 13 15:57:21.434264 2022] [php7:error] [pid 4029239] [client 66.249.64.215:59182] script '/home/rajatbiotech.com/www/1.php' not found or unable to stat
[Mon Jun 13 15:57:50.057903 2022] [php7:error] [pid 4029246] [client 66.249.64.215:41864] script '/home/rajatbiotech.com/www/log.php' not found or unable to stat
[Mon Jun 13 15:58:04.370242 2022] [php7:error] [pid 4029122] [client 66.249.64.219:57271] script '/home/rajatbiotech.com/www/1.php' not found or unable to stat
[Mon Jun 13 15:58:18.675493 2022] [php7:error] [pid 4029242] [client 66.249.64.215:36448] script '/home/rajatbiotech.com/www/log.php' not found or unable to stat
[Mon Jun 13 15:58:33.003549 2022] [php7:error] [pid 4029239] [client 66.249.64.215:62253] script '/home/rajatbiotech.com/www/license.php' not found or unable to stat
[Mon Jun 13 15:58:47.311900 2022] [php7:error] [pid 4029232] [client 66.249.64.215:61145] script '/home/rajatbiotech.com/www/license.php' not found or unable to stat
[Mon Jun 13 15:59:01.631331 2022] [php7:error] [pid 4029246] [client 66.249.64.217:40838] script '/home/rajatbiotech.com/www/license.php' not found or unable to stat
[Mon Jun 13 15:59:15.940350 2022] [php7:error] [pid 4029245] [client 66.249.64.217:54573] script '/home/rajatbiotech.com/www/license.php' not found or unable to stat
[Mon Jun 13 15:59:44.566437 2022] [php7:error] [pid 4029242] [client 66.249.64.215:54247] script '/home/rajatbiotech.com/www/index.php' not found or unable to stat
[Mon Jun 13 15:59:58.880324 2022] [php7:error] [pid 4029263] [client 66.249.64.215:59264] script '/home/rajatbiotech.com/www/license.php' not found or unable to stat
[Mon Jun 13 16:00:27.512319 2022] [php7:error] [pid 4029244] [client 66.249.64.217:38694] script '/home/rajatbiotech.com/www/1.php' not found or unable to stat
[Mon Jun 13 16:02:22.019449 2022] [php7:error] [pid 4029220] [client 66.249.64.217:35885] script '/home/rajatbiotech.com/www/wp-signups.php' not found or unable to stat
[Mon Jun 13 16:02:36.335262 2022] [php7:error] [pid 4029292] [client 66.249.64.215:48778] script '/home/rajatbiotech.com/www/1.php' not found or unable to stat
[Mon Jun 13 16:02:51.587705 2022] [php7:error] [pid 4029244] [client 66.249.64.215:57434] script '/home/rajatbiotech.com/www/index.php' not found or unable to stat
[Mon Jun 13 16:03:04.960289 2022] [php7:error] [pid 4029122] [client 66.249.64.217:64981] script '/home/rajatbiotech.com/www/index.php' not found or unable to stat
[Mon Jun 13 16:03:19.275686 2022] [php7:error] [pid 4029239] [client 66.249.64.215:64832] script '/home/rajatbiotech.com/www/log.php' not found or unable to stat
[Mon Jun 13 16:03:33.588737 2022] [php7:error] [pid 4029292] [client 66.249.64.215:57429] script '/home/rajatbiotech.com/www/index.php' not found or unable to stat
[Mon Jun 13 16:03:47.901319 2022] [php7:error] [pid 4029244] [client 66.249.64.215:65236] script '/home/rajatbiotech.com/www/index.php' not found or unable to stat
[Mon Jun 13 16:04:16.528264 2022] [php7:error] [pid 4029292] [client 66.249.64.217:60444] script '/home/rajatbiotech.com/www/index.php' not found or unable to stat
[Mon Jun 13 16:04:30.841145 2022] [php7:error] [pid 4029307] [client 66.249.64.215:57244] script '/home/rajatbiotech.com/www/log.php' not found or unable to stat
[Mon Jun 13 16:05:28.095877 2022] [php7:error] [pid 4029246] [client 66.249.64.217:59612] script '/home/rajatbiotech.com/www/index.php' not found or unable to stat
[Mon Jun 13 16:05:42.405445 2022] [php7:error] [pid 4029239] [client 66.249.64.215:62712] script '/home/rajatbiotech.com/www/1.php' not found or unable to stat
[Mon Jun 13 16:09:02.789727 2022] [php7:error] [pid 4029242] [client 66.249.64.215:64362] script '/home/rajatbiotech.com/www/1.php' not found or unable to stat
[Mon Jun 13 16:09:12.628066 2022] [php7:error] [pid 4029239] [client 114.119.146.107:20519] script '/home/rajatbiotech.com/www/index.php' not found or unable to stat
[Mon Jun 13 16:10:28.683079 2022] [php7:error] [pid 4029360] [client 66.249.64.215:39423] script '/home/rajatbiotech.com/www/profile.php' not found or unable to stat
[Mon Jun 13 16:11:40.255271 2022] [php7:error] [pid 4029457] [client 66.249.64.215:45308] script '/home/rajatbiotech.com/www/profile.php' not found or unable to stat
[Mon Jun 13 16:11:54.561321 2022] [php7:error] [pid 4029263] [client 66.249.64.215:52793] script '/home/rajatbiotech.com/www/1.php' not found or unable to stat
[Mon Jun 13 16:13:34.755960 2022] [php7:error] [pid 4029456] [client 66.249.64.215:38205] script '/home/rajatbiotech.com/www/index.php' not found or unable to stat
[Mon Jun 13 16:15:57.888979 2022] [php7:error] [pid 4029453] [client 66.249.64.215:65409] script '/home/rajatbiotech.com/www/index.php' not found or unable to stat
[Mon Jun 13 16:16:26.418982 2022] [php7:error] [pid 4029365] [client 66.249.64.208:34897] script '/home/rajatbiotech.com/www/index.php' not found or unable to stat
[Mon Jun 13 16:16:55.144484 2022] [php7:error] [pid 4029457] [client 66.249.64.215:43346] script '/home/rajatbiotech.com/www/index.php' not found or unable to stat
[Mon Jun 13 16:17:09.458422 2022] [php7:error] [pid 4029453] [client 66.249.64.215:41745] script '/home/rajatbiotech.com/www/1.php' not found or unable to stat
[Mon Jun 13 16:17:38.091221 2022] [php7:error] [pid 4029449] [client 66.249.64.215:61096] script '/home/rajatbiotech.com/www/log.php' not found or unable to stat
[Mon Jun 13 16:18:35.332700 2022] [php7:error] [pid 4029523] [client 66.249.64.215:57527] script '/home/rajatbiotech.com/www/log.php' not found or unable to stat
[Mon Jun 13 16:19:46.909945 2022] [php7:error] [pid 4029449] [client 66.249.64.215:61863] script '/home/rajatbiotech.com/www/1.php' not found or unable to stat
[Mon Jun 13 16:20:58.473492 2022] [php7:error] [pid 4029518] [client 66.249.64.215:63957] script '/home/rajatbiotech.com/www/log.php' not found or unable to stat
[Mon Jun 13 16:21:12.788497 2022] [php7:error] [pid 4029523] [client 66.249.64.215:38979] script '/home/rajatbiotech.com/www/1.php' not found or unable to stat
[Mon Jun 13 16:21:55.734604 2022] [php7:error] [pid 4029547] [client 66.249.64.215:54461] script '/home/rajatbiotech.com/www/1.php' not found or unable to stat
[Mon Jun 13 16:22:10.040587 2022] [php7:error] [pid 4029523] [client 66.249.64.219:62974] script '/home/rajatbiotech.com/www/log.php' not found or unable to stat
[Mon Jun 13 16:22:38.678665 2022] [php7:error] [pid 4029552] [client 66.249.64.215:39706] script '/home/rajatbiotech.com/www/profile.php' not found or unable to stat
[Mon Jun 13 16:22:52.982203 2022] [php7:error] [pid 4029547] [client 66.249.64.215:45974] script '/home/rajatbiotech.com/www/log.php' not found or unable to stat
[Mon Jun 13 16:23:35.926542 2022] [php7:error] [pid 4029523] [client 66.249.64.215:39016] script '/home/rajatbiotech.com/www/license.php' not found or unable to stat
[Mon Jun 13 16:24:04.556448 2022] [php7:error] [pid 4029553] [client 66.249.64.219:49746] script '/home/rajatbiotech.com/www/license.php' not found or unable to stat
[Mon Jun 13 16:25:30.430498 2022] [php7:error] [pid 4029536] [client 66.249.64.215:44617] script '/home/rajatbiotech.com/www/1.php' not found or unable to stat
[Mon Jun 13 16:26:13.373177 2022] [php7:error] [pid 4029449] [client 66.249.64.215:52185] script '/home/rajatbiotech.com/www/1.php' not found or unable to stat
[Mon Jun 13 16:27:10.623879 2022] [php7:error] [pid 4029449] [client 66.249.64.219:40098] script '/home/rajatbiotech.com/www/1.php' not found or unable to stat
[Mon Jun 13 16:27:24.935758 2022] [php7:error] [pid 4029547] [client 66.249.64.215:35218] script '/home/rajatbiotech.com/www/license.php' not found or unable to stat
[Mon Jun 13 16:27:39.245829 2022] [php7:error] [pid 4029547] [client 66.249.64.215:39550] script '/home/rajatbiotech.com/www/license.php' not found or unable to stat
[Mon Jun 13 16:28:07.877230 2022] [php7:error] [pid 4029614] [client 66.249.64.219:64190] script '/home/rajatbiotech.com/www/license.php' not found or unable to stat
[Mon Jun 13 16:30:16.698454 2022] [php7:error] [pid 4029547] [client 66.249.64.219:43966] script '/home/rajatbiotech.com/www/index.php' not found or unable to stat
[Mon Jun 13 16:32:25.525949 2022] [php7:error] [pid 4029667] [client 66.249.64.215:40438] script '/home/rajatbiotech.com/www/index.php' not found or unable to stat
[Mon Jun 13 16:32:54.147502 2022] [php7:error] [pid 4029547] [client 66.249.64.215:41669] script '/home/rajatbiotech.com/www/index.php' not found or unable to stat
[Mon Jun 13 16:33:37.107352 2022] [php7:error] [pid 4029688] [client 66.249.64.215:57758] script '/home/rajatbiotech.com/www/license.php' not found or unable to stat
[Mon Jun 13 16:34:20.035574 2022] [php7:error] [pid 4029547] [client 66.249.64.215:59334] script '/home/rajatbiotech.com/www/license.php' not found or unable to stat
[Mon Jun 13 16:35:45.918178 2022] [php7:error] [pid 4029682] [client 66.249.64.215:49913] script '/home/rajatbiotech.com/www/index.php' not found or unable to stat
[Mon Jun 13 16:36:28.870006 2022] [php7:error] [pid 4029663] [client 66.249.64.215:43922] script '/home/rajatbiotech.com/www/log.php' not found or unable to stat
[Mon Jun 13 16:36:43.175265 2022] [php7:error] [pid 4029668] [client 66.249.64.215:45824] script '/home/rajatbiotech.com/www/license.php' not found or unable to stat
[Mon Jun 13 16:37:25.945848 2022] [php7:error] [pid 4029684] [client 114.119.131.197:33371] script '/home/rajatbiotech.com/www/index.php' not found or unable to stat
[Mon Jun 13 16:37:40.435924 2022] [php7:error] [pid 4029689] [client 66.249.64.215:43822] script '/home/rajatbiotech.com/www/1.php' not found or unable to stat
[Mon Jun 13 16:39:34.944416 2022] [php7:error] [pid 4029652] [client 66.249.64.215:54795] script '/home/rajatbiotech.com/www/index.php' not found or unable to stat
[Mon Jun 13 16:39:49.244539 2022] [php7:error] [pid 4029547] [client 66.249.64.215:48013] script '/home/rajatbiotech.com/www/index.php' not found or unable to stat
[Mon Jun 13 16:40:17.879243 2022] [php7:error] [pid 4029712] [client 66.249.64.215:42422] script '/home/rajatbiotech.com/www/index.php' not found or unable to stat
[Mon Jun 13 16:40:46.508868 2022] [php7:error] [pid 4029690] [client 66.249.64.215:58970] script '/home/rajatbiotech.com/www/index.php' not found or unable to stat
[Mon Jun 13 16:41:00.816349 2022] [php7:error] [pid 4029684] [client 66.249.64.217:55187] script '/home/rajatbiotech.com/www/1.php' not found or unable to stat
[Mon Jun 13 16:41:15.133367 2022] [php7:error] [pid 4029690] [client 66.249.64.215:53815] script '/home/rajatbiotech.com/www/wp-signups.php' not found or unable to stat
[Mon Jun 13 16:41:29.444866 2022] [php7:error] [pid 4029635] [client 66.249.64.215:42106] script '/home/rajatbiotech.com/www/index.php' not found or unable to stat
[Mon Jun 13 16:41:43.754757 2022] [php7:error] [pid 4029817] [client 66.249.64.215:37575] script '/home/rajatbiotech.com/www/index.php' not found or unable to stat
[Mon Jun 13 16:41:59.384587 2022] [php7:error] [pid 4029684] [client 66.249.64.215:51138] script '/home/rajatbiotech.com/www/1.php' not found or unable to stat
[Mon Jun 13 16:44:06.895033 2022] [php7:error] [pid 4029689] [client 66.249.64.217:53375] script '/home/rajatbiotech.com/www/index.php' not found or unable to stat
[Mon Jun 13 16:44:49.834934 2022] [php7:error] [pid 4029635] [client 66.249.64.215:55326] script '/home/rajatbiotech.com/www/log.php' not found or unable to stat
[Mon Jun 13 16:46:44.353126 2022] [php7:error] [pid 4029690] [client 66.249.64.215:41237] script '/home/rajatbiotech.com/www/index.php' not found or unable to stat
[Mon Jun 13 16:49:36.110587 2022] [php7:error] [pid 4029712] [client 66.249.64.215:45665] script '/home/rajatbiotech.com/www/log.php' not found or unable to stat
[Mon Jun 13 16:49:50.414854 2022] [php7:error] [pid 4029881] [client 66.249.64.215:35757] script '/home/rajatbiotech.com/www/index.php' not found or unable to stat
[Mon Jun 13 16:50:18.943411 2022] [php7:error] [pid 4029845] [client 66.249.64.208:51478] script '/home/rajatbiotech.com/www/index.php' not found or unable to stat
[Mon Jun 13 16:51:59.248723 2022] [php7:error] [pid 4029866] [client 66.249.64.215:55960] script '/home/rajatbiotech.com/www/license.php' not found or unable to stat
[Mon Jun 13 16:52:13.563421 2022] [php7:error] [pid 4029870] [client 66.249.64.217:36381] script '/home/rajatbiotech.com/www/wp-signups.php' not found or unable to stat
[Mon Jun 13 16:52:42.188800 2022] [php7:error] [pid 4029667] [client 66.249.64.215:41812] script '/home/rajatbiotech.com/www/1.php' not found or unable to stat
[Mon Jun 13 16:53:05.594440 2022] [php7:error] [pid 4029958] [client 114.119.146.107:43923] script '/home/rajatbiotech.com/www/index.php' not found or unable to stat
[Mon Jun 13 16:53:39.445221 2022] [php7:error] [pid 4029712] [client 66.249.64.215:56360] script '/home/rajatbiotech.com/www/license.php' not found or unable to stat
[Mon Jun 13 16:53:53.739525 2022] [php7:error] [pid 4029958] [client 66.249.64.215:40092] script '/home/rajatbiotech.com/www/1.php' not found or unable to stat
[Mon Jun 13 16:54:08.071126 2022] [php7:error] [pid 4029667] [client 66.249.64.217:37014] script '/home/rajatbiotech.com/www/log.php' not found or unable to stat
[Mon Jun 13 16:54:22.374037 2022] [php7:error] [pid 4029866] [client 66.249.64.215:35709] script '/home/rajatbiotech.com/www/log.php' not found or unable to stat
[Mon Jun 13 16:54:51.003576 2022] [php7:error] [pid 4030018] [client 66.249.64.215:54404] script '/home/rajatbiotech.com/www/index.php' not found or unable to stat
[Mon Jun 13 16:55:33.945552 2022] [php7:error] [pid 4029712] [client 66.249.64.215:38208] script '/home/rajatbiotech.com/www/license.php' not found or unable to stat
[Mon Jun 13 16:55:48.267604 2022] [php7:error] [pid 4030041] [client 66.249.64.215:46233] script '/home/rajatbiotech.com/www/log.php' not found or unable to stat
[Mon Jun 13 16:56:02.578701 2022] [php7:error] [pid 4030018] [client 66.249.64.215:56552] script '/home/rajatbiotech.com/www/profile.php' not found or unable to stat
[Mon Jun 13 16:56:45.515476 2022] [php7:error] [pid 4029869] [client 66.249.64.215:52610] script '/home/rajatbiotech.com/www/license.php' not found or unable to stat
[Mon Jun 13 16:57:42.770763 2022] [php7:error] [pid 4030050] [client 66.249.64.217:56116] script '/home/rajatbiotech.com/www/license.php' not found or unable to stat
[Mon Jun 13 16:57:57.080359 2022] [php7:error] [pid 4030050] [client 66.249.64.215:64916] script '/home/rajatbiotech.com/www/1.php' not found or unable to stat
[Mon Jun 13 16:58:25.708365 2022] [php7:error] [pid 4030022] [client 66.249.64.215:40264] script '/home/rajatbiotech.com/www/log.php' not found or unable to stat
[Mon Jun 13 17:00:38.427062 2022] [php7:error] [pid 4030145] [client 114.119.145.86:57223] script '/home/rajatbiotech.com/www/index.php' not found or unable to stat
[Mon Jun 13 17:31:55.365457 2022] [php7:error] [pid 4030606] [client 114.119.145.81:43077] script '/home/rajatbiotech.com/www/index.php' not found or unable to stat
[Mon Jun 13 17:34:21.621259 2022] [php7:error] [pid 4030964] [client 66.249.64.210:36009] script '/home/rajatbiotech.com/www/index.php' not found or unable to stat
[Mon Jun 13 17:35:54.590422 2022] [php7:error] [pid 4030794] [client 66.249.64.215:39568] script '/home/rajatbiotech.com/www/1.php' not found or unable to stat
[Mon Jun 13 18:04:01.150680 2022] [php7:error] [pid 4031685] [client 66.249.64.210:35990] script '/home/rajatbiotech.com/www/index.php' not found or unable to stat
[Mon Jun 13 18:09:09.439076 2022] [php7:error] [pid 4031430] [client 114.119.145.81:56967] script '/home/rajatbiotech.com/www/index.php' not found or unable to stat
[Mon Jun 13 18:10:16.788207 2022] [php7:error] [pid 4031881] [client 114.119.146.100:56691] script '/home/rajatbiotech.com/www/index.php' not found or unable to stat
[Mon Jun 13 18:11:13.133639 2022] [php7:error] [pid 4031914] [client 114.119.146.107:22277] script '/home/rajatbiotech.com/www/index.php' not found or unable to stat
[Mon Jun 13 18:12:23.611562 2022] [php7:error] [pid 4031943] [client 114.119.131.197:61149] script '/home/rajatbiotech.com/www/index.php' not found or unable to stat
[Mon Jun 13 18:36:46.152154 2022] [php7:error] [pid 4032584] [client 66.249.64.219:60545] script '/home/rajatbiotech.com/www/1.php' not found or unable to stat
[Mon Jun 13 18:38:45.084431 2022] [php7:error] [pid 4032575] [client 66.249.64.210:38033] script '/home/rajatbiotech.com/www/index.php' not found or unable to stat
[Mon Jun 13 18:39:12.694996 2022] [php7:error] [pid 4032151] [client 114.119.145.8:23033] script '/home/rajatbiotech.com/www/index.php' not found or unable to stat
[Mon Jun 13 19:02:32.543684 2022] [php7:error] [pid 4033445] [client 66.249.64.210:45816] script '/home/rajatbiotech.com/www/index.php' not found or unable to stat
[Mon Jun 13 19:08:34.111745 2022] [php7:error] [pid 4033302] [client 66.249.64.210:60936] script '/home/rajatbiotech.com/www/index.php' not found or unable to stat
[Mon Jun 13 19:40:07.134842 2022] [php7:error] [pid 4033910] [client 114.119.145.86:44973] script '/home/rajatbiotech.com/www/index.php' not found or unable to stat
[Mon Jun 13 19:42:16.888172 2022] [php7:error] [pid 4034056] [client 114.119.145.86:35567] script '/home/rajatbiotech.com/www/index.php' not found or unable to stat
[Mon Jun 13 20:08:54.592941 2022] [php7:error] [pid 4034311] [client 114.119.145.86:41265] script '/home/rajatbiotech.com/www/index.php' not found or unable to stat
[Mon Jun 13 20:10:46.292788 2022] [php7:error] [pid 4034158] [client 66.249.64.217:45392] script '/home/rajatbiotech.com/www/license.php' not found or unable to stat
[Mon Jun 13 20:11:50.161981 2022] [php7:error] [pid 4034311] [client 114.119.145.86:36259] script '/home/rajatbiotech.com/www/index.php' not found or unable to stat
[Mon Jun 13 20:12:39.579674 2022] [php7:error] [pid 4034254] [client 20.127.75.252:64132] script '/home/rajatbiotech.com/www/style.php' not found or unable to stat, referer: bing.com
[Mon Jun 13 20:24:16.929086 2022] [php7:error] [pid 4034519] [client 114.119.145.88:26527] script '/home/rajatbiotech.com/www/index.php' not found or unable to stat
[Mon Jun 13 20:32:29.500831 2022] [php7:error] [pid 4034546] [client 114.119.146.107:23907] script '/home/rajatbiotech.com/www/index.php' not found or unable to stat
[Mon Jun 13 20:56:43.833423 2022] [php7:error] [pid 4035518] [client 66.249.64.215:65132] script '/home/rajatbiotech.com/www/log.php' not found or unable to stat
[Mon Jun 13 21:04:09.304853 2022] [php7:error] [pid 4035516] [client 66.249.64.217:60067] script '/home/rajatbiotech.com/www/index.php' not found or unable to stat
[Mon Jun 13 21:06:00.898101 2022] [php7:error] [pid 4035745] [client 66.249.64.219:53041] script '/home/rajatbiotech.com/www/1.php' not found or unable to stat
[Mon Jun 13 21:07:52.045998 2022] [php7:error] [pid 4035520] [client 66.249.64.217:43031] script '/home/rajatbiotech.com/www/license.php' not found or unable to stat
[Mon Jun 13 21:09:43.423638 2022] [php7:error] [pid 4035784] [client 66.249.64.217:65501] script '/home/rajatbiotech.com/www/index.php' not found or unable to stat
[Mon Jun 13 21:11:34.784794 2022] [php7:error] [pid 4035672] [client 66.249.64.215:45853] script '/home/rajatbiotech.com/www/log.php' not found or unable to stat
[Mon Jun 13 21:19:00.552817 2022] [php7:error] [pid 4036020] [client 66.249.64.215:54811] script '/home/rajatbiotech.com/www/index.php' not found or unable to stat
[Mon Jun 13 21:26:25.744424 2022] [php7:error] [pid 4036043] [client 66.249.64.219:56789] script '/home/rajatbiotech.com/www/log.php' not found or unable to stat
[Mon Jun 13 21:28:17.136620 2022] [php7:error] [pid 4035745] [client 66.249.64.219:39385] script '/home/rajatbiotech.com/www/1.php' not found or unable to stat
[Mon Jun 13 21:33:14.388180 2022] [php7:error] [pid 4035746] [client 66.249.64.219:55327] script '/home/rajatbiotech.com/www/1.php' not found or unable to stat
[Mon Jun 13 21:33:51.222315 2022] [php7:error] [pid 4036043] [client 66.249.64.217:61745] script '/home/rajatbiotech.com/www/license.php' not found or unable to stat
[Mon Jun 13 21:42:34.382170 2022] [php7:error] [pid 4036020] [client 114.119.146.107:50989] script '/home/rajatbiotech.com/www/index.php' not found or unable to stat
[Mon Jun 13 21:54:56.922047 2022] [php7:error] [pid 4036466] [client 66.249.64.219:38395] script '/home/rajatbiotech.com/www/wp-signups.php' not found or unable to stat
[Mon Jun 13 22:04:49.065814 2022] [php7:error] [pid 4036020] [client 66.249.64.219:41739] script '/home/rajatbiotech.com/www/wp-signups.php' not found or unable to stat
[Mon Jun 13 22:33:50.293248 2022] [php7:error] [pid 4037650] [client 66.249.64.208:39818] script '/home/rajatbiotech.com/www/index.php' not found or unable to stat
[Mon Jun 13 22:37:36.493147 2022] [php7:error] [pid 4037318] [client 198.98.61.102:46165] script '/home/rajatbiotech.com/www/xmlrpc.php' not found or unable to stat
[Mon Jun 13 22:37:36.984323 2022] [php7:error] [pid 4037318] [client 198.98.61.102:46165] script '/home/rajatbiotech.com/www/xmlrpc.php' not found or unable to stat
[Mon Jun 13 22:37:37.364608 2022] [php7:error] [pid 4037318] [client 198.98.61.102:46165] script '/home/rajatbiotech.com/www/xmlrpc.php' not found or unable to stat
[Mon Jun 13 22:37:37.728186 2022] [php7:error] [pid 4037318] [client 198.98.61.102:46165] script '/home/rajatbiotech.com/www/xmlrpc.php' not found or unable to stat
[Mon Jun 13 22:37:38.085378 2022] [php7:error] [pid 4037318] [client 198.98.61.102:46165] script '/home/rajatbiotech.com/www/xmlrpc.php' not found or unable to stat
[Mon Jun 13 22:46:46.626767 2022] [php7:error] [pid 4037318] [client 66.249.64.208:46373] script '/home/rajatbiotech.com/www/index.php' not found or unable to stat
[Mon Jun 13 22:49:21.877282 2022] [php7:error] [pid 4037651] [client 66.249.64.208:43309] script '/home/rajatbiotech.com/www/index.php' not found or unable to stat
[Mon Jun 13 23:02:54.449213 2022] [php7:error] [pid 4037876] [client 66.249.64.210:42997] script '/home/rajatbiotech.com/www/index.php' not found or unable to stat
[Mon Jun 13 23:12:28.234687 2022] [php7:error] [pid 4038663] [client 66.249.64.212:57065] script '/home/rajatbiotech.com/www/index.php' not found or unable to stat
[Mon Jun 13 23:19:38.588244 2022] [php7:error] [pid 4038317] [client 66.249.64.210:45920] script '/home/rajatbiotech.com/www/index.php' not found or unable to stat
[Mon Jun 13 23:20:43.607929 2022] [php7:error] [pid 4037712] [client 114.119.145.86:64407] script '/home/rajatbiotech.com/www/index.php' not found or unable to stat
[Mon Jun 13 23:26:48.901314 2022] [php7:error] [pid 4038318] [client 66.249.64.210:47828] script '/home/rajatbiotech.com/www/index.php' not found or unable to stat
[Mon Jun 13 23:27:31.618958 2022] [php7:error] [pid 4038459] [client 114.119.145.81:32119] script '/home/rajatbiotech.com/www/index.php' not found or unable to stat
[Mon Jun 13 23:31:35.933187 2022] [php7:error] [pid 4039060] [client 66.249.64.210:38518] script '/home/rajatbiotech.com/www/index.php' not found or unable to stat
[Mon Jun 13 23:33:15.934146 2022] [php7:error] [pid 4039060] [client 66.249.64.208:53710] script '/home/rajatbiotech.com/www/index.php' not found or unable to stat
[Mon Jun 13 23:36:36.741506 2022] [php7:error] [pid 4039077] [client 114.119.145.86:36577] script '/home/rajatbiotech.com/www/index.php' not found or unable to stat
[Mon Jun 13 23:41:32.572884 2022] [php7:error] [pid 4038718] [client 114.119.146.107:64815] script '/home/rajatbiotech.com/www/index.php' not found or unable to stat
[Mon Jun 13 23:50:07.361582 2022] [php7:error] [pid 4039060] [client 66.249.64.212:35859] script '/home/rajatbiotech.com/www/index.php' not found or unable to stat
[Mon Jun 13 23:57:00.765851 2022] [php7:error] [pid 4038459] [client 66.249.64.210:36568] script '/home/rajatbiotech.com/www/index.php' not found or unable to stat
[Tue Jun 14 00:03:01.214802 2022] [php7:error] [pid 4039602] [client 114.119.146.107:46005] script '/home/rajatbiotech.com/www/index.php' not found or unable to stat
[Tue Jun 14 00:04:36.054437 2022] [php7:error] [pid 4039611] [client 114.119.145.8:61215] script '/home/rajatbiotech.com/www/index.php' not found or unable to stat
[Tue Jun 14 00:05:09.027683 2022] [php7:error] [pid 4039600] [client 197.189.233.122:49398] script '/home/rajatbiotech.com/www/wp-login.php' not found or unable to stat
[Tue Jun 14 00:09:27.057250 2022] [php7:error] [pid 4039598] [client 66.249.64.210:62254] script '/home/rajatbiotech.com/www/index.php' not found or unable to stat
[Tue Jun 14 00:15:00.083578 2022] [php7:error] [pid 4039602] [client 66.249.64.212:53739] script '/home/rajatbiotech.com/www/article.php' not found or unable to stat
[Tue Jun 14 00:19:08.403488 2022] [php7:error] [pid 4039601] [client 66.249.64.208:35633] script '/home/rajatbiotech.com/www/index.php' not found or unable to stat
[Tue Jun 14 00:39:55.502589 2022] [php7:error] [pid 4039966] [client 66.249.64.210:47581] script '/home/rajatbiotech.com/www/index.php' not found or unable to stat
[Tue Jun 14 00:52:41.458174 2022] [php7:error] [pid 4039598] [client 114.119.145.86:58641] script '/home/rajatbiotech.com/www/index.php' not found or unable to stat
[Tue Jun 14 00:53:46.806797 2022] [php7:error] [pid 4039702] [client 66.249.64.212:48272] script '/home/rajatbiotech.com/www/index.php' not found or unable to stat
[Tue Jun 14 00:56:40.214258 2022] [php7:error] [pid 4040371] [client 66.249.64.208:57748] script '/home/rajatbiotech.com/www/index.php' not found or unable to stat
[Tue Jun 14 01:08:13.346545 2022] [php7:error] [pid 4040440] [client 66.249.64.208:43309] script '/home/rajatbiotech.com/www/index.php' not found or unable to stat
[Tue Jun 14 01:10:01.372389 2022] [php7:error] [pid 4039611] [client 114.119.145.88:54583] script '/home/rajatbiotech.com/www/index.php' not found or unable to stat
[Tue Jun 14 01:11:07.441425 2022] [php7:error] [pid 4040433] [client 66.249.64.212:57478] script '/home/rajatbiotech.com/www/index.php' not found or unable to stat
[Tue Jun 14 01:40:48.554589 2022] [php7:error] [pid 4040440] [client 5.45.80.13:62771] script '/home/rajatbiotech.com/www/index.php' not found or unable to stat
[Tue Jun 14 01:52:52.630980 2022] [php7:error] [pid 4041020] [client 114.119.131.197:20417] script '/home/rajatbiotech.com/www/index.php' not found or unable to stat
[Tue Jun 14 01:56:13.618874 2022] [php7:error] [pid 4039611] [client 114.119.145.86:32899] script '/home/rajatbiotech.com/www/index.php' not found or unable to stat
[Tue Jun 14 03:04:43.913698 2022] [php7:error] [pid 4040432] [client 114.119.145.81:25535] script '/home/rajatbiotech.com/www/index.php' not found or unable to stat
[Tue Jun 14 03:28:09.439923 2022] [php7:error] [pid 4042691] [client 114.119.145.81:54025] script '/home/rajatbiotech.com/www/index.php' not found or unable to stat
[Tue Jun 14 03:34:44.514402 2022] [php7:error] [pid 4042455] [client 66.249.64.215:43511] script '/home/rajatbiotech.com/www/license.php' not found or unable to stat
[Tue Jun 14 03:38:19.186125 2022] [php7:error] [pid 4042691] [client 66.249.64.219:38010] script '/home/rajatbiotech.com/www/wp-signups.php' not found or unable to stat
[Tue Jun 14 03:43:17.277489 2022] [php7:error] [pid 4043085] [client 114.119.145.86:30375] script '/home/rajatbiotech.com/www/index.php' not found or unable to stat
[Tue Jun 14 03:48:25.224718 2022] [php7:error] [pid 4043322] [client 114.119.131.197:44359] script '/home/rajatbiotech.com/www/index.php' not found or unable to stat
[Tue Jun 14 03:55:42.633623 2022] [php7:error] [pid 4043223] [client 114.119.146.100:20825] script '/home/rajatbiotech.com/www/index.php' not found or unable to stat
[Tue Jun 14 04:22:00.407705 2022] [php7:error] [pid 4043907] [client 114.119.145.88:49391] script '/home/rajatbiotech.com/www/index.php' not found or unable to stat
[Tue Jun 14 04:35:19.720701 2022] [php7:error] [pid 4044368] [client 66.249.64.215:40423] script '/home/rajatbiotech.com/www/wp-signups.php' not found or unable to stat
[Tue Jun 14 04:42:54.388394 2022] [php7:error] [pid 4043224] [client 114.119.131.197:46369] script '/home/rajatbiotech.com/www/index.php' not found or unable to stat
[Tue Jun 14 04:43:48.287244 2022] [php7:error] [pid 4044965] [client 114.119.131.197:53721] script '/home/rajatbiotech.com/www/index.php' not found or unable to stat
[Tue Jun 14 05:09:13.602312 2022] [php7:error] [pid 4044365] [client 66.249.64.208:43016] script '/home/rajatbiotech.com/www/index.php' not found or unable to stat
[Tue Jun 14 05:10:40.566591 2022] [php7:error] [pid 4045240] [client 66.249.64.208:43113] script '/home/rajatbiotech.com/www/index.php' not found or unable to stat
[Tue Jun 14 05:23:09.063819 2022] [php7:error] [pid 4045736] [client 63.35.220.48:59470] script '/home/rajatbiotech.com/www/app.php' not found or unable to stat
[Tue Jun 14 05:29:42.365951 2022] [php7:error] [pid 4045970] [client 66.249.64.219:51852] script '/home/rajatbiotech.com/www/wp-signups.php' not found or unable to stat
[Tue Jun 14 05:35:24.494231 2022] [php7:error] [pid 4046035] [client 114.119.145.88:36889] script '/home/rajatbiotech.com/www/index.php' not found or unable to stat
[Tue Jun 14 05:39:14.876996 2022] [php7:error] [pid 4045970] [client 114.119.131.197:26821] script '/home/rajatbiotech.com/www/index.php' not found or unable to stat
[Tue Jun 14 05:43:07.038827 2022] [php7:error] [pid 4046034] [client 66.249.64.210:61642] script '/home/rajatbiotech.com/www/index.php' not found or unable to stat
[Tue Jun 14 05:55:52.757756 2022] [php7:error] [pid 4046569] [client 114.119.145.86:33491] script '/home/rajatbiotech.com/www/index.php' not found or unable to stat
[Tue Jun 14 06:20:43.533520 2022] [php7:error] [pid 4046729] [client 66.249.64.208:59925] script '/home/rajatbiotech.com/www/index.php' not found or unable to stat
[Tue Jun 14 06:24:51.710753 2022] [php7:error] [pid 4046729] [client 114.119.145.81:38833] script '/home/rajatbiotech.com/www/index.php' not found or unable to stat
[Tue Jun 14 06:25:46.726539 2022] [php7:error] [pid 4046699] [client 114.119.131.197:21099] script '/home/rajatbiotech.com/www/index.php' not found or unable to stat
[Tue Jun 14 07:13:14.460250 2022] [php7:error] [pid 4048079] [client 114.119.145.86:24599] script '/home/rajatbiotech.com/www/index.php' not found or unable to stat
[Tue Jun 14 07:18:08.761031 2022] [php7:error] [pid 4048235] [client 114.119.145.81:36721] script '/home/rajatbiotech.com/www/index.php' not found or unable to stat
[Tue Jun 14 07:19:18.969272 2022] [php7:error] [pid 4048171] [client 114.119.145.86:64861] script '/home/rajatbiotech.com/www/index.php' not found or unable to stat
[Tue Jun 14 07:25:40.678589 2022] [php7:error] [pid 4048339] [client 114.119.145.86:50229] script '/home/rajatbiotech.com/www/index.php' not found or unable to stat
[Tue Jun 14 07:29:01.441295 2022] [php7:error] [pid 4048416] [client 66.249.64.212:39723] script '/home/rajatbiotech.com/www/index.php' not found or unable to stat
[Tue Jun 14 07:30:20.094956 2022] [php7:error] [pid 4048386] [client 66.249.64.219:53667] script '/home/rajatbiotech.com/www/license.php' not found or unable to stat
[Tue Jun 14 07:31:35.937000 2022] [php7:error] [pid 4048245] [client 66.249.64.217:61655] script '/home/rajatbiotech.com/www/1.php' not found or unable to stat
[Tue Jun 14 07:34:10.487670 2022] [php7:error] [pid 4048386] [client 66.249.64.219:52548] script '/home/rajatbiotech.com/www/log.php' not found or unable to stat
[Tue Jun 14 07:36:45.112261 2022] [php7:error] [pid 4048386] [client 66.249.64.215:41887] script '/home/rajatbiotech.com/www/license.php' not found or unable to stat
[Tue Jun 14 07:38:02.424610 2022] [php7:error] [pid 4048564] [client 66.249.64.215:43925] script '/home/rajatbiotech.com/www/1.php' not found or unable to stat
[Tue Jun 14 07:39:19.738271 2022] [php7:error] [pid 4048437] [client 66.249.64.217:64249] script '/home/rajatbiotech.com/www/1.php' not found or unable to stat
[Tue Jun 14 07:41:54.264854 2022] [php7:error] [pid 4048545] [client 66.249.64.210:55970] script '/home/rajatbiotech.com/www/index.php' not found or unable to stat
[Tue Jun 14 07:50:55.564001 2022] [php7:error] [pid 4048750] [client 66.249.64.217:59794] script '/home/rajatbiotech.com/www/license.php' not found or unable to stat
[Tue Jun 14 07:52:12.876210 2022] [php7:error] [pid 4048713] [client 66.249.64.219:43489] script '/home/rajatbiotech.com/www/log.php' not found or unable to stat
[Tue Jun 14 07:53:30.186579 2022] [php7:error] [pid 4048676] [client 66.249.64.215:38547] script '/home/rajatbiotech.com/www/license.php' not found or unable to stat
[Tue Jun 14 07:56:04.820087 2022] [php7:error] [pid 4048806] [client 66.249.64.215:35940] script '/home/rajatbiotech.com/www/wp-signups.php' not found or unable to stat
[Tue Jun 14 07:57:22.127930 2022] [php7:error] [pid 4048713] [client 66.249.64.217:35182] script '/home/rajatbiotech.com/www/log.php' not found or unable to stat
[Tue Jun 14 07:58:39.440534 2022] [php7:error] [pid 4048860] [client 66.249.64.217:34849] script '/home/rajatbiotech.com/www/license.php' not found or unable to stat
