[Sun Jun 19 07:07:54.051886 2022] [php7:error] [pid 4181834] [client 66.249.64.215:46964] script '/home/rajatbiotech.com/www/1.php' not found or unable to stat
[Sun Jun 19 07:08:15.072256 2022] [php7:error] [pid 4181833] [client 66.249.64.217:38311] script '/home/rajatbiotech.com/www/license.php' not found or unable to stat
[Sun Jun 19 07:08:26.627889 2022] [php7:error] [pid 4181996] [client 66.249.64.217:64944] script '/home/rajatbiotech.com/www/1.php' not found or unable to stat
[Sun Jun 19 07:08:38.189389 2022] [php7:error] [pid 4182018] [client 66.249.64.215:59197] script '/home/rajatbiotech.com/www/license.php' not found or unable to stat
[Sun Jun 19 07:09:01.292206 2022] [php7:error] [pid 4182032] [client 66.249.64.215:39087] script '/home/rajatbiotech.com/www/1.php' not found or unable to stat
[Sun Jun 19 07:09:24.405842 2022] [php7:error] [pid 4181728] [client 66.249.64.217:45860] script '/home/rajatbiotech.com/www/wp-signups.php' not found or unable to stat
[Sun Jun 19 07:09:35.975966 2022] [php7:error] [pid 4181995] [client 66.249.64.215:51385] script '/home/rajatbiotech.com/www/log.php' not found or unable to stat
[Sun Jun 19 07:10:33.869113 2022] [php7:error] [pid 4181420] [client 66.249.64.215:44053] script '/home/rajatbiotech.com/www/1.php' not found or unable to stat
[Sun Jun 19 07:11:08.417503 2022] [php7:error] [pid 4181834] [client 66.249.64.215:47623] script '/home/rajatbiotech.com/www/license.php' not found or unable to stat
[Sun Jun 19 07:11:19.970469 2022] [php7:error] [pid 4181420] [client 66.249.64.215:50857] script '/home/rajatbiotech.com/www/1.php' not found or unable to stat
[Sun Jun 19 07:11:31.521369 2022] [php7:error] [pid 4181728] [client 66.249.64.215:41711] script '/home/rajatbiotech.com/www/wp-signups.php' not found or unable to stat
[Sun Jun 19 07:11:43.077182 2022] [php7:error] [pid 4182018] [client 66.249.64.215:37274] script '/home/rajatbiotech.com/www/1.php' not found or unable to stat
[Sun Jun 19 07:11:54.642376 2022] [php7:error] [pid 4182100] [client 66.249.64.215:64059] script '/home/rajatbiotech.com/www/1.php' not found or unable to stat
[Sun Jun 19 07:12:06.189142 2022] [php7:error] [pid 4181834] [client 66.249.64.215:55086] script '/home/rajatbiotech.com/www/wp-signups.php' not found or unable to stat
[Sun Jun 19 07:12:29.300095 2022] [php7:error] [pid 4182100] [client 66.249.64.215:45482] script '/home/rajatbiotech.com/www/log.php' not found or unable to stat
[Sun Jun 19 07:13:03.970318 2022] [php7:error] [pid 4181833] [client 66.249.64.219:47398] script '/home/rajatbiotech.com/www/log.php' not found or unable to stat
[Sun Jun 19 07:13:15.525901 2022] [php7:error] [pid 4182032] [client 66.249.64.217:61161] script '/home/rajatbiotech.com/www/log.php' not found or unable to stat
[Sun Jun 19 07:13:22.508462 2022] [php7:error] [pid 4181790] [client 63.35.220.48:54946] script '/home/rajatbiotech.com/www/app.php' not found or unable to stat
[Sun Jun 19 07:13:27.085590 2022] [php7:error] [pid 4182099] [client 66.249.64.215:51975] script '/home/rajatbiotech.com/www/log.php' not found or unable to stat
[Sun Jun 19 07:14:24.845473 2022] [php7:error] [pid 4182032] [client 66.249.64.215:48903] script '/home/rajatbiotech.com/www/1.php' not found or unable to stat
[Sun Jun 19 07:14:47.963356 2022] [php7:error] [pid 4182139] [client 66.249.64.215:57195] script '/home/rajatbiotech.com/www/1.php' not found or unable to stat
[Sun Jun 19 07:15:11.088442 2022] [php7:error] [pid 4181790] [client 66.249.64.219:39199] script '/home/rajatbiotech.com/www/1.php' not found or unable to stat
[Sun Jun 19 07:15:24.004054 2022] [php7:error] [pid 4182139] [client 66.249.64.215:51536] script '/home/rajatbiotech.com/www/license.php' not found or unable to stat
[Sun Jun 19 07:15:35.477235 2022] [php7:error] [pid 4182142] [client 66.249.64.215:58916] script '/home/rajatbiotech.com/www/log.php' not found or unable to stat
[Sun Jun 19 07:16:08.859247 2022] [php7:error] [pid 4182156] [client 66.249.64.215:49139] script '/home/rajatbiotech.com/www/log.php' not found or unable to stat
[Sun Jun 19 07:16:20.413955 2022] [php7:error] [pid 4182099] [client 66.249.64.217:35862] script '/home/rajatbiotech.com/www/license.php' not found or unable to stat
[Sun Jun 19 07:16:31.974427 2022] [php7:error] [pid 4182139] [client 66.249.64.215:43469] script '/home/rajatbiotech.com/www/license.php' not found or unable to stat
[Sun Jun 19 07:16:43.530518 2022] [php7:error] [pid 4182157] [client 66.249.64.215:38816] script '/home/rajatbiotech.com/www/log.php' not found or unable to stat
[Sun Jun 19 07:16:55.082967 2022] [php7:error] [pid 4182163] [client 66.249.64.215:39387] script '/home/rajatbiotech.com/www/log.php' not found or unable to stat
[Sun Jun 19 07:17:06.637884 2022] [php7:error] [pid 4182139] [client 66.249.64.215:47255] script '/home/rajatbiotech.com/www/license.php' not found or unable to stat
[Sun Jun 19 07:17:18.202012 2022] [php7:error] [pid 4182032] [client 66.249.64.217:62355] script '/home/rajatbiotech.com/www/license.php' not found or unable to stat
[Sun Jun 19 07:17:29.743110 2022] [php7:error] [pid 4182163] [client 66.249.64.215:39777] script '/home/rajatbiotech.com/www/log.php' not found or unable to stat
[Sun Jun 19 07:17:52.861202 2022] [php7:error] [pid 4182192] [client 66.249.64.215:58631] script '/home/rajatbiotech.com/www/log.php' not found or unable to stat
[Sun Jun 19 07:18:04.420094 2022] [php7:error] [pid 4182208] [client 66.249.64.215:43491] script '/home/rajatbiotech.com/www/1.php' not found or unable to stat
[Sun Jun 19 07:18:27.535422 2022] [php7:error] [pid 4182220] [client 66.249.64.217:48101] script '/home/rajatbiotech.com/www/1.php' not found or unable to stat
[Sun Jun 19 07:18:39.083116 2022] [php7:error] [pid 4182210] [client 66.249.64.215:63586] script '/home/rajatbiotech.com/www/log.php' not found or unable to stat
[Sun Jun 19 07:18:50.640523 2022] [php7:error] [pid 4182211] [client 66.249.64.215:41876] script '/home/rajatbiotech.com/www/log.php' not found or unable to stat
[Sun Jun 19 07:19:02.195805 2022] [php7:error] [pid 4182226] [client 66.249.64.217:37630] script '/home/rajatbiotech.com/www/1.php' not found or unable to stat
[Sun Jun 19 07:19:13.750274 2022] [php7:error] [pid 4182211] [client 66.249.64.215:37417] script '/home/rajatbiotech.com/www/1.php' not found or unable to stat
[Sun Jun 19 07:19:25.297520 2022] [php7:error] [pid 4182227] [client 66.249.64.215:48145] script '/home/rajatbiotech.com/www/log.php' not found or unable to stat
[Sun Jun 19 07:19:48.425571 2022] [php7:error] [pid 4182226] [client 66.249.64.215:43093] script '/home/rajatbiotech.com/www/log.php' not found or unable to stat
[Sun Jun 19 07:20:11.524628 2022] [php7:error] [pid 4182208] [client 66.249.64.215:44430] script '/home/rajatbiotech.com/www/log.php' not found or unable to stat
[Sun Jun 19 07:20:23.087881 2022] [php7:error] [pid 4182209] [client 66.249.64.215:52642] script '/home/rajatbiotech.com/www/1.php' not found or unable to stat
[Sun Jun 19 07:20:36.616732 2022] [php7:error] [pid 4182227] [client 66.249.64.215:47332] script '/home/rajatbiotech.com/www/1.php' not found or unable to stat
[Sun Jun 19 07:20:46.207890 2022] [php7:error] [pid 4182212] [client 66.249.64.215:41033] script '/home/rajatbiotech.com/www/1.php' not found or unable to stat
[Sun Jun 19 07:20:57.753675 2022] [php7:error] [pid 4182211] [client 66.249.64.215:41009] script '/home/rajatbiotech.com/www/log.php' not found or unable to stat
[Sun Jun 19 07:21:20.856404 2022] [php7:error] [pid 4182210] [client 66.249.64.217:55366] script '/home/rajatbiotech.com/www/license.php' not found or unable to stat
[Sun Jun 19 07:21:55.543675 2022] [php7:error] [pid 4182210] [client 66.249.64.215:58751] script '/home/rajatbiotech.com/www/log.php' not found or unable to stat
[Sun Jun 19 07:22:07.092065 2022] [php7:error] [pid 4182241] [client 66.249.64.219:39041] script '/home/rajatbiotech.com/www/1.php' not found or unable to stat
[Sun Jun 19 07:22:30.200879 2022] [php7:error] [pid 4182245] [client 66.249.64.215:43286] script '/home/rajatbiotech.com/www/license.php' not found or unable to stat
[Sun Jun 19 07:23:27.979350 2022] [php7:error] [pid 4182251] [client 66.249.64.217:55953] script '/home/rajatbiotech.com/www/log.php' not found or unable to stat
[Sun Jun 19 07:23:51.089747 2022] [php7:error] [pid 4182209] [client 66.249.64.215:56568] script '/home/rajatbiotech.com/www/1.php' not found or unable to stat
[Sun Jun 19 07:24:02.643995 2022] [php7:error] [pid 4182220] [client 66.249.64.217:46599] script '/home/rajatbiotech.com/www/1.php' not found or unable to stat
[Sun Jun 19 07:24:14.199424 2022] [php7:error] [pid 4182251] [client 66.249.64.217:37862] script '/home/rajatbiotech.com/www/1.php' not found or unable to stat
[Sun Jun 19 07:24:37.318809 2022] [php7:error] [pid 4182228] [client 66.249.64.215:46699] script '/home/rajatbiotech.com/www/log.php' not found or unable to stat
[Sun Jun 19 07:25:12.047713 2022] [php7:error] [pid 4182226] [client 66.249.64.217:35920] script '/home/rajatbiotech.com/www/license.php' not found or unable to stat
[Sun Jun 19 07:25:23.527152 2022] [php7:error] [pid 4182248] [client 66.249.64.215:45653] script '/home/rajatbiotech.com/www/1.php' not found or unable to stat
[Sun Jun 19 07:25:46.640428 2022] [php7:error] [pid 4182209] [client 66.249.64.215:59039] script '/home/rajatbiotech.com/www/log.php' not found or unable to stat
[Sun Jun 19 07:25:58.196574 2022] [php7:error] [pid 4182248] [client 66.249.64.215:48811] script '/home/rajatbiotech.com/www/1.php' not found or unable to stat
[Sun Jun 19 07:26:44.415542 2022] [php7:error] [pid 4182211] [client 66.249.64.215:38527] script '/home/rajatbiotech.com/www/license.php' not found or unable to stat
[Sun Jun 19 07:27:53.755493 2022] [php7:error] [pid 4182211] [client 66.249.64.215:64907] script '/home/rajatbiotech.com/www/license.php' not found or unable to stat
[Sun Jun 19 07:28:16.859799 2022] [php7:error] [pid 4182220] [client 66.249.64.219:63279] script '/home/rajatbiotech.com/www/wp-signups.php' not found or unable to stat
[Sun Jun 19 07:28:40.574478 2022] [php7:error] [pid 4182251] [client 66.249.64.215:63046] script '/home/rajatbiotech.com/www/wp-signups.php' not found or unable to stat
[Sun Jun 19 07:29:03.956526 2022] [php7:error] [pid 4182244] [client 66.249.64.215:42728] script '/home/rajatbiotech.com/www/log.php' not found or unable to stat
[Sun Jun 19 07:29:14.650842 2022] [php7:error] [pid 4182211] [client 66.249.64.215:46490] script '/home/rajatbiotech.com/www/log.php' not found or unable to stat
[Sun Jun 19 07:29:37.761579 2022] [php7:error] [pid 4182212] [client 66.249.64.215:44231] script '/home/rajatbiotech.com/www/1.php' not found or unable to stat
[Sun Jun 19 07:30:00.885963 2022] [php7:error] [pid 4182228] [client 66.249.64.219:56071] script '/home/rajatbiotech.com/www/log.php' not found or unable to stat
[Sun Jun 19 07:30:13.436807 2022] [php7:error] [pid 4182251] [client 66.249.64.217:60471] script '/home/rajatbiotech.com/www/1.php' not found or unable to stat
[Sun Jun 19 07:30:35.546190 2022] [php7:error] [pid 4182244] [client 66.249.64.215:57487] script '/home/rajatbiotech.com/www/log.php' not found or unable to stat
[Sun Jun 19 07:30:47.094282 2022] [php7:error] [pid 4182212] [client 66.249.64.215:58755] script '/home/rajatbiotech.com/www/log.php' not found or unable to stat
[Sun Jun 19 07:31:21.762965 2022] [php7:error] [pid 4182306] [client 66.249.64.217:55076] script '/home/rajatbiotech.com/www/1.php' not found or unable to stat
[Sun Jun 19 07:31:33.319589 2022] [php7:error] [pid 4182244] [client 66.249.64.215:56758] script '/home/rajatbiotech.com/www/1.php' not found or unable to stat
[Sun Jun 19 07:32:19.538278 2022] [php7:error] [pid 4182209] [client 66.249.64.219:60474] script '/home/rajatbiotech.com/www/wp-signups.php' not found or unable to stat
[Sun Jun 19 07:32:31.101882 2022] [php7:error] [pid 4182306] [client 66.249.64.215:36751] script '/home/rajatbiotech.com/www/1.php' not found or unable to stat
[Sun Jun 19 07:32:42.650869 2022] [php7:error] [pid 4182248] [client 66.249.64.215:53617] script '/home/rajatbiotech.com/www/1.php' not found or unable to stat
[Sun Jun 19 07:32:54.212475 2022] [php7:error] [pid 4182307] [client 66.249.64.215:37298] script '/home/rajatbiotech.com/www/1.php' not found or unable to stat
[Sun Jun 19 07:33:05.755852 2022] [php7:error] [pid 4182244] [client 66.249.64.219:65328] script '/home/rajatbiotech.com/www/1.php' not found or unable to stat
[Sun Jun 19 07:33:17.321939 2022] [php7:error] [pid 4182209] [client 66.249.64.217:38205] script '/home/rajatbiotech.com/www/log.php' not found or unable to stat
[Sun Jun 19 07:33:28.872925 2022] [php7:error] [pid 4182228] [client 66.249.64.215:52769] script '/home/rajatbiotech.com/www/1.php' not found or unable to stat
[Sun Jun 19 07:33:40.426507 2022] [php7:error] [pid 4182307] [client 66.249.64.215:44626] script '/home/rajatbiotech.com/www/1.php' not found or unable to stat
[Sun Jun 19 07:33:51.984965 2022] [php7:error] [pid 4182306] [client 66.249.64.215:56605] script '/home/rajatbiotech.com/www/1.php' not found or unable to stat
[Sun Jun 19 07:34:03.539240 2022] [php7:error] [pid 4182307] [client 66.249.64.215:46101] script '/home/rajatbiotech.com/www/1.php' not found or unable to stat
[Sun Jun 19 07:34:26.650843 2022] [php7:error] [pid 4182244] [client 66.249.64.217:63336] script '/home/rajatbiotech.com/www/log.php' not found or unable to stat
[Sun Jun 19 07:35:13.714761 2022] [php7:error] [pid 4182248] [client 66.249.64.215:56741] script '/home/rajatbiotech.com/www/1.php' not found or unable to stat
[Sun Jun 19 07:35:59.091810 2022] [php7:error] [pid 4182299] [client 66.249.64.217:36730] script '/home/rajatbiotech.com/www/1.php' not found or unable to stat
[Sun Jun 19 07:36:10.658658 2022] [php7:error] [pid 4182299] [client 66.249.64.215:37498] script '/home/rajatbiotech.com/www/1.php' not found or unable to stat
[Sun Jun 19 07:36:45.326929 2022] [php7:error] [pid 4182209] [client 66.249.64.215:44676] script '/home/rajatbiotech.com/www/log.php' not found or unable to stat
[Sun Jun 19 07:36:56.880168 2022] [php7:error] [pid 4182228] [client 66.249.64.215:52143] script '/home/rajatbiotech.com/www/log.php' not found or unable to stat
[Sun Jun 19 07:37:08.430855 2022] [php7:error] [pid 4182209] [client 66.249.64.215:52381] script '/home/rajatbiotech.com/www/log.php' not found or unable to stat
[Sun Jun 19 07:37:19.994065 2022] [php7:error] [pid 4182338] [client 66.249.64.217:38692] script '/home/rajatbiotech.com/www/license.php' not found or unable to stat
[Sun Jun 19 07:37:31.548863 2022] [php7:error] [pid 4182241] [client 66.249.64.215:36977] script '/home/rajatbiotech.com/www/log.php' not found or unable to stat
[Sun Jun 19 07:37:54.650195 2022] [php7:error] [pid 4182241] [client 66.249.64.215:52254] script '/home/rajatbiotech.com/www/log.php' not found or unable to stat
[Sun Jun 19 07:38:06.217997 2022] [php7:error] [pid 4182333] [client 66.249.64.215:63952] script '/home/rajatbiotech.com/www/log.php' not found or unable to stat
[Sun Jun 19 07:38:17.759873 2022] [php7:error] [pid 4182306] [client 66.249.64.215:50843] script '/home/rajatbiotech.com/www/1.php' not found or unable to stat
[Sun Jun 19 07:38:29.328086 2022] [php7:error] [pid 4182209] [client 66.249.64.215:49988] script '/home/rajatbiotech.com/www/1.php' not found or unable to stat
[Sun Jun 19 07:38:52.437383 2022] [php7:error] [pid 4182334] [client 66.249.64.215:36726] script '/home/rajatbiotech.com/www/license.php' not found or unable to stat
[Sun Jun 19 07:39:03.981214 2022] [php7:error] [pid 4182241] [client 66.249.64.219:37764] script '/home/rajatbiotech.com/www/1.php' not found or unable to stat
[Sun Jun 19 07:39:27.099002 2022] [php7:error] [pid 4182248] [client 66.249.64.215:57688] script '/home/rajatbiotech.com/www/1.php' not found or unable to stat
[Sun Jun 19 07:40:13.676858 2022] [php7:error] [pid 4182332] [client 66.249.64.217:45799] script '/home/rajatbiotech.com/www/log.php' not found or unable to stat
[Sun Jun 19 07:40:47.986273 2022] [php7:error] [pid 4182425] [client 66.249.64.215:47779] script '/home/rajatbiotech.com/www/1.php' not found or unable to stat
[Sun Jun 19 07:40:59.548385 2022] [php7:error] [pid 4182241] [client 66.249.64.215:46928] script '/home/rajatbiotech.com/www/1.php' not found or unable to stat
[Sun Jun 19 07:41:11.108804 2022] [php7:error] [pid 4182419] [client 66.249.64.219:42006] script '/home/rajatbiotech.com/www/1.php' not found or unable to stat
[Sun Jun 19 07:41:22.659499 2022] [php7:error] [pid 4182423] [client 66.249.64.217:35733] script '/home/rajatbiotech.com/www/license.php' not found or unable to stat
[Sun Jun 19 07:41:57.321658 2022] [php7:error] [pid 4182334] [client 66.249.64.215:46768] script '/home/rajatbiotech.com/www/license.php' not found or unable to stat
[Sun Jun 19 07:42:08.877817 2022] [php7:error] [pid 4182423] [client 66.249.64.215:64955] script '/home/rajatbiotech.com/www/wp-signups.php' not found or unable to stat
[Sun Jun 19 07:42:31.988505 2022] [php7:error] [pid 4182425] [client 66.249.64.217:37167] script '/home/rajatbiotech.com/www/1.php' not found or unable to stat
[Sun Jun 19 07:42:43.540786 2022] [php7:error] [pid 4182408] [client 66.249.64.215:54890] script '/home/rajatbiotech.com/www/1.php' not found or unable to stat
[Sun Jun 19 07:43:06.662497 2022] [php7:error] [pid 4182411] [client 66.249.64.219:35649] script '/home/rajatbiotech.com/www/1.php' not found or unable to stat
[Sun Jun 19 07:43:18.219975 2022] [php7:error] [pid 4182447] [client 66.249.64.217:42461] script '/home/rajatbiotech.com/www/license.php' not found or unable to stat
[Sun Jun 19 07:43:41.336655 2022] [php7:error] [pid 4182408] [client 66.249.64.215:47030] script '/home/rajatbiotech.com/www/1.php' not found or unable to stat
[Sun Jun 19 07:44:50.656620 2022] [php7:error] [pid 4182420] [client 66.249.64.215:61342] script '/home/rajatbiotech.com/www/1.php' not found or unable to stat
[Sun Jun 19 07:45:36.882227 2022] [php7:error] [pid 4182338] [client 66.249.64.215:52204] script '/home/rajatbiotech.com/www/log.php' not found or unable to stat
[Sun Jun 19 07:46:46.217973 2022] [php7:error] [pid 4182408] [client 66.249.64.215:52203] script '/home/rajatbiotech.com/www/license.php' not found or unable to stat
[Sun Jun 19 07:47:09.332994 2022] [php7:error] [pid 4182460] [client 66.249.64.215:40636] script '/home/rajatbiotech.com/www/1.php' not found or unable to stat
[Sun Jun 19 07:47:32.447920 2022] [php7:error] [pid 4182241] [client 66.249.64.215:47450] script '/home/rajatbiotech.com/www/1.php' not found or unable to stat
[Sun Jun 19 07:48:07.111490 2022] [php7:error] [pid 4182490] [client 66.249.64.215:38524] script '/home/rajatbiotech.com/www/1.php' not found or unable to stat
[Sun Jun 19 07:48:30.227482 2022] [php7:error] [pid 4182484] [client 66.249.64.215:55718] script '/home/rajatbiotech.com/www/1.php' not found or unable to stat
[Sun Jun 19 07:48:53.339675 2022] [php7:error] [pid 4182455] [client 66.249.64.215:58453] script '/home/rajatbiotech.com/www/wp-signups.php' not found or unable to stat
[Sun Jun 19 07:50:25.787087 2022] [php7:error] [pid 4182528] [client 66.249.64.219:41770] script '/home/rajatbiotech.com/www/log.php' not found or unable to stat
[Sun Jun 19 07:51:11.998602 2022] [php7:error] [pid 4182477] [client 66.249.64.217:51819] script '/home/rajatbiotech.com/www/1.php' not found or unable to stat
[Sun Jun 19 07:52:32.895388 2022] [php7:error] [pid 4182529] [client 66.249.64.219:60810] script '/home/rajatbiotech.com/www/log.php' not found or unable to stat
[Sun Jun 19 07:52:55.992997 2022] [php7:error] [pid 4182489] [client 66.249.64.215:43838] script '/home/rajatbiotech.com/www/index.php' not found or unable to stat
[Sun Jun 19 07:53:07.556848 2022] [php7:error] [pid 4182556] [client 66.249.64.217:47140] script '/home/rajatbiotech.com/www/1.php' not found or unable to stat
[Sun Jun 19 07:53:19.106973 2022] [php7:error] [pid 4182528] [client 66.249.64.217:53216] script '/home/rajatbiotech.com/www/1.php' not found or unable to stat
[Sun Jun 19 07:53:30.667155 2022] [php7:error] [pid 4182540] [client 66.249.64.215:37593] script '/home/rajatbiotech.com/www/log.php' not found or unable to stat
[Sun Jun 19 07:53:42.222345 2022] [php7:error] [pid 4182477] [client 66.249.64.215:52823] script '/home/rajatbiotech.com/www/log.php' not found or unable to stat
[Sun Jun 19 07:53:53.783140 2022] [php7:error] [pid 4182557] [client 66.249.64.215:47386] script '/home/rajatbiotech.com/www/1.php' not found or unable to stat
[Sun Jun 19 07:54:05.343191 2022] [php7:error] [pid 4182561] [client 66.249.64.217:36783] script '/home/rajatbiotech.com/www/1.php' not found or unable to stat
[Sun Jun 19 07:54:28.447526 2022] [php7:error] [pid 4182558] [client 66.249.64.215:60709] script '/home/rajatbiotech.com/www/log.php' not found or unable to stat
[Sun Jun 19 07:54:40.002497 2022] [php7:error] [pid 4182556] [client 66.249.64.215:37179] script '/home/rajatbiotech.com/www/1.php' not found or unable to stat
[Sun Jun 19 07:56:58.672162 2022] [php7:error] [pid 4182556] [client 66.249.64.215:61092] script '/home/rajatbiotech.com/www/1.php' not found or unable to stat
[Sun Jun 19 07:58:07.998216 2022] [php7:error] [pid 4182557] [client 66.249.64.219:41662] script '/home/rajatbiotech.com/www/1.php' not found or unable to stat
[Sun Jun 19 07:58:31.112227 2022] [php7:error] [pid 4182564] [client 66.249.64.215:65068] script '/home/rajatbiotech.com/www/license.php' not found or unable to stat
[Sun Jun 19 07:58:54.221828 2022] [php7:error] [pid 4182561] [client 66.249.64.215:61468] script '/home/rajatbiotech.com/www/1.php' not found or unable to stat
[Sun Jun 19 07:59:28.741169 2022] [php7:error] [pid 4182528] [client 66.249.64.217:60231] script '/home/rajatbiotech.com/www/index.php' not found or unable to stat
[Sun Jun 19 07:59:40.454799 2022] [php7:error] [pid 4182561] [client 66.249.64.215:57020] script '/home/rajatbiotech.com/www/log.php' not found or unable to stat
[Sun Jun 19 08:01:01.343744 2022] [php7:error] [pid 4182557] [client 66.249.64.215:51083] script '/home/rajatbiotech.com/www/index.php' not found or unable to stat
[Sun Jun 19 08:02:33.776352 2022] [php7:error] [pid 4182558] [client 66.249.64.215:55366] script '/home/rajatbiotech.com/www/log.php' not found or unable to stat
[Sun Jun 19 08:02:45.331533 2022] [php7:error] [pid 4182565] [client 66.249.64.215:63830] script '/home/rajatbiotech.com/www/log.php' not found or unable to stat
[Sun Jun 19 08:03:20.004434 2022] [php7:error] [pid 4182477] [client 66.249.64.217:60374] script '/home/rajatbiotech.com/www/log.php' not found or unable to stat
[Sun Jun 19 08:04:17.776177 2022] [php7:error] [pid 4182561] [client 66.249.64.215:54525] script '/home/rajatbiotech.com/www/log.php' not found or unable to stat
[Sun Jun 19 08:04:40.887667 2022] [php7:error] [pid 4182540] [client 66.249.64.217:49408] script '/home/rajatbiotech.com/www/license.php' not found or unable to stat
[Sun Jun 19 08:05:50.225815 2022] [php7:error] [pid 4182565] [client 66.249.64.217:64321] script '/home/rajatbiotech.com/www/1.php' not found or unable to stat
[Sun Jun 19 08:06:01.790178 2022] [php7:error] [pid 4182558] [client 66.249.64.217:35399] script '/home/rajatbiotech.com/www/1.php' not found or unable to stat
[Sun Jun 19 08:06:24.895420 2022] [php7:error] [pid 4182489] [client 66.249.64.215:51499] script '/home/rajatbiotech.com/www/1.php' not found or unable to stat
[Sun Jun 19 08:06:36.458933 2022] [php7:error] [pid 4182558] [client 66.249.64.215:64214] script '/home/rajatbiotech.com/www/license.php' not found or unable to stat
[Sun Jun 19 08:06:55.111680 2022] [php7:error] [pid 4182528] [client 66.249.64.215:51712] script '/home/rajatbiotech.com/www/1.php' not found or unable to stat
[Sun Jun 19 08:06:59.560621 2022] [php7:error] [pid 4182477] [client 66.249.64.215:38586] script '/home/rajatbiotech.com/www/log.php' not found or unable to stat
[Sun Jun 19 08:08:32.001278 2022] [php7:error] [pid 4182558] [client 66.249.64.215:35727] script '/home/rajatbiotech.com/www/log.php' not found or unable to stat
[Sun Jun 19 08:08:55.118036 2022] [php7:error] [pid 4182556] [client 66.249.64.215:40534] script '/home/rajatbiotech.com/www/1.php' not found or unable to stat
[Sun Jun 19 08:10:50.696225 2022] [php7:error] [pid 4182561] [client 66.249.64.215:36841] script '/home/rajatbiotech.com/www/1.php' not found or unable to stat
[Sun Jun 19 08:11:02.232438 2022] [php7:error] [pid 4182558] [client 66.249.64.217:45336] script '/home/rajatbiotech.com/www/log.php' not found or unable to stat
[Sun Jun 19 08:11:36.896668 2022] [php7:error] [pid 4182616] [client 66.249.64.215:60066] script '/home/rajatbiotech.com/www/index.php' not found or unable to stat
[Sun Jun 19 08:11:48.459476 2022] [php7:error] [pid 4182613] [client 66.249.64.215:62235] script '/home/rajatbiotech.com/www/index.php' not found or unable to stat
[Sun Jun 19 08:12:00.017984 2022] [php7:error] [pid 4182722] [client 66.249.64.215:62754] script '/home/rajatbiotech.com/www/index.php' not found or unable to stat
[Sun Jun 19 08:12:11.567154 2022] [php7:error] [pid 4182616] [client 66.249.64.215:45456] script '/home/rajatbiotech.com/www/index.php' not found or unable to stat
[Sun Jun 19 08:12:57.785420 2022] [php7:error] [pid 4182616] [client 66.249.64.215:36952] script '/home/rajatbiotech.com/www/log.php' not found or unable to stat
[Sun Jun 19 08:13:09.344049 2022] [php7:error] [pid 4182613] [client 66.249.64.215:46522] script '/home/rajatbiotech.com/www/index.php' not found or unable to stat
[Sun Jun 19 08:13:55.563347 2022] [php7:error] [pid 4182722] [client 66.249.64.215:38818] script '/home/rajatbiotech.com/www/index.php' not found or unable to stat
[Sun Jun 19 08:16:48.904409 2022] [php7:error] [pid 4182751] [client 66.249.64.217:43796] script '/home/rajatbiotech.com/www/index.php' not found or unable to stat
[Sun Jun 19 08:17:23.568517 2022] [php7:error] [pid 4182613] [client 66.249.64.215:52419] script '/home/rajatbiotech.com/www/index.php' not found or unable to stat
[Sun Jun 19 08:17:35.116033 2022] [php7:error] [pid 4182756] [client 66.249.64.215:61588] script '/home/rajatbiotech.com/www/1.php' not found or unable to stat
[Sun Jun 19 08:17:46.678233 2022] [php7:error] [pid 4182528] [client 66.249.64.215:61647] script '/home/rajatbiotech.com/www/1.php' not found or unable to stat
[Sun Jun 19 08:17:58.235877 2022] [php7:error] [pid 4182753] [client 66.249.64.215:62302] script '/home/rajatbiotech.com/www/1.php' not found or unable to stat
[Sun Jun 19 08:18:44.674770 2022] [php7:error] [pid 4182730] [client 66.249.64.219:63761] script '/home/rajatbiotech.com/www/index.php' not found or unable to stat
[Sun Jun 19 08:19:53.789541 2022] [php7:error] [pid 4182561] [client 66.249.64.217:45120] script '/home/rajatbiotech.com/www/index.php' not found or unable to stat
[Sun Jun 19 08:20:17.936960 2022] [php7:error] [pid 4182558] [client 66.249.64.219:39006] script '/home/rajatbiotech.com/www/1.php' not found or unable to stat
[Sun Jun 19 08:20:40.017044 2022] [php7:error] [pid 4182558] [client 66.249.64.217:34967] script '/home/rajatbiotech.com/www/license.php' not found or unable to stat
[Sun Jun 19 08:20:51.580090 2022] [php7:error] [pid 4182561] [client 66.249.64.215:65330] script '/home/rajatbiotech.com/www/license.php' not found or unable to stat
[Sun Jun 19 08:21:03.129353 2022] [php7:error] [pid 4182558] [client 66.249.64.219:51243] script '/home/rajatbiotech.com/www/license.php' not found or unable to stat
[Sun Jun 19 08:21:14.682997 2022] [php7:error] [pid 4182561] [client 66.249.64.215:49215] script '/home/rajatbiotech.com/www/license.php' not found or unable to stat
[Sun Jun 19 08:21:26.242560 2022] [php7:error] [pid 4182558] [client 66.249.64.215:36644] script '/home/rajatbiotech.com/www/1.php' not found or unable to stat
[Sun Jun 19 08:21:49.348198 2022] [php7:error] [pid 4182751] [client 66.249.64.215:46412] script '/home/rajatbiotech.com/www/license.php' not found or unable to stat
[Sun Jun 19 08:23:33.352422 2022] [php7:error] [pid 4182885] [client 66.249.64.219:51154] script '/home/rajatbiotech.com/www/index.php' not found or unable to stat
[Sun Jun 19 08:23:44.909508 2022] [php7:error] [pid 4182840] [client 66.249.64.215:41211] script '/home/rajatbiotech.com/www/1.php' not found or unable to stat
[Sun Jun 19 08:23:56.466635 2022] [php7:error] [pid 4182861] [client 66.249.64.215:64129] script '/home/rajatbiotech.com/www/index.php' not found or unable to stat
[Sun Jun 19 08:24:08.017035 2022] [php7:error] [pid 4182840] [client 66.249.64.217:47333] script '/home/rajatbiotech.com/www/log.php' not found or unable to stat
[Sun Jun 19 08:24:19.577448 2022] [php7:error] [pid 4182881] [client 66.249.64.217:58579] script '/home/rajatbiotech.com/www/log.php' not found or unable to stat
[Sun Jun 19 08:24:54.243176 2022] [php7:error] [pid 4182753] [client 66.249.64.215:61132] script '/home/rajatbiotech.com/www/index.php' not found or unable to stat
[Sun Jun 19 08:26:38.246179 2022] [php7:error] [pid 4182903] [client 66.249.64.215:36412] script '/home/rajatbiotech.com/www/1.php' not found or unable to stat
[Sun Jun 19 08:28:22.241017 2022] [php7:error] [pid 4182880] [client 66.249.64.217:36251] script '/home/rajatbiotech.com/www/1.php' not found or unable to stat
[Sun Jun 19 08:29:08.462336 2022] [php7:error] [pid 4182880] [client 66.249.64.215:39188] script '/home/rajatbiotech.com/www/1.php' not found or unable to stat
[Sun Jun 19 08:29:31.582591 2022] [php7:error] [pid 4182908] [client 66.249.64.215:45083] script '/home/rajatbiotech.com/www/1.php' not found or unable to stat
[Sun Jun 19 08:30:29.375154 2022] [php7:error] [pid 4182934] [client 66.249.64.217:38264] script '/home/rajatbiotech.com/www/1.php' not found or unable to stat
[Sun Jun 19 08:31:04.025452 2022] [php7:error] [pid 4182528] [client 66.249.64.219:64617] script '/home/rajatbiotech.com/www/index.php' not found or unable to stat
[Sun Jun 19 08:32:13.353702 2022] [php7:error] [pid 4182840] [client 66.249.64.215:56166] script '/home/rajatbiotech.com/www/index.php' not found or unable to stat
[Sun Jun 19 08:32:24.910177 2022] [php7:error] [pid 4182965] [client 66.249.64.215:58790] script '/home/rajatbiotech.com/www/license.php' not found or unable to stat
[Sun Jun 19 08:32:48.032751 2022] [php7:error] [pid 4182973] [client 66.249.64.215:39116] script '/home/rajatbiotech.com/www/index.php' not found or unable to stat
[Sun Jun 19 08:33:11.148978 2022] [php7:error] [pid 4182983] [client 66.249.64.215:60268] script '/home/rajatbiotech.com/www/log.php' not found or unable to stat
[Sun Jun 19 08:34:55.142585 2022] [php7:error] [pid 4182983] [client 66.249.64.215:43946] script '/home/rajatbiotech.com/www/index.php' not found or unable to stat
[Sun Jun 19 08:35:08.325046 2022] [php7:error] [pid 4182934] [client 66.249.64.215:36994] script '/home/rajatbiotech.com/www/index.php' not found or unable to stat
[Sun Jun 19 08:36:16.034114 2022] [php7:error] [pid 4182983] [client 66.249.64.219:35582] script '/home/rajatbiotech.com/www/log.php' not found or unable to stat
[Sun Jun 19 08:38:11.594988 2022] [php7:error] [pid 4182991] [client 66.249.64.217:59544] script '/home/rajatbiotech.com/www/index.php' not found or unable to stat
[Sun Jun 19 08:38:57.808966 2022] [php7:error] [pid 4182991] [client 66.249.64.215:60726] script '/home/rajatbiotech.com/www/log.php' not found or unable to stat
[Sun Jun 19 08:39:32.480761 2022] [php7:error] [pid 4182935] [client 66.249.64.219:35470] script '/home/rajatbiotech.com/www/index.php' not found or unable to stat
[Sun Jun 19 08:39:55.592227 2022] [php7:error] [pid 4183113] [client 66.249.64.215:53697] script '/home/rajatbiotech.com/www/license.php' not found or unable to stat
[Sun Jun 19 08:40:07.150968 2022] [php7:error] [pid 4182965] [client 66.249.64.219:52194] script '/home/rajatbiotech.com/www/license.php' not found or unable to stat
[Sun Jun 19 08:40:30.261505 2022] [php7:error] [pid 4182973] [client 66.249.64.217:65509] script '/home/rajatbiotech.com/www/log.php' not found or unable to stat
[Sun Jun 19 08:40:41.808876 2022] [php7:error] [pid 4182986] [client 66.249.64.215:58993] script '/home/rajatbiotech.com/www/log.php' not found or unable to stat
[Sun Jun 19 08:41:47.921888 2022] [php7:error] [pid 4182934] [client 66.249.64.215:41848] script '/home/rajatbiotech.com/www/wp-signups.php' not found or unable to stat
[Sun Jun 19 08:41:51.138494 2022] [php7:error] [pid 4182965] [client 66.249.64.217:48205] script '/home/rajatbiotech.com/www/license.php' not found or unable to stat
[Sun Jun 19 08:42:25.812990 2022] [php7:error] [pid 4183109] [client 66.249.64.215:40834] script '/home/rajatbiotech.com/www/log.php' not found or unable to stat
[Sun Jun 19 08:43:12.035040 2022] [php7:error] [pid 4182986] [client 66.249.64.215:53005] script '/home/rajatbiotech.com/www/license.php' not found or unable to stat
[Sun Jun 19 08:43:23.624731 2022] [php7:error] [pid 4183109] [client 66.249.64.215:43488] script '/home/rajatbiotech.com/www/license.php' not found or unable to stat
[Sun Jun 19 08:43:35.145136 2022] [php7:error] [pid 4182934] [client 66.249.64.215:59240] script '/home/rajatbiotech.com/www/1.php' not found or unable to stat
[Sun Jun 19 08:43:58.252900 2022] [php7:error] [pid 4182881] [client 66.249.64.215:46524] script '/home/rajatbiotech.com/www/1.php' not found or unable to stat
[Sun Jun 19 08:44:21.375556 2022] [php7:error] [pid 4182881] [client 66.249.64.217:54599] script '/home/rajatbiotech.com/www/log.php' not found or unable to stat
[Sun Jun 19 08:44:44.480906 2022] [php7:error] [pid 4183127] [client 66.249.64.215:36917] script '/home/rajatbiotech.com/www/1.php' not found or unable to stat
[Sun Jun 19 08:44:56.031509 2022] [php7:error] [pid 4182983] [client 66.249.64.215:46848] script '/home/rajatbiotech.com/www/index.php' not found or unable to stat
[Sun Jun 19 08:45:07.585357 2022] [php7:error] [pid 4182973] [client 66.249.64.217:35421] script '/home/rajatbiotech.com/www/log.php' not found or unable to stat
[Sun Jun 19 08:45:26.576280 2022] [php7:error] [pid 4182965] [client 66.249.64.215:38093] script '/home/rajatbiotech.com/www/log.php' not found or unable to stat
[Sun Jun 19 08:45:32.361612 2022] [php7:error] [pid 4182934] [client 66.249.64.215:54963] script '/home/rajatbiotech.com/www/log.php' not found or unable to stat
[Sun Jun 19 08:46:05.370415 2022] [php7:error] [pid 4182973] [client 66.249.64.219:54737] script '/home/rajatbiotech.com/www/log.php' not found or unable to stat
[Sun Jun 19 08:46:16.925010 2022] [php7:error] [pid 4183159] [client 66.249.64.215:45943] script '/home/rajatbiotech.com/www/log.php' not found or unable to stat
[Sun Jun 19 08:46:28.498451 2022] [php7:error] [pid 4182973] [client 66.249.64.215:61687] script '/home/rajatbiotech.com/www/index.php' not found or unable to stat
[Sun Jun 19 08:46:40.035096 2022] [php7:error] [pid 4182965] [client 66.249.64.215:41202] script '/home/rajatbiotech.com/www/log.php' not found or unable to stat
[Sun Jun 19 08:46:51.591516 2022] [php7:error] [pid 4183190] [client 66.249.64.215:63920] script '/home/rajatbiotech.com/www/index.php' not found or unable to stat
[Sun Jun 19 08:47:14.719712 2022] [php7:error] [pid 4182973] [client 66.249.64.215:43618] script '/home/rajatbiotech.com/www/1.php' not found or unable to stat
[Sun Jun 19 08:47:26.258068 2022] [php7:error] [pid 4182983] [client 66.249.64.215:52615] script '/home/rajatbiotech.com/www/log.php' not found or unable to stat
[Sun Jun 19 08:47:49.375492 2022] [php7:error] [pid 4183175] [client 66.249.64.215:61359] script '/home/rajatbiotech.com/www/1.php' not found or unable to stat
[Sun Jun 19 08:48:00.925576 2022] [php7:error] [pid 4182934] [client 66.249.64.219:49850] script '/home/rajatbiotech.com/www/log.php' not found or unable to stat
[Sun Jun 19 08:48:24.040044 2022] [php7:error] [pid 4183160] [client 66.249.64.217:65218] script '/home/rajatbiotech.com/www/log.php' not found or unable to stat
[Sun Jun 19 08:48:35.592546 2022] [php7:error] [pid 4183159] [client 66.249.64.215:37990] script '/home/rajatbiotech.com/www/1.php' not found or unable to stat
[Sun Jun 19 08:48:47.151824 2022] [php7:error] [pid 4183159] [client 66.249.64.215:37535] script '/home/rajatbiotech.com/www/license.php' not found or unable to stat
[Sun Jun 19 08:48:58.703132 2022] [php7:error] [pid 4183160] [client 66.249.64.215:48686] script '/home/rajatbiotech.com/www/1.php' not found or unable to stat
[Sun Jun 19 08:49:10.254897 2022] [php7:error] [pid 4182973] [client 66.249.64.219:51204] script '/home/rajatbiotech.com/www/wp-signups.php' not found or unable to stat
[Sun Jun 19 08:49:33.375561 2022] [php7:error] [pid 4183175] [client 66.249.64.215:50979] script '/home/rajatbiotech.com/www/1.php' not found or unable to stat
[Sun Jun 19 08:49:44.929470 2022] [php7:error] [pid 4183215] [client 66.249.64.215:58275] script '/home/rajatbiotech.com/www/1.php' not found or unable to stat
[Sun Jun 19 08:49:56.492298 2022] [php7:error] [pid 4183175] [client 66.249.64.215:59457] script '/home/rajatbiotech.com/www/1.php' not found or unable to stat
[Sun Jun 19 08:50:08.043805 2022] [php7:error] [pid 4183127] [client 66.249.64.219:35294] script '/home/rajatbiotech.com/www/log.php' not found or unable to stat
[Sun Jun 19 08:50:19.598176 2022] [php7:error] [pid 4183160] [client 66.249.64.215:47860] script '/home/rajatbiotech.com/www/1.php' not found or unable to stat
[Sun Jun 19 08:50:31.150601 2022] [php7:error] [pid 4183230] [client 66.249.64.215:47881] script '/home/rajatbiotech.com/www/1.php' not found or unable to stat
[Sun Jun 19 08:50:42.707925 2022] [php7:error] [pid 4182965] [client 66.249.64.215:42085] script '/home/rajatbiotech.com/www/index.php' not found or unable to stat
[Sun Jun 19 08:50:54.271047 2022] [php7:error] [pid 4183190] [client 66.249.64.215:50345] script '/home/rajatbiotech.com/www/1.php' not found or unable to stat
[Sun Jun 19 08:51:05.828021 2022] [php7:error] [pid 4182973] [client 66.249.64.217:37447] script '/home/rajatbiotech.com/www/1.php' not found or unable to stat
[Sun Jun 19 08:51:28.935244 2022] [php7:error] [pid 4183190] [client 66.249.64.215:40031] script '/home/rajatbiotech.com/www/index.php' not found or unable to stat
[Sun Jun 19 08:51:40.476721 2022] [php7:error] [pid 4182983] [client 66.249.64.215:52432] script '/home/rajatbiotech.com/www/1.php' not found or unable to stat
[Sun Jun 19 08:51:52.041263 2022] [php7:error] [pid 4183160] [client 66.249.64.215:56089] script '/home/rajatbiotech.com/www/1.php' not found or unable to stat
[Sun Jun 19 08:52:03.597289 2022] [php7:error] [pid 4183175] [client 66.249.64.219:45261] script '/home/rajatbiotech.com/www/license.php' not found or unable to stat
[Sun Jun 19 08:52:15.154013 2022] [php7:error] [pid 4183230] [client 66.249.64.217:43489] script '/home/rajatbiotech.com/www/1.php' not found or unable to stat
[Sun Jun 19 08:52:17.440465 2022] [php7:error] [pid 4183159] [client 193.201.9.12:34660] script '/home/rajatbiotech.com/www/accesson.php' not found or unable to stat
[Sun Jun 19 08:52:26.705986 2022] [php7:error] [pid 4182965] [client 66.249.64.215:59694] script '/home/rajatbiotech.com/www/log.php' not found or unable to stat
[Sun Jun 19 08:52:49.817657 2022] [php7:error] [pid 4182934] [client 66.249.64.215:64490] script '/home/rajatbiotech.com/www/license.php' not found or unable to stat
[Sun Jun 19 08:53:03.497532 2022] [php7:error] [pid 4183160] [client 66.249.64.217:55983] script '/home/rajatbiotech.com/www/log.php' not found or unable to stat
[Sun Jun 19 08:53:12.930289 2022] [php7:error] [pid 4183212] [client 66.249.64.217:49137] script '/home/rajatbiotech.com/www/license.php' not found or unable to stat
[Sun Jun 19 08:53:24.481378 2022] [php7:error] [pid 4182983] [client 66.249.64.215:42663] script '/home/rajatbiotech.com/www/license.php' not found or unable to stat
[Sun Jun 19 08:53:36.033949 2022] [php7:error] [pid 4182934] [client 66.249.64.215:42663] script '/home/rajatbiotech.com/www/1.php' not found or unable to stat
[Sun Jun 19 08:53:47.594112 2022] [php7:error] [pid 4183127] [client 66.249.64.215:54901] script '/home/rajatbiotech.com/www/license.php' not found or unable to stat
[Sun Jun 19 08:53:59.148375 2022] [php7:error] [pid 4182934] [client 66.249.64.215:58615] script '/home/rajatbiotech.com/www/log.php' not found or unable to stat
[Sun Jun 19 08:54:10.711189 2022] [php7:error] [pid 4183175] [client 66.249.64.217:41835] script '/home/rajatbiotech.com/www/license.php' not found or unable to stat
[Sun Jun 19 08:54:33.818331 2022] [php7:error] [pid 4183175] [client 66.249.64.217:65121] script '/home/rajatbiotech.com/www/log.php' not found or unable to stat
[Sun Jun 19 08:54:45.369192 2022] [php7:error] [pid 4182983] [client 66.249.64.215:52783] script '/home/rajatbiotech.com/www/index.php' not found or unable to stat
[Sun Jun 19 08:55:31.608680 2022] [php7:error] [pid 4183212] [client 66.249.64.215:44688] script '/home/rajatbiotech.com/www/1.php' not found or unable to stat
[Sun Jun 19 08:55:54.718405 2022] [php7:error] [pid 4182965] [client 66.249.64.215:65071] script '/home/rajatbiotech.com/www/log.php' not found or unable to stat
[Sun Jun 19 08:56:06.262223 2022] [php7:error] [pid 4183212] [client 66.249.64.219:55002] script '/home/rajatbiotech.com/www/wp-signups.php' not found or unable to stat
[Sun Jun 19 08:56:29.380463 2022] [php7:error] [pid 4182983] [client 66.249.64.217:52634] script '/home/rajatbiotech.com/www/log.php' not found or unable to stat
[Sun Jun 19 08:56:40.935850 2022] [php7:error] [pid 4183159] [client 66.249.64.215:41564] script '/home/rajatbiotech.com/www/1.php' not found or unable to stat
[Sun Jun 19 08:57:04.048231 2022] [php7:error] [pid 4183284] [client 66.249.64.219:62536] script '/home/rajatbiotech.com/www/index.php' not found or unable to stat
[Sun Jun 19 08:57:27.154106 2022] [php7:error] [pid 4183307] [client 66.249.64.217:46565] script '/home/rajatbiotech.com/www/index.php' not found or unable to stat
[Sun Jun 19 08:57:50.276292 2022] [php7:error] [pid 4183285] [client 66.249.64.215:57040] script '/home/rajatbiotech.com/www/license.php' not found or unable to stat
[Sun Jun 19 08:58:01.823797 2022] [php7:error] [pid 4183212] [client 66.249.64.217:61850] script '/home/rajatbiotech.com/www/1.php' not found or unable to stat
[Sun Jun 19 08:58:13.382423 2022] [php7:error] [pid 4182983] [client 66.249.64.217:58803] script '/home/rajatbiotech.com/www/wp-signups.php' not found or unable to stat
[Sun Jun 19 08:59:11.161435 2022] [php7:error] [pid 4183230] [client 66.249.64.219:36350] script '/home/rajatbiotech.com/www/1.php' not found or unable to stat
[Sun Jun 19 08:59:22.724276 2022] [php7:error] [pid 4182983] [client 66.249.64.215:58705] script '/home/rajatbiotech.com/www/log.php' not found or unable to stat
[Sun Jun 19 09:00:08.929902 2022] [php7:error] [pid 4183307] [client 66.249.64.217:52726] script '/home/rajatbiotech.com/www/1.php' not found or unable to stat
[Sun Jun 19 09:00:43.605505 2022] [php7:error] [pid 4183285] [client 66.249.64.215:52884] script '/home/rajatbiotech.com/www/license.php' not found or unable to stat
[Sun Jun 19 09:00:55.161260 2022] [php7:error] [pid 4182965] [client 66.249.64.215:37044] script '/home/rajatbiotech.com/www/log.php' not found or unable to stat
[Sun Jun 19 09:01:06.715581 2022] [php7:error] [pid 4183212] [client 66.249.64.215:42137] script '/home/rajatbiotech.com/www/index.php' not found or unable to stat
[Sun Jun 19 09:01:18.264565 2022] [php7:error] [pid 4183127] [client 66.249.64.217:63306] script '/home/rajatbiotech.com/www/index.php' not found or unable to stat
[Sun Jun 19 09:01:41.371968 2022] [php7:error] [pid 4183355] [client 66.249.64.215:61555] script '/home/rajatbiotech.com/www/log.php' not found or unable to stat
[Sun Jun 19 09:01:52.937336 2022] [php7:error] [pid 4183307] [client 66.249.64.215:58831] script '/home/rajatbiotech.com/www/log.php' not found or unable to stat
[Sun Jun 19 09:02:27.609725 2022] [php7:error] [pid 4183355] [client 66.249.64.215:57137] script '/home/rajatbiotech.com/www/log.php' not found or unable to stat
[Sun Jun 19 09:02:50.721440 2022] [php7:error] [pid 4183347] [client 66.249.64.215:52122] script '/home/rajatbiotech.com/www/wp-signups.php' not found or unable to stat
[Sun Jun 19 09:03:13.844312 2022] [php7:error] [pid 4183159] [client 66.249.64.219:46513] script '/home/rajatbiotech.com/www/wp-signups.php' not found or unable to stat
[Sun Jun 19 09:03:25.381689 2022] [php7:error] [pid 4183127] [client 66.249.64.217:43254] script '/home/rajatbiotech.com/www/index.php' not found or unable to stat
[Sun Jun 19 09:03:36.931988 2022] [php7:error] [pid 4182965] [client 66.249.64.215:35528] script '/home/rajatbiotech.com/www/wp-signups.php' not found or unable to stat
[Sun Jun 19 09:04:11.609222 2022] [php7:error] [pid 4183307] [client 66.249.64.215:56920] script '/home/rajatbiotech.com/www/log.php' not found or unable to stat
[Sun Jun 19 09:04:46.271482 2022] [php7:error] [pid 4182934] [client 66.249.64.215:45834] script '/home/rajatbiotech.com/www/1.php' not found or unable to stat
[Sun Jun 19 09:04:57.824130 2022] [php7:error] [pid 4182934] [client 66.249.64.215:62792] script '/home/rajatbiotech.com/www/index.php' not found or unable to stat
[Sun Jun 19 09:05:20.937265 2022] [php7:error] [pid 4183285] [client 66.249.64.217:63877] script '/home/rajatbiotech.com/www/wp-signups.php' not found or unable to stat
[Sun Jun 19 09:05:44.054658 2022] [php7:error] [pid 4183159] [client 66.249.64.215:43847] script '/home/rajatbiotech.com/www/license.php' not found or unable to stat
[Sun Jun 19 09:06:07.156028 2022] [php7:error] [pid 4182934] [client 66.249.64.219:35762] script '/home/rajatbiotech.com/www/license.php' not found or unable to stat
[Sun Jun 19 09:06:18.723083 2022] [php7:error] [pid 4183307] [client 66.249.64.217:58667] script '/home/rajatbiotech.com/www/license.php' not found or unable to stat
[Sun Jun 19 09:06:30.280302 2022] [php7:error] [pid 4183355] [client 66.249.64.215:36897] script '/home/rajatbiotech.com/www/license.php' not found or unable to stat
[Sun Jun 19 09:07:28.050501 2022] [php7:error] [pid 4183127] [client 66.249.64.215:49302] script '/home/rajatbiotech.com/www/license.php' not found or unable to stat
[Sun Jun 19 09:20:33.840841 2022] [php7:error] [pid 4183650] [client 66.249.64.215:36506] script '/home/rajatbiotech.com/www/wp-signups.php' not found or unable to stat
[Sun Jun 19 09:43:33.675822 2022] [php7:error] [pid 4183517] [client 92.205.28.193:64276] script '/home/rajatbiotech.com/www/wp-load.php' not found or unable to stat, referer: www.bing.com
[Sun Jun 19 09:43:33.701052 2022] [php7:error] [pid 4183865] [client 92.205.28.193:64297] script '/home/rajatbiotech.com/www/style.php' not found or unable to stat, referer: www.bing.com
[Sun Jun 19 09:43:33.782241 2022] [php7:error] [pid 4183941] [client 92.205.28.193:64305] script '/home/rajatbiotech.com/www/s_e.php' not found or unable to stat, referer: www.bing.com
[Sun Jun 19 09:43:33.802897 2022] [php7:error] [pid 4183893] [client 92.205.28.193:64309] script '/home/rajatbiotech.com/www/s_ne.php' not found or unable to stat, referer: www.bing.com
[Sun Jun 19 09:43:33.833526 2022] [php7:error] [pid 4183806] [client 92.205.28.193:64311] script '/home/rajatbiotech.com/www/1index.php' not found or unable to stat, referer: www.bing.com
[Sun Jun 19 09:43:33.879534 2022] [php7:error] [pid 4183816] [client 92.205.28.193:64313] script '/home/rajatbiotech.com/www/3index.php' not found or unable to stat, referer: www.bing.com
[Sun Jun 19 09:43:33.902378 2022] [php7:error] [pid 4183794] [client 92.205.28.193:64317] script '/home/rajatbiotech.com/www/wikindex.php' not found or unable to stat, referer: www.bing.com
[Sun Jun 19 09:43:34.014774 2022] [php7:error] [pid 4184026] [client 92.205.28.193:64328] script '/home/rajatbiotech.com/www/radio.php' not found or unable to stat, referer: www.bing.com
[Sun Jun 19 09:43:34.077393 2022] [php7:error] [pid 4183798] [client 92.205.28.193:64339] script '/home/rajatbiotech.com/www/lock360.php' not found or unable to stat, referer: www.bing.com
[Sun Jun 19 09:43:34.115453 2022] [php7:error] [pid 4183517] [client 92.205.28.193:64345] script '/home/rajatbiotech.com/www/wp-load.php' not found or unable to stat, referer: www.bing.com
[Sun Jun 19 09:43:34.140452 2022] [php7:error] [pid 4183865] [client 92.205.28.193:64349] script '/home/rajatbiotech.com/www/old-index.php' not found or unable to stat, referer: www.bing.com
[Sun Jun 19 09:43:34.161855 2022] [php7:error] [pid 4183941] [client 92.205.28.193:64351] script '/home/rajatbiotech.com/www/xmrlpc.php' not found or unable to stat, referer: www.bing.com
[Sun Jun 19 09:43:34.182298 2022] [php7:error] [pid 4183893] [client 92.205.28.193:64354] script '/home/rajatbiotech.com/www/xmlrpcs.php' not found or unable to stat, referer: www.bing.com
[Sun Jun 19 09:43:34.217362 2022] [php7:error] [pid 4183806] [client 92.205.28.193:64355] script '/home/rajatbiotech.com/www/wp-admin.php' not found or unable to stat, referer: www.bing.com
[Sun Jun 19 09:43:34.249881 2022] [php7:error] [pid 4183816] [client 92.205.28.193:64359] script '/home/rajatbiotech.com/www/qindex.php' not found or unable to stat, referer: www.bing.com
[Sun Jun 19 09:43:34.290642 2022] [php7:error] [pid 4183794] [client 92.205.28.193:64363] script '/home/rajatbiotech.com/www/doc.php' not found or unable to stat, referer: www.bing.com
[Sun Jun 19 09:43:34.407772 2022] [php7:error] [pid 4183817] [client 92.205.28.193:64379] script '/home/rajatbiotech.com/www/wp_wrong_datlib.php' not found or unable to stat, referer: www.bing.com
[Sun Jun 19 09:43:34.474908 2022] [php7:error] [pid 4184026] [client 92.205.28.193:64390] script '/home/rajatbiotech.com/www/beence.php' not found or unable to stat, referer: www.bing.com
