[Mon May 16 22:45:19.348705 2022] [php7:error] [pid 3296247] [client 114.119.145.81:8178] script '/home/rajatbiotech.com/www/index.php' not found or unable to stat
[Mon May 16 22:46:35.609476 2022] [php7:error] [pid 3296326] [client 66.249.70.27:61717] script '/home/rajatbiotech.com/www/wp-signups.php' not found or unable to stat
[Mon May 16 22:46:41.418455 2022] [php7:error] [pid 3296245] [client 66.249.70.23:46358] script '/home/rajatbiotech.com/www/license.php' not found or unable to stat
[Mon May 16 22:49:13.835392 2022] [php7:error] [pid 3296329] [client 66.249.70.20:49506] script '/home/rajatbiotech.com/www/details.php' not found or unable to stat
[Mon May 16 22:50:57.965422 2022] [php7:error] [pid 3296477] [client 114.119.145.88:18240] script '/home/rajatbiotech.com/www/index.php' not found or unable to stat
[Mon May 16 22:53:39.543053 2022] [php7:error] [pid 3296415] [client 114.119.145.81:28414] script '/home/rajatbiotech.com/www/index.php' not found or unable to stat
[Mon May 16 22:54:41.058843 2022] [php7:error] [pid 3296247] [client 66.249.70.23:37166] script '/home/rajatbiotech.com/www/1.php' not found or unable to stat
[Mon May 16 22:55:28.123504 2022] [php7:error] [pid 3296472] [client 66.249.70.25:51262] script '/home/rajatbiotech.com/www/wp-signups.php' not found or unable to stat
[Mon May 16 23:04:32.590478 2022] [php7:error] [pid 3296474] [client 66.249.70.18:61192] script '/home/rajatbiotech.com/www/index.php' not found or unable to stat
[Mon May 16 23:04:41.425528 2022] [php7:error] [pid 3295405] [client 66.249.70.23:53433] script '/home/rajatbiotech.com/www/log.php' not found or unable to stat
[Mon May 16 23:05:03.636898 2022] [php7:error] [pid 3296574] [client 66.249.70.25:48967] script '/home/rajatbiotech.com/www/1.php' not found or unable to stat
[Mon May 16 23:08:01.126497 2022] [php7:error] [pid 3296586] [client 66.249.70.23:61970] script '/home/rajatbiotech.com/www/1.php' not found or unable to stat
[Mon May 16 23:18:39.909439 2022] [php7:error] [pid 3296473] [client 66.249.70.27:36985] script '/home/rajatbiotech.com/www/wp-signups.php' not found or unable to stat
[Mon May 16 23:20:03.061697 2022] [php7:error] [pid 3296415] [client 114.119.145.8:59316] script '/home/rajatbiotech.com/www/index.php' not found or unable to stat
[Mon May 16 23:22:29.775434 2022] [php7:error] [pid 3296415] [client 66.249.70.27:55065] script '/home/rajatbiotech.com/www/1.php' not found or unable to stat
[Mon May 16 23:22:46.944068 2022] [php7:error] [pid 3296740] [client 66.249.70.23:50980] script '/home/rajatbiotech.com/www/wp-signups.php' not found or unable to stat
[Mon May 16 23:28:43.194253 2022] [php7:error] [pid 3296415] [client 66.249.70.27:50854] script '/home/rajatbiotech.com/www/wp-signups.php' not found or unable to stat
[Mon May 16 23:30:41.053334 2022] [php7:error] [pid 3296740] [client 66.249.70.27:53846] script '/home/rajatbiotech.com/www/license.php' not found or unable to stat
[Mon May 16 23:39:41.053449 2022] [php7:error] [pid 3296153] [client 66.249.70.25:35431] script '/home/rajatbiotech.com/www/log.php' not found or unable to stat
[Mon May 16 23:40:41.308370 2022] [php7:error] [pid 3297028] [client 66.249.70.20:36120] script '/home/rajatbiotech.com/www/index.php' not found or unable to stat
[Mon May 16 23:40:41.817941 2022] [php7:error] [pid 3297031] [client 66.249.70.23:62573] script '/home/rajatbiotech.com/www/index.php' not found or unable to stat
[Mon May 16 23:53:01.150199 2022] [php7:error] [pid 3296326] [client 66.249.70.27:37456] script '/home/rajatbiotech.com/www/log.php' not found or unable to stat
[Mon May 16 23:58:50.682454 2022] [php7:error] [pid 3297029] [client 114.119.145.86:60816] script '/home/rajatbiotech.com/www/index.php' not found or unable to stat
[Tue May 17 00:05:39.996317 2022] [php7:error] [pid 3297283] [client 114.119.145.8:29606] script '/home/rajatbiotech.com/www/index.php' not found or unable to stat
[Tue May 17 00:10:41.408961 2022] [php7:error] [pid 3297341] [client 66.249.70.23:52367] script '/home/rajatbiotech.com/www/wp-signups.php' not found or unable to stat
[Tue May 17 00:12:13.584227 2022] [php7:error] [pid 3297284] [client 114.119.146.100:40006] script '/home/rajatbiotech.com/www/index.php' not found or unable to stat
[Tue May 17 00:15:29.205991 2022] [php7:error] [pid 3297341] [client 114.119.146.100:5110] script '/home/rajatbiotech.com/www/index.php' not found or unable to stat
[Tue May 17 00:15:41.045877 2022] [php7:error] [pid 3297278] [client 66.249.70.27:56274] script '/home/rajatbiotech.com/www/1.php' not found or unable to stat
[Tue May 17 00:16:41.408441 2022] [php7:error] [pid 3297274] [client 66.249.70.25:57282] script '/home/rajatbiotech.com/www/log.php' not found or unable to stat
[Tue May 17 00:20:02.692755 2022] [php7:error] [pid 3297327] [client 66.249.70.25:54130] script '/home/rajatbiotech.com/www/index.php' not found or unable to stat
[Tue May 17 00:21:54.569754 2022] [php7:error] [pid 3297283] [client 114.119.146.107:56058] script '/home/rajatbiotech.com/www/index.php' not found or unable to stat
[Tue May 17 00:25:19.626834 2022] [php7:error] [pid 3297327] [client 66.249.70.27:43575] script '/home/rajatbiotech.com/www/log.php' not found or unable to stat
[Tue May 17 00:25:41.409441 2022] [php7:error] [pid 3297278] [client 66.249.70.23:59468] script '/home/rajatbiotech.com/www/log.php' not found or unable to stat
[Tue May 17 00:30:52.088505 2022] [php7:error] [pid 3297276] [client 66.249.70.25:42713] script '/home/rajatbiotech.com/www/index.php' not found or unable to stat
[Tue May 17 00:33:55.239521 2022] [php7:error] [pid 3297284] [client 66.249.70.27:43109] script '/home/rajatbiotech.com/www/index.php' not found or unable to stat
[Tue May 17 00:34:41.405948 2022] [php7:error] [pid 3297327] [client 66.249.70.25:48027] script '/home/rajatbiotech.com/www/license.php' not found or unable to stat
[Tue May 17 00:42:41.047901 2022] [php7:error] [pid 3297749] [client 66.249.70.25:37595] script '/home/rajatbiotech.com/www/wp-signups.php' not found or unable to stat
[Tue May 17 00:43:16.659167 2022] [php7:error] [pid 3297749] [client 66.249.70.23:38019] script '/home/rajatbiotech.com/www/log.php' not found or unable to stat
[Tue May 17 00:43:32.652976 2022] [php7:error] [pid 3297327] [client 66.249.70.23:50913] script '/home/rajatbiotech.com/www/index.php' not found or unable to stat
[Tue May 17 00:48:23.407484 2022] [php7:error] [pid 3297719] [client 66.249.70.27:38434] script '/home/rajatbiotech.com/www/license.php' not found or unable to stat
[Tue May 17 01:06:53.522102 2022] [php7:error] [pid 3297701] [client 66.249.70.27:35295] script '/home/rajatbiotech.com/www/wp-signups.php' not found or unable to stat
[Tue May 17 01:17:59.943492 2022] [php7:error] [pid 3297749] [client 66.249.64.98:51270] script '/home/rajatbiotech.com/www/1.php' not found or unable to stat
[Tue May 17 01:18:57.312423 2022] [php7:error] [pid 3298234] [client 66.249.64.127:44656] script '/home/rajatbiotech.com/www/index.php' not found or unable to stat
[Tue May 17 01:20:59.397813 2022] [php7:error] [pid 3297719] [client 66.249.64.114:57056] script '/home/rajatbiotech.com/www/index.php' not found or unable to stat
[Tue May 17 01:44:22.299518 2022] [php7:error] [pid 3298556] [client 66.249.64.121:45426] script '/home/rajatbiotech.com/www/license.php' not found or unable to stat
[Tue May 17 01:51:34.773203 2022] [php7:error] [pid 3298850] [client 114.119.145.81:61172] script '/home/rajatbiotech.com/www/index.php' not found or unable to stat
[Tue May 17 01:54:44.954767 2022] [php7:error] [pid 3298807] [client 114.119.145.88:3640] script '/home/rajatbiotech.com/www/index.php' not found or unable to stat
[Tue May 17 01:56:55.955864 2022] [php7:error] [pid 3298798] [client 66.249.64.127:58715] script '/home/rajatbiotech.com/www/index.php' not found or unable to stat
[Tue May 17 01:58:49.976272 2022] [php7:error] [pid 3298508] [client 66.249.64.127:59866] script '/home/rajatbiotech.com/www/1.php' not found or unable to stat
[Tue May 17 02:08:03.020392 2022] [php7:error] [pid 3298851] [client 66.249.64.123:53072] script '/home/rajatbiotech.com/www/1.php' not found or unable to stat
[Tue May 17 02:10:04.858760 2022] [php7:error] [pid 3298554] [client 66.249.64.121:45421] script '/home/rajatbiotech.com/www/log.php' not found or unable to stat
[Tue May 17 02:12:41.046296 2022] [php7:error] [pid 3298953] [client 66.249.64.121:38437] script '/home/rajatbiotech.com/www/wp-signups.php' not found or unable to stat
[Tue May 17 02:19:26.534725 2022] [php7:error] [pid 3299196] [client 66.249.64.99:58816] script '/home/rajatbiotech.com/www/index.php' not found or unable to stat
[Tue May 17 02:26:39.289539 2022] [php7:error] [pid 3299361] [client 114.119.145.81:49640] script '/home/rajatbiotech.com/www/index.php' not found or unable to stat
[Tue May 17 02:29:37.926026 2022] [php7:error] [pid 3299483] [client 114.119.146.100:47020] script '/home/rajatbiotech.com/www/index.php' not found or unable to stat
[Tue May 17 02:34:36.227791 2022] [php7:error] [pid 3299484] [client 66.249.64.121:38836] script '/home/rajatbiotech.com/www/wp-signups.php' not found or unable to stat
[Tue May 17 02:34:54.583385 2022] [php7:error] [pid 3299510] [client 66.249.64.119:54996] script '/home/rajatbiotech.com/www/license.php' not found or unable to stat
[Tue May 17 02:36:28.622092 2022] [php7:error] [pid 3299501] [client 66.249.64.121:35920] script '/home/rajatbiotech.com/www/wp-signups.php' not found or unable to stat
[Tue May 17 02:37:19.091921 2022] [php7:error] [pid 3299495] [client 66.249.64.112:45430] script '/home/rajatbiotech.com/www/index.php' not found or unable to stat
[Tue May 17 02:38:36.911616 2022] [php7:error] [pid 3299492] [client 114.119.146.109:1046] script '/home/rajatbiotech.com/www/index.php' not found or unable to stat
[Tue May 17 02:41:58.896424 2022] [php7:error] [pid 3299502] [client 114.119.146.109:40878] script '/home/rajatbiotech.com/www/index.php' not found or unable to stat
[Tue May 17 02:45:07.648927 2022] [php7:error] [pid 3299483] [client 66.249.64.127:37534] script '/home/rajatbiotech.com/www/1.php' not found or unable to stat
[Tue May 17 02:46:02.640586 2022] [php7:error] [pid 3299521] [client 66.249.64.98:54778] script '/home/rajatbiotech.com/www/wp-signups.php' not found or unable to stat
[Tue May 17 02:48:21.201349 2022] [php7:error] [pid 3299491] [client 66.249.64.119:42343] script '/home/rajatbiotech.com/www/wp-signups.php' not found or unable to stat
[Tue May 17 02:53:28.937518 2022] [php7:error] [pid 3300025] [client 66.249.64.119:65293] script '/home/rajatbiotech.com/www/log.php' not found or unable to stat
[Tue May 17 03:08:15.853780 2022] [php7:error] [pid 3299502] [client 66.249.64.101:36514] script '/home/rajatbiotech.com/www/1.php' not found or unable to stat
[Tue May 17 03:09:33.106093 2022] [php7:error] [pid 3299502] [client 66.249.64.119:37645] script '/home/rajatbiotech.com/www/wp-signups.php' not found or unable to stat
[Tue May 17 03:14:57.408383 2022] [php7:error] [pid 3299959] [client 114.119.145.8:43598] script '/home/rajatbiotech.com/www/index.php' not found or unable to stat
[Tue May 17 03:41:37.120349 2022] [php7:error] [pid 3300769] [client 66.249.64.123:44123] script '/home/rajatbiotech.com/www/license.php' not found or unable to stat
[Tue May 17 03:50:24.710681 2022] [php7:error] [pid 3300961] [client 114.119.145.86:49542] script '/home/rajatbiotech.com/www/index.php' not found or unable to stat
[Tue May 17 03:56:22.682284 2022] [php7:error] [pid 3300982] [client 114.119.145.8:16064] script '/home/rajatbiotech.com/www/index.php' not found or unable to stat
[Tue May 17 04:00:52.265099 2022] [php7:error] [pid 3301074] [client 66.249.64.114:54735] script '/home/rajatbiotech.com/www/index.php' not found or unable to stat
[Tue May 17 04:21:52.582152 2022] [php7:error] [pid 3301115] [client 114.119.146.109:35560] script '/home/rajatbiotech.com/www/index.php' not found or unable to stat
[Tue May 17 04:35:58.327807 2022] [php7:error] [pid 3301383] [client 114.119.131.197:32842] script '/home/rajatbiotech.com/www/index.php' not found or unable to stat
[Tue May 17 04:48:52.983828 2022] [php7:error] [pid 3301383] [client 114.119.146.100:60528] script '/home/rajatbiotech.com/www/index.php' not found or unable to stat
[Tue May 17 04:50:33.314780 2022] [php7:error] [pid 3301526] [client 66.249.64.98:47788] script '/home/rajatbiotech.com/www/wp-signups.php' not found or unable to stat
[Tue May 17 04:53:20.796649 2022] [php7:error] [pid 3301346] [client 114.119.145.86:10474] script '/home/rajatbiotech.com/www/index.php' not found or unable to stat
[Tue May 17 04:56:06.239427 2022] [php7:error] [pid 3301656] [client 114.119.145.81:5578] script '/home/rajatbiotech.com/www/index.php' not found or unable to stat
[Tue May 17 05:03:02.980582 2022] [php7:error] [pid 3301701] [client 114.119.145.86:32106] script '/home/rajatbiotech.com/www/index.php' not found or unable to stat
[Tue May 17 05:05:02.416686 2022] [php7:error] [pid 3301656] [client 66.249.64.123:38276] script '/home/rajatbiotech.com/www/wp-signups.php' not found or unable to stat
[Tue May 17 05:21:40.924086 2022] [php7:error] [pid 3301910] [client 66.249.64.119:53735] script '/home/rajatbiotech.com/www/wp-signups.php' not found or unable to stat
[Tue May 17 05:47:02.514236 2022] [php7:error] [pid 3302010] [client 66.249.64.123:64830] script '/home/rajatbiotech.com/www/wp-signups.php' not found or unable to stat
[Tue May 17 06:09:03.032230 2022] [php7:error] [pid 3302837] [client 114.119.145.88:19332] script '/home/rajatbiotech.com/www/index.php' not found or unable to stat
[Tue May 17 06:10:03.152892 2022] [php7:error] [pid 3302790] [client 66.249.64.119:55504] script '/home/rajatbiotech.com/www/wp-signups.php' not found or unable to stat
[Tue May 17 06:12:15.828038 2022] [php7:error] [pid 3302712] [client 114.119.146.100:51836] script '/home/rajatbiotech.com/www/index.php' not found or unable to stat
[Tue May 17 06:50:11.676183 2022] [php7:error] [pid 3303847] [client 66.249.70.23:54085] script '/home/rajatbiotech.com/www/1.php' not found or unable to stat
[Tue May 17 06:52:08.693851 2022] [php7:error] [pid 3303747] [client 89.46.109.154:28586] script '/home/rajatbiotech.com/www/wp-login.php' not found or unable to stat
[Tue May 17 07:00:56.179212 2022] [php7:error] [pid 3303902] [client 114.119.146.100:37702] script '/home/rajatbiotech.com/www/index.php' not found or unable to stat
[Tue May 17 07:01:54.368132 2022] [php7:error] [pid 3304180] [client 66.249.70.23:61988] script '/home/rajatbiotech.com/www/license.php' not found or unable to stat
[Tue May 17 07:05:06.572440 2022] [php7:error] [pid 3304206] [client 66.249.70.23:51306] script '/home/rajatbiotech.com/www/log.php' not found or unable to stat
[Tue May 17 07:11:07.515473 2022] [php7:error] [pid 3304201] [client 66.249.70.27:46016] script '/home/rajatbiotech.com/www/log.php' not found or unable to stat
[Tue May 17 07:15:07.654995 2022] [php7:error] [pid 3304205] [client 66.249.70.27:50106] script '/home/rajatbiotech.com/www/log.php' not found or unable to stat
[Tue May 17 07:16:50.490170 2022] [php7:error] [pid 3304502] [client 66.249.70.25:55216] script '/home/rajatbiotech.com/www/1.php' not found or unable to stat
[Tue May 17 07:36:45.848637 2022] [php7:error] [pid 3305104] [client 66.249.70.27:46706] script '/home/rajatbiotech.com/www/wp-signups.php' not found or unable to stat
[Tue May 17 07:39:11.966300 2022] [php7:error] [pid 3305132] [client 114.119.146.107:13090] script '/home/rajatbiotech.com/www/index.php' not found or unable to stat
[Tue May 17 07:55:04.378472 2022] [php7:error] [pid 3305693] [client 66.249.70.16:42930] script '/home/rajatbiotech.com/www/index.php' not found or unable to stat
[Tue May 17 08:02:05.935572 2022] [php7:error] [pid 3305689] [client 66.249.70.23:58774] script '/home/rajatbiotech.com/www/license.php' not found or unable to stat
[Tue May 17 08:08:28.917084 2022] [php7:error] [pid 3305926] [client 66.249.70.25:54677] script '/home/rajatbiotech.com/www/log.php' not found or unable to stat
[Tue May 17 08:12:54.302577 2022] [php7:error] [pid 3305877] [client 66.249.70.23:55012] script '/home/rajatbiotech.com/www/index.php' not found or unable to stat
[Tue May 17 08:14:34.091437 2022] [php7:error] [pid 3306084] [client 114.119.145.8:20770] script '/home/rajatbiotech.com/www/index.php' not found or unable to stat
[Tue May 17 08:39:40.221611 2022] [php7:error] [pid 3306467] [client 114.119.145.8:38868] script '/home/rajatbiotech.com/www/index.php' not found or unable to stat
[Tue May 17 08:45:07.654011 2022] [php7:error] [pid 3306395] [client 66.249.70.27:49513] script '/home/rajatbiotech.com/www/wp-signups.php' not found or unable to stat
[Tue May 17 09:03:48.607746 2022] [php7:error] [pid 3306866] [client 114.119.146.100:22086] script '/home/rajatbiotech.com/www/index.php' not found or unable to stat
[Tue May 17 09:09:14.156689 2022] [php7:error] [pid 3306956] [client 66.249.70.23:61894] script '/home/rajatbiotech.com/www/1.php' not found or unable to stat
[Tue May 17 09:12:13.408435 2022] [php7:error] [pid 3307038] [client 66.249.70.23:57122] script '/home/rajatbiotech.com/www/license.php' not found or unable to stat
[Tue May 17 09:21:11.516562 2022] [php7:error] [pid 3307166] [client 66.249.70.25:50641] script '/home/rajatbiotech.com/www/log.php' not found or unable to stat
[Tue May 17 09:21:15.136126 2022] [php7:error] [pid 3307115] [client 114.119.146.100:57494] script '/home/rajatbiotech.com/www/index.php' not found or unable to stat
[Tue May 17 09:24:10.378337 2022] [php7:error] [pid 3307213] [client 66.249.70.23:44933] script '/home/rajatbiotech.com/www/wp-signups.php' not found or unable to stat
[Tue May 17 09:25:49.270580 2022] [php7:error] [pid 3307239] [client 193.142.146.138:57879] script '/home/rajatbiotech.com/www/wp-load.php' not found or unable to stat, referer: www.bing.com
[Tue May 17 09:25:50.131772 2022] [php7:error] [pid 3307234] [client 193.142.146.138:61425] script '/home/rajatbiotech.com/www/style.php' not found or unable to stat, referer: www.bing.com
[Tue May 17 09:25:51.463852 2022] [php7:error] [pid 3307237] [client 193.142.146.138:52573] script '/home/rajatbiotech.com/www/s_e.php' not found or unable to stat, referer: www.bing.com
[Tue May 17 09:25:52.450750 2022] [php7:error] [pid 3307150] [client 193.142.146.138:59487] script '/home/rajatbiotech.com/www/s_ne.php' not found or unable to stat, referer: www.bing.com
[Tue May 17 09:25:53.822850 2022] [php7:error] [pid 3307238] [client 193.142.146.138:50556] script '/home/rajatbiotech.com/www/1index.php' not found or unable to stat, referer: www.bing.com
[Tue May 17 09:25:55.118378 2022] [php7:error] [pid 3307239] [client 193.142.146.138:61254] script '/home/rajatbiotech.com/www/3index.php' not found or unable to stat, referer: www.bing.com
[Tue May 17 09:25:56.768681 2022] [php7:error] [pid 3307152] [client 193.142.146.138:55244] script '/home/rajatbiotech.com/www/wikindex.php' not found or unable to stat, referer: www.bing.com
[Tue May 17 09:25:58.911533 2022] [php7:error] [pid 3307214] [client 193.142.146.138:50223] script '/home/rajatbiotech.com/www/radio.php' not found or unable to stat, referer: www.bing.com
[Tue May 17 09:26:00.417342 2022] [php7:error] [pid 3307239] [client 193.142.146.138:59030] script '/home/rajatbiotech.com/www/lock360.php' not found or unable to stat, referer: www.bing.com
[Tue May 17 09:26:03.123810 2022] [php7:error] [pid 3307215] [client 193.142.146.138:58937] script '/home/rajatbiotech.com/www/wp-load.php' not found or unable to stat, referer: www.bing.com
[Tue May 17 09:26:03.996795 2022] [php7:error] [pid 3307150] [client 193.142.146.138:55863] script '/home/rajatbiotech.com/www/old-index.php' not found or unable to stat, referer: www.bing.com
[Tue May 17 09:26:05.093100 2022] [php7:error] [pid 3307048] [client 193.142.146.138:51260] script '/home/rajatbiotech.com/www/xmrlpc.php' not found or unable to stat, referer: www.bing.com
[Tue May 17 09:26:06.246640 2022] [php7:error] [pid 3307238] [client 193.142.146.138:50901] script '/home/rajatbiotech.com/www/xmlrpcs.php' not found or unable to stat, referer: www.bing.com
[Tue May 17 09:26:07.454934 2022] [php7:error] [pid 3307237] [client 193.142.146.138:57359] script '/home/rajatbiotech.com/www/wp-admin.php' not found or unable to stat, referer: www.bing.com
[Tue May 17 09:26:08.745524 2022] [php7:error] [pid 3307215] [client 193.142.146.138:49827] script '/home/rajatbiotech.com/www/qindex.php' not found or unable to stat, referer: www.bing.com
[Tue May 17 09:26:09.799546 2022] [php7:error] [pid 3307150] [client 193.142.146.138:65044] script '/home/rajatbiotech.com/www/doc.php' not found or unable to stat, referer: www.bing.com
[Tue May 17 09:26:11.245677 2022] [php7:error] [pid 3307048] [client 193.142.146.138:56581] script '/home/rajatbiotech.com/www/wp_wrong_datlib.php' not found or unable to stat, referer: www.bing.com
[Tue May 17 09:26:12.563730 2022] [php7:error] [pid 3307234] [client 193.142.146.138:54619] script '/home/rajatbiotech.com/www/beence.php' not found or unable to stat, referer: www.bing.com
[Tue May 17 09:26:13.491354 2022] [php7:error] [pid 3307238] [client 193.142.146.138:49637] script '/home/rajatbiotech.com/www/ups.php' not found or unable to stat, referer: www.bing.com
[Tue May 17 09:26:14.636776 2022] [php7:error] [pid 3307152] [client 193.142.146.138:60536] script '/home/rajatbiotech.com/www/wp-signin.php' not found or unable to stat, referer: www.bing.com
[Tue May 17 09:26:16.397149 2022] [php7:error] [pid 3307214] [client 193.142.146.138:54064] script '/home/rajatbiotech.com/www/media-admin.php' not found or unable to stat, referer: www.bing.com
[Tue May 17 09:26:17.508467 2022] [php7:error] [pid 3307239] [client 193.142.146.138:61202] script '/home/rajatbiotech.com/www/export.php' not found or unable to stat, referer: www.bing.com
[Tue May 17 09:26:24.097175 2022] [php7:error] [pid 3307239] [client 193.142.146.138:53586] script '/home/rajatbiotech.com/www/defau1t.php' not found or unable to stat, referer: www.bing.com
[Tue May 17 09:26:27.227947 2022] [php7:error] [pid 3307048] [client 193.142.146.138:54720] script '/home/rajatbiotech.com/www/css.php' not found or unable to stat, referer: www.bing.com
[Tue May 17 09:26:28.402389 2022] [php7:error] [pid 3307238] [client 193.142.146.138:58202] script '/home/rajatbiotech.com/www/moduless.php' not found or unable to stat, referer: www.bing.com
[Tue May 17 09:26:29.245277 2022] [php7:error] [pid 3307239] [client 193.142.146.138:61516] script '/home/rajatbiotech.com/www/wp-booking.php' not found or unable to stat, referer: www.bing.com
[Tue May 17 09:26:34.905359 2022] [php7:error] [pid 3307276] [client 193.142.146.138:59015] script '/home/rajatbiotech.com/www/config.bak.php' not found or unable to stat, referer: www.bing.com
[Tue May 17 09:26:36.651985 2022] [php7:error] [pid 3307239] [client 193.142.146.138:62868] script '/home/rajatbiotech.com/www/legion.php' not found or unable to stat, referer: www.bing.com
[Tue May 17 09:26:39.076912 2022] [php7:error] [pid 3307237] [client 193.142.146.138:51989] script '/home/rajatbiotech.com/www/wp-plugins.php' not found or unable to stat, referer: www.bing.com
[Tue May 17 09:26:42.554988 2022] [php7:error] [pid 3307111] [client 193.142.146.138:61633] script '/home/rajatbiotech.com/www/archives.php' not found or unable to stat, referer: www.bing.com
[Tue May 17 09:26:43.830707 2022] [php7:error] [pid 3307274] [client 193.142.146.138:64995] script '/home/rajatbiotech.com/www/xindex.php' not found or unable to stat, referer: www.bing.com
[Tue May 17 09:26:45.661866 2022] [php7:error] [pid 3307239] [client 193.142.146.138:51684] script '/home/rajatbiotech.com/www/defau11.php' not found or unable to stat, referer: www.bing.com
[Tue May 17 09:26:47.352784 2022] [php7:error] [pid 3307237] [client 193.142.146.138:55698] script '/home/rajatbiotech.com/www/system_log.php' not found or unable to stat, referer: www.bing.com
[Tue May 17 09:26:49.645564 2022] [php7:error] [pid 3307152] [client 193.142.146.138:59037] script '/home/rajatbiotech.com/www/wp-backup-sql-302.php' not found or unable to stat, referer: www.bing.com
[Tue May 17 09:26:50.905919 2022] [php7:error] [pid 3307111] [client 193.142.146.138:62537] script '/home/rajatbiotech.com/www/error.php' not found or unable to stat, referer: www.bing.com
[Tue May 17 09:27:26.813157 2022] [php7:error] [pid 3307237] [client 193.142.146.138:52062] script '/home/rajatbiotech.com/www/index.php' not found or unable to stat, referer: www.bing.com
[Tue May 17 09:27:27.335627 2022] [php7:error] [pid 3307237] [client 193.142.146.138:52062] script '/home/rajatbiotech.com/www/about.php' not found or unable to stat, referer: www.bing.com
[Tue May 17 09:27:28.167853 2022] [php7:error] [pid 3307237] [client 193.142.146.138:52062] script '/home/rajatbiotech.com/www/shells.php' not found or unable to stat, referer: www.bing.com
[Tue May 17 09:27:28.641578 2022] [php7:error] [pid 3307237] [client 193.142.146.138:52062] script '/home/rajatbiotech.com/www/olux.php' not found or unable to stat, referer: www.bing.com
[Tue May 17 09:27:29.279921 2022] [php7:error] [pid 3307237] [client 193.142.146.138:52062] script '/home/rajatbiotech.com/www/xleet.php' not found or unable to stat, referer: www.bing.com
[Tue May 17 09:27:29.914952 2022] [php7:error] [pid 3307237] [client 193.142.146.138:52062] script '/home/rajatbiotech.com/www/wso.php' not found or unable to stat, referer: www.bing.com
[Tue May 17 09:27:30.469308 2022] [php7:error] [pid 3307237] [client 193.142.146.138:52062] script '/home/rajatbiotech.com/www/shell.php' not found or unable to stat, referer: www.bing.com
[Tue May 17 09:27:31.103994 2022] [php7:error] [pid 3307237] [client 193.142.146.138:52062] script '/home/rajatbiotech.com/www/up.php' not found or unable to stat, referer: www.bing.com
[Tue May 17 09:27:31.444638 2022] [php7:error] [pid 3307237] [client 193.142.146.138:52062] script '/home/rajatbiotech.com/www/upload.php' not found or unable to stat, referer: www.bing.com
[Tue May 17 09:27:31.928948 2022] [php7:error] [pid 3307237] [client 193.142.146.138:52062] script '/home/rajatbiotech.com/www/1.php' not found or unable to stat, referer: www.bing.com
[Tue May 17 09:27:32.850248 2022] [php7:error] [pid 3307237] [client 193.142.146.138:52062] script '/home/rajatbiotech.com/www/x.php' not found or unable to stat, referer: www.bing.com
[Tue May 17 09:27:33.098697 2022] [php7:error] [pid 3307237] [client 193.142.146.138:52062] script '/home/rajatbiotech.com/www/z.php' not found or unable to stat, referer: www.bing.com
[Tue May 17 09:27:33.627040 2022] [php7:error] [pid 3307237] [client 193.142.146.138:52062] script '/home/rajatbiotech.com/www/a.php' not found or unable to stat, referer: www.bing.com
[Tue May 17 09:27:34.264080 2022] [php7:error] [pid 3307237] [client 193.142.146.138:52062] script '/home/rajatbiotech.com/www/test.php' not found or unable to stat, referer: www.bing.com
[Tue May 17 09:27:34.878371 2022] [php7:error] [pid 3307237] [client 193.142.146.138:52062] script '/home/rajatbiotech.com/www/wp.php' not found or unable to stat, referer: www.bing.com
[Tue May 17 09:27:35.305026 2022] [php7:error] [pid 3307237] [client 193.142.146.138:52062] script '/home/rajatbiotech.com/www/alfa.php' not found or unable to stat, referer: www.bing.com
[Tue May 17 09:27:35.781914 2022] [php7:error] [pid 3307237] [client 193.142.146.138:52062] script '/home/rajatbiotech.com/www/config.php' not found or unable to stat, referer: www.bing.com
[Tue May 17 09:28:03.720978 2022] [php7:error] [pid 3307284] [client 114.119.145.86:2964] script '/home/rajatbiotech.com/www/index.php' not found or unable to stat
[Tue May 17 09:33:08.114463 2022] [php7:error] [pid 3307238] [client 66.249.70.25:47795] script '/home/rajatbiotech.com/www/1.php' not found or unable to stat
[Tue May 17 09:37:43.380057 2022] [php7:error] [pid 3307409] [client 66.249.70.23:52270] script '/home/rajatbiotech.com/www/wp-signups.php' not found or unable to stat
[Tue May 17 09:38:35.787736 2022] [php7:error] [pid 3307495] [client 66.249.70.23:37140] script '/home/rajatbiotech.com/www/license.php' not found or unable to stat
[Tue May 17 09:39:18.809882 2022] [php7:error] [pid 3307504] [client 114.119.146.107:58886] script '/home/rajatbiotech.com/www/index.php' not found or unable to stat
[Tue May 17 09:45:05.091055 2022] [php7:error] [pid 3307495] [client 66.249.70.25:56178] script '/home/rajatbiotech.com/www/index.php' not found or unable to stat
[Tue May 17 09:48:04.348093 2022] [php7:error] [pid 3307684] [client 66.249.70.25:36479] script '/home/rajatbiotech.com/www/index.php' not found or unable to stat
[Tue May 17 09:51:03.589236 2022] [php7:error] [pid 3307833] [client 66.249.70.25:43563] script '/home/rajatbiotech.com/www/1.php' not found or unable to stat
[Tue May 17 09:52:42.572241 2022] [php7:error] [pid 3307711] [client 114.119.145.86:10170] script '/home/rajatbiotech.com/www/index.php' not found or unable to stat
[Tue May 17 10:00:52.419721 2022] [php7:error] [pid 3307661] [client 66.249.70.23:64746] script '/home/rajatbiotech.com/www/log.php' not found or unable to stat
[Tue May 17 10:14:47.350103 2022] [php7:error] [pid 3308226] [client 114.119.146.100:54358] script '/home/rajatbiotech.com/www/index.php' not found or unable to stat
[Tue May 17 10:19:50.537671 2022] [php7:error] [pid 3308285] [client 114.119.146.107:59284] script '/home/rajatbiotech.com/www/index.php' not found or unable to stat
[Tue May 17 10:22:24.766756 2022] [php7:error] [pid 3308228] [client 114.119.131.197:41114] script '/home/rajatbiotech.com/www/index.php' not found or unable to stat
[Tue May 17 10:36:58.167035 2022] [php7:error] [pid 3308325] [client 114.119.145.8:25730] script '/home/rajatbiotech.com/www/index.php' not found or unable to stat
[Tue May 17 10:38:51.494178 2022] [php7:error] [pid 3308581] [client 66.249.70.23:62317] script '/home/rajatbiotech.com/www/1.php' not found or unable to stat
[Tue May 17 10:44:49.978776 2022] [php7:error] [pid 3308793] [client 66.249.70.25:47341] script '/home/rajatbiotech.com/www/wp-signups.php' not found or unable to stat
[Tue May 17 10:45:27.262829 2022] [php7:error] [pid 3308743] [client 66.249.70.27:59026] script '/home/rajatbiotech.com/www/1.php' not found or unable to stat
[Tue May 17 10:50:48.679173 2022] [php7:error] [pid 3308850] [client 66.249.70.27:59840] script '/home/rajatbiotech.com/www/1.php' not found or unable to stat
[Tue May 17 11:05:57.494449 2022] [php7:error] [pid 3309173] [client 66.249.70.25:41113] script '/home/rajatbiotech.com/www/wp-signups.php' not found or unable to stat
[Tue May 17 11:07:42.317702 2022] [php7:error] [pid 3309198] [client 66.249.70.25:57667] script '/home/rajatbiotech.com/www/wp-signups.php' not found or unable to stat
[Tue May 17 11:07:50.476978 2022] [php7:error] [pid 3309174] [client 114.119.145.81:34310] script '/home/rajatbiotech.com/www/index.php' not found or unable to stat
[Tue May 17 11:10:41.386009 2022] [php7:error] [pid 3308896] [client 114.119.145.86:19618] script '/home/rajatbiotech.com/www/index.php' not found or unable to stat
[Tue May 17 11:17:56.088045 2022] [php7:error] [pid 3309434] [client 66.249.70.25:60720] script '/home/rajatbiotech.com/www/license.php' not found or unable to stat
[Tue May 17 11:40:04.370449 2022] [php7:error] [pid 3310039] [client 66.249.70.20:42333] script '/home/rajatbiotech.com/www/index.php' not found or unable to stat
[Tue May 17 11:49:02.439074 2022] [php7:error] [pid 3309893] [client 114.119.145.81:34988] script '/home/rajatbiotech.com/www/index.php' not found or unable to stat
[Tue May 17 11:49:53.397730 2022] [php7:error] [pid 3310311] [client 66.249.70.23:58278] script '/home/rajatbiotech.com/www/1.php' not found or unable to stat
[Tue May 17 11:50:42.470144 2022] [php7:error] [pid 3310333] [client 2.57.89.60:58296] script '/home/rajatbiotech.com/www/small.php' not found or unable to stat, referer: http://simplesite.com
[Tue May 17 11:54:37.393414 2022] [php7:error] [pid 3310439] [client 185.220.102.246:26196] script '/home/rajatbiotech.com/www/xmlrpc.php' not found or unable to stat, referer: https://www.rajatbiotech.com/
[Tue May 17 11:55:55.736118 2022] [php7:error] [pid 3310436] [client 114.119.145.8:44624] script '/home/rajatbiotech.com/www/index.php' not found or unable to stat
[Tue May 17 12:00:12.933794 2022] [php7:error] [pid 3310598] [client 66.249.70.20:40070] script '/home/rajatbiotech.com/www/index.php' not found or unable to stat
[Tue May 17 12:02:57.064030 2022] [php7:error] [pid 3310514] [client 66.249.70.25:43554] script '/home/rajatbiotech.com/www/log.php' not found or unable to stat
[Tue May 17 12:06:33.187477 2022] [php7:error] [pid 3310777] [client 66.249.70.23:36834] script '/home/rajatbiotech.com/www/1.php' not found or unable to stat
[Tue May 17 12:12:32.160348 2022] [php7:error] [pid 3310977] [client 114.119.146.109:46392] script '/home/rajatbiotech.com/www/index.php' not found or unable to stat
[Tue May 17 12:22:43.028131 2022] [php7:error] [pid 3311014] [client 66.249.70.25:57986] script '/home/rajatbiotech.com/www/license.php' not found or unable to stat
[Tue May 17 12:22:45.787664 2022] [php7:error] [pid 3311162] [client 66.249.70.18:37555] script '/home/rajatbiotech.com/www/index.php' not found or unable to stat
[Tue May 17 12:23:16.461304 2022] [php7:error] [pid 3311175] [client 66.249.70.23:64440] script '/home/rajatbiotech.com/www/wp-signups.php' not found or unable to stat
[Tue May 17 12:25:09.069064 2022] [php7:error] [pid 3311226] [client 66.249.70.16:39446] script '/home/rajatbiotech.com/www/index.php' not found or unable to stat
[Tue May 17 12:25:25.106933 2022] [php7:error] [pid 3311230] [client 66.249.70.23:51337] script '/home/rajatbiotech.com/www/1.php' not found or unable to stat
[Tue May 17 12:25:25.526198 2022] [php7:error] [pid 3311231] [client 66.249.70.25:42810] script '/home/rajatbiotech.com/www/1.php' not found or unable to stat
[Tue May 17 12:27:00.655638 2022] [php7:error] [pid 3311161] [client 63.35.220.48:45514] script '/home/rajatbiotech.com/www/app.php' not found or unable to stat
[Tue May 17 12:30:07.656711 2022] [php7:error] [pid 3311226] [client 66.249.70.25:43834] script '/home/rajatbiotech.com/www/wp-signups.php' not found or unable to stat
[Tue May 17 12:42:27.685959 2022] [php7:error] [pid 3311560] [client 66.249.70.20:49012] script '/home/rajatbiotech.com/www/index.php' not found or unable to stat
[Tue May 17 12:49:14.511182 2022] [php7:error] [pid 3311592] [client 114.119.145.86:40926] script '/home/rajatbiotech.com/www/index.php' not found or unable to stat
[Tue May 17 12:51:26.007092 2022] [php7:error] [pid 3311652] [client 66.249.70.18:36854] script '/home/rajatbiotech.com/www/index.php' not found or unable to stat
[Tue May 17 12:52:11.634027 2022] [php7:error] [pid 3311546] [client 114.119.131.197:32012] script '/home/rajatbiotech.com/www/index.php' not found or unable to stat
[Tue May 17 12:55:04.529147 2022] [php7:error] [pid 3311559] [client 114.119.145.88:39198] script '/home/rajatbiotech.com/www/index.php' not found or unable to stat
[Tue May 17 12:57:58.746726 2022] [php7:error] [pid 3311726] [client 114.119.145.86:38256] script '/home/rajatbiotech.com/www/index.php' not found or unable to stat
[Tue May 17 13:10:04.468383 2022] [php7:error] [pid 3311715] [client 66.249.70.23:46929] script '/home/rajatbiotech.com/www/license.php' not found or unable to stat
[Tue May 17 13:10:25.104603 2022] [php7:error] [pid 3311715] [client 66.249.70.23:44184] script '/home/rajatbiotech.com/www/log.php' not found or unable to stat
[Tue May 17 13:15:07.648473 2022] [php7:error] [pid 3312046] [client 66.249.70.25:46357] script '/home/rajatbiotech.com/www/index.php' not found or unable to stat
[Tue May 17 13:32:34.474510 2022] [php7:error] [pid 3312192] [client 66.249.70.25:53923] script '/home/rajatbiotech.com/www/1.php' not found or unable to stat
[Tue May 17 13:32:55.767495 2022] [php7:error] [pid 3312140] [client 66.249.70.25:55820] script '/home/rajatbiotech.com/www/log.php' not found or unable to stat
[Tue May 17 13:55:09.170942 2022] [php7:error] [pid 3312507] [client 66.249.70.23:59363] script '/home/rajatbiotech.com/www/license.php' not found or unable to stat
[Tue May 17 14:00:07.644327 2022] [php7:error] [pid 3312480] [client 66.249.70.23:58048] script '/home/rajatbiotech.com/www/log.php' not found or unable to stat
[Tue May 17 14:12:54.856386 2022] [php7:error] [pid 3312819] [client 114.119.146.107:64090] script '/home/rajatbiotech.com/www/index.php' not found or unable to stat
[Tue May 17 14:20:54.140819 2022] [php7:error] [pid 3312913] [client 114.119.145.86:23162] script '/home/rajatbiotech.com/www/index.php' not found or unable to stat
[Tue May 17 14:26:42.988059 2022] [php7:error] [pid 3312913] [client 114.119.145.88:41554] script '/home/rajatbiotech.com/www/index.php' not found or unable to stat
[Tue May 17 14:31:39.280469 2022] [php7:error] [pid 3313128] [client 114.119.145.8:44554] script '/home/rajatbiotech.com/www/index.php' not found or unable to stat
[Tue May 17 14:44:37.448168 2022] [php7:error] [pid 3313402] [client 66.249.70.23:54555] script '/home/rajatbiotech.com/www/index.php' not found or unable to stat
[Tue May 17 14:45:02.621675 2022] [php7:error] [pid 3313414] [client 114.119.146.100:34422] script '/home/rajatbiotech.com/www/index.php' not found or unable to stat
[Tue May 17 15:09:15.616738 2022] [php7:error] [pid 3313777] [client 66.249.70.25:64321] script '/home/rajatbiotech.com/www/wp-signups.php' not found or unable to stat
[Tue May 17 15:12:50.230221 2022] [php7:error] [pid 3313763] [client 114.119.146.109:43184] script '/home/rajatbiotech.com/www/index.php' not found or unable to stat
[Tue May 17 15:17:19.924161 2022] [php7:error] [pid 3313762] [client 66.249.70.25:50082] script '/home/rajatbiotech.com/www/log.php' not found or unable to stat
[Tue May 17 15:30:21.673350 2022] [php7:error] [pid 3314033] [client 114.119.131.197:25330] script '/home/rajatbiotech.com/www/index.php' not found or unable to stat
[Tue May 17 15:37:48.622370 2022] [php7:error] [pid 3314189] [client 114.119.146.100:19930] script '/home/rajatbiotech.com/www/index.php' not found or unable to stat
[Tue May 17 15:45:16.330437 2022] [php7:error] [pid 3314283] [client 66.249.70.27:49174] script '/home/rajatbiotech.com/www/1.php' not found or unable to stat
[Tue May 17 15:57:27.251362 2022] [php7:error] [pid 3314422] [client 66.249.70.18:45955] script '/home/rajatbiotech.com/www/index.php' not found or unable to stat
[Tue May 17 16:02:19.583730 2022] [php7:error] [pid 3314447] [client 66.249.70.23:57449] script '/home/rajatbiotech.com/www/index.php' not found or unable to stat
[Tue May 17 16:07:35.666441 2022] [php7:error] [pid 3314532] [client 114.119.146.100:29550] script '/home/rajatbiotech.com/www/index.php' not found or unable to stat
[Tue May 17 16:29:20.712693 2022] [php7:error] [pid 3314740] [client 114.119.146.100:64904] script '/home/rajatbiotech.com/www/index.php' not found or unable to stat
[Tue May 17 16:32:07.514149 2022] [php7:error] [pid 3314689] [client 134.90.149.139:56832] script '/home/rajatbiotech.com/www/index.php' not found or unable to stat, referer: https://www.rajatbiotech.com/index.php?franchises15035/ceaac194149.htm
[Tue May 17 16:32:08.936938 2022] [php7:error] [pid 3314676] [client 134.90.149.139:56928] script '/home/rajatbiotech.com/www/index.php' not found or unable to stat, referer: https://www.rajatbiotech.com/index.php
[Tue May 17 16:32:09.282831 2022] [php7:error] [pid 3314856] [client 134.90.149.139:56947] script '/home/rajatbiotech.com/www/index.php' not found or unable to stat, referer: https://www.rajatbiotech.com/index.php
[Tue May 17 16:32:09.685563 2022] [php7:error] [pid 3314740] [client 134.90.149.139:56967] script '/home/rajatbiotech.com/www/index.php' not found or unable to stat, referer: https://www.rajatbiotech.com/index.php
[Tue May 17 16:32:11.861395 2022] [php7:error] [pid 3314689] [client 114.119.146.100:13326] script '/home/rajatbiotech.com/www/index.php' not found or unable to stat
[Tue May 17 16:55:26.871863 2022] [php7:error] [pid 3315294] [client 114.119.145.88:43550] script '/home/rajatbiotech.com/www/index.php' not found or unable to stat
[Tue May 17 17:01:43.301532 2022] [php7:error] [pid 3315212] [client 114.119.145.88:12012] script '/home/rajatbiotech.com/www/index.php' not found or unable to stat
[Tue May 17 17:08:37.208100 2022] [php7:error] [pid 3315483] [client 66.249.70.27:47854] script '/home/rajatbiotech.com/www/license.php' not found or unable to stat
[Tue May 17 17:09:50.411261 2022] [php7:error] [pid 3315466] [client 66.249.70.31:64193] script '/home/rajatbiotech.com/www/1.php' not found or unable to stat
[Tue May 17 17:31:27.086617 2022] [php7:error] [pid 3315746] [client 114.119.131.197:61528] script '/home/rajatbiotech.com/www/index.php' not found or unable to stat
[Tue May 17 17:39:47.627862 2022] [php7:error] [pid 3316005] [client 114.119.145.86:38660] script '/home/rajatbiotech.com/www/index.php' not found or unable to stat
[Tue May 17 17:44:55.512912 2022] [php7:error] [pid 3316006] [client 114.119.146.109:27180] script '/home/rajatbiotech.com/www/index.php' not found or unable to stat
[Tue May 17 17:47:49.951361 2022] [php7:error] [pid 3316006] [client 128.134.187.112:59766] script '/home/rajatbiotech.com/www/wp-login.php' not found or unable to stat
[Tue May 17 18:01:27.801773 2022] [php7:error] [pid 3316102] [client 91.134.140.160:36940] script '/home/rajatbiotech.com/www/about.php' not found or unable to stat, referer: rajatbiotech.com
[Tue May 17 18:02:32.329413 2022] [php7:error] [pid 3316005] [client 193.142.146.230:56232] script '/home/rajatbiotech.com/www/wp-login.php' not found or unable to stat
[Tue May 17 18:09:32.741903 2022] [php7:error] [pid 3316205] [client 114.119.146.100:27088] script '/home/rajatbiotech.com/www/index.php' not found or unable to stat
[Tue May 17 18:23:35.093678 2022] [php7:error] [pid 3316150] [client 51.195.166.195:25772] script '/home/rajatbiotech.com/www/wp-login.php' not found or unable to stat
[Tue May 17 18:23:38.718946 2022] [php7:error] [pid 3316409] [client 51.195.166.195:27234] script '/home/rajatbiotech.com/www/wp-login.php' not found or unable to stat
[Tue May 17 18:23:44.544154 2022] [php7:error] [pid 3316462] [client 95.214.54.60:44201] script '/home/rajatbiotech.com/www/wp-login.php' not found or unable to stat
[Tue May 17 18:23:51.964275 2022] [php7:error] [pid 3316407] [client 104.149.136.246:13964] script '/home/rajatbiotech.com/www/wp-login.php' not found or unable to stat
[Tue May 17 18:23:56.037746 2022] [php7:error] [pid 3316455] [client 103.251.167.20:57506] script '/home/rajatbiotech.com/www/wp-login.php' not found or unable to stat
[Tue May 17 18:24:02.388828 2022] [php7:error] [pid 3316462] [client 103.251.167.20:60652] script '/home/rajatbiotech.com/www/wp-login.php' not found or unable to stat
[Tue May 17 18:24:09.957795 2022] [php7:error] [pid 3316455] [client 45.116.117.136:63215] script '/home/rajatbiotech.com/www/wp-login.php' not found or unable to stat
[Tue May 17 18:24:14.120105 2022] [php7:error] [pid 3316449] [client 45.116.117.136:63228] script '/home/rajatbiotech.com/www/xmlrpc.php' not found or unable to stat
[Tue May 17 18:24:21.601157 2022] [php7:error] [pid 3316462] [client 45.116.117.136:63256] script '/home/rajatbiotech.com/www/wp-login.php' not found or unable to stat
[Tue May 17 18:24:27.879802 2022] [php7:error] [pid 3316451] [client 45.179.173.59:37598] script '/home/rajatbiotech.com/www/wp-login.php' not found or unable to stat
[Tue May 17 18:24:32.076371 2022] [php7:error] [pid 3316551] [client 45.179.173.59:37691] script '/home/rajatbiotech.com/www/xmlrpc.php' not found or unable to stat
[Tue May 17 18:24:37.540169 2022] [php7:error] [pid 3316407] [client 45.179.173.59:37819] script '/home/rajatbiotech.com/www/wp-login.php' not found or unable to stat
[Tue May 17 18:24:45.866084 2022] [php7:error] [pid 3316455] [client 135.148.100.25:60024] script '/home/rajatbiotech.com/www/wp-login.php' not found or unable to stat
[Tue May 17 18:25:15.140067 2022] [php7:error] [pid 3316551] [client 135.148.100.25:35166] script '/home/rajatbiotech.com/www/wp-login.php' not found or unable to stat
[Tue May 17 18:25:20.776008 2022] [php7:error] [pid 3316551] [client 135.148.100.25:35166] script '/home/rajatbiotech.com/www/wp-login.php' not found or unable to stat
[Tue May 17 18:25:50.121025 2022] [php7:error] [pid 3316462] [client 135.148.100.25:40654] script '/home/rajatbiotech.com/www/wp-login.php' not found or unable to stat
[Tue May 17 18:28:45.434766 2022] [php7:error] [pid 3316407] [client 66.249.70.25:35733] script '/home/rajatbiotech.com/www/1.php' not found or unable to stat
[Tue May 17 18:38:16.557188 2022] [php7:error] [pid 3316663] [client 114.119.145.86:48454] script '/home/rajatbiotech.com/www/index.php' not found or unable to stat
[Tue May 17 18:44:33.617677 2022] [php7:error] [pid 3316462] [client 114.119.146.107:49256] script '/home/rajatbiotech.com/www/index.php' not found or unable to stat
[Tue May 17 18:47:29.269087 2022] [php7:error] [pid 3316874] [client 114.119.146.107:18470] script '/home/rajatbiotech.com/www/index.php' not found or unable to stat
[Tue May 17 18:50:22.915744 2022] [php7:error] [pid 3316847] [client 114.119.145.8:24842] script '/home/rajatbiotech.com/www/index.php' not found or unable to stat
[Tue May 17 18:51:02.077826 2022] [php7:error] [pid 3316561] [client 66.249.70.23:57268] script '/home/rajatbiotech.com/www/license.php' not found or unable to stat
[Tue May 17 18:53:09.630506 2022] [php7:error] [pid 3316847] [client 114.119.145.86:53870] script '/home/rajatbiotech.com/www/index.php' not found or unable to stat
[Tue May 17 18:56:03.075441 2022] [php7:error] [pid 3316614] [client 114.119.145.86:48286] script '/home/rajatbiotech.com/www/index.php' not found or unable to stat
[Tue May 17 19:07:17.631085 2022] [php7:error] [pid 3317068] [client 114.119.145.8:44346] script '/home/rajatbiotech.com/www/index.php' not found or unable to stat
[Tue May 17 19:13:18.709494 2022] [php7:error] [pid 3317009] [client 66.249.70.27:47710] script '/home/rajatbiotech.com/www/wp-signups.php' not found or unable to stat
[Tue May 17 19:13:20.704908 2022] [php7:error] [pid 3317033] [client 66.249.70.25:59788] script '/home/rajatbiotech.com/www/wp-signups.php' not found or unable to stat
[Tue May 17 19:22:44.445288 2022] [php7:error] [pid 3317033] [client 114.119.131.197:25316] script '/home/rajatbiotech.com/www/index.php' not found or unable to stat
[Tue May 17 19:29:49.344133 2022] [php7:error] [pid 3317282] [client 184.95.38.138:55478] script '/home/rajatbiotech.com/www/wp-login.php' not found or unable to stat
[Tue May 17 19:35:35.335256 2022] [php7:error] [pid 3317334] [client 66.249.70.27:56378] script '/home/rajatbiotech.com/www/index.php' not found or unable to stat
[Tue May 17 19:36:34.786742 2022] [php7:error] [pid 3317282] [client 66.249.70.25:52434] script '/home/rajatbiotech.com/www/index.php' not found or unable to stat
[Tue May 17 19:41:28.393124 2022] [php7:error] [pid 3317298] [client 114.119.145.86:65474] script '/home/rajatbiotech.com/www/index.php' not found or unable to stat
[Tue May 17 19:44:30.231898 2022] [php7:error] [pid 3317277] [client 134.90.149.139:50795] script '/home/rajatbiotech.com/www/index.php' not found or unable to stat, referer: https://www.rajatbiotech.com/index.php?fortran85649/ffa475037.htm
[Tue May 17 19:44:31.613315 2022] [php7:error] [pid 3317299] [client 134.90.149.139:50924] script '/home/rajatbiotech.com/www/index.php' not found or unable to stat, referer: https://www.rajatbiotech.com/index.php
[Tue May 17 19:44:31.989896 2022] [php7:error] [pid 3317452] [client 134.90.149.139:50944] script '/home/rajatbiotech.com/www/index.php' not found or unable to stat, referer: https://www.rajatbiotech.com/index.php
[Tue May 17 19:44:32.365498 2022] [php7:error] [pid 3317315] [client 134.90.149.139:50978] script '/home/rajatbiotech.com/www/index.php' not found or unable to stat, referer: https://www.rajatbiotech.com/index.php
[Tue May 17 19:45:12.582962 2022] [php7:error] [pid 3317316] [client 194.126.177.53:34762] script '/home/rajatbiotech.com/www/wp-login.php' not found or unable to stat
[Tue May 17 19:45:13.257336 2022] [php7:error] [pid 3317324] [client 194.126.177.53:35910] script '/home/rajatbiotech.com/www/wp-login.php' not found or unable to stat
[Tue May 17 19:45:13.931209 2022] [php7:error] [pid 3317277] [client 194.126.177.53:37384] script '/home/rajatbiotech.com/www/wp-login.php' not found or unable to stat
[Tue May 17 19:58:20.709402 2022] [php7:error] [pid 3317508] [client 66.249.70.23:42175] script '/home/rajatbiotech.com/www/wp-signups.php' not found or unable to stat
[Tue May 17 20:02:03.428140 2022] [php7:error] [pid 3317298] [client 114.119.146.109:23772] script '/home/rajatbiotech.com/www/index.php' not found or unable to stat
[Tue May 17 20:12:30.357132 2022] [php7:error] [pid 3318098] [client 66.249.70.23:53892] script '/home/rajatbiotech.com/www/wp-signups.php' not found or unable to stat
[Tue May 17 20:14:01.897428 2022] [php7:error] [pid 3318348] [client 66.249.70.23:51772] script '/home/rajatbiotech.com/www/wp-signups.php' not found or unable to stat
[Tue May 17 20:24:43.500020 2022] [php7:error] [pid 3317497] [client 200.159.17.42:55552] script '/home/rajatbiotech.com/www/wp-22.php' not found or unable to stat
[Tue May 17 20:25:54.158043 2022] [php7:error] [pid 3318098] [client 114.119.145.8:59388] script '/home/rajatbiotech.com/www/index.php' not found or unable to stat
[Tue May 17 20:44:32.844187 2022] [php7:error] [pid 3318931] [client 66.249.70.23:59505] script '/home/rajatbiotech.com/www/wp-signups.php' not found or unable to stat
