[Fri Jun 10 01:46:31.535074 2022] [php7:error] [pid 3934184] [client 66.249.70.27:35577] script '/home/rajatbiotech.com/www/license.php' not found or unable to stat
[Fri Jun 10 01:47:27.418193 2022] [php7:error] [pid 3934392] [client 114.119.145.81:35253] script '/home/rajatbiotech.com/www/index.php' not found or unable to stat
[Fri Jun 10 01:47:59.129659 2022] [php7:error] [pid 3933461] [client 66.249.70.25:38424] script '/home/rajatbiotech.com/www/1.php' not found or unable to stat
[Fri Jun 10 01:48:42.920481 2022] [php7:error] [pid 3934184] [client 66.249.70.25:55148] script '/home/rajatbiotech.com/www/log.php' not found or unable to stat
[Fri Jun 10 01:49:26.712832 2022] [php7:error] [pid 3934184] [client 66.249.70.23:62830] script '/home/rajatbiotech.com/www/license.php' not found or unable to stat
[Fri Jun 10 01:51:38.095135 2022] [php7:error] [pid 3934094] [client 66.249.70.27:64475] script '/home/rajatbiotech.com/www/1.php' not found or unable to stat
[Fri Jun 10 01:53:49.487799 2022] [php7:error] [pid 3933461] [client 66.249.70.25:42848] script '/home/rajatbiotech.com/www/log.php' not found or unable to stat
[Fri Jun 10 01:54:33.486817 2022] [php7:error] [pid 3934184] [client 66.249.70.27:38444] script '/home/rajatbiotech.com/www/license.php' not found or unable to stat
[Fri Jun 10 01:55:17.065479 2022] [php7:error] [pid 3934089] [client 66.249.70.23:58173] script '/home/rajatbiotech.com/www/log.php' not found or unable to stat
[Fri Jun 10 01:56:00.866632 2022] [php7:error] [pid 3934094] [client 66.249.70.27:59188] script '/home/rajatbiotech.com/www/log.php' not found or unable to stat
[Fri Jun 10 01:56:44.656432 2022] [php7:error] [pid 3934392] [client 66.249.70.25:51051] script '/home/rajatbiotech.com/www/license.php' not found or unable to stat
[Fri Jun 10 01:57:28.459279 2022] [php7:error] [pid 3934094] [client 66.249.70.27:45855] script '/home/rajatbiotech.com/www/log.php' not found or unable to stat
[Fri Jun 10 01:58:12.250780 2022] [php7:error] [pid 3934400] [client 66.249.70.25:39136] script '/home/rajatbiotech.com/www/license.php' not found or unable to stat
[Fri Jun 10 01:59:39.842056 2022] [php7:error] [pid 3934400] [client 66.249.70.27:53630] script '/home/rajatbiotech.com/www/log.php' not found or unable to stat
[Fri Jun 10 01:59:42.043686 2022] [php7:error] [pid 3933461] [client 114.119.145.88:54317] script '/home/rajatbiotech.com/www/index.php' not found or unable to stat
[Fri Jun 10 02:00:23.638441 2022] [php7:error] [pid 3934392] [client 66.249.70.23:50836] script '/home/rajatbiotech.com/www/license.php' not found or unable to stat
[Fri Jun 10 02:01:07.427282 2022] [php7:error] [pid 3934390] [client 66.249.70.25:50518] script '/home/rajatbiotech.com/www/log.php' not found or unable to stat
[Fri Jun 10 02:01:51.221226 2022] [php7:error] [pid 3934187] [client 66.249.70.23:48850] script '/home/rajatbiotech.com/www/log.php' not found or unable to stat
[Fri Jun 10 02:02:35.019029 2022] [php7:error] [pid 3934184] [client 66.249.70.25:52440] script '/home/rajatbiotech.com/www/log.php' not found or unable to stat
[Fri Jun 10 02:03:18.811951 2022] [php7:error] [pid 3934103] [client 66.249.70.27:59209] script '/home/rajatbiotech.com/www/log.php' not found or unable to stat
[Fri Jun 10 02:04:02.605416 2022] [php7:error] [pid 3934094] [client 66.249.70.27:38035] script '/home/rajatbiotech.com/www/log.php' not found or unable to stat
[Fri Jun 10 02:04:46.416158 2022] [php7:error] [pid 3934400] [client 66.249.70.23:55347] script '/home/rajatbiotech.com/www/1.php' not found or unable to stat
[Fri Jun 10 02:05:30.185497 2022] [php7:error] [pid 3933461] [client 66.249.70.23:39489] script '/home/rajatbiotech.com/www/license.php' not found or unable to stat
[Fri Jun 10 02:06:13.995164 2022] [php7:error] [pid 3934184] [client 66.249.70.27:41603] script '/home/rajatbiotech.com/www/license.php' not found or unable to stat
[Fri Jun 10 02:06:57.790032 2022] [php7:error] [pid 3934094] [client 66.249.70.25:64240] script '/home/rajatbiotech.com/www/license.php' not found or unable to stat
[Fri Jun 10 02:07:41.595694 2022] [php7:error] [pid 3933461] [client 66.249.70.25:36838] script '/home/rajatbiotech.com/www/license.php' not found or unable to stat
[Fri Jun 10 02:08:25.378341 2022] [php7:error] [pid 3934392] [client 66.249.70.27:58576] script '/home/rajatbiotech.com/www/license.php' not found or unable to stat
[Fri Jun 10 02:10:36.758974 2022] [php7:error] [pid 3934654] [client 66.249.70.25:55613] script '/home/rajatbiotech.com/www/wp-signups.php' not found or unable to stat
[Fri Jun 10 02:11:20.545646 2022] [php7:error] [pid 3934193] [client 66.249.70.25:35475] script '/home/rajatbiotech.com/www/log.php' not found or unable to stat
[Fri Jun 10 02:12:48.132252 2022] [php7:error] [pid 3934103] [client 66.249.70.25:37736] script '/home/rajatbiotech.com/www/wp-signups.php' not found or unable to stat
[Fri Jun 10 02:13:31.932709 2022] [php7:error] [pid 3934400] [client 66.249.70.23:63812] script '/home/rajatbiotech.com/www/log.php' not found or unable to stat
[Fri Jun 10 02:14:15.733227 2022] [php7:error] [pid 3933461] [client 66.249.70.23:56715] script '/home/rajatbiotech.com/www/license.php' not found or unable to stat
[Fri Jun 10 02:14:59.541897 2022] [php7:error] [pid 3934103] [client 66.249.70.25:64323] script '/home/rajatbiotech.com/www/license.php' not found or unable to stat
[Fri Jun 10 02:15:43.311015 2022] [php7:error] [pid 3934390] [client 66.249.70.25:45024] script '/home/rajatbiotech.com/www/1.php' not found or unable to stat
[Fri Jun 10 02:16:27.116845 2022] [php7:error] [pid 3933461] [client 66.249.70.25:58691] script '/home/rajatbiotech.com/www/license.php' not found or unable to stat
[Fri Jun 10 02:17:10.905429 2022] [php7:error] [pid 3934089] [client 66.249.70.25:51233] script '/home/rajatbiotech.com/www/log.php' not found or unable to stat
[Fri Jun 10 02:17:54.709651 2022] [php7:error] [pid 3934654] [client 66.249.70.23:42180] script '/home/rajatbiotech.com/www/log.php' not found or unable to stat
[Fri Jun 10 02:18:38.491611 2022] [php7:error] [pid 3934103] [client 66.249.70.27:59613] script '/home/rajatbiotech.com/www/license.php' not found or unable to stat
[Fri Jun 10 02:19:22.289478 2022] [php7:error] [pid 3933461] [client 66.249.70.23:53494] script '/home/rajatbiotech.com/www/index.php' not found or unable to stat
[Fri Jun 10 02:20:06.092816 2022] [php7:error] [pid 3934654] [client 66.249.70.25:49871] script '/home/rajatbiotech.com/www/license.php' not found or unable to stat
[Fri Jun 10 02:20:27.204789 2022] [php7:error] [pid 3934103] [client 114.119.145.81:41423] script '/home/rajatbiotech.com/www/index.php' not found or unable to stat
[Fri Jun 10 02:21:33.679457 2022] [php7:error] [pid 3934184] [client 66.249.70.25:38888] script '/home/rajatbiotech.com/www/log.php' not found or unable to stat
[Fri Jun 10 02:22:17.468296 2022] [php7:error] [pid 3934793] [client 66.249.70.27:50602] script '/home/rajatbiotech.com/www/log.php' not found or unable to stat
[Fri Jun 10 02:23:01.265216 2022] [php7:error] [pid 3934184] [client 66.249.70.25:62243] script '/home/rajatbiotech.com/www/log.php' not found or unable to stat
[Fri Jun 10 02:23:45.066126 2022] [php7:error] [pid 3934400] [client 66.249.70.25:64959] script '/home/rajatbiotech.com/www/license.php' not found or unable to stat
[Fri Jun 10 02:27:24.034682 2022] [php7:error] [pid 3934193] [client 66.249.70.27:44415] script '/home/rajatbiotech.com/www/license.php' not found or unable to stat
[Fri Jun 10 02:28:07.834564 2022] [php7:error] [pid 3934929] [client 66.249.70.25:55946] script '/home/rajatbiotech.com/www/log.php' not found or unable to stat
[Fri Jun 10 02:28:51.622496 2022] [php7:error] [pid 3933461] [client 66.249.70.23:53130] script '/home/rajatbiotech.com/www/log.php' not found or unable to stat
[Fri Jun 10 02:29:35.418864 2022] [php7:error] [pid 3934103] [client 66.249.70.23:47474] script '/home/rajatbiotech.com/www/log.php' not found or unable to stat
[Fri Jun 10 02:30:19.211192 2022] [php7:error] [pid 3934654] [client 66.249.70.27:54285] script '/home/rajatbiotech.com/www/license.php' not found or unable to stat
[Fri Jun 10 02:32:30.596107 2022] [php7:error] [pid 3934793] [client 66.249.70.25:58701] script '/home/rajatbiotech.com/www/license.php' not found or unable to stat
[Fri Jun 10 02:33:14.393499 2022] [php7:error] [pid 3934089] [client 66.249.70.25:65356] script '/home/rajatbiotech.com/www/log.php' not found or unable to stat
[Fri Jun 10 02:33:58.182218 2022] [php7:error] [pid 3934193] [client 66.249.70.23:37210] script '/home/rajatbiotech.com/www/log.php' not found or unable to stat
[Fri Jun 10 02:34:41.978382 2022] [php7:error] [pid 3934654] [client 66.249.70.25:42890] script '/home/rajatbiotech.com/www/log.php' not found or unable to stat
[Fri Jun 10 02:35:25.787771 2022] [php7:error] [pid 3934953] [client 66.249.70.25:46249] script '/home/rajatbiotech.com/www/log.php' not found or unable to stat
[Fri Jun 10 02:36:09.558513 2022] [php7:error] [pid 3934193] [client 66.249.70.23:47885] script '/home/rajatbiotech.com/www/log.php' not found or unable to stat
[Fri Jun 10 02:36:53.361914 2022] [php7:error] [pid 3934089] [client 66.249.70.23:48636] script '/home/rajatbiotech.com/www/log.php' not found or unable to stat
[Fri Jun 10 02:37:37.157843 2022] [php7:error] [pid 3934654] [client 66.249.70.23:55507] script '/home/rajatbiotech.com/www/log.php' not found or unable to stat
[Fri Jun 10 02:38:20.952507 2022] [php7:error] [pid 3934103] [client 66.249.70.25:39781] script '/home/rajatbiotech.com/www/license.php' not found or unable to stat
[Fri Jun 10 02:40:32.341048 2022] [php7:error] [pid 3934793] [client 66.249.70.27:61618] script '/home/rajatbiotech.com/www/license.php' not found or unable to stat
[Fri Jun 10 02:41:16.128061 2022] [php7:error] [pid 3934929] [client 66.249.70.25:53932] script '/home/rajatbiotech.com/www/license.php' not found or unable to stat
[Fri Jun 10 02:41:59.918765 2022] [php7:error] [pid 3934654] [client 66.249.70.23:55662] script '/home/rajatbiotech.com/www/license.php' not found or unable to stat
[Fri Jun 10 02:42:43.715648 2022] [php7:error] [pid 3934953] [client 66.249.70.23:42695] script '/home/rajatbiotech.com/www/license.php' not found or unable to stat
[Fri Jun 10 02:44:11.306592 2022] [php7:error] [pid 3934089] [client 66.249.70.25:41713] script '/home/rajatbiotech.com/www/license.php' not found or unable to stat
[Fri Jun 10 02:44:55.098305 2022] [php7:error] [pid 3934953] [client 66.249.70.23:41188] script '/home/rajatbiotech.com/www/log.php' not found or unable to stat
[Fri Jun 10 02:45:38.917497 2022] [php7:error] [pid 3934793] [client 66.249.70.23:38079] script '/home/rajatbiotech.com/www/log.php' not found or unable to stat
[Fri Jun 10 02:46:22.698299 2022] [php7:error] [pid 3934089] [client 66.249.70.23:37623] script '/home/rajatbiotech.com/www/1.php' not found or unable to stat
[Fri Jun 10 02:47:06.494126 2022] [php7:error] [pid 3934654] [client 66.249.70.25:54442] script '/home/rajatbiotech.com/www/license.php' not found or unable to stat
[Fri Jun 10 02:47:50.283681 2022] [php7:error] [pid 3935067] [client 66.249.70.25:51001] script '/home/rajatbiotech.com/www/log.php' not found or unable to stat
[Fri Jun 10 02:48:34.076238 2022] [php7:error] [pid 3934089] [client 66.249.70.25:51824] script '/home/rajatbiotech.com/www/license.php' not found or unable to stat
[Fri Jun 10 02:49:17.876358 2022] [php7:error] [pid 3935242] [client 66.249.70.27:65514] script '/home/rajatbiotech.com/www/log.php' not found or unable to stat
[Fri Jun 10 02:50:01.667086 2022] [php7:error] [pid 3934953] [client 66.249.70.25:51469] script '/home/rajatbiotech.com/www/index.php' not found or unable to stat
[Fri Jun 10 02:50:45.465802 2022] [php7:error] [pid 3934193] [client 66.249.70.25:53996] script '/home/rajatbiotech.com/www/license.php' not found or unable to stat
[Fri Jun 10 02:51:29.255473 2022] [php7:error] [pid 3934184] [client 66.249.70.27:64046] script '/home/rajatbiotech.com/www/license.php' not found or unable to stat
[Fri Jun 10 02:52:56.849793 2022] [php7:error] [pid 3935242] [client 66.249.70.23:62564] script '/home/rajatbiotech.com/www/1.php' not found or unable to stat
[Fri Jun 10 02:53:40.641209 2022] [php7:error] [pid 3935067] [client 66.249.70.27:39484] script '/home/rajatbiotech.com/www/license.php' not found or unable to stat
[Fri Jun 10 02:54:24.438177 2022] [php7:error] [pid 3934193] [client 66.249.70.23:36465] script '/home/rajatbiotech.com/www/log.php' not found or unable to stat
[Fri Jun 10 02:55:08.226762 2022] [php7:error] [pid 3934184] [client 66.249.70.25:36452] script '/home/rajatbiotech.com/www/1.php' not found or unable to stat
[Fri Jun 10 02:55:52.031381 2022] [php7:error] [pid 3935067] [client 66.249.70.23:36836] script '/home/rajatbiotech.com/www/1.php' not found or unable to stat
[Fri Jun 10 02:57:19.609751 2022] [php7:error] [pid 3935413] [client 66.249.70.27:53742] script '/home/rajatbiotech.com/www/license.php' not found or unable to stat
[Fri Jun 10 02:58:03.402342 2022] [php7:error] [pid 3934103] [client 66.249.70.27:39432] script '/home/rajatbiotech.com/www/license.php' not found or unable to stat
[Fri Jun 10 02:58:47.202533 2022] [php7:error] [pid 3934953] [client 66.249.70.23:44800] script '/home/rajatbiotech.com/www/1.php' not found or unable to stat
[Fri Jun 10 02:59:30.991497 2022] [php7:error] [pid 3935243] [client 66.249.70.25:63769] script '/home/rajatbiotech.com/www/license.php' not found or unable to stat
[Fri Jun 10 03:00:15.821083 2022] [php7:error] [pid 3933461] [client 66.249.70.27:44540] script '/home/rajatbiotech.com/www/1.php' not found or unable to stat
[Fri Jun 10 03:00:58.588223 2022] [php7:error] [pid 3934193] [client 66.249.70.25:35448] script '/home/rajatbiotech.com/www/wp-signups.php' not found or unable to stat
[Fri Jun 10 03:01:42.379487 2022] [php7:error] [pid 3934103] [client 66.249.70.27:40993] script '/home/rajatbiotech.com/www/wp-signups.php' not found or unable to stat
[Fri Jun 10 03:02:26.168693 2022] [php7:error] [pid 3935242] [client 66.249.70.27:64673] script '/home/rajatbiotech.com/www/log.php' not found or unable to stat
[Fri Jun 10 03:03:09.972973 2022] [php7:error] [pid 3934193] [client 66.249.70.23:56423] script '/home/rajatbiotech.com/www/license.php' not found or unable to stat
[Fri Jun 10 03:03:12.377907 2022] [php7:error] [pid 3934654] [client 114.119.146.100:39829] script '/home/rajatbiotech.com/www/index.php' not found or unable to stat
[Fri Jun 10 03:03:53.767345 2022] [php7:error] [pid 3934953] [client 66.249.70.23:54882] script '/home/rajatbiotech.com/www/log.php' not found or unable to stat
[Fri Jun 10 03:04:37.553856 2022] [php7:error] [pid 3934654] [client 66.249.70.27:54007] script '/home/rajatbiotech.com/www/log.php' not found or unable to stat
[Fri Jun 10 03:05:21.443941 2022] [php7:error] [pid 3935242] [client 66.249.70.23:41661] script '/home/rajatbiotech.com/www/license.php' not found or unable to stat
[Fri Jun 10 03:06:48.963683 2022] [php7:error] [pid 3935639] [client 66.249.70.25:35049] script '/home/rajatbiotech.com/www/license.php' not found or unable to stat
[Fri Jun 10 03:07:32.742461 2022] [php7:error] [pid 3935639] [client 66.249.70.25:45723] script '/home/rajatbiotech.com/www/wp-signups.php' not found or unable to stat
[Fri Jun 10 03:08:16.534828 2022] [php7:error] [pid 3934654] [client 66.249.70.25:59081] script '/home/rajatbiotech.com/www/license.php' not found or unable to stat
[Fri Jun 10 03:10:27.916886 2022] [php7:error] [pid 3935634] [client 66.249.70.25:40830] script '/home/rajatbiotech.com/www/license.php' not found or unable to stat
[Fri Jun 10 03:11:11.707954 2022] [php7:error] [pid 3935410] [client 66.249.70.25:54754] script '/home/rajatbiotech.com/www/1.php' not found or unable to stat
[Fri Jun 10 03:11:55.502019 2022] [php7:error] [pid 3934953] [client 66.249.70.23:57971] script '/home/rajatbiotech.com/www/wp-signups.php' not found or unable to stat
[Fri Jun 10 03:12:39.309603 2022] [php7:error] [pid 3935635] [client 66.249.70.23:46098] script '/home/rajatbiotech.com/www/1.php' not found or unable to stat
[Fri Jun 10 03:13:23.096696 2022] [php7:error] [pid 3934103] [client 66.249.70.23:57001] script '/home/rajatbiotech.com/www/1.php' not found or unable to stat
[Fri Jun 10 03:14:06.889950 2022] [php7:error] [pid 3935636] [client 66.249.70.23:50339] script '/home/rajatbiotech.com/www/1.php' not found or unable to stat
[Fri Jun 10 03:14:50.686773 2022] [php7:error] [pid 3935640] [client 66.249.70.25:38269] script '/home/rajatbiotech.com/www/1.php' not found or unable to stat
[Fri Jun 10 03:15:34.516631 2022] [php7:error] [pid 3935634] [client 66.249.70.25:43886] script '/home/rajatbiotech.com/www/wp-signups.php' not found or unable to stat
[Fri Jun 10 03:17:02.078670 2022] [php7:error] [pid 3935410] [client 66.249.70.25:39326] script '/home/rajatbiotech.com/www/1.php' not found or unable to stat
[Fri Jun 10 03:18:29.661552 2022] [php7:error] [pid 3935635] [client 66.249.70.27:42283] script '/home/rajatbiotech.com/www/log.php' not found or unable to stat
[Fri Jun 10 03:19:13.465677 2022] [php7:error] [pid 3935410] [client 66.249.70.27:50391] script '/home/rajatbiotech.com/www/log.php' not found or unable to stat
[Fri Jun 10 03:22:52.431646 2022] [php7:error] [pid 3935410] [client 66.249.70.25:40420] script '/home/rajatbiotech.com/www/wp-signups.php' not found or unable to stat
[Fri Jun 10 03:23:36.226184 2022] [php7:error] [pid 3934103] [client 66.249.70.23:64161] script '/home/rajatbiotech.com/www/license.php' not found or unable to stat
[Fri Jun 10 03:24:20.016388 2022] [php7:error] [pid 3934103] [client 66.249.70.23:50221] script '/home/rajatbiotech.com/www/1.php' not found or unable to stat
[Fri Jun 10 03:25:47.621373 2022] [php7:error] [pid 3936156] [client 66.249.70.23:42649] script '/home/rajatbiotech.com/www/log.php' not found or unable to stat
[Fri Jun 10 03:27:59.106828 2022] [php7:error] [pid 3935635] [client 66.249.70.27:51041] script '/home/rajatbiotech.com/www/1.php' not found or unable to stat
[Fri Jun 10 03:29:26.586663 2022] [php7:error] [pid 3936156] [client 66.249.70.27:43019] script '/home/rajatbiotech.com/www/log.php' not found or unable to stat
[Fri Jun 10 03:30:54.184750 2022] [php7:error] [pid 3936241] [client 66.249.70.23:65346] script '/home/rajatbiotech.com/www/wp-signups.php' not found or unable to stat
[Fri Jun 10 03:31:37.975299 2022] [php7:error] [pid 3935640] [client 66.249.70.27:51217] script '/home/rajatbiotech.com/www/1.php' not found or unable to stat
[Fri Jun 10 03:32:21.758814 2022] [php7:error] [pid 3936136] [client 66.249.70.27:54029] script '/home/rajatbiotech.com/www/license.php' not found or unable to stat
[Fri Jun 10 03:33:05.560436 2022] [php7:error] [pid 3936194] [client 66.249.70.25:49469] script '/home/rajatbiotech.com/www/log.php' not found or unable to stat
[Fri Jun 10 03:33:49.356571 2022] [php7:error] [pid 3936136] [client 66.249.70.23:46130] script '/home/rajatbiotech.com/www/log.php' not found or unable to stat
[Fri Jun 10 03:34:33.151178 2022] [php7:error] [pid 3934929] [client 66.249.70.27:60631] script '/home/rajatbiotech.com/www/1.php' not found or unable to stat
[Fri Jun 10 03:36:00.737642 2022] [php7:error] [pid 3936241] [client 66.249.70.25:47476] script '/home/rajatbiotech.com/www/license.php' not found or unable to stat
[Fri Jun 10 03:36:44.535791 2022] [php7:error] [pid 3936333] [client 66.249.70.25:64337] script '/home/rajatbiotech.com/www/1.php' not found or unable to stat
[Fri Jun 10 03:37:28.328286 2022] [php7:error] [pid 3936136] [client 66.249.70.27:50717] script '/home/rajatbiotech.com/www/license.php' not found or unable to stat
[Fri Jun 10 03:53:31.827043 2022] [php7:error] [pid 3936770] [client 66.249.70.27:45044] script '/home/rajatbiotech.com/www/log.php' not found or unable to stat
[Fri Jun 10 03:54:15.603760 2022] [php7:error] [pid 3936773] [client 66.249.70.23:65132] script '/home/rajatbiotech.com/www/license.php' not found or unable to stat
[Fri Jun 10 03:54:59.402085 2022] [php7:error] [pid 3936241] [client 66.249.70.23:42403] script '/home/rajatbiotech.com/www/1.php' not found or unable to stat
[Fri Jun 10 03:55:43.192236 2022] [php7:error] [pid 3936773] [client 66.249.70.27:45887] script '/home/rajatbiotech.com/www/log.php' not found or unable to stat
[Fri Jun 10 03:56:26.982398 2022] [php7:error] [pid 3936770] [client 66.249.70.23:52529] script '/home/rajatbiotech.com/www/1.php' not found or unable to stat
[Fri Jun 10 03:57:10.784854 2022] [php7:error] [pid 3935640] [client 66.249.70.27:60307] script '/home/rajatbiotech.com/www/1.php' not found or unable to stat
[Fri Jun 10 03:57:54.572675 2022] [php7:error] [pid 3936194] [client 66.249.70.23:62611] script '/home/rajatbiotech.com/www/log.php' not found or unable to stat
[Fri Jun 10 03:58:38.371767 2022] [php7:error] [pid 3936536] [client 66.249.70.25:50289] script '/home/rajatbiotech.com/www/1.php' not found or unable to stat
[Fri Jun 10 04:00:05.967260 2022] [php7:error] [pid 3936954] [client 66.249.70.25:53115] script '/home/rajatbiotech.com/www/log.php' not found or unable to stat
[Fri Jun 10 04:00:49.760299 2022] [php7:error] [pid 3936954] [client 66.249.70.25:52315] script '/home/rajatbiotech.com/www/log.php' not found or unable to stat
[Fri Jun 10 04:03:01.143194 2022] [php7:error] [pid 3936241] [client 66.249.70.27:55063] script '/home/rajatbiotech.com/www/license.php' not found or unable to stat
[Fri Jun 10 04:05:56.312208 2022] [php7:error] [pid 3937065] [client 66.249.70.23:39487] script '/home/rajatbiotech.com/www/1.php' not found or unable to stat
[Fri Jun 10 04:06:40.110130 2022] [php7:error] [pid 3936770] [client 66.249.70.27:61334] script '/home/rajatbiotech.com/www/license.php' not found or unable to stat
[Fri Jun 10 04:07:23.908812 2022] [php7:error] [pid 3936773] [client 66.249.70.27:49350] script '/home/rajatbiotech.com/www/wp-signups.php' not found or unable to stat
[Fri Jun 10 04:08:07.705159 2022] [php7:error] [pid 3937065] [client 66.249.70.27:59293] script '/home/rajatbiotech.com/www/license.php' not found or unable to stat
[Fri Jun 10 04:32:42.255338 2022] [php7:error] [pid 3937233] [client 66.249.70.25:64603] script '/home/rajatbiotech.com/www/log.php' not found or unable to stat
[Fri Jun 10 04:33:31.351567 2022] [php7:error] [pid 3937565] [client 66.249.70.27:45570] script '/home/rajatbiotech.com/www/license.php' not found or unable to stat
[Fri Jun 10 04:34:20.463253 2022] [php7:error] [pid 3937566] [client 66.249.70.27:54181] script '/home/rajatbiotech.com/www/1.php' not found or unable to stat
[Fri Jun 10 04:35:58.681068 2022] [php7:error] [pid 3937233] [client 66.249.70.23:38778] script '/home/rajatbiotech.com/www/license.php' not found or unable to stat
[Fri Jun 10 04:37:36.901708 2022] [php7:error] [pid 3937666] [client 66.249.70.23:64924] script '/home/rajatbiotech.com/www/license.php' not found or unable to stat
[Fri Jun 10 04:38:26.004468 2022] [php7:error] [pid 3937663] [client 66.249.70.25:51764] script '/home/rajatbiotech.com/www/log.php' not found or unable to stat
[Fri Jun 10 04:59:32.724958 2022] [php7:error] [pid 3937794] [client 66.249.70.25:65048] script '/home/rajatbiotech.com/www/license.php' not found or unable to stat
[Fri Jun 10 05:02:10.154487 2022] [php7:error] [pid 3937804] [client 66.249.70.25:50660] script '/home/rajatbiotech.com/www/1.php' not found or unable to stat
[Fri Jun 10 05:02:59.267538 2022] [php7:error] [pid 3937676] [client 66.249.70.23:44466] script '/home/rajatbiotech.com/www/license.php' not found or unable to stat
[Fri Jun 10 05:03:48.372381 2022] [php7:error] [pid 3937976] [client 66.249.70.25:48587] script '/home/rajatbiotech.com/www/log.php' not found or unable to stat
[Fri Jun 10 05:05:26.594947 2022] [php7:error] [pid 3938053] [client 66.249.70.23:51576] script '/home/rajatbiotech.com/www/license.php' not found or unable to stat
[Fri Jun 10 05:06:15.698251 2022] [php7:error] [pid 3937663] [client 66.249.70.25:43009] script '/home/rajatbiotech.com/www/log.php' not found or unable to stat
[Fri Jun 10 05:07:04.810071 2022] [php7:error] [pid 3938063] [client 66.249.70.27:46133] script '/home/rajatbiotech.com/www/1.php' not found or unable to stat
[Fri Jun 10 05:15:11.959972 2022] [php7:error] [pid 3938170] [client 114.119.131.197:23979] script '/home/rajatbiotech.com/www/index.php' not found or unable to stat
[Fri Jun 10 05:16:54.126480 2022] [php7:error] [pid 3938189] [client 66.249.70.23:51406] script '/home/rajatbiotech.com/www/log.php' not found or unable to stat
[Fri Jun 10 05:18:32.326302 2022] [php7:error] [pid 3938063] [client 66.249.70.23:47434] script '/home/rajatbiotech.com/www/log.php' not found or unable to stat
[Fri Jun 10 05:20:10.547133 2022] [php7:error] [pid 3938063] [client 66.249.70.27:60535] script '/home/rajatbiotech.com/www/1.php' not found or unable to stat
[Fri Jun 10 05:20:59.648778 2022] [php7:error] [pid 3937905] [client 66.249.70.25:39338] script '/home/rajatbiotech.com/www/license.php' not found or unable to stat
[Fri Jun 10 05:21:48.759451 2022] [php7:error] [pid 3938062] [client 66.249.70.27:52737] script '/home/rajatbiotech.com/www/wp-signups.php' not found or unable to stat
[Fri Jun 10 05:22:37.867068 2022] [php7:error] [pid 3938050] [client 66.249.70.23:36880] script '/home/rajatbiotech.com/www/license.php' not found or unable to stat
[Fri Jun 10 05:23:26.977527 2022] [php7:error] [pid 3938062] [client 66.249.70.25:64451] script '/home/rajatbiotech.com/www/log.php' not found or unable to stat
[Fri Jun 10 05:25:54.309316 2022] [php7:error] [pid 3938190] [client 66.249.70.23:46909] script '/home/rajatbiotech.com/www/log.php' not found or unable to stat
[Fri Jun 10 05:26:43.413454 2022] [php7:error] [pid 3938190] [client 66.249.70.25:36024] script '/home/rajatbiotech.com/www/log.php' not found or unable to stat
[Fri Jun 10 05:27:32.539271 2022] [php7:error] [pid 3937663] [client 66.249.70.23:35958] script '/home/rajatbiotech.com/www/log.php' not found or unable to stat
[Fri Jun 10 05:27:37.322898 2022] [php7:error] [pid 3938189] [client 66.249.70.25:46301] script '/home/rajatbiotech.com/www/index.php' not found or unable to stat
[Fri Jun 10 05:28:21.714558 2022] [php7:error] [pid 3938292] [client 66.249.70.25:55406] script '/home/rajatbiotech.com/www/log.php' not found or unable to stat
[Fri Jun 10 05:29:10.745813 2022] [php7:error] [pid 3938295] [client 66.249.70.25:36386] script '/home/rajatbiotech.com/www/log.php' not found or unable to stat
[Fri Jun 10 05:29:59.851281 2022] [php7:error] [pid 3938292] [client 66.249.70.23:64155] script '/home/rajatbiotech.com/www/1.php' not found or unable to stat
[Fri Jun 10 05:30:48.954591 2022] [php7:error] [pid 3938382] [client 66.249.70.27:57633] script '/home/rajatbiotech.com/www/1.php' not found or unable to stat
[Fri Jun 10 05:31:38.070383 2022] [php7:error] [pid 3938215] [client 66.249.70.27:51079] script '/home/rajatbiotech.com/www/1.php' not found or unable to stat
[Fri Jun 10 05:32:27.183025 2022] [php7:error] [pid 3938384] [client 66.249.70.27:52883] script '/home/rajatbiotech.com/www/log.php' not found or unable to stat
[Fri Jun 10 05:33:16.282323 2022] [php7:error] [pid 3937663] [client 66.249.70.27:44882] script '/home/rajatbiotech.com/www/1.php' not found or unable to stat
[Fri Jun 10 05:34:05.393892 2022] [php7:error] [pid 3938409] [client 66.249.70.23:41053] script '/home/rajatbiotech.com/www/log.php' not found or unable to stat
[Fri Jun 10 05:34:54.493737 2022] [php7:error] [pid 3938189] [client 66.249.70.25:46696] script '/home/rajatbiotech.com/www/license.php' not found or unable to stat
[Fri Jun 10 05:36:32.715991 2022] [php7:error] [pid 3938384] [client 66.249.70.25:50303] script '/home/rajatbiotech.com/www/1.php' not found or unable to stat
[Fri Jun 10 05:38:10.947405 2022] [php7:error] [pid 3938297] [client 66.249.70.23:43473] script '/home/rajatbiotech.com/www/log.php' not found or unable to stat
[Fri Jun 10 05:41:27.364376 2022] [php7:error] [pid 3938534] [client 66.249.70.27:51058] script '/home/rajatbiotech.com/www/wp-signups.php' not found or unable to stat
[Fri Jun 10 05:42:16.474754 2022] [php7:error] [pid 3938566] [client 66.249.70.25:59890] script '/home/rajatbiotech.com/www/license.php' not found or unable to stat
[Fri Jun 10 05:43:05.585813 2022] [php7:error] [pid 3938566] [client 66.249.70.27:65447] script '/home/rajatbiotech.com/www/log.php' not found or unable to stat
[Fri Jun 10 05:44:43.794098 2022] [php7:error] [pid 3938384] [client 66.249.70.27:46449] script '/home/rajatbiotech.com/www/log.php' not found or unable to stat
[Fri Jun 10 05:45:32.915472 2022] [php7:error] [pid 3938532] [client 66.249.70.27:53302] script '/home/rajatbiotech.com/www/license.php' not found or unable to stat
[Fri Jun 10 05:46:22.013033 2022] [php7:error] [pid 3938458] [client 66.249.70.27:45413] script '/home/rajatbiotech.com/www/1.php' not found or unable to stat
[Fri Jun 10 05:48:00.228113 2022] [php7:error] [pid 3938384] [client 66.249.70.25:62882] script '/home/rajatbiotech.com/www/license.php' not found or unable to stat
[Fri Jun 10 05:49:38.463084 2022] [php7:error] [pid 3938534] [client 66.249.70.25:40991] script '/home/rajatbiotech.com/www/1.php' not found or unable to stat
[Fri Jun 10 05:50:27.564974 2022] [php7:error] [pid 3938384] [client 66.249.70.23:36769] script '/home/rajatbiotech.com/www/license.php' not found or unable to stat
[Fri Jun 10 05:51:16.670934 2022] [php7:error] [pid 3938614] [client 66.249.70.23:50842] script '/home/rajatbiotech.com/www/license.php' not found or unable to stat
[Fri Jun 10 05:52:05.784286 2022] [php7:error] [pid 3938615] [client 66.249.70.27:41431] script '/home/rajatbiotech.com/www/log.php' not found or unable to stat
[Fri Jun 10 05:54:33.103319 2022] [php7:error] [pid 3938384] [client 66.249.70.23:63261] script '/home/rajatbiotech.com/www/license.php' not found or unable to stat
[Fri Jun 10 05:55:12.710253 2022] [php7:error] [pid 3938615] [client 114.119.145.86:34437] script '/home/rajatbiotech.com/www/index.php' not found or unable to stat
[Fri Jun 10 05:57:00.460950 2022] [php7:error] [pid 3938614] [client 66.249.70.23:58408] script '/home/rajatbiotech.com/www/1.php' not found or unable to stat
[Fri Jun 10 05:58:38.657988 2022] [php7:error] [pid 3938635] [client 66.249.70.23:39180] script '/home/rajatbiotech.com/www/1.php' not found or unable to stat
[Fri Jun 10 05:59:27.758168 2022] [php7:error] [pid 3938690] [client 66.249.70.27:65335] script '/home/rajatbiotech.com/www/license.php' not found or unable to stat
[Fri Jun 10 06:00:16.876094 2022] [php7:error] [pid 3938550] [client 66.249.70.27:39282] script '/home/rajatbiotech.com/www/1.php' not found or unable to stat
[Fri Jun 10 06:01:05.971530 2022] [php7:error] [pid 3938730] [client 66.249.70.23:36480] script '/home/rajatbiotech.com/www/license.php' not found or unable to stat
[Fri Jun 10 06:03:33.301093 2022] [php7:error] [pid 3938753] [client 66.249.70.23:44602] script '/home/rajatbiotech.com/www/log.php' not found or unable to stat
[Fri Jun 10 06:04:22.406312 2022] [php7:error] [pid 3938791] [client 66.249.70.25:38621] script '/home/rajatbiotech.com/www/log.php' not found or unable to stat
[Fri Jun 10 06:06:00.618493 2022] [php7:error] [pid 3938805] [client 66.249.70.27:40737] script '/home/rajatbiotech.com/www/1.php' not found or unable to stat
[Fri Jun 10 06:08:27.951014 2022] [php7:error] [pid 3938807] [client 66.249.70.27:55078] script '/home/rajatbiotech.com/www/license.php' not found or unable to stat
[Fri Jun 10 06:13:22.606518 2022] [php7:error] [pid 3939007] [client 66.249.70.23:59522] script '/home/rajatbiotech.com/www/1.php' not found or unable to stat
[Fri Jun 10 06:15:00.825869 2022] [php7:error] [pid 3939113] [client 66.249.70.27:55177] script '/home/rajatbiotech.com/www/1.php' not found or unable to stat
[Fri Jun 10 06:15:50.095749 2022] [php7:error] [pid 3939045] [client 66.249.70.25:54166] script '/home/rajatbiotech.com/www/license.php' not found or unable to stat
[Fri Jun 10 06:16:39.037953 2022] [php7:error] [pid 3939060] [client 66.249.70.27:44910] script '/home/rajatbiotech.com/www/license.php' not found or unable to stat
[Fri Jun 10 06:19:55.473922 2022] [php7:error] [pid 3939139] [client 66.249.70.27:52611] script '/home/rajatbiotech.com/www/license.php' not found or unable to stat
[Fri Jun 10 06:20:44.583320 2022] [php7:error] [pid 3939060] [client 66.249.70.23:60278] script '/home/rajatbiotech.com/www/log.php' not found or unable to stat
[Fri Jun 10 06:21:33.710766 2022] [php7:error] [pid 3939055] [client 66.249.70.23:60755] script '/home/rajatbiotech.com/www/license.php' not found or unable to stat
[Fri Jun 10 06:23:11.906205 2022] [php7:error] [pid 3939206] [client 66.249.70.23:49256] script '/home/rajatbiotech.com/www/license.php' not found or unable to stat
[Fri Jun 10 06:26:28.339020 2022] [php7:error] [pid 3939248] [client 66.249.70.27:59946] script '/home/rajatbiotech.com/www/log.php' not found or unable to stat
[Fri Jun 10 06:28:55.661429 2022] [php7:error] [pid 3939317] [client 66.249.70.23:47934] script '/home/rajatbiotech.com/www/1.php' not found or unable to stat
[Fri Jun 10 06:29:44.765134 2022] [php7:error] [pid 3939317] [client 66.249.70.27:53661] script '/home/rajatbiotech.com/www/1.php' not found or unable to stat
[Fri Jun 10 06:30:33.887115 2022] [php7:error] [pid 3939204] [client 66.249.70.27:60858] script '/home/rajatbiotech.com/www/wp-signups.php' not found or unable to stat
[Fri Jun 10 06:32:12.111650 2022] [php7:error] [pid 3939317] [client 66.249.70.27:37113] script '/home/rajatbiotech.com/www/license.php' not found or unable to stat
[Fri Jun 10 06:33:50.319926 2022] [php7:error] [pid 3938997] [client 66.249.70.23:39745] script '/home/rajatbiotech.com/www/license.php' not found or unable to stat
[Fri Jun 10 06:35:28.535911 2022] [php7:error] [pid 3939169] [client 66.249.70.23:61106] script '/home/rajatbiotech.com/www/license.php' not found or unable to stat
[Fri Jun 10 06:37:55.868439 2022] [php7:error] [pid 3939487] [client 66.249.70.25:63851] script '/home/rajatbiotech.com/www/log.php' not found or unable to stat
[Fri Jun 10 06:38:44.976624 2022] [php7:error] [pid 3939055] [client 66.249.70.25:40971] script '/home/rajatbiotech.com/www/license.php' not found or unable to stat
[Fri Jun 10 06:39:34.082619 2022] [php7:error] [pid 3939055] [client 66.249.70.23:63793] script '/home/rajatbiotech.com/www/license.php' not found or unable to stat
[Fri Jun 10 06:40:23.184476 2022] [php7:error] [pid 3939169] [client 66.249.70.23:37471] script '/home/rajatbiotech.com/www/license.php' not found or unable to stat
[Fri Jun 10 06:42:01.407747 2022] [php7:error] [pid 3939642] [client 66.249.70.27:41626] script '/home/rajatbiotech.com/www/1.php' not found or unable to stat
[Fri Jun 10 06:42:50.515914 2022] [php7:error] [pid 3939625] [client 66.249.70.23:36544] script '/home/rajatbiotech.com/www/log.php' not found or unable to stat
[Fri Jun 10 06:45:41.682427 2022] [php7:error] [pid 3939625] [client 114.119.145.86:39959] script '/home/rajatbiotech.com/www/index.php' not found or unable to stat
[Fri Jun 10 06:53:30.692970 2022] [php7:error] [pid 3939931] [client 66.249.70.23:44220] script '/home/rajatbiotech.com/www/1.php' not found or unable to stat
[Fri Jun 10 07:00:17.455156 2022] [php7:error] [pid 3940003] [client 114.119.146.100:49375] script '/home/rajatbiotech.com/www/index.php' not found or unable to stat
[Fri Jun 10 07:01:12.696535 2022] [php7:error] [pid 3940062] [client 114.119.146.107:24809] script '/home/rajatbiotech.com/www/index.php' not found or unable to stat
[Fri Jun 10 07:09:00.514689 2022] [php7:error] [pid 3940041] [client 114.119.145.88:65157] script '/home/rajatbiotech.com/www/index.php' not found or unable to stat
[Fri Jun 10 07:10:47.662158 2022] [php7:error] [pid 3940072] [client 114.119.146.100:49273] script '/home/rajatbiotech.com/www/index.php' not found or unable to stat
[Fri Jun 10 07:11:41.621728 2022] [php7:error] [pid 3940249] [client 114.119.145.81:59407] script '/home/rajatbiotech.com/www/index.php' not found or unable to stat
[Fri Jun 10 07:16:28.322492 2022] [php7:error] [pid 3940444] [client 114.119.146.107:64783] script '/home/rajatbiotech.com/www/index.php' not found or unable to stat
[Fri Jun 10 07:18:58.968829 2022] [php7:error] [pid 3940470] [client 114.119.145.81:26779] script '/home/rajatbiotech.com/www/index.php' not found or unable to stat
[Fri Jun 10 07:39:53.584320 2022] [php7:error] [pid 3940738] [client 54.38.211.183:58516] script '/home/rajatbiotech.com/www/wp-login.php' not found or unable to stat
[Fri Jun 10 07:59:06.589546 2022] [php7:error] [pid 3941402] [client 114.119.146.107:49901] script '/home/rajatbiotech.com/www/index.php' not found or unable to stat
[Fri Jun 10 08:08:38.236092 2022] [php7:error] [pid 3941882] [client 114.119.145.88:43107] script '/home/rajatbiotech.com/www/index.php' not found or unable to stat
[Fri Jun 10 08:09:37.736266 2022] [php7:error] [pid 3941923] [client 114.119.131.197:50147] script '/home/rajatbiotech.com/www/index.php' not found or unable to stat
[Fri Jun 10 08:39:52.487064 2022] [php7:error] [pid 3942877] [client 114.119.145.86:52447] script '/home/rajatbiotech.com/www/index.php' not found or unable to stat
[Fri Jun 10 08:48:39.765221 2022] [php7:error] [pid 3943138] [client 114.119.145.8:44591] script '/home/rajatbiotech.com/www/index.php' not found or unable to stat
[Fri Jun 10 09:01:09.023405 2022] [php7:error] [pid 3943361] [client 114.119.145.86:60737] script '/home/rajatbiotech.com/www/index.php' not found or unable to stat
[Fri Jun 10 09:03:27.884657 2022] [php7:error] [pid 3943495] [client 114.119.145.8:32349] script '/home/rajatbiotech.com/www/index.php' not found or unable to stat
[Fri Jun 10 09:26:29.548544 2022] [php7:error] [pid 3944118] [client 193.56.254.35:48556] script '/home/rajatbiotech.com/www/wp-login.php' not found or unable to stat
[Fri Jun 10 09:26:30.282604 2022] [php7:error] [pid 3944177] [client 193.56.254.35:48558] script '/home/rajatbiotech.com/www/wp-login.php' not found or unable to stat
[Fri Jun 10 09:26:31.018736 2022] [php7:error] [pid 3944115] [client 193.56.254.35:48560] script '/home/rajatbiotech.com/www/wp-login.php' not found or unable to stat
[Fri Jun 10 09:30:05.072397 2022] [php7:error] [pid 3944368] [client 114.119.146.100:60351] script '/home/rajatbiotech.com/www/index.php' not found or unable to stat
[Fri Jun 10 10:02:28.279159 2022] [php7:error] [pid 3944686] [client 114.119.145.8:52021] script '/home/rajatbiotech.com/www/index.php' not found or unable to stat
[Fri Jun 10 10:04:41.718190 2022] [php7:error] [pid 3944686] [client 114.119.146.107:46779] script '/home/rajatbiotech.com/www/index.php' not found or unable to stat
[Fri Jun 10 10:07:44.795819 2022] [php7:error] [pid 3944930] [client 114.119.145.86:63249] script '/home/rajatbiotech.com/www/index.php' not found or unable to stat
[Fri Jun 10 10:47:18.248337 2022] [php7:error] [pid 3945812] [client 165.22.109.180:58633] script '/home/rajatbiotech.com/www/xmlrpc.php' not found or unable to stat
[Fri Jun 10 10:47:19.274959 2022] [php7:error] [pid 3945812] [client 165.22.109.180:58633] script '/home/rajatbiotech.com/www/xmlrpc.php' not found or unable to stat
[Fri Jun 10 11:28:44.393444 2022] [php7:error] [pid 3946401] [client 84.17.46.229:1263] script '/home/rajatbiotech.com/www/xmlrpc.php' not found or unable to stat
[Fri Jun 10 11:28:44.612934 2022] [php7:error] [pid 3946401] [client 84.17.46.229:1263] script '/home/rajatbiotech.com/www/xmlrpc.php' not found or unable to stat
[Fri Jun 10 11:28:44.931819 2022] [php7:error] [pid 3946401] [client 84.17.46.229:1263] script '/home/rajatbiotech.com/www/xmlrpc.php' not found or unable to stat
[Fri Jun 10 11:28:45.501001 2022] [php7:error] [pid 3946401] [client 84.17.46.229:1263] script '/home/rajatbiotech.com/www/xmlrpc.php' not found or unable to stat
[Fri Jun 10 11:31:23.689050 2022] [php7:error] [pid 3946452] [client 114.119.145.8:38015] script '/home/rajatbiotech.com/www/index.php' not found or unable to stat
[Fri Jun 10 11:46:47.490280 2022] [php7:error] [pid 3946768] [client 114.119.145.88:46383] script '/home/rajatbiotech.com/www/index.php' not found or unable to stat
[Fri Jun 10 12:09:39.709823 2022] [php7:error] [pid 3947268] [client 114.119.145.81:35703] script '/home/rajatbiotech.com/www/index.php' not found or unable to stat
[Fri Jun 10 12:15:00.635436 2022] [php7:error] [pid 3947435] [client 114.119.145.86:62113] script '/home/rajatbiotech.com/www/index.php' not found or unable to stat
[Fri Jun 10 12:28:17.085394 2022] [php7:error] [pid 3947537] [client 114.119.145.81:62151] script '/home/rajatbiotech.com/www/index.php' not found or unable to stat
[Fri Jun 10 12:44:53.638779 2022] [php7:error] [pid 3948066] [client 114.119.145.88:28515] script '/home/rajatbiotech.com/www/index.php' not found or unable to stat
[Fri Jun 10 12:49:35.101772 2022] [php7:error] [pid 3948002] [client 182.162.90.116:46726] script '/home/rajatbiotech.com/www/old-index.php' not found or unable to stat, referer: rajatbiotech.com
[Fri Jun 10 12:50:04.124692 2022] [php7:error] [pid 3948146] [client 182.162.90.116:50994] script '/home/rajatbiotech.com/www/wp-load.php' not found or unable to stat, referer: rajatbiotech.com
[Fri Jun 10 13:26:34.321798 2022] [php7:error] [pid 3948726] [client 114.119.146.107:62963] script '/home/rajatbiotech.com/www/index.php' not found or unable to stat
[Fri Jun 10 13:35:36.932427 2022] [php7:error] [pid 3948730] [client 66.249.70.23:61183] script '/home/rajatbiotech.com/www/index.php' not found or unable to stat
[Fri Jun 10 13:38:31.781589 2022] [php7:error] [pid 3948357] [client 66.249.70.27:44858] script '/home/rajatbiotech.com/www/1.php' not found or unable to stat
[Fri Jun 10 13:50:38.524841 2022] [php7:error] [pid 3948584] [client 114.119.145.86:29997] script '/home/rajatbiotech.com/www/index.php' not found or unable to stat
[Fri Jun 10 14:00:48.418295 2022] [php7:error] [pid 3949398] [client 66.249.70.23:58783] script '/home/rajatbiotech.com/www/log.php' not found or unable to stat
[Fri Jun 10 14:22:12.626521 2022] [php7:error] [pid 3949937] [client 66.249.70.23:58295] script '/home/rajatbiotech.com/www/1.php' not found or unable to stat
[Fri Jun 10 14:41:53.579831 2022] [php7:error] [pid 3950240] [client 114.119.145.88:56869] script '/home/rajatbiotech.com/www/index.php' not found or unable to stat
[Fri Jun 10 14:48:32.739993 2022] [php7:error] [pid 3950320] [client 66.249.70.25:64467] script '/home/rajatbiotech.com/www/index.php' not found or unable to stat
[Fri Jun 10 14:49:06.767849 2022] [php7:error] [pid 3950320] [client 114.119.145.81:46377] script '/home/rajatbiotech.com/www/index.php' not found or unable to stat
[Fri Jun 10 14:54:58.983592 2022] [php7:error] [pid 3950496] [client 114.119.145.88:61611] script '/home/rajatbiotech.com/www/index.php' not found or unable to stat
[Fri Jun 10 15:02:16.896301 2022] [php7:error] [pid 3950570] [client 114.119.146.100:64695] script '/home/rajatbiotech.com/www/index.php' not found or unable to stat
[Fri Jun 10 15:40:49.169622 2022] [php7:error] [pid 3951135] [client 49.51.73.86:50841] script '/home/rajatbiotech.com/www/wp-load.php' not found or unable to stat, referer: www.bing.com
[Fri Jun 10 15:40:53.945327 2022] [php7:error] [pid 3951133] [client 49.51.73.86:54503] script '/home/rajatbiotech.com/www/style.php' not found or unable to stat, referer: www.bing.com
[Fri Jun 10 15:41:01.933403 2022] [php7:error] [pid 3951140] [client 49.51.73.86:53225] script '/home/rajatbiotech.com/www/s_e.php' not found or unable to stat, referer: www.bing.com
[Fri Jun 10 15:41:10.345439 2022] [php7:error] [pid 3951151] [client 49.51.73.86:64387] script '/home/rajatbiotech.com/www/s_ne.php' not found or unable to stat, referer: www.bing.com
[Fri Jun 10 15:41:15.770388 2022] [php7:error] [pid 3951133] [client 49.51.73.86:49327] script '/home/rajatbiotech.com/www/1index.php' not found or unable to stat, referer: www.bing.com
[Fri Jun 10 15:41:23.691177 2022] [php7:error] [pid 3951136] [client 49.51.73.86:55979] script '/home/rajatbiotech.com/www/radio.php' not found or unable to stat, referer: www.bing.com
[Fri Jun 10 15:41:30.309697 2022] [php7:error] [pid 3951158] [client 49.51.73.86:61490] script '/home/rajatbiotech.com/www/doc.php' not found or unable to stat, referer: www.bing.com
[Fri Jun 10 15:41:35.254615 2022] [php7:error] [pid 3951115] [client 49.51.73.86:60702] script '/home/rajatbiotech.com/www/wp_wrong_datlib.php' not found or unable to stat, referer: www.bing.com
[Fri Jun 10 15:41:39.558067 2022] [php7:error] [pid 3950954] [client 49.51.73.86:53353] script '/home/rajatbiotech.com/www/beence.php' not found or unable to stat, referer: www.bing.com
[Fri Jun 10 15:41:44.728272 2022] [php7:error] [pid 3951129] [client 49.51.73.86:58556] script '/home/rajatbiotech.com/www/ups.php' not found or unable to stat, referer: www.bing.com
[Fri Jun 10 15:41:49.192916 2022] [php7:error] [pid 3951136] [client 49.51.73.86:59093] script '/home/rajatbiotech.com/www/wp-signin.php' not found or unable to stat, referer: www.bing.com
[Fri Jun 10 15:41:55.050048 2022] [php7:error] [pid 3951158] [client 49.51.73.86:63369] script '/home/rajatbiotech.com/www/media-admin.php' not found or unable to stat, referer: www.bing.com
[Fri Jun 10 15:42:01.151890 2022] [php7:error] [pid 3950954] [client 49.51.73.86:54900] script '/home/rajatbiotech.com/www/export.php' not found or unable to stat, referer: www.bing.com
[Fri Jun 10 15:42:31.423307 2022] [php7:error] [pid 3951155] [client 49.51.73.86:61618] script '/home/rajatbiotech.com/www/defau1t.php' not found or unable to stat, referer: www.bing.com
[Fri Jun 10 15:42:36.161742 2022] [php7:error] [pid 3951129] [client 49.51.73.86:51004] script '/home/rajatbiotech.com/www/moduless.php' not found or unable to stat, referer: www.bing.com
[Fri Jun 10 15:42:41.294142 2022] [php7:error] [pid 3951115] [client 49.51.73.86:59459] script '/home/rajatbiotech.com/www/wp-booking.php' not found or unable to stat, referer: www.bing.com
[Fri Jun 10 15:42:59.965143 2022] [php7:error] [pid 3950954] [client 49.51.73.86:58269] script '/home/rajatbiotech.com/www/config.bak.php' not found or unable to stat, referer: www.bing.com
[Fri Jun 10 15:43:09.723520 2022] [php7:error] [pid 3951115] [client 49.51.73.86:54216] script '/home/rajatbiotech.com/www/legion.php' not found or unable to stat, referer: www.bing.com
[Fri Jun 10 15:43:20.285176 2022] [php7:error] [pid 3951129] [client 49.51.73.86:49275] script '/home/rajatbiotech.com/www/wp-plugins.php' not found or unable to stat, referer: www.bing.com
[Fri Jun 10 15:43:38.733044 2022] [php7:error] [pid 3950954] [client 49.51.73.86:55180] script '/home/rajatbiotech.com/www/archives.php' not found or unable to stat, referer: www.bing.com
[Fri Jun 10 15:43:45.782518 2022] [php7:error] [pid 3951191] [client 49.51.73.86:61626] script '/home/rajatbiotech.com/www/defau11.php' not found or unable to stat, referer: www.bing.com
[Fri Jun 10 15:43:46.086062 2022] [php7:error] [pid 3950954] [client 185.34.33.2:32844] script '/home/rajatbiotech.com/www/xmlrpc.php' not found or unable to stat
[Fri Jun 10 15:43:48.112192 2022] [php7:error] [pid 3950954] [client 185.34.33.2:32844] script '/home/rajatbiotech.com/www/xmlrpc.php' not found or unable to stat
[Fri Jun 10 15:43:49.373234 2022] [php7:error] [pid 3950954] [client 185.34.33.2:32844] script '/home/rajatbiotech.com/www/xmlrpc.php' not found or unable to stat
[Fri Jun 10 15:43:50.584306 2022] [php7:error] [pid 3950954] [client 185.34.33.2:32844] script '/home/rajatbiotech.com/www/xmlrpc.php' not found or unable to stat
[Fri Jun 10 15:43:51.866449 2022] [php7:error] [pid 3950954] [client 185.34.33.2:32844] script '/home/rajatbiotech.com/www/xmlrpc.php' not found or unable to stat
[Fri Jun 10 15:43:55.671775 2022] [php7:error] [pid 3951193] [client 49.51.73.86:58234] script '/home/rajatbiotech.com/www/system_log.php' not found or unable to stat, referer: www.bing.com
[Fri Jun 10 15:44:01.165411 2022] [php7:error] [pid 3951194] [client 49.51.73.86:63398] script '/home/rajatbiotech.com/www/wp-backup-sql-302.php' not found or unable to stat, referer: www.bing.com
[Fri Jun 10 15:44:06.514470 2022] [php7:error] [pid 3951156] [client 49.51.73.86:63073] script '/home/rajatbiotech.com/www/error.php' not found or unable to stat, referer: www.bing.com
[Fri Jun 10 15:46:39.023695 2022] [php7:error] [pid 3951156] [client 49.51.73.86:49655] script '/home/rajatbiotech.com/www/olux.php' not found or unable to stat, referer: www.bing.com
[Fri Jun 10 15:46:46.141253 2022] [php7:error] [pid 3950954] [client 49.51.73.86:54766] script '/home/rajatbiotech.com/www/xleet.php' not found or unable to stat, referer: www.bing.com
[Fri Jun 10 15:46:50.352718 2022] [php7:error] [pid 3950954] [client 49.51.73.86:54766] script '/home/rajatbiotech.com/www/wso.php' not found or unable to stat, referer: www.bing.com
[Fri Jun 10 15:46:55.317150 2022] [php7:error] [pid 3950954] [client 49.51.73.86:54766] script '/home/rajatbiotech.com/www/shell.php' not found or unable to stat, referer: www.bing.com
[Fri Jun 10 15:47:02.003943 2022] [php7:error] [pid 3951136] [client 49.51.73.86:57177] script '/home/rajatbiotech.com/www/up.php' not found or unable to stat, referer: www.bing.com
[Fri Jun 10 15:47:08.352560 2022] [php7:error] [pid 3951155] [client 49.51.73.86:51687] script '/home/rajatbiotech.com/www/upload.php' not found or unable to stat, referer: www.bing.com
[Fri Jun 10 15:47:15.265291 2022] [php7:error] [pid 3951215] [client 49.51.73.86:62936] script '/home/rajatbiotech.com/www/1.php' not found or unable to stat, referer: www.bing.com
[Fri Jun 10 15:47:21.043356 2022] [php7:error] [pid 3951115] [client 49.51.73.86:50510] script '/home/rajatbiotech.com/www/x.php' not found or unable to stat, referer: www.bing.com
