[Fri May 27 04:01:56.800804 2022] [php7:error] [pid 3549697] [client 141.94.87.67:51694] script '/home/rajatbiotech.com/www/wp-aespa.php' not found or unable to stat, referer: http://simplesite.com
[Fri May 27 04:52:29.264086 2022] [php7:error] [pid 3550600] [client 114.119.137.143:42635] script '/home/rajatbiotech.com/www/index.php' not found or unable to stat
[Fri May 27 05:09:08.547754 2022] [php7:error] [pid 3550838] [client 114.119.137.128:60091] script '/home/rajatbiotech.com/www/index.php' not found or unable to stat
[Fri May 27 05:34:19.255052 2022] [php7:error] [pid 3551127] [client 114.119.137.162:49227] script '/home/rajatbiotech.com/www/index.php' not found or unable to stat
[Fri May 27 05:50:44.600175 2022] [php7:error] [pid 3551447] [client 114.119.136.72:45677] script '/home/rajatbiotech.com/www/index.php' not found or unable to stat
[Fri May 27 05:51:19.319531 2022] [php7:error] [pid 3551505] [client 114.119.137.134:54861] script '/home/rajatbiotech.com/www/index.php' not found or unable to stat
[Fri May 27 06:24:32.162583 2022] [php7:error] [pid 3552131] [client 114.119.136.68:65157] script '/home/rajatbiotech.com/www/index.php' not found or unable to stat
[Fri May 27 06:24:38.637143 2022] [php7:error] [pid 3552022] [client 114.119.137.123:36929] script '/home/rajatbiotech.com/www/index.php' not found or unable to stat
[Fri May 27 06:24:59.473825 2022] [php7:error] [pid 3551839] [client 114.119.137.123:45025] script '/home/rajatbiotech.com/www/index.php' not found or unable to stat
[Fri May 27 06:25:20.636570 2022] [php7:error] [pid 3552131] [client 114.119.137.103:33523] script '/home/rajatbiotech.com/www/index.php' not found or unable to stat
[Fri May 27 06:25:52.033799 2022] [php7:error] [pid 3551994] [client 114.119.137.142:65142] script '/home/rajatbiotech.com/www/index.php' not found or unable to stat
[Fri May 27 06:35:45.347863 2022] [php7:error] [pid 3552214] [client 195.133.18.29:63175] script '/home/rajatbiotech.com/www/xmlrpc.php' not found or unable to stat
[Fri May 27 06:35:45.443790 2022] [php7:error] [pid 3552214] [client 195.133.18.29:63175] script '/home/rajatbiotech.com/www/xmlrpc.php' not found or unable to stat
[Fri May 27 06:53:53.779733 2022] [php7:error] [pid 3552669] [client 51.178.146.199:37988] script '/home/rajatbiotech.com/www/ups.php' not found or unable to stat, referer: http://simplesite.com
[Fri May 27 06:58:44.311204 2022] [php7:error] [pid 3552756] [client 114.119.137.125:59061] script '/home/rajatbiotech.com/www/index.php' not found or unable to stat
[Fri May 27 07:15:27.519156 2022] [php7:error] [pid 3552888] [client 114.119.137.142:3714] script '/home/rajatbiotech.com/www/index.php' not found or unable to stat
[Fri May 27 07:16:00.005327 2022] [php7:error] [pid 3553177] [client 114.119.136.92:57775] script '/home/rajatbiotech.com/www/index.php' not found or unable to stat
[Fri May 27 07:16:25.665661 2022] [php7:error] [pid 3553102] [client 114.119.136.99:38355] script '/home/rajatbiotech.com/www/index.php' not found or unable to stat
[Fri May 27 07:19:36.128639 2022] [php7:error] [pid 3553218] [client 66.249.70.23:42966] script '/home/rajatbiotech.com/www/1.php' not found or unable to stat
[Fri May 27 07:24:37.475055 2022] [php7:error] [pid 3553425] [client 66.249.70.27:50797] script '/home/rajatbiotech.com/www/license.php' not found or unable to stat
[Fri May 27 07:43:08.920100 2022] [php7:error] [pid 3553746] [client 114.119.137.167:57981] script '/home/rajatbiotech.com/www/index.php' not found or unable to stat
[Fri May 27 07:44:13.423003 2022] [php7:error] [pid 3553749] [client 170.106.151.159:60935] script '/home/rajatbiotech.com/www/wp-load.php' not found or unable to stat, referer: www.bing.com
[Fri May 27 07:44:20.096909 2022] [php7:error] [pid 3553749] [client 170.106.151.159:52096] script '/home/rajatbiotech.com/www/style.php' not found or unable to stat, referer: www.bing.com
[Fri May 27 07:44:32.592767 2022] [php7:error] [pid 3553750] [client 170.106.151.159:50145] script '/home/rajatbiotech.com/www/s_e.php' not found or unable to stat, referer: www.bing.com
[Fri May 27 07:44:37.562280 2022] [php7:error] [pid 3553641] [client 170.106.151.159:60959] script '/home/rajatbiotech.com/www/s_ne.php' not found or unable to stat, referer: www.bing.com
[Fri May 27 07:44:44.612633 2022] [php7:error] [pid 3554025] [client 170.106.151.159:59955] script '/home/rajatbiotech.com/www/1index.php' not found or unable to stat, referer: www.bing.com
[Fri May 27 07:44:49.438311 2022] [php7:error] [pid 3553746] [client 170.106.151.159:59583] script '/home/rajatbiotech.com/www/radio.php' not found or unable to stat, referer: www.bing.com
[Fri May 27 07:44:53.906695 2022] [php7:error] [pid 3553641] [client 170.106.151.159:49828] script '/home/rajatbiotech.com/www/doc.php' not found or unable to stat, referer: www.bing.com
[Fri May 27 07:44:59.598343 2022] [php7:error] [pid 3553952] [client 170.106.151.159:52113] script '/home/rajatbiotech.com/www/wp_wrong_datlib.php' not found or unable to stat, referer: www.bing.com
[Fri May 27 07:45:05.835962 2022] [php7:error] [pid 3554025] [client 170.106.151.159:57409] script '/home/rajatbiotech.com/www/beence.php' not found or unable to stat, referer: www.bing.com
[Fri May 27 07:45:11.943796 2022] [php7:error] [pid 3553641] [client 170.106.151.159:56265] script '/home/rajatbiotech.com/www/ups.php' not found or unable to stat, referer: www.bing.com
[Fri May 27 07:45:19.504669 2022] [php7:error] [pid 3554024] [client 170.106.151.159:54291] script '/home/rajatbiotech.com/www/wp-signin.php' not found or unable to stat, referer: www.bing.com
[Fri May 27 07:45:25.184355 2022] [php7:error] [pid 3553746] [client 170.106.151.159:59659] script '/home/rajatbiotech.com/www/media-admin.php' not found or unable to stat, referer: www.bing.com
[Fri May 27 07:45:29.689758 2022] [php7:error] [pid 3553765] [client 170.106.151.159:55314] script '/home/rajatbiotech.com/www/export.php' not found or unable to stat, referer: www.bing.com
[Fri May 27 07:45:31.313356 2022] [php7:error] [pid 3553952] [client 66.249.70.27:46131] script '/home/rajatbiotech.com/www/wp-signups.php' not found or unable to stat
[Fri May 27 07:46:03.433749 2022] [php7:error] [pid 3554064] [client 170.106.151.159:54534] script '/home/rajatbiotech.com/www/defau1t.php' not found or unable to stat, referer: www.bing.com
[Fri May 27 07:46:09.788267 2022] [php7:error] [pid 3554050] [client 170.106.151.159:55718] script '/home/rajatbiotech.com/www/moduless.php' not found or unable to stat, referer: www.bing.com
[Fri May 27 07:46:15.105933 2022] [php7:error] [pid 3554056] [client 170.106.151.159:59409] script '/home/rajatbiotech.com/www/wp-booking.php' not found or unable to stat, referer: www.bing.com
[Fri May 27 07:46:32.839150 2022] [php7:error] [pid 3554059] [client 170.106.151.159:56591] script '/home/rajatbiotech.com/www/config.bak.php' not found or unable to stat, referer: www.bing.com
[Fri May 27 07:46:43.178966 2022] [php7:error] [pid 3554061] [client 170.106.151.159:51682] script '/home/rajatbiotech.com/www/legion.php' not found or unable to stat, referer: www.bing.com
[Fri May 27 07:46:55.252635 2022] [php7:error] [pid 3554061] [client 170.106.151.159:63461] script '/home/rajatbiotech.com/www/wp-plugins.php' not found or unable to stat, referer: www.bing.com
[Fri May 27 07:47:11.376380 2022] [php7:error] [pid 3554025] [client 170.106.151.159:57162] script '/home/rajatbiotech.com/www/archives.php' not found or unable to stat, referer: www.bing.com
[Fri May 27 07:47:15.895003 2022] [php7:error] [pid 3554061] [client 170.106.151.159:53958] script '/home/rajatbiotech.com/www/defau11.php' not found or unable to stat, referer: www.bing.com
[Fri May 27 07:47:26.358183 2022] [php7:error] [pid 3554047] [client 170.106.151.159:53449] script '/home/rajatbiotech.com/www/system_log.php' not found or unable to stat, referer: www.bing.com
[Fri May 27 07:47:31.411741 2022] [php7:error] [pid 3554061] [client 170.106.151.159:53443] script '/home/rajatbiotech.com/www/wp-backup-sql-302.php' not found or unable to stat, referer: www.bing.com
[Fri May 27 07:47:38.300875 2022] [php7:error] [pid 3554050] [client 170.106.151.159:63961] script '/home/rajatbiotech.com/www/error.php' not found or unable to stat, referer: www.bing.com
[Fri May 27 07:50:26.697081 2022] [php7:error] [pid 3554059] [client 170.106.151.159:59414] script '/home/rajatbiotech.com/www/index.php' not found or unable to stat, referer: www.bing.com
[Fri May 27 07:50:31.615587 2022] [php7:error] [pid 3554059] [client 170.106.151.159:59414] script '/home/rajatbiotech.com/www/olux.php' not found or unable to stat, referer: www.bing.com
[Fri May 27 07:50:36.519006 2022] [php7:error] [pid 3554059] [client 170.106.151.159:59414] script '/home/rajatbiotech.com/www/xleet.php' not found or unable to stat, referer: www.bing.com
[Fri May 27 07:50:54.852883 2022] [php7:error] [pid 3554158] [client 170.106.151.159:61991] script '/home/rajatbiotech.com/www/wso.php' not found or unable to stat, referer: www.bing.com
[Fri May 27 07:51:03.812624 2022] [php7:error] [pid 3554161] [client 170.106.151.159:55631] script '/home/rajatbiotech.com/www/up.php' not found or unable to stat, referer: www.bing.com
[Fri May 27 07:51:08.548033 2022] [php7:error] [pid 3554161] [client 170.106.151.159:55631] script '/home/rajatbiotech.com/www/upload.php' not found or unable to stat, referer: www.bing.com
[Fri May 27 07:51:13.037369 2022] [php7:error] [pid 3554161] [client 170.106.151.159:55631] script '/home/rajatbiotech.com/www/1.php' not found or unable to stat, referer: www.bing.com
[Fri May 27 07:51:29.795974 2022] [php7:error] [pid 3554161] [client 170.106.151.159:50938] script '/home/rajatbiotech.com/www/x.php' not found or unable to stat, referer: www.bing.com
[Fri May 27 07:51:34.399078 2022] [php7:error] [pid 3554161] [client 170.106.151.159:50938] script '/home/rajatbiotech.com/www/z.php' not found or unable to stat, referer: www.bing.com
[Fri May 27 07:51:38.887722 2022] [php7:error] [pid 3554161] [client 170.106.151.159:50938] script '/home/rajatbiotech.com/www/a.php' not found or unable to stat, referer: www.bing.com
[Fri May 27 07:51:44.259328 2022] [php7:error] [pid 3554173] [client 170.106.151.159:59794] script '/home/rajatbiotech.com/www/test.php' not found or unable to stat, referer: www.bing.com
[Fri May 27 07:51:48.888886 2022] [php7:error] [pid 3554173] [client 170.106.151.159:59794] script '/home/rajatbiotech.com/www/wp.php' not found or unable to stat, referer: www.bing.com
[Fri May 27 07:51:53.717617 2022] [php7:error] [pid 3554173] [client 170.106.151.159:59794] script '/home/rajatbiotech.com/www/alfa.php' not found or unable to stat, referer: www.bing.com
[Fri May 27 07:52:10.678874 2022] [php7:error] [pid 3554173] [client 170.106.151.159:63658] script '/home/rajatbiotech.com/www/config.php' not found or unable to stat, referer: www.bing.com
[Fri May 27 07:52:20.797041 2022] [php7:error] [pid 3554056] [client 170.106.151.159:53677] script '/home/rajatbiotech.com/www/about.php' not found or unable to stat, referer: www.bing.com
[Fri May 27 07:52:24.928471 2022] [php7:error] [pid 3554056] [client 170.106.151.159:53677] script '/home/rajatbiotech.com/www/shells.php' not found or unable to stat, referer: www.bing.com
[Fri May 27 07:57:53.985836 2022] [php7:error] [pid 3554219] [client 66.249.70.27:57239] script '/home/rajatbiotech.com/www/license.php' not found or unable to stat
[Fri May 27 08:06:25.162862 2022] [php7:error] [pid 3554401] [client 66.249.70.25:60986] script '/home/rajatbiotech.com/www/wp-signups.php' not found or unable to stat
[Fri May 27 08:15:57.918001 2022] [php7:error] [pid 3554660] [client 114.119.137.146:33693] script '/home/rajatbiotech.com/www/index.php' not found or unable to stat
[Fri May 27 08:16:53.779727 2022] [php7:error] [pid 3554688] [client 114.119.137.105:2796] script '/home/rajatbiotech.com/www/index.php' not found or unable to stat
[Fri May 27 08:18:01.432972 2022] [php7:error] [pid 3554674] [client 89.161.201.36:43670] script '/home/rajatbiotech.com/www/admin.php' not found or unable to stat, referer: http://simplesite.com
[Fri May 27 08:37:14.833052 2022] [php7:error] [pid 3554921] [client 114.119.136.75:48049] script '/home/rajatbiotech.com/www/index.php' not found or unable to stat
[Fri May 27 08:42:01.482260 2022] [php7:error] [pid 3555051] [client 66.249.70.23:40841] script '/home/rajatbiotech.com/www/log.php' not found or unable to stat
[Fri May 27 08:42:53.451657 2022] [php7:error] [pid 3555054] [client 66.249.70.25:60822] script '/home/rajatbiotech.com/www/index.php' not found or unable to stat
[Fri May 27 08:48:12.864238 2022] [php7:error] [pid 3555194] [client 66.249.70.27:49999] script '/home/rajatbiotech.com/www/wp-signups.php' not found or unable to stat
[Fri May 27 08:49:08.860226 2022] [php7:error] [pid 3555184] [client 66.249.70.23:63241] script '/home/rajatbiotech.com/www/log.php' not found or unable to stat
[Fri May 27 08:50:18.721256 2022] [php7:error] [pid 3555196] [client 114.119.137.141:21469] script '/home/rajatbiotech.com/www/index.php' not found or unable to stat
[Fri May 27 09:06:29.476673 2022] [php7:error] [pid 3555523] [client 114.119.136.66:63703] script '/home/rajatbiotech.com/www/index.php' not found or unable to stat
[Fri May 27 09:27:00.691137 2022] [php7:error] [pid 3555902] [client 66.249.70.25:61478] script '/home/rajatbiotech.com/www/license.php' not found or unable to stat
[Fri May 27 09:37:42.652464 2022] [php7:error] [pid 3555974] [client 66.249.70.18:47140] script '/home/rajatbiotech.com/www/index.php' not found or unable to stat
[Fri May 27 09:48:37.395135 2022] [php7:error] [pid 3556344] [client 66.249.70.18:64693] script '/home/rajatbiotech.com/www/index.php' not found or unable to stat
[Fri May 27 10:01:53.717582 2022] [php7:error] [pid 3556690] [client 114.119.137.141:35585] script '/home/rajatbiotech.com/www/index.php' not found or unable to stat
[Fri May 27 10:02:17.367762 2022] [php7:error] [pid 3556585] [client 114.119.136.95:41655] script '/home/rajatbiotech.com/www/index.php' not found or unable to stat
[Fri May 27 10:23:52.760279 2022] [php7:error] [pid 3556745] [client 114.119.136.99:53481] script '/home/rajatbiotech.com/www/index.php' not found or unable to stat
[Fri May 27 10:32:56.904143 2022] [php7:error] [pid 3556585] [client 114.119.136.86:45949] script '/home/rajatbiotech.com/www/index.php' not found or unable to stat
[Fri May 27 10:54:38.660587 2022] [php7:error] [pid 3557637] [client 114.119.137.134:52283] script '/home/rajatbiotech.com/www/index.php' not found or unable to stat
[Fri May 27 11:01:58.607046 2022] [php7:error] [pid 3557788] [client 114.119.136.75:48079] script '/home/rajatbiotech.com/www/index.php' not found or unable to stat
[Fri May 27 11:39:55.706888 2022] [php7:error] [pid 3558738] [client 114.119.137.177:58033] script '/home/rajatbiotech.com/www/index.php' not found or unable to stat
[Fri May 27 11:54:59.986294 2022] [php7:error] [pid 3559655] [client 114.119.136.85:52121] script '/home/rajatbiotech.com/www/index.php' not found or unable to stat
[Fri May 27 12:21:02.550518 2022] [php7:error] [pid 3559890] [client 114.119.137.141:54523] script '/home/rajatbiotech.com/www/index.php' not found or unable to stat
[Fri May 27 12:21:08.629724 2022] [php7:error] [pid 3559825] [client 66.249.74.27:58290] script '/home/rajatbiotech.com/www/license.php' not found or unable to stat
[Fri May 27 12:30:20.108322 2022] [php7:error] [pid 3560121] [client 114.119.137.124:43173] script '/home/rajatbiotech.com/www/index.php' not found or unable to stat
[Fri May 27 12:33:16.855407 2022] [php7:error] [pid 3560122] [client 114.119.137.153:54735] script '/home/rajatbiotech.com/www/index.php' not found or unable to stat
[Fri May 27 12:34:27.829652 2022] [php7:error] [pid 3560196] [client 66.249.74.27:59587] script '/home/rajatbiotech.com/www/wp-signups.php' not found or unable to stat
[Fri May 27 12:35:59.223124 2022] [php7:error] [pid 3560197] [client 114.119.136.92:40991] script '/home/rajatbiotech.com/www/index.php' not found or unable to stat
[Fri May 27 12:37:54.162429 2022] [php7:error] [pid 3560271] [client 114.119.137.156:43889] script '/home/rajatbiotech.com/www/index.php' not found or unable to stat
[Fri May 27 12:50:56.690939 2022] [php7:error] [pid 3560533] [client 66.249.74.27:62674] script '/home/rajatbiotech.com/www/1.php' not found or unable to stat
[Fri May 27 12:58:30.640483 2022] [php7:error] [pid 3560648] [client 114.119.134.195:56749] script '/home/rajatbiotech.com/www/index.php' not found or unable to stat
[Fri May 27 13:10:33.199152 2022] [php7:error] [pid 3560767] [client 114.119.137.145:34865] script '/home/rajatbiotech.com/www/index.php' not found or unable to stat
[Fri May 27 14:13:10.766051 2022] [php7:error] [pid 3561654] [client 114.119.136.96:60967] script '/home/rajatbiotech.com/www/index.php' not found or unable to stat
[Fri May 27 14:24:22.827042 2022] [php7:error] [pid 3561650] [client 63.35.220.48:43628] script '/home/rajatbiotech.com/www/app.php' not found or unable to stat
[Fri May 27 14:36:22.233644 2022] [php7:error] [pid 3561811] [client 114.119.136.69:45068] script '/home/rajatbiotech.com/www/index.php' not found or unable to stat
[Fri May 27 14:52:19.203408 2022] [php7:error] [pid 3561760] [client 114.119.136.86:25011] script '/home/rajatbiotech.com/www/index.php' not found or unable to stat
[Fri May 27 14:55:56.849398 2022] [php7:error] [pid 3562145] [client 114.119.136.86:65421] script '/home/rajatbiotech.com/www/index.php' not found or unable to stat
[Fri May 27 14:57:59.798264 2022] [php7:error] [pid 3562194] [client 114.119.137.134:47181] script '/home/rajatbiotech.com/www/index.php' not found or unable to stat
[Fri May 27 15:00:57.227267 2022] [php7:error] [pid 3562145] [client 114.119.137.153:64461] script '/home/rajatbiotech.com/www/index.php' not found or unable to stat
[Fri May 27 15:05:36.849057 2022] [php7:error] [pid 3562274] [client 66.249.74.25:43821] script '/home/rajatbiotech.com/www/wp-signups.php' not found or unable to stat
[Fri May 27 15:19:19.136329 2022] [php7:error] [pid 3562265] [client 114.119.136.72:23397] script '/home/rajatbiotech.com/www/index.php' not found or unable to stat
[Fri May 27 15:20:29.856145 2022] [php7:error] [pid 3562145] [client 66.249.74.27:53039] script '/home/rajatbiotech.com/www/1.php' not found or unable to stat
[Fri May 27 15:23:51.232408 2022] [php7:error] [pid 3562701] [client 114.119.137.145:43097] script '/home/rajatbiotech.com/www/index.php' not found or unable to stat
[Fri May 27 15:37:03.135626 2022] [php7:error] [pid 3562695] [client 114.119.136.69:54636] script '/home/rajatbiotech.com/www/index.php' not found or unable to stat
[Fri May 27 15:50:36.182590 2022] [php7:error] [pid 3562701] [client 66.249.74.23:40374] script '/home/rajatbiotech.com/www/index.php' not found or unable to stat
[Fri May 27 15:55:23.822462 2022] [php7:error] [pid 3563070] [client 114.119.136.69:49728] script '/home/rajatbiotech.com/www/index.php' not found or unable to stat
[Fri May 27 15:55:52.042405 2022] [php7:error] [pid 3562982] [client 66.249.74.27:64076] script '/home/rajatbiotech.com/www/index.php' not found or unable to stat
[Fri May 27 15:59:23.771799 2022] [php7:error] [pid 3563006] [client 114.119.136.96:52973] script '/home/rajatbiotech.com/www/index.php' not found or unable to stat
[Fri May 27 16:00:33.299447 2022] [php7:error] [pid 3562982] [client 114.119.136.76:65319] script '/home/rajatbiotech.com/www/index.php' not found or unable to stat
[Fri May 27 16:05:35.692115 2022] [php7:error] [pid 3563064] [client 66.249.74.20:63474] script '/home/rajatbiotech.com/www/index.php' not found or unable to stat
[Fri May 27 16:06:17.617532 2022] [php7:error] [pid 3563047] [client 114.119.137.153:64949] script '/home/rajatbiotech.com/www/index.php' not found or unable to stat
[Fri May 27 16:14:54.030461 2022] [php7:error] [pid 3563284] [client 193.56.29.159:33790] script '/home/rajatbiotech.com/www/xmlrpc.php' not found or unable to stat
[Fri May 27 16:24:23.130563 2022] [php7:error] [pid 3563289] [client 114.119.137.177:27385] script '/home/rajatbiotech.com/www/index.php' not found or unable to stat
[Fri May 27 16:25:40.080428 2022] [php7:error] [pid 3563281] [client 66.249.74.27:36244] script '/home/rajatbiotech.com/www/1.php' not found or unable to stat
[Fri May 27 16:34:42.445773 2022] [php7:error] [pid 3563370] [client 66.249.74.27:65086] script '/home/rajatbiotech.com/www/wp-signups.php' not found or unable to stat
[Fri May 27 16:43:39.913687 2022] [php7:error] [pid 3563537] [client 114.119.137.162:48581] script '/home/rajatbiotech.com/www/index.php' not found or unable to stat
[Fri May 27 16:45:35.710317 2022] [php7:error] [pid 3563563] [client 66.249.74.18:42519] script '/home/rajatbiotech.com/www/index.php' not found or unable to stat
[Fri May 27 16:52:41.991224 2022] [php7:error] [pid 3563596] [client 66.249.74.20:57948] script '/home/rajatbiotech.com/www/index.php' not found or unable to stat
[Fri May 27 16:52:42.839104 2022] [php7:error] [pid 3563596] [client 66.249.74.20:57948] script '/home/rajatbiotech.com/www/index.php' not found or unable to stat
[Fri May 27 16:52:43.322203 2022] [php7:error] [pid 3563596] [client 66.249.74.20:57948] script '/home/rajatbiotech.com/www/index.php' not found or unable to stat
[Fri May 27 16:55:08.485092 2022] [php7:error] [pid 3563595] [client 143.110.233.246:63852] script '/home/rajatbiotech.com/www/wp-login.php' not found or unable to stat
[Fri May 27 17:02:13.802364 2022] [php7:error] [pid 3563594] [client 66.249.74.16:36854] script '/home/rajatbiotech.com/www/index.php' not found or unable to stat
[Fri May 27 17:09:59.054454 2022] [php7:error] [pid 3563596] [client 66.249.74.16:43402] script '/home/rajatbiotech.com/www/index.php' not found or unable to stat
[Fri May 27 17:11:13.197019 2022] [php7:error] [pid 3563712] [client 66.249.74.20:44020] script '/home/rajatbiotech.com/www/index.php' not found or unable to stat
[Fri May 27 17:15:10.703183 2022] [php7:error] [pid 3563643] [client 66.249.74.25:58261] script '/home/rajatbiotech.com/www/wp-signups.php' not found or unable to stat
[Fri May 27 17:15:46.394555 2022] [php7:error] [pid 3563643] [client 66.249.74.25:40765] script '/home/rajatbiotech.com/www/wp-signups.php' not found or unable to stat
[Fri May 27 17:27:36.966998 2022] [php7:error] [pid 3563944] [client 114.119.137.167:38411] script '/home/rajatbiotech.com/www/index.php' not found or unable to stat
[Fri May 27 17:29:05.195506 2022] [php7:error] [pid 3563901] [client 66.249.74.20:55353] script '/home/rajatbiotech.com/www/index.php' not found or unable to stat
[Fri May 27 17:31:24.943480 2022] [php7:error] [pid 3564024] [client 66.249.74.18:41089] script '/home/rajatbiotech.com/www/index.php' not found or unable to stat
[Fri May 27 17:33:23.017886 2022] [php7:error] [pid 3564062] [client 114.119.136.88:60689] script '/home/rajatbiotech.com/www/index.php' not found or unable to stat
[Fri May 27 17:34:13.010081 2022] [php7:error] [pid 3564061] [client 66.249.74.23:52861] script '/home/rajatbiotech.com/www/1.php' not found or unable to stat
[Fri May 27 17:39:39.227055 2022] [php7:error] [pid 3564078] [client 114.119.136.76:38303] script '/home/rajatbiotech.com/www/index.php' not found or unable to stat
[Fri May 27 17:41:08.269659 2022] [php7:error] [pid 3564005] [client 66.249.74.20:61628] script '/home/rajatbiotech.com/www/index.php' not found or unable to stat
[Fri May 27 17:41:13.048497 2022] [php7:error] [pid 3564116] [client 66.249.74.18:39162] script '/home/rajatbiotech.com/www/index.php' not found or unable to stat
[Fri May 27 17:41:25.576560 2022] [php7:error] [pid 3564062] [client 66.249.74.16:36255] script '/home/rajatbiotech.com/www/index.php' not found or unable to stat
[Fri May 27 17:43:07.314181 2022] [php7:error] [pid 3564067] [client 114.119.137.141:20643] script '/home/rajatbiotech.com/www/index.php' not found or unable to stat
[Fri May 27 17:44:19.720431 2022] [php7:error] [pid 3564067] [client 66.249.74.18:56639] script '/home/rajatbiotech.com/www/index.php' not found or unable to stat
[Fri May 27 17:45:12.643480 2022] [php7:error] [pid 3563901] [client 66.249.74.20:63777] script '/home/rajatbiotech.com/www/index.php' not found or unable to stat
[Fri May 27 17:47:09.072285 2022] [php7:error] [pid 3564219] [client 114.119.137.146:40417] script '/home/rajatbiotech.com/www/index.php' not found or unable to stat
[Fri May 27 17:49:57.072236 2022] [php7:error] [pid 3564249] [client 66.249.74.25:62337] script '/home/rajatbiotech.com/www/1.php' not found or unable to stat
[Fri May 27 17:53:05.795768 2022] [php7:error] [pid 3564396] [client 66.249.74.25:38017] script '/home/rajatbiotech.com/www/1.php' not found or unable to stat
[Fri May 27 17:59:42.566734 2022] [php7:error] [pid 3564512] [client 114.119.137.162:30129] script '/home/rajatbiotech.com/www/index.php' not found or unable to stat
[Fri May 27 18:01:58.652061 2022] [php7:error] [pid 3564213] [client 114.119.137.134:41219] script '/home/rajatbiotech.com/www/index.php' not found or unable to stat
[Fri May 27 18:07:40.588244 2022] [php7:error] [pid 3564537] [client 66.249.74.18:63438] script '/home/rajatbiotech.com/www/index.php' not found or unable to stat
[Fri May 27 18:20:40.095837 2022] [php7:error] [pid 3564754] [client 66.249.74.16:56641] script '/home/rajatbiotech.com/www/index.php' not found or unable to stat
[Fri May 27 18:24:13.846959 2022] [php7:error] [pid 3564754] [client 114.119.136.8:47719] script '/home/rajatbiotech.com/www/index.php' not found or unable to stat
[Fri May 27 18:28:07.854274 2022] [php7:error] [pid 3564832] [client 66.249.74.18:40250] script '/home/rajatbiotech.com/www/index.php' not found or unable to stat
[Fri May 27 18:29:19.722231 2022] [php7:error] [pid 3564786] [client 66.249.74.18:38258] script '/home/rajatbiotech.com/www/index.php' not found or unable to stat
[Fri May 27 18:30:00.204395 2022] [php7:error] [pid 3564757] [client 114.119.136.8:35727] script '/home/rajatbiotech.com/www/index.php' not found or unable to stat
[Fri May 27 18:34:38.767546 2022] [php7:error] [pid 3564829] [client 114.119.137.146:51197] script '/home/rajatbiotech.com/www/index.php' not found or unable to stat
[Fri May 27 18:40:40.712582 2022] [php7:error] [pid 3564972] [client 66.249.74.23:55887] script '/home/rajatbiotech.com/www/license.php' not found or unable to stat
[Fri May 27 18:40:41.166735 2022] [php7:error] [pid 3564965] [client 132.145.39.16:53096] script '/home/rajatbiotech.com/www/wp-class.php' not found or unable to stat
[Fri May 27 18:43:07.862077 2022] [php7:error] [pid 3564750] [client 66.249.74.16:58551] script '/home/rajatbiotech.com/www/index.php' not found or unable to stat
[Fri May 27 18:52:25.734237 2022] [php7:error] [pid 3565056] [client 66.249.74.23:54060] script '/home/rajatbiotech.com/www/wp-signups.php' not found or unable to stat
[Fri May 27 19:04:57.088191 2022] [php7:error] [pid 3565277] [client 66.249.74.27:62300] script '/home/rajatbiotech.com/www/wp-signups.php' not found or unable to stat
[Fri May 27 19:06:43.204603 2022] [php7:error] [pid 3565258] [client 51.195.166.196:33912] script '/home/rajatbiotech.com/www/wp-login.php' not found or unable to stat
[Fri May 27 19:06:48.354119 2022] [php7:error] [pid 3565289] [client 94.102.56.8:38779] script '/home/rajatbiotech.com/www/wp-login.php' not found or unable to stat
[Fri May 27 19:06:52.896765 2022] [php7:error] [pid 3565255] [client 185.14.97.176:60344] script '/home/rajatbiotech.com/www/wp-login.php' not found or unable to stat
[Fri May 27 19:07:02.306611 2022] [php7:error] [pid 3565283] [client 109.70.100.35:43859] script '/home/rajatbiotech.com/www/wp-login.php' not found or unable to stat
[Fri May 27 19:07:09.072132 2022] [php7:error] [pid 3565291] [client 107.189.7.88:39349] script '/home/rajatbiotech.com/www/wp-login.php' not found or unable to stat
[Fri May 27 19:07:13.998500 2022] [php7:error] [pid 3565283] [client 45.153.160.133:40711] script '/home/rajatbiotech.com/www/wp-login.php' not found or unable to stat
[Fri May 27 19:07:35.155300 2022] [php7:error] [pid 3565291] [client 170.0.235.129:56471] script '/home/rajatbiotech.com/www/xmlrpc.php' not found or unable to stat
[Fri May 27 19:08:02.824575 2022] [php7:error] [pid 3565291] [client 170.0.235.129:56507] script '/home/rajatbiotech.com/www/wp-login.php' not found or unable to stat
[Fri May 27 19:08:48.578299 2022] [php7:error] [pid 3565240] [client 114.119.136.72:33913] script '/home/rajatbiotech.com/www/index.php' not found or unable to stat
[Fri May 27 19:10:01.548583 2022] [php7:error] [pid 3565291] [client 114.119.137.143:33181] script '/home/rajatbiotech.com/www/index.php' not found or unable to stat
[Fri May 27 19:10:40.693240 2022] [php7:error] [pid 3565288] [client 66.249.74.27:44063] script '/home/rajatbiotech.com/www/wp-signups.php' not found or unable to stat
[Fri May 27 19:10:59.581156 2022] [php7:error] [pid 3565289] [client 135.148.100.25:42818] script '/home/rajatbiotech.com/www/wp-login.php' not found or unable to stat
[Fri May 27 19:11:29.232651 2022] [php7:error] [pid 3565385] [client 135.148.100.25:48956] script '/home/rajatbiotech.com/www/wp-login.php' not found or unable to stat
[Fri May 27 19:11:29.613387 2022] [php7:error] [pid 3565385] [client 135.148.100.25:48956] script '/home/rajatbiotech.com/www/wp-login.php' not found or unable to stat
[Fri May 27 19:11:42.138223 2022] [php7:error] [pid 3565174] [client 66.249.74.27:37607] script '/home/rajatbiotech.com/www/log.php' not found or unable to stat
[Fri May 27 19:12:04.601263 2022] [php7:error] [pid 3565397] [client 135.148.100.25:55686] script '/home/rajatbiotech.com/www/wp-login.php' not found or unable to stat
[Fri May 27 19:22:40.898861 2022] [php7:error] [pid 3565437] [client 66.249.74.16:63973] script '/home/rajatbiotech.com/www/index.php' not found or unable to stat
[Fri May 27 19:24:30.816764 2022] [php7:error] [pid 3565385] [client 66.249.74.16:60996] script '/home/rajatbiotech.com/www/index.php' not found or unable to stat
[Fri May 27 19:27:51.123953 2022] [php7:error] [pid 3565412] [client 114.119.137.125:38823] script '/home/rajatbiotech.com/www/index.php' not found or unable to stat
[Fri May 27 19:30:56.681043 2022] [php7:error] [pid 3565412] [client 66.249.74.27:36890] script '/home/rajatbiotech.com/www/wp-signups.php' not found or unable to stat
[Fri May 27 19:37:22.382570 2022] [php7:error] [pid 3565401] [client 66.249.74.25:42721] script '/home/rajatbiotech.com/www/wp-signups.php' not found or unable to stat
[Fri May 27 19:44:57.063894 2022] [php7:error] [pid 3565614] [client 66.249.74.25:44021] script '/home/rajatbiotech.com/www/index.php' not found or unable to stat
[Fri May 27 19:54:57.077460 2022] [php7:error] [pid 3565819] [client 66.249.74.3:45008] script '/home/rajatbiotech.com/www/1.php' not found or unable to stat
[Fri May 27 20:05:35.800063 2022] [php7:error] [pid 3565762] [client 66.249.74.18:61279] script '/home/rajatbiotech.com/www/index.php' not found or unable to stat
[Fri May 27 20:46:04.673418 2022] [php7:error] [pid 3566737] [client 114.119.137.160:44271] script '/home/rajatbiotech.com/www/index.php' not found or unable to stat
[Fri May 27 20:56:36.703528 2022] [php7:error] [pid 3566344] [client 141.94.87.67:57956] script '/home/rajatbiotech.com/www/wp-class.php' not found or unable to stat, referer: http://simplesite.com
[Fri May 27 20:57:52.790347 2022] [php7:error] [pid 3565737] [client 114.119.137.141:40399] script '/home/rajatbiotech.com/www/index.php' not found or unable to stat
[Fri May 27 21:00:25.485905 2022] [php7:error] [pid 3565737] [client 66.249.74.20:53777] script '/home/rajatbiotech.com/www/index.php' not found or unable to stat
[Fri May 27 21:07:55.604083 2022] [php7:error] [pid 3566344] [client 65.108.230.121:56562] script '/home/rajatbiotech.com/www/xmlrpc.php' not found or unable to stat
[Fri May 27 21:09:51.296203 2022] [php7:error] [pid 3566899] [client 66.249.74.25:42210] script '/home/rajatbiotech.com/www/1.php' not found or unable to stat
[Fri May 27 21:19:19.023323 2022] [php7:error] [pid 3566870] [client 66.249.74.16:58089] script '/home/rajatbiotech.com/www/index.php' not found or unable to stat
[Fri May 27 21:24:03.006240 2022] [php7:error] [pid 3567052] [client 66.249.74.18:53198] script '/home/rajatbiotech.com/www/index.php' not found or unable to stat
[Fri May 27 21:31:35.713667 2022] [php7:error] [pid 3567111] [client 114.119.137.124:60091] script '/home/rajatbiotech.com/www/index.php' not found or unable to stat
[Fri May 27 21:38:15.674179 2022] [php7:error] [pid 3565737] [client 66.249.74.23:53760] script '/home/rajatbiotech.com/www/1.php' not found or unable to stat
[Fri May 27 21:39:01.081575 2022] [php7:error] [pid 3567715] [client 114.119.137.122:34819] script '/home/rajatbiotech.com/www/index.php' not found or unable to stat
[Fri May 27 21:45:23.175465 2022] [php7:error] [pid 3565737] [client 66.249.74.18:52946] script '/home/rajatbiotech.com/www/index.php' not found or unable to stat
[Fri May 27 21:51:49.035250 2022] [php7:error] [pid 3566907] [client 66.249.74.5:56763] script '/home/rajatbiotech.com/www/index.php' not found or unable to stat
[Fri May 27 22:19:32.570485 2022] [php7:error] [pid 3567052] [client 114.119.137.141:56987] script '/home/rajatbiotech.com/www/index.php' not found or unable to stat
[Fri May 27 22:25:31.524377 2022] [php7:error] [pid 3568482] [client 96.30.199.186:44598] script '/home/rajatbiotech.com/www/2index.php' not found or unable to stat, referer: http://simplesite.com
[Fri May 27 22:43:14.742596 2022] [php7:error] [pid 3568482] [client 66.249.74.25:63703] script '/home/rajatbiotech.com/www/log.php' not found or unable to stat
[Fri May 27 22:45:16.479324 2022] [php7:error] [pid 3569422] [client 114.119.136.92:36967] script '/home/rajatbiotech.com/www/index.php' not found or unable to stat
[Fri May 27 22:49:54.792031 2022] [php7:error] [pid 3566344] [client 114.119.137.128:32945] script '/home/rajatbiotech.com/www/index.php' not found or unable to stat
[Fri May 27 22:53:58.407172 2022] [php7:error] [pid 3568765] [client 66.249.74.25:51419] script '/home/rajatbiotech.com/www/wp-signups.php' not found or unable to stat
[Fri May 27 22:58:08.837274 2022] [php7:error] [pid 3569809] [client 66.249.74.5:55752] script '/home/rajatbiotech.com/www/wp-signups.php' not found or unable to stat
[Fri May 27 23:08:57.564853 2022] [php7:error] [pid 3568765] [client 66.249.74.23:42777] script '/home/rajatbiotech.com/www/license.php' not found or unable to stat
[Fri May 27 23:09:37.894071 2022] [php7:error] [pid 3570060] [client 114.119.137.143:56265] script '/home/rajatbiotech.com/www/index.php' not found or unable to stat
[Fri May 27 23:11:22.778957 2022] [php7:error] [pid 3568765] [client 66.249.74.23:54216] script '/home/rajatbiotech.com/www/log.php' not found or unable to stat
[Fri May 27 23:13:32.289193 2022] [php7:error] [pid 3568765] [client 66.249.74.23:64088] script '/home/rajatbiotech.com/www/license.php' not found or unable to stat
[Fri May 27 23:15:23.288648 2022] [php7:error] [pid 3569212] [client 66.249.74.27:60087] script '/home/rajatbiotech.com/www/wp-signups.php' not found or unable to stat
[Fri May 27 23:42:39.825901 2022] [php7:error] [pid 3571374] [client 66.249.74.3:49849] script '/home/rajatbiotech.com/www/index.php' not found or unable to stat
[Fri May 27 23:43:16.926380 2022] [php7:error] [pid 3570887] [client 114.119.137.122:45463] script '/home/rajatbiotech.com/www/index.php' not found or unable to stat
[Sat May 28 00:00:23.170761 2022] [php7:error] [pid 3571860] [client 66.249.74.6:42460] script '/home/rajatbiotech.com/www/index.php' not found or unable to stat
[Sat May 28 00:04:30.868507 2022] [php7:error] [pid 3571862] [client 66.249.74.3:38622] script '/home/rajatbiotech.com/www/license.php' not found or unable to stat
[Sat May 28 00:07:05.682320 2022] [php7:error] [pid 3571917] [client 66.249.74.8:52941] script '/home/rajatbiotech.com/www/index.php' not found or unable to stat
[Sat May 28 00:07:36.463827 2022] [php7:error] [pid 3571975] [client 20.56.106.24:45304] script '/home/rajatbiotech.com/www/admin.php' not found or unable to stat
[Sat May 28 00:07:36.463831 2022] [php7:error] [pid 3571860] [client 20.56.106.24:45302] script '/home/rajatbiotech.com/www/wikindex.php' not found or unable to stat
[Sat May 28 00:07:36.463844 2022] [php7:error] [pid 3571917] [client 20.56.106.24:45306] script '/home/rajatbiotech.com/www/2index.php' not found or unable to stat
[Sat May 28 00:29:41.327186 2022] [php7:error] [pid 3571918] [client 114.119.137.153:64323] script '/home/rajatbiotech.com/www/index.php' not found or unable to stat
[Sat May 28 00:39:11.205522 2022] [php7:error] [pid 3571918] [client 114.119.136.86:38759] script '/home/rajatbiotech.com/www/index.php' not found or unable to stat
[Sat May 28 00:40:06.857164 2022] [php7:error] [pid 3571982] [client 114.119.137.128:23845] script '/home/rajatbiotech.com/www/index.php' not found or unable to stat
[Sat May 28 00:40:34.977359 2022] [php7:error] [pid 3571918] [client 114.119.137.124:29553] script '/home/rajatbiotech.com/www/index.php' not found or unable to stat
[Sat May 28 00:43:50.973383 2022] [php7:error] [pid 3572923] [client 185.197.195.173:45292] script '/home/rajatbiotech.com/www/wp-login.php' not found or unable to stat
[Sat May 28 00:46:53.937103 2022] [php7:error] [pid 3571918] [client 114.119.136.88:48803] script '/home/rajatbiotech.com/www/index.php' not found or unable to stat
[Sat May 28 00:51:45.577642 2022] [php7:error] [pid 3571923] [client 66.249.74.23:43547] script '/home/rajatbiotech.com/www/wp-signups.php' not found or unable to stat
[Sat May 28 00:51:48.977873 2022] [php7:error] [pid 3571919] [client 66.249.74.27:60361] script '/home/rajatbiotech.com/www/log.php' not found or unable to stat
[Sat May 28 01:08:14.366893 2022] [php7:error] [pid 3572922] [client 114.119.137.153:61615] script '/home/rajatbiotech.com/www/index.php' not found or unable to stat
[Sat May 28 01:17:47.653083 2022] [php7:error] [pid 3571861] [client 114.119.136.92:42691] script '/home/rajatbiotech.com/www/index.php' not found or unable to stat
[Sat May 28 01:28:14.590109 2022] [php7:error] [pid 3572922] [client 66.249.74.18:36571] script '/home/rajatbiotech.com/www/index.php' not found or unable to stat
[Sat May 28 01:49:11.173700 2022] [php7:error] [pid 3573632] [client 66.249.74.18:47580] script '/home/rajatbiotech.com/www/index.php' not found or unable to stat
[Sat May 28 01:54:52.595736 2022] [php7:error] [pid 3575236] [client 114.119.137.125:31119] script '/home/rajatbiotech.com/www/index.php' not found or unable to stat
[Sat May 28 01:57:40.325847 2022] [php7:error] [pid 3571861] [client 114.119.137.125:52355] script '/home/rajatbiotech.com/www/index.php' not found or unable to stat
[Sat May 28 01:58:14.689263 2022] [php7:error] [pid 3575236] [client 66.249.74.23:56223] script '/home/rajatbiotech.com/www/license.php' not found or unable to stat
[Sat May 28 01:59:58.562028 2022] [php7:error] [pid 3573635] [client 114.119.136.76:20989] script '/home/rajatbiotech.com/www/index.php' not found or unable to stat
[Sat May 28 02:01:44.511881 2022] [php7:error] [pid 3575558] [client 2.56.56.192:63381] script '/home/rajatbiotech.com/www/wp-class.php' not found or unable to stat, referer: www.google.com
[Sat May 28 02:05:49.390766 2022] [php7:error] [pid 3575600] [client 193.142.146.230:57325] script '/home/rajatbiotech.com/www/wp-login.php' not found or unable to stat
[Sat May 28 02:19:34.426038 2022] [php7:error] [pid 3573762] [client 2.58.149.155:54141] script '/home/rajatbiotech.com/www/xmlrpc.php' not found or unable to stat
[Sat May 28 02:33:21.076289 2022] [php7:error] [pid 3574405] [client 66.249.74.31:37314] script '/home/rajatbiotech.com/www/wp-signups.php' not found or unable to stat
[Sat May 28 03:07:03.870532 2022] [php7:error] [pid 3577555] [client 114.119.137.142:15518] script '/home/rajatbiotech.com/www/index.php' not found or unable to stat
[Sat May 28 03:07:32.486640 2022] [php7:error] [pid 3577556] [client 114.119.136.88:49965] script '/home/rajatbiotech.com/www/index.php' not found or unable to stat
[Sat May 28 03:11:30.964585 2022] [php7:error] [pid 3577550] [client 66.249.74.27:36702] script '/home/rajatbiotech.com/www/log.php' not found or unable to stat
[Sat May 28 03:36:48.196301 2022] [php7:error] [pid 3573762] [client 66.249.74.25:60768] script '/home/rajatbiotech.com/www/index.php' not found or unable to stat
[Sat May 28 03:46:35.488689 2022] [php7:error] [pid 3577799] [client 114.119.137.105:44014] script '/home/rajatbiotech.com/www/index.php' not found or unable to stat
[Sat May 28 04:05:57.107491 2022] [php7:error] [pid 3577856] [client 97.74.93.31:62373] script '/home/rajatbiotech.com/www/wp-load.php' not found or unable to stat, referer: www.bing.com
[Sat May 28 04:06:09.331776 2022] [php7:error] [pid 3577767] [client 97.74.93.31:55222] script '/home/rajatbiotech.com/www/style.php' not found or unable to stat, referer: www.bing.com
[Sat May 28 04:06:19.306349 2022] [php7:error] [pid 3577684] [client 97.74.93.31:49751] script '/home/rajatbiotech.com/www/s_e.php' not found or unable to stat, referer: www.bing.com
[Sat May 28 04:06:29.122701 2022] [php7:error] [pid 3577684] [client 97.74.93.31:56363] script '/home/rajatbiotech.com/www/s_ne.php' not found or unable to stat, referer: www.bing.com
[Sat May 28 04:07:07.947115 2022] [php7:error] [pid 3578362] [client 66.249.74.25:60491] script '/home/rajatbiotech.com/www/1.php' not found or unable to stat
[Sat May 28 04:10:26.678252 2022] [php7:error] [pid 3578362] [client 97.74.93.31:56372] script '/home/rajatbiotech.com/www/1index.php' not found or unable to stat, referer: www.bing.com
[Sat May 28 04:17:39.276274 2022] [php7:error] [pid 3577684] [client 97.74.93.31:57549] script '/home/rajatbiotech.com/www/3index.php' not found or unable to stat, referer: www.bing.com
[Sat May 28 04:18:59.599782 2022] [php7:error] [pid 3578362] [client 66.249.74.27:46645] script '/home/rajatbiotech.com/www/license.php' not found or unable to stat
[Sat May 28 04:19:20.132204 2022] [php7:error] [pid 3578305] [client 114.119.137.123:60017] script '/home/rajatbiotech.com/www/index.php' not found or unable to stat
[Sat May 28 04:21:17.052551 2022] [php7:error] [pid 3577684] [client 97.74.93.31:55817] script '/home/rajatbiotech.com/www/wikindex.php' not found or unable to stat, referer: www.bing.com
[Sat May 28 04:25:13.228440 2022] [php7:error] [pid 3578100] [client 97.74.93.31:52827] script '/home/rajatbiotech.com/www/radio.php' not found or unable to stat, referer: www.bing.com
[Sat May 28 04:25:55.307342 2022] [php7:error] [pid 3578396] [client 97.74.93.31:64667] script '/home/rajatbiotech.com/www/lock360.php' not found or unable to stat, referer: www.bing.com
[Sat May 28 04:26:26.891367 2022] [php7:error] [pid 3578100] [client 97.74.93.31:50632] script '/home/rajatbiotech.com/www/wp-load.php' not found or unable to stat, referer: www.bing.com
[Sat May 28 04:26:45.707368 2022] [php7:error] [pid 3578396] [client 97.74.93.31:50634] script '/home/rajatbiotech.com/www/old-index.php' not found or unable to stat, referer: www.bing.com
[Sat May 28 04:27:07.876813 2022] [php7:error] [pid 3578453] [client 97.74.93.31:64795] script '/home/rajatbiotech.com/www/xmrlpc.php' not found or unable to stat, referer: www.bing.com
[Sat May 28 04:27:49.226846 2022] [php7:error] [pid 3578100] [client 97.74.93.31:52908] script '/home/rajatbiotech.com/www/xmlrpcs.php' not found or unable to stat, referer: www.bing.com
[Sat May 28 04:27:55.958221 2022] [php7:error] [pid 3578396] [client 97.74.93.31:62330] script '/home/rajatbiotech.com/www/wp-admin.php' not found or unable to stat, referer: www.bing.com
[Sat May 28 04:28:25.427726 2022] [php7:error] [pid 3578396] [client 97.74.93.31:62330] script '/home/rajatbiotech.com/www/qindex.php' not found or unable to stat, referer: www.bing.com
[Sat May 28 04:30:09.875842 2022] [php7:error] [pid 3578573] [client 97.74.93.31:62333] script '/home/rajatbiotech.com/www/doc.php' not found or unable to stat, referer: www.bing.com
[Sat May 28 04:30:39.581225 2022] [php7:error] [pid 3578121] [client 97.74.93.31:50240] script '/home/rajatbiotech.com/www/wp_wrong_datlib.php' not found or unable to stat, referer: www.bing.com
[Sat May 28 04:30:55.486541 2022] [php7:error] [pid 3578453] [client 97.74.93.31:60521] script '/home/rajatbiotech.com/www/beence.php' not found or unable to stat, referer: www.bing.com
[Sat May 28 04:31:49.446756 2022] [php7:error] [pid 3578100] [client 114.119.136.66:47935] script '/home/rajatbiotech.com/www/index.php' not found or unable to stat
[Sat May 28 04:39:32.900818 2022] [php7:error] [pid 3578687] [client 114.119.137.174:20331] script '/home/rajatbiotech.com/www/index.php' not found or unable to stat
[Sat May 28 04:39:44.697210 2022] [php7:error] [pid 3578639] [client 66.249.74.25:35787] script '/home/rajatbiotech.com/www/index.php' not found or unable to stat
[Sat May 28 04:40:23.889801 2022] [php7:error] [pid 3578688] [client 193.70.81.122:45271] script '/home/rajatbiotech.com/www/wp-login.php' not found or unable to stat, referer: https://www.rajatbiotech.com/
[Sat May 28 04:40:24.076094 2022] [php7:error] [pid 3578677] [client 193.70.81.122:45353] script '/home/rajatbiotech.com/www/wp-login.php' not found or unable to stat, referer: https://www.rajatbiotech.com/wp-login.php?action=register
[Sat May 28 04:47:43.370698 2022] [php7:error] [pid 3578121] [client 97.74.93.31:56636] script '/home/rajatbiotech.com/www/ups.php' not found or unable to stat, referer: www.bing.com
[Sat May 28 04:49:03.244486 2022] [php7:error] [pid 3578761] [client 97.74.93.31:53375] script '/home/rajatbiotech.com/www/wp-signin.php' not found or unable to stat, referer: www.bing.com
[Sat May 28 04:49:18.118775 2022] [php7:error] [pid 3578770] [client 97.74.93.31:52201] script '/home/rajatbiotech.com/www/media-admin.php' not found or unable to stat, referer: www.bing.com
[Sat May 28 04:49:37.952714 2022] [php7:error] [pid 3578793] [client 97.74.93.31:58584] script '/home/rajatbiotech.com/www/export.php' not found or unable to stat, referer: www.bing.com
[Sat May 28 05:08:08.836713 2022] [php7:error] [pid 3578907] [client 97.74.93.31:58799] script '/home/rajatbiotech.com/www/defau1t.php' not found or unable to stat, referer: www.bing.com
[Sat May 28 05:10:51.725993 2022] [php7:error] [pid 3578914] [client 66.249.74.18:65192] script '/home/rajatbiotech.com/www/index.php' not found or unable to stat
[Sat May 28 05:13:10.560076 2022] [php7:error] [pid 3578918] [client 66.249.74.27:44552] script '/home/rajatbiotech.com/www/1.php' not found or unable to stat
[Sat May 28 05:14:28.542395 2022] [php7:error] [pid 3578865] [client 114.119.136.8:26529] script '/home/rajatbiotech.com/www/index.php' not found or unable to stat
[Sat May 28 05:15:39.842042 2022] [php7:error] [pid 3578892] [client 66.249.74.16:53033] script '/home/rajatbiotech.com/www/index.php' not found or unable to stat
[Sat May 28 05:16:18.194692 2022] [php7:error] [pid 3578865] [client 66.249.74.25:44086] script '/home/rajatbiotech.com/www/license.php' not found or unable to stat
[Sat May 28 05:16:20.245321 2022] [php7:error] [pid 3578918] [client 97.74.93.31:65351] script '/home/rajatbiotech.com/www/css.php' not found or unable to stat, referer: www.bing.com
[Sat May 28 05:17:09.065725 2022] [php7:error] [pid 3578919] [client 97.74.93.31:53084] script '/home/rajatbiotech.com/www/moduless.php' not found or unable to stat, referer: www.bing.com
[Sat May 28 05:17:23.186364 2022] [php7:error] [pid 3578881] [client 97.74.93.31:55128] script '/home/rajatbiotech.com/www/wp-booking.php' not found or unable to stat, referer: www.bing.com
[Sat May 28 05:22:31.892544 2022] [php7:error] [pid 3579064] [client 97.74.93.31:59953] script '/home/rajatbiotech.com/www/config.bak.php' not found or unable to stat, referer: www.bing.com
[Sat May 28 05:25:41.056310 2022] [php7:error] [pid 3578881] [client 66.249.74.20:37296] script '/home/rajatbiotech.com/www/index.php' not found or unable to stat
[Sat May 28 05:28:00.989713 2022] [php7:error] [pid 3578907] [client 97.74.93.31:62622] script '/home/rajatbiotech.com/www/legion.php' not found or unable to stat, referer: www.bing.com
[Sat May 28 05:30:39.865695 2022] [php7:error] [pid 3578918] [client 66.249.74.18:59713] script '/home/rajatbiotech.com/www/index.php' not found or unable to stat
[Sat May 28 05:34:01.295362 2022] [php7:error] [pid 3579174] [client 97.74.93.31:54609] script '/home/rajatbiotech.com/www/wp-plugins.php' not found or unable to stat, referer: www.bing.com
[Sat May 28 05:34:56.647072 2022] [php7:error] [pid 3579175] [client 97.74.93.31:61536] script '/home/rajatbiotech.com/www/archives.php' not found or unable to stat, referer: www.bing.com
[Sat May 28 05:35:28.261477 2022] [php7:error] [pid 3579172] [client 97.74.93.31:50440] script '/home/rajatbiotech.com/www/xindex.php' not found or unable to stat, referer: www.bing.com
[Sat May 28 05:35:34.042410 2022] [php7:error] [pid 3579175] [client 97.74.93.31:52528] script '/home/rajatbiotech.com/www/defau11.php' not found or unable to stat, referer: www.bing.com
[Sat May 28 05:35:52.079111 2022] [php7:error] [pid 3579185] [client 97.74.93.31:64119] script '/home/rajatbiotech.com/www/system_log.php' not found or unable to stat, referer: www.bing.com
[Sat May 28 05:36:07.749042 2022] [php7:error] [pid 3579177] [client 97.74.93.31:49522] script '/home/rajatbiotech.com/www/wp-backup-sql-302.php' not found or unable to stat, referer: www.bing.com
[Sat May 28 05:38:12.521594 2022] [php7:error] [pid 3579185] [client 66.249.74.25:61532] script '/home/rajatbiotech.com/www/1.php' not found or unable to stat
