[Sun Jun 19 09:43:34.496017 2022] [php7:error] [pid 4183798] [client 92.205.28.193:64395] script '/home/rajatbiotech.com/www/ups.php' not found or unable to stat, referer: www.bing.com
[Sun Jun 19 09:43:34.566423 2022] [php7:error] [pid 4183517] [client 92.205.28.193:64400] script '/home/rajatbiotech.com/www/wp-signin.php' not found or unable to stat, referer: www.bing.com
[Sun Jun 19 09:43:34.587419 2022] [php7:error] [pid 4183865] [client 92.205.28.193:64405] script '/home/rajatbiotech.com/www/media-admin.php' not found or unable to stat, referer: www.bing.com
[Sun Jun 19 09:43:34.610009 2022] [php7:error] [pid 4183941] [client 92.205.28.193:64407] script '/home/rajatbiotech.com/www/export.php' not found or unable to stat, referer: www.bing.com
[Sun Jun 19 09:43:34.784016 2022] [php7:error] [pid 4183794] [client 92.205.28.193:64424] script '/home/rajatbiotech.com/www/defau1t.php' not found or unable to stat, referer: www.bing.com
[Sun Jun 19 09:43:34.804204 2022] [php7:error] [pid 4183817] [client 92.205.28.193:64431] script '/home/rajatbiotech.com/www/css.php' not found or unable to stat, referer: www.bing.com
[Sun Jun 19 09:43:34.848645 2022] [php7:error] [pid 4184026] [client 92.205.28.193:64435] script '/home/rajatbiotech.com/www/moduless.php' not found or unable to stat, referer: www.bing.com
[Sun Jun 19 09:43:34.880917 2022] [php7:error] [pid 4183798] [client 92.205.28.193:64445] script '/home/rajatbiotech.com/www/wp-booking.php' not found or unable to stat, referer: www.bing.com
[Sun Jun 19 09:43:35.047499 2022] [php7:error] [pid 4183893] [client 92.205.28.193:64466] script '/home/rajatbiotech.com/www/config.bak.php' not found or unable to stat, referer: www.bing.com
[Sun Jun 19 09:43:35.097560 2022] [php7:error] [pid 4183806] [client 92.205.28.193:64482] script '/home/rajatbiotech.com/www/legion.php' not found or unable to stat, referer: www.bing.com
[Sun Jun 19 09:43:35.142195 2022] [php7:error] [pid 4183794] [client 92.205.28.193:64518] script '/home/rajatbiotech.com/www/wp-plugins.php' not found or unable to stat, referer: www.bing.com
[Sun Jun 19 09:43:35.299165 2022] [php7:error] [pid 4183798] [client 92.205.28.193:64540] script '/home/rajatbiotech.com/www/archives.php' not found or unable to stat, referer: www.bing.com
[Sun Jun 19 09:43:35.340988 2022] [php7:error] [pid 4183517] [client 92.205.28.193:64548] script '/home/rajatbiotech.com/www/xindex.php' not found or unable to stat, referer: www.bing.com
[Sun Jun 19 09:43:35.368765 2022] [php7:error] [pid 4183865] [client 92.205.28.193:64554] script '/home/rajatbiotech.com/www/defau11.php' not found or unable to stat, referer: www.bing.com
[Sun Jun 19 09:43:35.413724 2022] [php7:error] [pid 4183893] [client 92.205.28.193:64560] script '/home/rajatbiotech.com/www/system_log.php' not found or unable to stat, referer: www.bing.com
[Sun Jun 19 09:43:35.439799 2022] [php7:error] [pid 4183806] [client 92.205.28.193:64562] script '/home/rajatbiotech.com/www/wp-backup-sql-302.php' not found or unable to stat, referer: www.bing.com
[Sun Jun 19 09:43:35.461441 2022] [php7:error] [pid 4183816] [client 92.205.28.193:64564] script '/home/rajatbiotech.com/www/error.php' not found or unable to stat, referer: www.bing.com
[Sun Jun 19 09:43:36.570388 2022] [php7:error] [pid 4183893] [client 92.205.28.193:64680] script '/home/rajatbiotech.com/www/index.php' not found or unable to stat, referer: www.bing.com
[Sun Jun 19 09:43:36.617413 2022] [php7:error] [pid 4183893] [client 92.205.28.193:64680] script '/home/rajatbiotech.com/www/about.php' not found or unable to stat, referer: www.bing.com
[Sun Jun 19 09:43:36.640568 2022] [php7:error] [pid 4183893] [client 92.205.28.193:64680] script '/home/rajatbiotech.com/www/shells.php' not found or unable to stat, referer: www.bing.com
[Sun Jun 19 09:43:36.650909 2022] [php7:error] [pid 4183893] [client 92.205.28.193:64680] script '/home/rajatbiotech.com/www/olux.php' not found or unable to stat, referer: www.bing.com
[Sun Jun 19 09:43:36.661639 2022] [php7:error] [pid 4183893] [client 92.205.28.193:64680] script '/home/rajatbiotech.com/www/xleet.php' not found or unable to stat, referer: www.bing.com
[Sun Jun 19 09:43:36.683819 2022] [php7:error] [pid 4183893] [client 92.205.28.193:64680] script '/home/rajatbiotech.com/www/wso.php' not found or unable to stat, referer: www.bing.com
[Sun Jun 19 09:43:36.704266 2022] [php7:error] [pid 4183893] [client 92.205.28.193:64680] script '/home/rajatbiotech.com/www/shell.php' not found or unable to stat, referer: www.bing.com
[Sun Jun 19 09:43:36.727561 2022] [php7:error] [pid 4183893] [client 92.205.28.193:64680] script '/home/rajatbiotech.com/www/up.php' not found or unable to stat, referer: www.bing.com
[Sun Jun 19 09:43:36.748273 2022] [php7:error] [pid 4183893] [client 92.205.28.193:64680] script '/home/rajatbiotech.com/www/upload.php' not found or unable to stat, referer: www.bing.com
[Sun Jun 19 09:43:36.764510 2022] [php7:error] [pid 4183893] [client 92.205.28.193:64680] script '/home/rajatbiotech.com/www/1.php' not found or unable to stat, referer: www.bing.com
[Sun Jun 19 09:43:36.795309 2022] [php7:error] [pid 4183893] [client 92.205.28.193:64680] script '/home/rajatbiotech.com/www/x.php' not found or unable to stat, referer: www.bing.com
[Sun Jun 19 09:43:36.821360 2022] [php7:error] [pid 4183893] [client 92.205.28.193:64680] script '/home/rajatbiotech.com/www/z.php' not found or unable to stat, referer: www.bing.com
[Sun Jun 19 09:43:36.854361 2022] [php7:error] [pid 4183893] [client 92.205.28.193:64680] script '/home/rajatbiotech.com/www/a.php' not found or unable to stat, referer: www.bing.com
[Sun Jun 19 09:43:36.874385 2022] [php7:error] [pid 4183893] [client 92.205.28.193:64680] script '/home/rajatbiotech.com/www/test.php' not found or unable to stat, referer: www.bing.com
[Sun Jun 19 09:43:36.885623 2022] [php7:error] [pid 4183893] [client 92.205.28.193:64680] script '/home/rajatbiotech.com/www/wp.php' not found or unable to stat, referer: www.bing.com
[Sun Jun 19 09:43:36.898813 2022] [php7:error] [pid 4183893] [client 92.205.28.193:64680] script '/home/rajatbiotech.com/www/alfa.php' not found or unable to stat, referer: www.bing.com
[Sun Jun 19 09:43:36.912871 2022] [php7:error] [pid 4183893] [client 92.205.28.193:64680] script '/home/rajatbiotech.com/www/config.php' not found or unable to stat, referer: www.bing.com
[Sun Jun 19 10:18:19.391869 2022] [php7:error] [pid 4184370] [client 66.249.64.215:57803] script '/home/rajatbiotech.com/www/license.php' not found or unable to stat
[Sun Jun 19 10:18:41.884774 2022] [php7:error] [pid 4184375] [client 66.249.64.217:39346] script '/home/rajatbiotech.com/www/license.php' not found or unable to stat
[Sun Jun 19 10:18:53.127529 2022] [php7:error] [pid 4184385] [client 66.249.64.215:58697] script '/home/rajatbiotech.com/www/license.php' not found or unable to stat
[Sun Jun 19 10:19:04.382444 2022] [php7:error] [pid 4184370] [client 66.249.64.217:59012] script '/home/rajatbiotech.com/www/log.php' not found or unable to stat
[Sun Jun 19 10:19:15.635456 2022] [php7:error] [pid 4184390] [client 66.249.64.215:48623] script '/home/rajatbiotech.com/www/license.php' not found or unable to stat
[Sun Jun 19 10:19:49.395784 2022] [php7:error] [pid 4184385] [client 66.249.64.215:43959] script '/home/rajatbiotech.com/www/license.php' not found or unable to stat
[Sun Jun 19 10:20:00.643915 2022] [php7:error] [pid 4184370] [client 66.249.64.217:44083] script '/home/rajatbiotech.com/www/license.php' not found or unable to stat
[Sun Jun 19 10:20:45.660483 2022] [php7:error] [pid 4184233] [client 66.249.64.215:60138] script '/home/rajatbiotech.com/www/1.php' not found or unable to stat
[Sun Jun 19 10:21:08.166015 2022] [php7:error] [pid 4184390] [client 66.249.64.219:40152] script '/home/rajatbiotech.com/www/license.php' not found or unable to stat
[Sun Jun 19 10:21:19.419386 2022] [php7:error] [pid 4184233] [client 66.249.64.217:52518] script '/home/rajatbiotech.com/www/log.php' not found or unable to stat
[Sun Jun 19 10:21:30.664983 2022] [php7:error] [pid 4184385] [client 66.249.64.215:51180] script '/home/rajatbiotech.com/www/license.php' not found or unable to stat
[Sun Jun 19 10:21:53.165569 2022] [php7:error] [pid 4184375] [client 66.249.64.215:64291] script '/home/rajatbiotech.com/www/log.php' not found or unable to stat
[Sun Jun 19 10:22:04.424564 2022] [php7:error] [pid 4184376] [client 66.249.64.219:39147] script '/home/rajatbiotech.com/www/license.php' not found or unable to stat
[Sun Jun 19 10:22:27.028942 2022] [php7:error] [pid 4184375] [client 66.249.64.215:42233] script '/home/rajatbiotech.com/www/log.php' not found or unable to stat
[Sun Jun 19 10:22:49.438120 2022] [php7:error] [pid 4184186] [client 66.249.64.215:39520] script '/home/rajatbiotech.com/www/license.php' not found or unable to stat
[Sun Jun 19 10:23:00.688231 2022] [php7:error] [pid 4184159] [client 66.249.64.219:45162] script '/home/rajatbiotech.com/www/license.php' not found or unable to stat
[Sun Jun 19 10:23:11.947185 2022] [php7:error] [pid 4184370] [client 66.249.64.217:41759] script '/home/rajatbiotech.com/www/log.php' not found or unable to stat
[Sun Jun 19 10:24:08.198449 2022] [php7:error] [pid 4184385] [client 66.249.64.219:58486] script '/home/rajatbiotech.com/www/1.php' not found or unable to stat
[Sun Jun 19 10:24:19.463395 2022] [php7:error] [pid 4184233] [client 66.249.64.215:45682] script '/home/rajatbiotech.com/www/log.php' not found or unable to stat
[Sun Jun 19 10:24:30.705392 2022] [php7:error] [pid 4184376] [client 66.249.64.215:51792] script '/home/rajatbiotech.com/www/log.php' not found or unable to stat
[Sun Jun 19 10:24:41.968556 2022] [php7:error] [pid 4184390] [client 66.249.64.215:44449] script '/home/rajatbiotech.com/www/1.php' not found or unable to stat
[Sun Jun 19 10:24:53.212248 2022] [php7:error] [pid 4184415] [client 66.249.64.215:40465] script '/home/rajatbiotech.com/www/log.php' not found or unable to stat
[Sun Jun 19 10:25:04.465345 2022] [php7:error] [pid 4184267] [client 66.249.64.215:41124] script '/home/rajatbiotech.com/www/license.php' not found or unable to stat
[Sun Jun 19 10:25:15.720548 2022] [php7:error] [pid 4184375] [client 66.249.64.217:65449] script '/home/rajatbiotech.com/www/license.php' not found or unable to stat
[Sun Jun 19 10:26:34.497759 2022] [php7:error] [pid 4184376] [client 66.249.64.215:35716] script '/home/rajatbiotech.com/www/license.php' not found or unable to stat
[Sun Jun 19 10:26:45.755413 2022] [php7:error] [pid 4184371] [client 66.249.64.215:55943] script '/home/rajatbiotech.com/www/log.php' not found or unable to stat
[Sun Jun 19 10:27:08.249144 2022] [php7:error] [pid 4184375] [client 66.249.64.215:41046] script '/home/rajatbiotech.com/www/log.php' not found or unable to stat
[Sun Jun 19 10:27:19.504666 2022] [php7:error] [pid 4184376] [client 66.249.64.215:55283] script '/home/rajatbiotech.com/www/log.php' not found or unable to stat
[Sun Jun 19 10:28:04.508880 2022] [php7:error] [pid 4184267] [client 66.249.64.217:43221] script '/home/rajatbiotech.com/www/log.php' not found or unable to stat
[Sun Jun 19 10:28:15.772781 2022] [php7:error] [pid 4184376] [client 66.249.64.217:61029] script '/home/rajatbiotech.com/www/log.php' not found or unable to stat
[Sun Jun 19 10:28:27.018129 2022] [php7:error] [pid 4184390] [client 66.249.64.215:63621] script '/home/rajatbiotech.com/www/log.php' not found or unable to stat
[Sun Jun 19 10:28:38.268248 2022] [php7:error] [pid 4184371] [client 66.249.64.215:54411] script '/home/rajatbiotech.com/www/1.php' not found or unable to stat
[Sun Jun 19 10:28:49.528510 2022] [php7:error] [pid 4184415] [client 66.249.64.215:59304] script '/home/rajatbiotech.com/www/1.php' not found or unable to stat
[Sun Jun 19 10:29:00.778965 2022] [php7:error] [pid 4184385] [client 66.249.64.217:49911] script '/home/rajatbiotech.com/www/license.php' not found or unable to stat
[Sun Jun 19 10:29:23.287183 2022] [php7:error] [pid 4184390] [client 66.249.64.215:65133] script '/home/rajatbiotech.com/www/1.php' not found or unable to stat
[Sun Jun 19 10:29:34.547807 2022] [php7:error] [pid 4184371] [client 66.249.64.215:54242] script '/home/rajatbiotech.com/www/license.php' not found or unable to stat
[Sun Jun 19 10:29:45.784267 2022] [php7:error] [pid 4184186] [client 66.249.64.215:59232] script '/home/rajatbiotech.com/www/log.php' not found or unable to stat
[Sun Jun 19 10:30:11.758621 2022] [php7:error] [pid 4184267] [client 66.249.64.219:54540] script '/home/rajatbiotech.com/www/log.php' not found or unable to stat
[Sun Jun 19 10:30:19.548292 2022] [php7:error] [pid 4184376] [client 66.249.64.215:60516] script '/home/rajatbiotech.com/www/license.php' not found or unable to stat
[Sun Jun 19 10:30:42.054216 2022] [php7:error] [pid 4184371] [client 66.249.64.215:40950] script '/home/rajatbiotech.com/www/log.php' not found or unable to stat
[Sun Jun 19 10:30:53.305077 2022] [php7:error] [pid 4184375] [client 66.249.64.215:41962] script '/home/rajatbiotech.com/www/log.php' not found or unable to stat
[Sun Jun 19 10:31:04.555296 2022] [php7:error] [pid 4184233] [client 66.249.64.217:56513] script '/home/rajatbiotech.com/www/1.php' not found or unable to stat
[Sun Jun 19 10:31:15.828921 2022] [php7:error] [pid 4184371] [client 66.249.64.215:41148] script '/home/rajatbiotech.com/www/license.php' not found or unable to stat
[Sun Jun 19 10:31:27.068726 2022] [php7:error] [pid 4184376] [client 66.249.64.215:36912] script '/home/rajatbiotech.com/www/license.php' not found or unable to stat
[Sun Jun 19 10:31:38.311732 2022] [php7:error] [pid 4184267] [client 66.249.64.215:48397] script '/home/rajatbiotech.com/www/license.php' not found or unable to stat
[Sun Jun 19 10:32:23.329190 2022] [php7:error] [pid 4184267] [client 66.249.64.215:45814] script '/home/rajatbiotech.com/www/log.php' not found or unable to stat
[Sun Jun 19 10:32:57.091914 2022] [php7:error] [pid 4184376] [client 66.249.64.215:49424] script '/home/rajatbiotech.com/www/log.php' not found or unable to stat
[Sun Jun 19 10:33:08.342181 2022] [php7:error] [pid 4184186] [client 66.249.64.215:59040] script '/home/rajatbiotech.com/www/log.php' not found or unable to stat
[Sun Jun 19 10:33:30.841033 2022] [php7:error] [pid 4184159] [client 66.249.64.215:47096] script '/home/rajatbiotech.com/www/license.php' not found or unable to stat
[Sun Jun 19 10:33:42.105118 2022] [php7:error] [pid 4184375] [client 66.249.64.215:37887] script '/home/rajatbiotech.com/www/license.php' not found or unable to stat
[Sun Jun 19 10:34:04.600050 2022] [php7:error] [pid 4184233] [client 66.249.64.217:48450] script '/home/rajatbiotech.com/www/license.php' not found or unable to stat
[Sun Jun 19 10:34:15.860809 2022] [php7:error] [pid 4184267] [client 66.249.64.217:36578] script '/home/rajatbiotech.com/www/1.php' not found or unable to stat
[Sun Jun 19 10:35:00.870639 2022] [php7:error] [pid 4184470] [client 66.249.64.215:35486] script '/home/rajatbiotech.com/www/1.php' not found or unable to stat
[Sun Jun 19 10:35:12.297237 2022] [php7:error] [pid 4184471] [client 66.249.64.215:62972] script '/home/rajatbiotech.com/www/1.php' not found or unable to stat
[Sun Jun 19 10:35:26.516086 2022] [php7:error] [pid 4184267] [client 66.249.64.215:44528] script '/home/rajatbiotech.com/www/license.php' not found or unable to stat
[Sun Jun 19 10:35:34.625149 2022] [php7:error] [pid 4184390] [client 66.249.64.215:50913] script '/home/rajatbiotech.com/www/license.php' not found or unable to stat
[Sun Jun 19 10:35:57.142156 2022] [php7:error] [pid 4184470] [client 66.249.64.215:58979] script '/home/rajatbiotech.com/www/1.php' not found or unable to stat
[Sun Jun 19 10:36:19.639656 2022] [php7:error] [pid 4184485] [client 66.249.64.215:52534] script '/home/rajatbiotech.com/www/1.php' not found or unable to stat
[Sun Jun 19 10:36:30.894850 2022] [php7:error] [pid 4184488] [client 66.249.64.215:40204] script '/home/rajatbiotech.com/www/license.php' not found or unable to stat
[Sun Jun 19 10:36:42.142967 2022] [php7:error] [pid 4184484] [client 66.249.64.215:45723] script '/home/rajatbiotech.com/www/log.php' not found or unable to stat
[Sun Jun 19 10:36:53.392108 2022] [php7:error] [pid 4184470] [client 66.249.64.215:60215] script '/home/rajatbiotech.com/www/1.php' not found or unable to stat
[Sun Jun 19 10:37:04.656553 2022] [php7:error] [pid 4184470] [client 66.249.64.219:62927] script '/home/rajatbiotech.com/www/log.php' not found or unable to stat
[Sun Jun 19 10:37:15.901018 2022] [php7:error] [pid 4184489] [client 66.249.64.215:45571] script '/home/rajatbiotech.com/www/log.php' not found or unable to stat
[Sun Jun 19 10:37:38.409523 2022] [php7:error] [pid 4184500] [client 66.249.64.215:42080] script '/home/rajatbiotech.com/www/log.php' not found or unable to stat
[Sun Jun 19 10:37:49.658115 2022] [php7:error] [pid 4184476] [client 66.249.64.215:61727] script '/home/rajatbiotech.com/www/1.php' not found or unable to stat
[Sun Jun 19 10:38:00.906200 2022] [php7:error] [pid 4184390] [client 66.249.64.219:62578] script '/home/rajatbiotech.com/www/log.php' not found or unable to stat
[Sun Jun 19 10:38:12.159480 2022] [php7:error] [pid 4184186] [client 66.249.64.217:48398] script '/home/rajatbiotech.com/www/1.php' not found or unable to stat
[Sun Jun 19 10:38:23.413779 2022] [php7:error] [pid 4184489] [client 66.249.64.215:39811] script '/home/rajatbiotech.com/www/log.php' not found or unable to stat
[Sun Jun 19 10:38:34.665214 2022] [php7:error] [pid 4184474] [client 66.249.64.215:38820] script '/home/rajatbiotech.com/www/license.php' not found or unable to stat
[Sun Jun 19 10:38:45.922754 2022] [php7:error] [pid 4184474] [client 66.249.64.215:36554] script '/home/rajatbiotech.com/www/1.php' not found or unable to stat
[Sun Jun 19 10:39:08.430602 2022] [php7:error] [pid 4184267] [client 66.249.64.215:61908] script '/home/rajatbiotech.com/www/log.php' not found or unable to stat
[Sun Jun 19 10:39:19.682579 2022] [php7:error] [pid 4184580] [client 66.249.64.217:55990] script '/home/rajatbiotech.com/www/1.php' not found or unable to stat
[Sun Jun 19 10:39:42.199688 2022] [php7:error] [pid 4184489] [client 66.249.64.215:60514] script '/home/rajatbiotech.com/www/1.php' not found or unable to stat
[Sun Jun 19 10:39:53.437730 2022] [php7:error] [pid 4184583] [client 66.249.64.215:38619] script '/home/rajatbiotech.com/www/license.php' not found or unable to stat
[Sun Jun 19 10:40:15.974808 2022] [php7:error] [pid 4184601] [client 66.249.64.217:58346] script '/home/rajatbiotech.com/www/index.php' not found or unable to stat
[Sun Jun 19 10:40:28.766970 2022] [php7:error] [pid 4184583] [client 66.249.64.215:56460] script '/home/rajatbiotech.com/www/license.php' not found or unable to stat
[Sun Jun 19 10:40:38.457413 2022] [php7:error] [pid 4184484] [client 66.249.64.215:37226] script '/home/rajatbiotech.com/www/1.php' not found or unable to stat
[Sun Jun 19 10:40:49.706401 2022] [php7:error] [pid 4184498] [client 66.249.64.215:46018] script '/home/rajatbiotech.com/www/license.php' not found or unable to stat
[Sun Jun 19 10:41:00.963790 2022] [php7:error] [pid 4184186] [client 66.249.64.215:47489] script '/home/rajatbiotech.com/www/log.php' not found or unable to stat
[Sun Jun 19 10:41:12.210287 2022] [php7:error] [pid 4184580] [client 66.249.64.215:46620] script '/home/rajatbiotech.com/www/license.php' not found or unable to stat
[Sun Jun 19 10:41:23.462957 2022] [php7:error] [pid 4184601] [client 66.249.64.215:51604] script '/home/rajatbiotech.com/www/license.php' not found or unable to stat
[Sun Jun 19 10:41:34.723922 2022] [php7:error] [pid 4184583] [client 66.249.64.215:65032] script '/home/rajatbiotech.com/www/1.php' not found or unable to stat
[Sun Jun 19 10:41:57.224034 2022] [php7:error] [pid 4184583] [client 66.249.64.215:46211] script '/home/rajatbiotech.com/www/license.php' not found or unable to stat
[Sun Jun 19 10:42:30.982688 2022] [php7:error] [pid 4184601] [client 66.249.64.215:36579] script '/home/rajatbiotech.com/www/license.php' not found or unable to stat
[Sun Jun 19 10:42:42.226198 2022] [php7:error] [pid 4184583] [client 66.249.64.215:54287] script '/home/rajatbiotech.com/www/1.php' not found or unable to stat
[Sun Jun 19 10:42:53.496665 2022] [php7:error] [pid 4184486] [client 66.249.64.215:56113] script '/home/rajatbiotech.com/www/log.php' not found or unable to stat
[Sun Jun 19 10:43:04.736649 2022] [php7:error] [pid 4184677] [client 66.249.64.215:63381] script '/home/rajatbiotech.com/www/license.php' not found or unable to stat
[Sun Jun 19 10:43:15.991746 2022] [php7:error] [pid 4184499] [client 66.249.64.215:49494] script '/home/rajatbiotech.com/www/log.php' not found or unable to stat
[Sun Jun 19 10:43:38.496449 2022] [php7:error] [pid 4184601] [client 66.249.64.215:46867] script '/home/rajatbiotech.com/www/log.php' not found or unable to stat
[Sun Jun 19 10:44:00.998593 2022] [php7:error] [pid 4184601] [client 66.249.64.219:57948] script '/home/rajatbiotech.com/www/license.php' not found or unable to stat
[Sun Jun 19 10:44:12.240693 2022] [php7:error] [pid 4184601] [client 66.249.64.217:60227] script '/home/rajatbiotech.com/www/license.php' not found or unable to stat
[Sun Jun 19 10:44:23.505715 2022] [php7:error] [pid 4184186] [client 66.249.64.215:41225] script '/home/rajatbiotech.com/www/1.php' not found or unable to stat
[Sun Jun 19 10:45:19.765678 2022] [php7:error] [pid 4184601] [client 66.249.64.217:41686] script '/home/rajatbiotech.com/www/log.php' not found or unable to stat
[Sun Jun 19 10:45:31.024843 2022] [php7:error] [pid 4184583] [client 66.249.64.215:50808] script '/home/rajatbiotech.com/www/1.php' not found or unable to stat
[Sun Jun 19 10:45:53.527448 2022] [php7:error] [pid 4184681] [client 66.249.64.215:50591] script '/home/rajatbiotech.com/www/1.php' not found or unable to stat
[Sun Jun 19 10:46:04.781938 2022] [php7:error] [pid 4184498] [client 66.249.64.219:49108] script '/home/rajatbiotech.com/www/license.php' not found or unable to stat
[Sun Jun 19 10:46:27.279136 2022] [php7:error] [pid 4184677] [client 66.249.64.217:56953] script '/home/rajatbiotech.com/www/1.php' not found or unable to stat
[Sun Jun 19 10:46:38.539262 2022] [php7:error] [pid 4184679] [client 66.249.64.215:45503] script '/home/rajatbiotech.com/www/log.php' not found or unable to stat
[Sun Jun 19 10:46:49.794276 2022] [php7:error] [pid 4184601] [client 66.249.64.215:55097] script '/home/rajatbiotech.com/www/log.php' not found or unable to stat
[Sun Jun 19 10:47:12.299905 2022] [php7:error] [pid 4184498] [client 66.249.64.217:34900] script '/home/rajatbiotech.com/www/log.php' not found or unable to stat
[Sun Jun 19 10:47:46.052903 2022] [php7:error] [pid 4184498] [client 66.249.64.215:46693] script '/home/rajatbiotech.com/www/log.php' not found or unable to stat
[Sun Jun 19 10:47:57.304815 2022] [php7:error] [pid 4184486] [client 66.249.64.215:37400] script '/home/rajatbiotech.com/www/log.php' not found or unable to stat
[Sun Jun 19 10:48:08.556035 2022] [php7:error] [pid 4184484] [client 66.249.64.217:62580] script '/home/rajatbiotech.com/www/license.php' not found or unable to stat
[Sun Jun 19 10:48:19.811771 2022] [php7:error] [pid 4184499] [client 66.249.64.215:48337] script '/home/rajatbiotech.com/www/1.php' not found or unable to stat
[Sun Jun 19 10:48:31.066314 2022] [php7:error] [pid 4184186] [client 66.249.64.215:58196] script '/home/rajatbiotech.com/www/license.php' not found or unable to stat
[Sun Jun 19 10:48:42.320593 2022] [php7:error] [pid 4184681] [client 66.249.64.215:36178] script '/home/rajatbiotech.com/www/log.php' not found or unable to stat
[Sun Jun 19 10:48:53.574827 2022] [php7:error] [pid 4184583] [client 66.249.64.215:37153] script '/home/rajatbiotech.com/www/log.php' not found or unable to stat
[Sun Jun 19 10:49:04.825397 2022] [php7:error] [pid 4184677] [client 66.249.64.215:39688] script '/home/rajatbiotech.com/www/1.php' not found or unable to stat
[Sun Jun 19 10:49:16.067967 2022] [php7:error] [pid 4184499] [client 66.249.64.215:52902] script '/home/rajatbiotech.com/www/1.php' not found or unable to stat
[Sun Jun 19 10:49:38.584528 2022] [php7:error] [pid 4184681] [client 66.249.64.215:39527] script '/home/rajatbiotech.com/www/1.php' not found or unable to stat
[Sun Jun 19 10:49:49.834933 2022] [php7:error] [pid 4184583] [client 66.249.64.215:64703] script '/home/rajatbiotech.com/www/license.php' not found or unable to stat
[Sun Jun 19 10:50:35.677670 2022] [php7:error] [pid 4184583] [client 66.249.64.215:42078] script '/home/rajatbiotech.com/www/1.php' not found or unable to stat
[Sun Jun 19 10:50:57.354651 2022] [php7:error] [pid 4184679] [client 66.249.64.215:43275] script '/home/rajatbiotech.com/www/license.php' not found or unable to stat
[Sun Jun 19 10:51:08.605293 2022] [php7:error] [pid 4184681] [client 66.249.64.215:35154] script '/home/rajatbiotech.com/www/1.php' not found or unable to stat
[Sun Jun 19 10:51:19.854778 2022] [php7:error] [pid 4184601] [client 66.249.64.215:62075] script '/home/rajatbiotech.com/www/log.php' not found or unable to stat
[Sun Jun 19 10:51:31.116706 2022] [php7:error] [pid 4184486] [client 66.249.64.215:36860] script '/home/rajatbiotech.com/www/log.php' not found or unable to stat
[Sun Jun 19 10:51:42.360856 2022] [php7:error] [pid 4184677] [client 66.249.64.215:59917] script '/home/rajatbiotech.com/www/1.php' not found or unable to stat
[Sun Jun 19 10:52:04.866239 2022] [php7:error] [pid 4184499] [client 66.249.64.215:45023] script '/home/rajatbiotech.com/www/license.php' not found or unable to stat
[Sun Jun 19 10:52:27.373779 2022] [php7:error] [pid 4184677] [client 66.249.64.215:35804] script '/home/rajatbiotech.com/www/license.php' not found or unable to stat
[Sun Jun 19 10:52:38.628954 2022] [php7:error] [pid 4184681] [client 66.249.64.215:65276] script '/home/rajatbiotech.com/www/log.php' not found or unable to stat
[Sun Jun 19 10:53:01.135964 2022] [php7:error] [pid 4184186] [client 66.249.64.217:53781] script '/home/rajatbiotech.com/www/1.php' not found or unable to stat
[Sun Jun 19 10:53:12.388932 2022] [php7:error] [pid 4184486] [client 66.249.64.217:39752] script '/home/rajatbiotech.com/www/index.php' not found or unable to stat
[Sun Jun 19 10:53:23.643695 2022] [php7:error] [pid 4184583] [client 66.249.64.215:57532] script '/home/rajatbiotech.com/www/log.php' not found or unable to stat
[Sun Jun 19 10:53:34.897213 2022] [php7:error] [pid 4184499] [client 66.249.64.215:58065] script '/home/rajatbiotech.com/www/license.php' not found or unable to stat
[Sun Jun 19 10:53:46.149678 2022] [php7:error] [pid 4184498] [client 66.249.64.215:35596] script '/home/rajatbiotech.com/www/log.php' not found or unable to stat
[Sun Jun 19 10:53:57.392972 2022] [php7:error] [pid 4184601] [client 66.249.64.215:51761] script '/home/rajatbiotech.com/www/license.php' not found or unable to stat
[Sun Jun 19 10:54:08.661326 2022] [php7:error] [pid 4184681] [client 66.249.64.215:54263] script '/home/rajatbiotech.com/www/log.php' not found or unable to stat
[Sun Jun 19 10:54:31.155424 2022] [php7:error] [pid 4184601] [client 66.249.64.215:52989] script '/home/rajatbiotech.com/www/license.php' not found or unable to stat
[Sun Jun 19 10:55:04.913026 2022] [php7:error] [pid 4184486] [client 66.249.64.219:55796] script '/home/rajatbiotech.com/www/1.php' not found or unable to stat
[Sun Jun 19 10:55:16.167720 2022] [php7:error] [pid 4184484] [client 66.249.64.215:54156] script '/home/rajatbiotech.com/www/log.php' not found or unable to stat
[Sun Jun 19 10:55:29.575021 2022] [php7:error] [pid 4184681] [client 66.249.64.215:63890] script '/home/rajatbiotech.com/www/index.php' not found or unable to stat
[Sun Jun 19 10:55:38.674913 2022] [php7:error] [pid 4184679] [client 66.249.64.215:58582] script '/home/rajatbiotech.com/www/log.php' not found or unable to stat
[Sun Jun 19 10:56:12.433905 2022] [php7:error] [pid 4184601] [client 66.249.64.217:45818] script '/home/rajatbiotech.com/www/1.php' not found or unable to stat
[Sun Jun 19 10:56:23.685590 2022] [php7:error] [pid 4184186] [client 66.249.64.217:44195] script '/home/rajatbiotech.com/www/log.php' not found or unable to stat
[Sun Jun 19 10:56:34.938449 2022] [php7:error] [pid 4184681] [client 66.249.64.215:48638] script '/home/rajatbiotech.com/www/1.php' not found or unable to stat
[Sun Jun 19 10:56:46.188192 2022] [php7:error] [pid 4184583] [client 66.249.64.215:62234] script '/home/rajatbiotech.com/www/log.php' not found or unable to stat
[Sun Jun 19 10:56:57.442333 2022] [php7:error] [pid 4184801] [client 66.249.64.215:44814] script '/home/rajatbiotech.com/www/log.php' not found or unable to stat
[Sun Jun 19 10:57:08.698109 2022] [php7:error] [pid 4184484] [client 66.249.64.219:37462] script '/home/rajatbiotech.com/www/log.php' not found or unable to stat
[Sun Jun 19 10:57:19.947531 2022] [php7:error] [pid 4184681] [client 66.249.64.217:52788] script '/home/rajatbiotech.com/www/license.php' not found or unable to stat
[Sun Jun 19 11:41:38.271691 2022] [php7:error] [pid 4185503] [client 66.249.64.219:59126] script '/home/rajatbiotech.com/www/1.php' not found or unable to stat
[Sun Jun 19 12:43:30.116058 2022] [php7:error] [pid 4186370] [client 209.141.59.94:49766] script '/home/rajatbiotech.com/www/preview.php' not found or unable to stat
[Sun Jun 19 12:59:27.625169 2022] [php7:error] [pid 4186467] [client 66.249.64.215:47501] script '/home/rajatbiotech.com/www/log.php' not found or unable to stat
[Sun Jun 19 13:06:11.473590 2022] [php7:error] [pid 4186480] [client 66.249.64.219:40582] script '/home/rajatbiotech.com/www/1.php' not found or unable to stat
[Sun Jun 19 13:12:55.444711 2022] [php7:error] [pid 4186536] [client 66.249.64.215:57468] script '/home/rajatbiotech.com/www/index.php' not found or unable to stat
[Sun Jun 19 13:39:51.286928 2022] [php7:error] [pid 4186948] [client 66.249.64.215:55890] script '/home/rajatbiotech.com/www/1.php' not found or unable to stat
[Sun Jun 19 13:46:37.416154 2022] [php7:error] [pid 4186931] [client 66.249.64.215:59819] script '/home/rajatbiotech.com/www/license.php' not found or unable to stat
[Sun Jun 19 13:49:36.450606 2022] [php7:error] [pid 4187088] [client 20.55.50.73:63305] script '/home/rajatbiotech.com/www/xmlrpc.php' not found or unable to stat
[Sun Jun 19 13:49:36.991635 2022] [php7:error] [pid 4187088] [client 20.55.50.73:63305] script '/home/rajatbiotech.com/www/xmlrpc.php' not found or unable to stat
[Sun Jun 19 14:23:58.108399 2022] [php7:error] [pid 4187620] [client 66.249.64.215:64972] script '/home/rajatbiotech.com/www/index.php' not found or unable to stat
[Sun Jun 19 14:33:41.884959 2022] [php7:error] [pid 4187689] [client 66.249.64.219:43029] script '/home/rajatbiotech.com/www/wp-signups.php' not found or unable to stat
[Sun Jun 19 15:14:30.806612 2022] [php7:error] [pid 4187782] [client 66.249.64.219:53512] script '/home/rajatbiotech.com/www/license.php' not found or unable to stat
[Sun Jun 19 15:17:48.150196 2022] [php7:error] [pid 4188385] [client 66.249.64.217:51925] script '/home/rajatbiotech.com/www/license.php' not found or unable to stat
[Sun Jun 19 16:00:58.667317 2022] [php7:error] [pid 4189218] [client 66.249.64.215:50734] script '/home/rajatbiotech.com/www/wp-signups.php' not found or unable to stat
[Sun Jun 19 16:08:44.761277 2022] [php7:error] [pid 4189322] [client 66.249.64.215:49283] script '/home/rajatbiotech.com/www/1.php' not found or unable to stat
[Sun Jun 19 17:15:31.214474 2022] [php7:error] [pid 4190255] [client 66.249.64.219:46119] script '/home/rajatbiotech.com/www/wp-signups.php' not found or unable to stat
[Sun Jun 19 18:12:48.833597 2022] [php7:error] [pid 4191063] [client 193.142.146.230:56231] script '/home/rajatbiotech.com/www/wp-login.php' not found or unable to stat
[Sun Jun 19 18:12:48.847614 2022] [php7:error] [pid 4191063] [client 193.142.146.230:56231] script '/home/rajatbiotech.com/www/wp-signups.php' not found or unable to stat
[Sun Jun 19 20:20:30.396376 2022] [php7:error] [pid 448] [client 67.23.254.254:47754] script '/home/rajatbiotech.com/www/xmlrpc.php' not found or unable to stat
[Sun Jun 19 20:32:24.701414 2022] [php7:error] [pid 448] [client 51.178.136.33:25748] script '/home/rajatbiotech.com/www/xmlrpc.php' not found or unable to stat
[Sun Jun 19 20:38:59.802922 2022] [php7:error] [pid 953] [client 66.249.64.215:59907] script '/home/rajatbiotech.com/www/license.php' not found or unable to stat
[Sun Jun 19 22:50:05.391148 2022] [php7:error] [pid 3376] [client 193.233.208.174:5399] script '/home/rajatbiotech.com/www/product.php' not found or unable to stat
[Sun Jun 19 22:50:08.459015 2022] [php7:error] [pid 4503] [client 193.233.208.174:40659] script '/home/rajatbiotech.com/www/product.php' not found or unable to stat
[Sun Jun 19 22:50:11.926799 2022] [php7:error] [pid 2964] [client 193.233.208.174:63929] script '/home/rajatbiotech.com/www/product.php' not found or unable to stat
[Sun Jun 19 23:00:44.530111 2022] [php7:error] [pid 2337] [client 192.64.113.147:52934] script '/home/rajatbiotech.com/www/wp-login.php' not found or unable to stat
[Sun Jun 19 23:22:15.240749 2022] [php7:error] [pid 5993] [client 20.112.103.111:58416] script '/home/rajatbiotech.com/www/xmlrpc.php' not found or unable to stat
[Sun Jun 19 23:22:15.551666 2022] [php7:error] [pid 5993] [client 20.112.103.111:58416] script '/home/rajatbiotech.com/www/wp-login.php' not found or unable to stat
[Sun Jun 19 23:25:43.250446 2022] [php7:error] [pid 3376] [client 194.113.35.73:7645] script '/home/rajatbiotech.com/www/list.php' not found or unable to stat
[Sun Jun 19 23:25:45.352361 2022] [php7:error] [pid 6677] [client 194.113.35.73:21399] script '/home/rajatbiotech.com/www/list.php' not found or unable to stat
[Sun Jun 19 23:25:47.492571 2022] [php7:error] [pid 6563] [client 194.113.35.73:28391] script '/home/rajatbiotech.com/www/list.php' not found or unable to stat
[Sun Jun 19 23:26:19.546542 2022] [php7:error] [pid 6622] [client 146.70.52.110:7725] script '/home/rajatbiotech.com/www/wp-login.php' not found or unable to stat
[Sun Jun 19 23:26:20.980365 2022] [php7:error] [pid 2967] [client 146.70.52.110:7751] script '/home/rajatbiotech.com/www/wp-login.php' not found or unable to stat
[Sun Jun 19 23:26:21.798153 2022] [php7:error] [pid 6561] [client 146.70.52.110:7788] script '/home/rajatbiotech.com/www/wp-login.php' not found or unable to stat
[Mon Jun 20 00:04:29.620433 2022] [php7:error] [pid 7889] [client 193.56.254.36:48284] script '/home/rajatbiotech.com/www/wp-login.php' not found or unable to stat
[Mon Jun 20 00:04:30.375245 2022] [php7:error] [pid 7854] [client 193.56.254.36:48290] script '/home/rajatbiotech.com/www/wp-login.php' not found or unable to stat
[Mon Jun 20 00:04:31.076232 2022] [php7:error] [pid 7934] [client 193.56.254.36:48292] script '/home/rajatbiotech.com/www/wp-login.php' not found or unable to stat
[Mon Jun 20 01:28:18.924855 2022] [php7:error] [pid 7855] [client 66.249.64.215:55191] script '/home/rajatbiotech.com/www/wp-signups.php' not found or unable to stat
[Mon Jun 20 03:53:58.761738 2022] [php7:error] [pid 11504] [client 104.227.169.86:4979] script '/home/rajatbiotech.com/www/wp-login.php' not found or unable to stat, referer: http://rajatbiotech.com
[Mon Jun 20 03:53:59.206814 2022] [php7:error] [pid 10008] [client 104.227.169.86:47707] script '/home/rajatbiotech.com/www/wp-login.php' not found or unable to stat, referer: http://rajatbiotech.com/wp-login.php?action=register
[Mon Jun 20 04:51:30.410955 2022] [php7:error] [pid 17078] [client 132.145.39.16:56777] script '/home/rajatbiotech.com/www/wp-class.php' not found or unable to stat
[Mon Jun 20 06:16:44.162311 2022] [php7:error] [pid 19727] [client 167.71.211.102:56064] script '/home/rajatbiotech.com/www/xmlrpc.php' not found or unable to stat
[Mon Jun 20 06:16:45.066845 2022] [php7:error] [pid 20168] [client 167.71.211.102:60890] script '/home/rajatbiotech.com/www/xmlrpc.php' not found or unable to stat
[Mon Jun 20 06:30:47.027874 2022] [php7:error] [pid 20681] [client 114.119.145.81:45885] script '/home/rajatbiotech.com/www/index.php' not found or unable to stat
[Mon Jun 20 06:56:00.696489 2022] [php7:error] [pid 21738] [client 114.119.145.88:30013] script '/home/rajatbiotech.com/www/index.php' not found or unable to stat
[Mon Jun 20 07:15:03.666808 2022] [php7:error] [pid 22965] [client 114.119.145.8:38161] script '/home/rajatbiotech.com/www/index.php' not found or unable to stat
[Mon Jun 20 07:45:20.411157 2022] [php7:error] [pid 24439] [client 114.119.145.81:58317] script '/home/rajatbiotech.com/www/index.php' not found or unable to stat
[Mon Jun 20 08:01:42.578552 2022] [php7:error] [pid 25029] [client 114.119.146.100:40149] script '/home/rajatbiotech.com/www/index.php' not found or unable to stat
[Mon Jun 20 08:07:10.288570 2022] [php7:error] [pid 25402] [client 114.119.145.8:21511] script '/home/rajatbiotech.com/www/index.php' not found or unable to stat
[Mon Jun 20 08:09:55.028591 2022] [php7:error] [pid 25584] [client 114.119.146.107:51173] script '/home/rajatbiotech.com/www/index.php' not found or unable to stat
[Mon Jun 20 08:13:40.580060 2022] [php7:error] [pid 25676] [client 114.119.145.86:55915] script '/home/rajatbiotech.com/www/index.php' not found or unable to stat
[Mon Jun 20 08:16:25.123355 2022] [php7:error] [pid 25848] [client 114.119.145.8:38395] script '/home/rajatbiotech.com/www/index.php' not found or unable to stat
[Mon Jun 20 08:30:06.143250 2022] [php7:error] [pid 26389] [client 114.119.145.86:20289] script '/home/rajatbiotech.com/www/index.php' not found or unable to stat
[Mon Jun 20 10:19:57.973762 2022] [php7:error] [pid 30661] [client 114.119.145.88:35445] script '/home/rajatbiotech.com/www/index.php' not found or unable to stat
[Mon Jun 20 10:23:32.952016 2022] [php7:error] [pid 30762] [client 114.119.146.107:38873] script '/home/rajatbiotech.com/www/index.php' not found or unable to stat
[Mon Jun 20 10:25:20.570751 2022] [php7:error] [pid 30607] [client 114.119.146.100:49407] script '/home/rajatbiotech.com/www/index.php' not found or unable to stat
[Mon Jun 20 10:29:52.125487 2022] [php7:error] [pid 31026] [client 114.119.145.88:33401] script '/home/rajatbiotech.com/www/index.php' not found or unable to stat
[Mon Jun 20 10:55:16.204332 2022] [php7:error] [pid 31911] [client 114.119.146.107:62999] script '/home/rajatbiotech.com/www/index.php' not found or unable to stat
[Mon Jun 20 11:00:30.676676 2022] [php7:error] [pid 32039] [client 114.119.145.88:36293] script '/home/rajatbiotech.com/www/index.php' not found or unable to stat
[Mon Jun 20 11:06:00.736648 2022] [php7:error] [pid 32211] [client 114.119.145.8:32991] script '/home/rajatbiotech.com/www/index.php' not found or unable to stat
[Mon Jun 20 11:17:35.035327 2022] [php7:error] [pid 32415] [client 114.119.145.88:46273] script '/home/rajatbiotech.com/www/index.php' not found or unable to stat
[Mon Jun 20 11:24:17.146578 2022] [php7:error] [pid 32619] [client 146.70.52.110:3999] script '/home/rajatbiotech.com/www/wp-login.php' not found or unable to stat
[Mon Jun 20 11:24:17.884950 2022] [php7:error] [pid 32770] [client 146.70.52.110:4015] script '/home/rajatbiotech.com/www/wp-login.php' not found or unable to stat
[Mon Jun 20 11:24:18.599055 2022] [php7:error] [pid 32486] [client 146.70.52.110:4026] script '/home/rajatbiotech.com/www/wp-login.php' not found or unable to stat
[Mon Jun 20 11:29:48.943323 2022] [php7:error] [pid 32486] [client 114.119.145.81:47613] script '/home/rajatbiotech.com/www/index.php' not found or unable to stat
[Mon Jun 20 11:39:20.580014 2022] [php7:error] [pid 33184] [client 114.119.145.81:36623] script '/home/rajatbiotech.com/www/index.php' not found or unable to stat
[Mon Jun 20 11:41:54.858739 2022] [php7:error] [pid 32865] [client 20.211.40.51:64388] script '/home/rajatbiotech.com/www/wp-class.php' not found or unable to stat, referer: www.google.com
[Mon Jun 20 11:45:29.993879 2022] [php7:error] [pid 33406] [client 114.119.145.81:48033] script '/home/rajatbiotech.com/www/index.php' not found or unable to stat
[Mon Jun 20 11:49:47.468350 2022] [php7:error] [pid 33404] [client 114.119.146.100:50905] script '/home/rajatbiotech.com/www/index.php' not found or unable to stat
[Mon Jun 20 12:04:49.574716 2022] [php7:error] [pid 34088] [client 114.119.145.86:38355] script '/home/rajatbiotech.com/www/index.php' not found or unable to stat
[Mon Jun 20 12:35:23.130483 2022] [php7:error] [pid 35234] [client 66.249.64.217:64525] script '/home/rajatbiotech.com/www/wp-signups.php' not found or unable to stat
[Mon Jun 20 12:52:52.163687 2022] [php7:error] [pid 35799] [client 114.119.145.8:53875] script '/home/rajatbiotech.com/www/index.php' not found or unable to stat
[Mon Jun 20 13:20:55.939524 2022] [php7:error] [pid 36773] [client 114.119.145.86:62141] script '/home/rajatbiotech.com/www/index.php' not found or unable to stat
[Mon Jun 20 13:39:18.736769 2022] [php7:error] [pid 37244] [client 114.119.131.197:61777] script '/home/rajatbiotech.com/www/index.php' not found or unable to stat
[Mon Jun 20 13:42:44.981924 2022] [php7:error] [pid 37307] [client 114.119.145.8:54559] script '/home/rajatbiotech.com/www/index.php' not found or unable to stat
[Mon Jun 20 14:36:16.602755 2022] [php7:error] [pid 39180] [client 66.249.64.215:61346] script '/home/rajatbiotech.com/www/1.php' not found or unable to stat
[Mon Jun 20 14:41:08.571478 2022] [php7:error] [pid 39360] [client 114.119.145.88:37515] script '/home/rajatbiotech.com/www/index.php' not found or unable to stat
[Mon Jun 20 15:19:01.454974 2022] [php7:error] [pid 40815] [client 114.119.145.86:51377] script '/home/rajatbiotech.com/www/index.php' not found or unable to stat
[Mon Jun 20 15:25:33.508279 2022] [php7:error] [pid 40620] [client 114.119.145.8:42067] script '/home/rajatbiotech.com/www/index.php' not found or unable to stat
[Mon Jun 20 15:35:40.381007 2022] [php7:error] [pid 40357] [client 114.119.145.86:28153] script '/home/rajatbiotech.com/www/index.php' not found or unable to stat
[Mon Jun 20 15:40:22.578814 2022] [php7:error] [pid 41132] [client 114.119.146.107:20435] script '/home/rajatbiotech.com/www/index.php' not found or unable to stat
[Mon Jun 20 15:54:19.500413 2022] [php7:error] [pid 41408] [client 114.119.131.197:36209] script '/home/rajatbiotech.com/www/index.php' not found or unable to stat
[Mon Jun 20 16:07:26.161478 2022] [php7:error] [pid 41470] [client 66.249.64.210:45177] script '/home/rajatbiotech.com/www/index.php' not found or unable to stat
[Mon Jun 20 16:25:21.236361 2022] [php7:error] [pid 41692] [client 114.119.145.88:34899] script '/home/rajatbiotech.com/www/index.php' not found or unable to stat
[Mon Jun 20 16:40:15.189201 2022] [php7:error] [pid 41847] [client 114.119.146.100:35371] script '/home/rajatbiotech.com/www/index.php' not found or unable to stat
[Mon Jun 20 17:26:14.524714 2022] [php7:error] [pid 42974] [client 66.249.64.217:57646] script '/home/rajatbiotech.com/www/1.php' not found or unable to stat
[Mon Jun 20 17:28:48.590620 2022] [php7:error] [pid 43012] [client 114.119.145.8:63599] script '/home/rajatbiotech.com/www/index.php' not found or unable to stat
[Mon Jun 20 17:39:24.654105 2022] [php7:error] [pid 43261] [client 66.249.64.219:46221] script '/home/rajatbiotech.com/www/wp-signups.php' not found or unable to stat
[Mon Jun 20 17:46:53.595182 2022] [php7:error] [pid 43395] [client 114.119.145.86:60243] script '/home/rajatbiotech.com/www/index.php' not found or unable to stat
[Mon Jun 20 18:15:19.275517 2022] [php7:error] [pid 43708] [client 114.119.145.81:45103] script '/home/rajatbiotech.com/www/index.php' not found or unable to stat
[Mon Jun 20 18:16:27.145431 2022] [php7:error] [pid 43807] [client 114.119.145.81:57035] script '/home/rajatbiotech.com/www/index.php' not found or unable to stat
[Mon Jun 20 18:24:21.519964 2022] [php7:error] [pid 43860] [client 114.119.146.100:52677] script '/home/rajatbiotech.com/www/index.php' not found or unable to stat
[Mon Jun 20 18:33:24.932132 2022] [php7:error] [pid 43579] [client 164.132.44.97:47243] script '/home/rajatbiotech.com/www/old-index.php' not found or unable to stat, referer: rajatbiotech.com
[Mon Jun 20 18:33:53.594196 2022] [php7:error] [pid 43932] [client 164.132.44.97:50118] script '/home/rajatbiotech.com/www/wp-load.php' not found or unable to stat, referer: rajatbiotech.com
[Mon Jun 20 18:51:03.491100 2022] [php7:error] [pid 43810] [client 114.119.145.86:32103] script '/home/rajatbiotech.com/www/index.php' not found or unable to stat
[Mon Jun 20 18:53:16.121771 2022] [php7:error] [pid 44095] [client 114.119.145.86:26195] script '/home/rajatbiotech.com/www/index.php' not found or unable to stat
[Mon Jun 20 18:55:09.331479 2022] [php7:error] [pid 44256] [client 114.119.145.86:26979] script '/home/rajatbiotech.com/www/index.php' not found or unable to stat
[Mon Jun 20 19:13:51.640599 2022] [php7:error] [pid 44332] [client 114.119.131.197:51915] script '/home/rajatbiotech.com/www/index.php' not found or unable to stat
[Mon Jun 20 19:23:47.230448 2022] [php7:error] [pid 44890] [client 20.211.40.208:52412] script '/home/rajatbiotech.com/www/wp-load.php' not found or unable to stat, referer: www.bing.com
[Mon Jun 20 19:23:47.888572 2022] [php7:error] [pid 44332] [client 20.211.40.208:52484] script '/home/rajatbiotech.com/www/style.php' not found or unable to stat, referer: www.bing.com
[Mon Jun 20 19:23:48.828733 2022] [php7:error] [pid 44893] [client 20.211.40.208:52531] script '/home/rajatbiotech.com/www/s_e.php' not found or unable to stat, referer: www.bing.com
[Mon Jun 20 19:23:49.649243 2022] [php7:error] [pid 44894] [client 20.211.40.208:52578] script '/home/rajatbiotech.com/www/s_ne.php' not found or unable to stat, referer: www.bing.com
[Mon Jun 20 19:23:50.245717 2022] [php7:error] [pid 44890] [client 20.211.40.208:52630] script '/home/rajatbiotech.com/www/1index.php' not found or unable to stat, referer: www.bing.com
[Mon Jun 20 19:23:50.866466 2022] [php7:error] [pid 44332] [client 20.211.40.208:52672] script '/home/rajatbiotech.com/www/radio.php' not found or unable to stat, referer: www.bing.com
[Mon Jun 20 19:23:51.471763 2022] [php7:error] [pid 44839] [client 20.211.40.208:52715] script '/home/rajatbiotech.com/www/doc.php' not found or unable to stat, referer: www.bing.com
[Mon Jun 20 19:23:52.111140 2022] [php7:error] [pid 44917] [client 20.211.40.208:52752] script '/home/rajatbiotech.com/www/wp_wrong_datlib.php' not found or unable to stat, referer: www.bing.com
[Mon Jun 20 19:23:52.734676 2022] [php7:error] [pid 44890] [client 20.211.40.208:52782] script '/home/rajatbiotech.com/www/beence.php' not found or unable to stat, referer: www.bing.com
[Mon Jun 20 19:23:53.928204 2022] [php7:error] [pid 44890] [client 20.211.40.208:52820] script '/home/rajatbiotech.com/www/ups.php' not found or unable to stat, referer: www.bing.com
[Mon Jun 20 19:23:54.529167 2022] [php7:error] [pid 44893] [client 20.211.40.208:52878] script '/home/rajatbiotech.com/www/wp-signin.php' not found or unable to stat, referer: www.bing.com
[Mon Jun 20 19:23:55.131211 2022] [php7:error] [pid 44894] [client 20.211.40.208:52919] script '/home/rajatbiotech.com/www/media-admin.php' not found or unable to stat, referer: www.bing.com
[Mon Jun 20 19:23:56.134109 2022] [php7:error] [pid 44812] [client 20.211.40.208:52959] script '/home/rajatbiotech.com/www/export.php' not found or unable to stat, referer: www.bing.com
[Mon Jun 20 19:23:59.353977 2022] [php7:error] [pid 44890] [client 20.211.40.208:53154] script '/home/rajatbiotech.com/www/defau1t.php' not found or unable to stat, referer: www.bing.com
[Mon Jun 20 19:24:00.487833 2022] [php7:error] [pid 44725] [client 20.211.40.208:53192] script '/home/rajatbiotech.com/www/moduless.php' not found or unable to stat, referer: www.bing.com
[Mon Jun 20 19:24:01.212542 2022] [php7:error] [pid 44894] [client 20.211.40.208:53243] script '/home/rajatbiotech.com/www/wp-booking.php' not found or unable to stat, referer: www.bing.com
[Mon Jun 20 19:24:04.114824 2022] [php7:error] [pid 44332] [client 20.211.40.208:53400] script '/home/rajatbiotech.com/www/config.bak.php' not found or unable to stat, referer: www.bing.com
[Mon Jun 20 19:24:05.009509 2022] [php7:error] [pid 44890] [client 20.211.40.208:53463] script '/home/rajatbiotech.com/www/legion.php' not found or unable to stat, referer: www.bing.com
[Mon Jun 20 19:24:06.245347 2022] [php7:error] [pid 44725] [client 20.211.40.208:53544] script '/home/rajatbiotech.com/www/wp-plugins.php' not found or unable to stat, referer: www.bing.com
[Mon Jun 20 19:24:08.084537 2022] [php7:error] [pid 44812] [client 20.211.40.208:53670] script '/home/rajatbiotech.com/www/archives.php' not found or unable to stat, referer: www.bing.com
[Mon Jun 20 19:24:08.680778 2022] [php7:error] [pid 44839] [client 20.211.40.208:53714] script '/home/rajatbiotech.com/www/defau11.php' not found or unable to stat, referer: www.bing.com
[Mon Jun 20 19:24:10.126816 2022] [php7:error] [pid 44890] [client 20.211.40.208:53800] script '/home/rajatbiotech.com/www/system_log.php' not found or unable to stat, referer: www.bing.com
[Mon Jun 20 19:24:10.755999 2022] [php7:error] [pid 44893] [client 20.211.40.208:53848] script '/home/rajatbiotech.com/www/wp-backup-sql-302.php' not found or unable to stat, referer: www.bing.com
[Mon Jun 20 19:24:12.025062 2022] [php7:error] [pid 44725] [client 20.211.40.208:53883] script '/home/rajatbiotech.com/www/error.php' not found or unable to stat, referer: www.bing.com
[Mon Jun 20 19:24:31.589289 2022] [php7:error] [pid 44889] [client 20.211.40.208:55047] script '/home/rajatbiotech.com/www/index.php' not found or unable to stat, referer: www.bing.com
[Mon Jun 20 19:24:31.889333 2022] [php7:error] [pid 44889] [client 20.211.40.208:55047] script '/home/rajatbiotech.com/www/olux.php' not found or unable to stat, referer: www.bing.com
