[Fri Jun 03 11:03:44.922527 2022] [php7:error] [pid 3745700] [client 20.53.233.252:61602] script '/home/rajatbiotech.com/www/1.php' not found or unable to stat
[Fri Jun 03 11:03:47.893297 2022] [php7:error] [pid 3745700] [client 20.53.233.252:61602] script '/home/rajatbiotech.com/www/data.php' not found or unable to stat
[Fri Jun 03 11:03:50.249485 2022] [php7:error] [pid 3745700] [client 20.53.233.252:61602] script '/home/rajatbiotech.com/www/wp-blog.php' not found or unable to stat
[Fri Jun 03 11:03:52.300247 2022] [php7:error] [pid 3745700] [client 20.53.233.252:61602] script '/home/rajatbiotech.com/www/b.php' not found or unable to stat
[Fri Jun 03 11:03:53.825416 2022] [php7:error] [pid 3745700] [client 20.53.233.252:61602] script '/home/rajatbiotech.com/www/c.php' not found or unable to stat
[Fri Jun 03 11:03:55.605163 2022] [php7:error] [pid 3745700] [client 20.53.233.252:61602] script '/home/rajatbiotech.com/www/shx.php' not found or unable to stat
[Fri Jun 03 11:03:56.646371 2022] [php7:error] [pid 3745700] [client 20.53.233.252:61602] script '/home/rajatbiotech.com/www/alfa.php' not found or unable to stat
[Fri Jun 03 11:04:02.232375 2022] [php7:error] [pid 3745664] [client 20.53.233.252:60365] script '/home/rajatbiotech.com/www/a.php' not found or unable to stat
[Fri Jun 03 11:04:03.607895 2022] [php7:error] [pid 3745664] [client 20.53.233.252:60365] script '/home/rajatbiotech.com/www/old-index.php' not found or unable to stat
[Fri Jun 03 11:04:08.399716 2022] [php7:error] [pid 3745664] [client 20.53.233.252:60365] script '/home/rajatbiotech.com/www/FoxWSO.php' not found or unable to stat
[Fri Jun 03 11:04:09.554996 2022] [php7:error] [pid 3745664] [client 20.53.233.252:60365] script '/home/rajatbiotech.com/www/x.php' not found or unable to stat
[Fri Jun 03 11:04:13.350724 2022] [php7:error] [pid 3745664] [client 20.53.233.252:60365] script '/home/rajatbiotech.com/www/403.php' not found or unable to stat
[Fri Jun 03 11:04:19.070962 2022] [php7:error] [pid 3745702] [client 20.53.233.252:50147] script '/home/rajatbiotech.com/www/mini.php' not found or unable to stat
[Fri Jun 03 11:04:23.115902 2022] [php7:error] [pid 3745702] [client 20.53.233.252:50147] script '/home/rajatbiotech.com/www/imagesvuln.php' not found or unable to stat
[Fri Jun 03 11:04:30.574730 2022] [php7:error] [pid 3745700] [client 20.53.233.252:63586] script '/home/rajatbiotech.com/www/edit-form.php' not found or unable to stat
[Fri Jun 03 11:04:32.697169 2022] [php7:error] [pid 3745700] [client 20.53.233.252:63586] script '/home/rajatbiotech.com/www/wikindex.php' not found or unable to stat
[Fri Jun 03 11:04:33.806538 2022] [php7:error] [pid 3745700] [client 20.53.233.252:63586] script '/home/rajatbiotech.com/www/m.php' not found or unable to stat
[Fri Jun 03 11:04:39.362714 2022] [php7:error] [pid 3745702] [client 20.53.233.252:60108] script '/home/rajatbiotech.com/www/0byte.php' not found or unable to stat
[Fri Jun 03 11:04:46.083514 2022] [php7:error] [pid 3745599] [client 20.53.233.252:60183] script '/home/rajatbiotech.com/www/xx.php' not found or unable to stat
[Fri Jun 03 11:04:50.168286 2022] [php7:error] [pid 3745599] [client 20.53.233.252:60183] script '/home/rajatbiotech.com/www/new-index.php' not found or unable to stat
[Fri Jun 03 11:04:53.339241 2022] [php7:error] [pid 3745599] [client 20.53.233.252:60183] script '/home/rajatbiotech.com/www/wp.php' not found or unable to stat
[Fri Jun 03 11:04:58.101586 2022] [php7:error] [pid 3745599] [client 20.53.233.252:60183] script '/home/rajatbiotech.com/www/wp-wso.php' not found or unable to stat
[Fri Jun 03 11:04:58.349618 2022] [php7:error] [pid 3745599] [client 20.53.233.252:60183] script '/home/rajatbiotech.com/www/qindex.php' not found or unable to stat
[Fri Jun 03 11:05:02.742495 2022] [php7:error] [pid 3745599] [client 20.53.233.252:60183] script '/home/rajatbiotech.com/www/priv8.php' not found or unable to stat
[Fri Jun 03 11:05:08.298649 2022] [php7:error] [pid 3745720] [client 20.53.233.252:53138] script '/home/rajatbiotech.com/www/minimo.php' not found or unable to stat
[Fri Jun 03 11:05:11.378738 2022] [php7:error] [pid 3745720] [client 20.53.233.252:53138] script '/home/rajatbiotech.com/www/xleet.php' not found or unable to stat
[Fri Jun 03 11:05:13.035146 2022] [php7:error] [pid 3745720] [client 20.53.233.252:53138] script '/home/rajatbiotech.com/www/V3.php' not found or unable to stat
[Fri Jun 03 11:05:14.688928 2022] [php7:error] [pid 3745720] [client 20.53.233.252:53138] script '/home/rajatbiotech.com/www/V5.php' not found or unable to stat
[Fri Jun 03 11:05:21.900298 2022] [php7:error] [pid 3745665] [client 20.53.233.252:65092] script '/home/rajatbiotech.com/www/404.php' not found or unable to stat
[Fri Jun 03 11:05:24.506448 2022] [php7:error] [pid 3745665] [client 20.53.233.252:65092] script '/home/rajatbiotech.com/www/up.php' not found or unable to stat
[Fri Jun 03 11:05:31.964615 2022] [php7:error] [pid 3745720] [client 20.53.233.252:58812] script '/home/rajatbiotech.com/www/www.php' not found or unable to stat
[Fri Jun 03 11:05:36.189570 2022] [php7:error] [pid 3745720] [client 20.53.233.252:58812] script '/home/rajatbiotech.com/www/100.php' not found or unable to stat
[Fri Jun 03 11:05:37.849401 2022] [php7:error] [pid 3745720] [client 20.53.233.252:58812] script '/home/rajatbiotech.com/www/777.php' not found or unable to stat
[Fri Jun 03 11:05:44.631206 2022] [php7:error] [pid 3745665] [client 20.53.233.252:49555] script '/home/rajatbiotech.com/www/defau1t.php' not found or unable to stat
[Fri Jun 03 11:05:44.889355 2022] [php7:error] [pid 3745665] [client 20.53.233.252:49555] script '/home/rajatbiotech.com/www/f.php' not found or unable to stat
[Fri Jun 03 11:05:47.487487 2022] [php7:error] [pid 3745665] [client 20.53.233.252:49555] script '/home/rajatbiotech.com/www/xox.php' not found or unable to stat
[Fri Jun 03 11:05:49.615311 2022] [php7:error] [pid 3745665] [client 20.53.233.252:49555] script '/home/rajatbiotech.com/www/o.php' not found or unable to stat
[Fri Jun 03 11:05:52.137381 2022] [php7:error] [pid 3745665] [client 20.53.233.252:49555] script '/home/rajatbiotech.com/www/new.php' not found or unable to stat
[Fri Jun 03 11:05:55.095365 2022] [php7:error] [pid 3745665] [client 20.53.233.252:49555] script '/home/rajatbiotech.com/www/sindex.php' not found or unable to stat
[Fri Jun 03 11:06:01.113232 2022] [php7:error] [pid 3745732] [client 20.53.233.252:51334] script '/home/rajatbiotech.com/www/baindex.php' not found or unable to stat
[Fri Jun 03 11:06:03.283798 2022] [php7:error] [pid 3745732] [client 20.53.233.252:51334] script '/home/rajatbiotech.com/www/wi.php' not found or unable to stat
[Fri Jun 03 11:06:08.270675 2022] [php7:error] [pid 3745732] [client 20.53.233.252:51334] script '/home/rajatbiotech.com/www/mar.php' not found or unable to stat
[Fri Jun 03 11:06:12.376618 2022] [php7:error] [pid 3745732] [client 20.53.233.252:51334] script '/home/rajatbiotech.com/www/root.php' not found or unable to stat
[Fri Jun 03 11:06:15.671897 2022] [php7:error] [pid 3745732] [client 20.53.233.252:51334] script '/home/rajatbiotech.com/www/nee.php' not found or unable to stat
[Fri Jun 03 11:06:16.362979 2022] [php7:error] [pid 3745732] [client 20.53.233.252:51334] script '/home/rajatbiotech.com/www/v.php' not found or unable to stat
[Fri Jun 03 11:06:17.917376 2022] [php7:error] [pid 3745732] [client 20.53.233.252:51334] script '/home/rajatbiotech.com/www/z.php' not found or unable to stat
[Fri Jun 03 11:06:21.582862 2022] [php7:error] [pid 3745732] [client 20.53.233.252:51334] script '/home/rajatbiotech.com/www/g.php' not found or unable to stat
[Fri Jun 03 11:06:22.825060 2022] [php7:error] [pid 3745732] [client 20.53.233.252:51334] script '/home/rajatbiotech.com/www/c99.php' not found or unable to stat
[Fri Jun 03 11:06:24.580034 2022] [php7:error] [pid 3745732] [client 20.53.233.252:51334] script '/home/rajatbiotech.com/www/w.php' not found or unable to stat
[Fri Jun 03 11:06:28.572644 2022] [php7:error] [pid 3745732] [client 20.53.233.252:51334] script '/home/rajatbiotech.com/www/ws.php' not found or unable to stat
[Fri Jun 03 11:06:30.227667 2022] [php7:error] [pid 3745732] [client 20.53.233.252:51334] script '/home/rajatbiotech.com/www/2.php' not found or unable to stat
[Fri Jun 03 11:06:32.712524 2022] [php7:error] [pid 3745732] [client 20.53.233.252:51334] script '/home/rajatbiotech.com/www/lol.php' not found or unable to stat
[Fri Jun 03 11:06:33.907441 2022] [php7:error] [pid 3745732] [client 20.53.233.252:51334] script '/home/rajatbiotech.com/www/87.php' not found or unable to stat
[Fri Jun 03 11:06:35.823269 2022] [php7:error] [pid 3745732] [client 20.53.233.252:51334] script '/home/rajatbiotech.com/www/7yn.php' not found or unable to stat
[Fri Jun 03 11:06:37.812465 2022] [php7:error] [pid 3745732] [client 20.53.233.252:51334] script '/home/rajatbiotech.com/www/haxor.php' not found or unable to stat
[Fri Jun 03 11:06:49.097838 2022] [php7:error] [pid 3745665] [client 20.53.233.252:52948] script '/home/rajatbiotech.com/www/13.php' not found or unable to stat
[Fri Jun 03 11:06:52.758666 2022] [php7:error] [pid 3745665] [client 20.53.233.252:52948] script '/home/rajatbiotech.com/www/e.php' not found or unable to stat
[Fri Jun 03 11:06:59.365667 2022] [php7:error] [pid 3745599] [client 20.53.233.252:64196] script '/home/rajatbiotech.com/www/r.php' not found or unable to stat
[Fri Jun 03 11:07:05.856627 2022] [php7:error] [pid 3745702] [client 20.53.233.252:61570] script '/home/rajatbiotech.com/www/t.php' not found or unable to stat
[Fri Jun 03 11:07:09.409473 2022] [php7:error] [pid 3745702] [client 20.53.233.252:61570] script '/home/rajatbiotech.com/www/y.php' not found or unable to stat
[Fri Jun 03 11:07:11.905042 2022] [php7:error] [pid 3745702] [client 20.53.233.252:61570] script '/home/rajatbiotech.com/www/u.php' not found or unable to stat
[Fri Jun 03 11:07:13.750215 2022] [php7:error] [pid 3745702] [client 20.53.233.252:61570] script '/home/rajatbiotech.com/www/i.php' not found or unable to stat
[Fri Jun 03 11:07:15.303392 2022] [php7:error] [pid 3745702] [client 20.53.233.252:61570] script '/home/rajatbiotech.com/www/p.php' not found or unable to stat
[Fri Jun 03 11:11:19.658184 2022] [php7:error] [pid 3745700] [client 66.249.70.23:39199] script '/home/rajatbiotech.com/www/index.php' not found or unable to stat
[Fri Jun 03 11:42:07.328012 2022] [php7:error] [pid 3746260] [client 114.119.136.85:20733] script '/home/rajatbiotech.com/www/index.php' not found or unable to stat
[Fri Jun 03 11:49:23.108735 2022] [php7:error] [pid 3746608] [client 114.119.137.160:41353] script '/home/rajatbiotech.com/www/index.php' not found or unable to stat
[Fri Jun 03 12:02:48.033219 2022] [php7:error] [pid 3746900] [client 66.249.70.23:38641] script '/home/rajatbiotech.com/www/wp-signups.php' not found or unable to stat
[Fri Jun 03 12:02:55.440760 2022] [php7:error] [pid 3746793] [client 114.119.137.116:63337] script '/home/rajatbiotech.com/www/index.php' not found or unable to stat
[Fri Jun 03 12:36:18.734074 2022] [php7:error] [pid 3747552] [client 114.119.137.105:17670] script '/home/rajatbiotech.com/www/index.php' not found or unable to stat
[Fri Jun 03 12:43:30.719290 2022] [php7:error] [pid 3747625] [client 162.241.123.26:25300] script '/home/rajatbiotech.com/www/about.php' not found or unable to stat, referer: http://simplesite.com
[Fri Jun 03 12:43:32.592508 2022] [php7:error] [pid 3747721] [client 162.241.123.26:26102] script '/home/rajatbiotech.com/www/about.php' not found or unable to stat, referer: http://simplesite.com
[Fri Jun 03 12:47:09.486679 2022] [php7:error] [pid 3747722] [client 114.119.137.160:30387] script '/home/rajatbiotech.com/www/index.php' not found or unable to stat
[Fri Jun 03 13:10:50.511263 2022] [php7:error] [pid 3748029] [client 114.119.137.124:60493] script '/home/rajatbiotech.com/www/index.php' not found or unable to stat
[Fri Jun 03 13:47:31.246011 2022] [php7:error] [pid 3748961] [client 114.119.137.177:39613] script '/home/rajatbiotech.com/www/index.php' not found or unable to stat
[Fri Jun 03 13:59:43.363280 2022] [php7:error] [pid 3749272] [client 114.119.137.156:22121] script '/home/rajatbiotech.com/www/index.php' not found or unable to stat
[Fri Jun 03 14:07:01.238637 2022] [php7:error] [pid 3749272] [client 66.249.70.25:63782] script '/home/rajatbiotech.com/www/1.php' not found or unable to stat
[Fri Jun 03 14:14:36.204037 2022] [php7:error] [pid 3749681] [client 138.197.143.129:49322] script '/home/rajatbiotech.com/www/wp-login.php' not found or unable to stat, referer: http://rajatbiotech.com
[Fri Jun 03 14:19:40.811489 2022] [php7:error] [pid 3749478] [client 114.119.136.92:28703] script '/home/rajatbiotech.com/www/index.php' not found or unable to stat
[Fri Jun 03 14:20:31.900806 2022] [php7:error] [pid 3749760] [client 114.119.137.125:22345] script '/home/rajatbiotech.com/www/index.php' not found or unable to stat
[Fri Jun 03 16:13:26.212338 2022] [php7:error] [pid 3751974] [client 66.249.70.25:53952] script '/home/rajatbiotech.com/www/1.php' not found or unable to stat
[Fri Jun 03 16:17:08.128990 2022] [php7:error] [pid 3751973] [client 114.119.137.122:43233] script '/home/rajatbiotech.com/www/index.php' not found or unable to stat
[Fri Jun 03 16:18:13.117217 2022] [php7:error] [pid 3751979] [client 114.119.136.8:63493] script '/home/rajatbiotech.com/www/index.php' not found or unable to stat
[Fri Jun 03 16:21:05.687787 2022] [php7:error] [pid 3752091] [client 66.249.70.23:44774] script '/home/rajatbiotech.com/www/wp-signups.php' not found or unable to stat
[Fri Jun 03 16:24:02.311328 2022] [php7:error] [pid 3751579] [client 54.37.121.239:55372] script '/home/rajatbiotech.com/www/bsgessfds.php' not found or unable to stat, referer: http://simplesite.com
[Fri Jun 03 16:24:39.887337 2022] [php7:error] [pid 3751579] [client 66.249.70.18:59399] script '/home/rajatbiotech.com/www/index.php' not found or unable to stat
[Fri Jun 03 16:42:38.957528 2022] [php7:error] [pid 3752131] [client 199.195.252.18:36897] script '/home/rajatbiotech.com/www/xmlrpc.php' not found or unable to stat
[Fri Jun 03 16:42:45.226031 2022] [php7:error] [pid 3752535] [client 195.206.105.217:57142] script '/home/rajatbiotech.com/www/xmlrpc.php' not found or unable to stat
[Fri Jun 03 16:42:49.148986 2022] [php7:error] [pid 3752651] [client 195.206.105.217:58352] script '/home/rajatbiotech.com/www/wp-login.php' not found or unable to stat
[Fri Jun 03 16:43:00.934752 2022] [php7:error] [pid 3752498] [client 31.133.0.182:11590] script '/home/rajatbiotech.com/www/wp-login.php' not found or unable to stat
[Fri Jun 03 16:43:03.950234 2022] [php7:error] [pid 3752091] [client 144.172.73.16:58068] script '/home/rajatbiotech.com/www/xmlrpc.php' not found or unable to stat
[Fri Jun 03 16:43:10.533874 2022] [php7:error] [pid 3752514] [client 144.172.73.50:47762] script '/home/rajatbiotech.com/www/xmlrpc.php' not found or unable to stat
[Fri Jun 03 16:43:13.336420 2022] [php7:error] [pid 3752131] [client 94.142.241.194:45063] script '/home/rajatbiotech.com/www/wp-login.php' not found or unable to stat
[Fri Jun 03 16:43:16.179520 2022] [php7:error] [pid 3752651] [client 94.142.241.194:43353] script '/home/rajatbiotech.com/www/wp-login.php' not found or unable to stat
[Fri Jun 03 16:58:18.703135 2022] [php7:error] [pid 3752776] [client 114.119.137.173:58989] script '/home/rajatbiotech.com/www/index.php' not found or unable to stat
[Fri Jun 03 16:58:52.945505 2022] [php7:error] [pid 3752663] [client 66.249.70.27:59932] script '/home/rajatbiotech.com/www/1.php' not found or unable to stat
[Fri Jun 03 16:59:06.649184 2022] [php7:error] [pid 3752131] [client 114.119.136.95:61715] script '/home/rajatbiotech.com/www/index.php' not found or unable to stat
[Fri Jun 03 17:02:27.153241 2022] [php7:error] [pid 3752131] [client 114.119.137.134:65359] script '/home/rajatbiotech.com/www/index.php' not found or unable to stat
[Fri Jun 03 17:02:57.407719 2022] [php7:error] [pid 3753281] [client 114.119.137.174:24635] script '/home/rajatbiotech.com/www/index.php' not found or unable to stat
[Fri Jun 03 17:17:12.806454 2022] [php7:error] [pid 3753477] [client 114.119.136.68:28135] script '/home/rajatbiotech.com/www/index.php' not found or unable to stat
[Fri Jun 03 17:18:27.656958 2022] [php7:error] [pid 3753523] [client 66.249.70.25:62056] script '/home/rajatbiotech.com/www/license.php' not found or unable to stat
[Fri Jun 03 17:19:43.787251 2022] [php7:error] [pid 3752797] [client 114.119.137.124:34749] script '/home/rajatbiotech.com/www/index.php' not found or unable to stat
[Fri Jun 03 17:26:30.033246 2022] [php7:error] [pid 3753648] [client 159.65.1.255:51902] script '/home/rajatbiotech.com/www/wp-login.php' not found or unable to stat
[Fri Jun 03 17:35:57.781741 2022] [php7:error] [pid 3753729] [client 114.119.136.8:40129] script '/home/rajatbiotech.com/www/index.php' not found or unable to stat
[Fri Jun 03 17:43:26.205143 2022] [php7:error] [pid 3753627] [client 66.249.70.25:50855] script '/home/rajatbiotech.com/www/index.php' not found or unable to stat
[Fri Jun 03 17:44:00.976510 2022] [php7:error] [pid 3753650] [client 66.249.70.23:64748] script '/home/rajatbiotech.com/www/index.php' not found or unable to stat
[Fri Jun 03 17:44:54.589865 2022] [php7:error] [pid 3753788] [client 114.119.137.160:29143] script '/home/rajatbiotech.com/www/index.php' not found or unable to stat
[Fri Jun 03 17:59:08.117915 2022] [php7:error] [pid 3754148] [client 66.249.70.25:35130] script '/home/rajatbiotech.com/www/profile.php' not found or unable to stat
[Fri Jun 03 18:07:25.717497 2022] [php7:error] [pid 3753650] [client 114.119.137.103:57829] script '/home/rajatbiotech.com/www/index.php' not found or unable to stat
[Fri Jun 03 18:19:46.036917 2022] [php7:error] [pid 3754622] [client 66.249.70.27:57062] script '/home/rajatbiotech.com/www/index.php' not found or unable to stat
[Fri Jun 03 18:20:58.521178 2022] [php7:error] [pid 3754596] [client 114.119.137.124:27231] script '/home/rajatbiotech.com/www/index.php' not found or unable to stat
[Fri Jun 03 18:21:38.671538 2022] [php7:error] [pid 3754598] [client 66.249.70.23:39014] script '/home/rajatbiotech.com/www/index.php' not found or unable to stat
[Fri Jun 03 18:24:57.560482 2022] [php7:error] [pid 3754726] [client 114.119.137.128:34289] script '/home/rajatbiotech.com/www/index.php' not found or unable to stat
[Fri Jun 03 18:25:03.182167 2022] [php7:error] [pid 3754712] [client 66.249.70.25:64874] script '/home/rajatbiotech.com/www/index.php' not found or unable to stat
[Fri Jun 03 18:27:46.871290 2022] [php7:error] [pid 3754778] [client 66.249.70.25:41190] script '/home/rajatbiotech.com/www/index.php' not found or unable to stat
[Fri Jun 03 18:31:52.407604 2022] [php7:error] [pid 3754804] [client 66.249.70.25:40900] script '/home/rajatbiotech.com/www/index.php' not found or unable to stat
[Fri Jun 03 18:33:14.246927 2022] [php7:error] [pid 3754797] [client 66.249.70.25:41416] script '/home/rajatbiotech.com/www/index.php' not found or unable to stat
[Fri Jun 03 18:33:24.474830 2022] [php7:error] [pid 3754766] [client 66.249.70.25:60982] script '/home/rajatbiotech.com/www/index.php' not found or unable to stat
[Fri Jun 03 18:33:34.703268 2022] [php7:error] [pid 3754804] [client 66.249.70.23:39139] script '/home/rajatbiotech.com/www/keyword.php' not found or unable to stat
[Fri Jun 03 18:33:58.623987 2022] [php7:error] [pid 3754791] [client 114.119.137.145:42073] script '/home/rajatbiotech.com/www/index.php' not found or unable to stat
[Fri Jun 03 18:35:37.478159 2022] [php7:error] [pid 3754881] [client 66.249.70.23:45003] script '/home/rajatbiotech.com/www/index.php' not found or unable to stat
[Fri Jun 03 18:36:17.986579 2022] [php7:error] [pid 3754839] [client 114.119.137.167:20923] script '/home/rajatbiotech.com/www/index.php' not found or unable to stat
[Fri Jun 03 18:50:19.367533 2022] [php7:error] [pid 3755218] [client 114.119.136.72:26593] script '/home/rajatbiotech.com/www/index.php' not found or unable to stat
[Fri Jun 03 19:01:27.912001 2022] [php7:error] [pid 3755406] [client 114.119.137.123:29615] script '/home/rajatbiotech.com/www/index.php' not found or unable to stat
[Fri Jun 03 19:03:33.603588 2022] [php7:error] [pid 3755128] [client 66.249.70.25:37531] script '/home/rajatbiotech.com/www/index.php' not found or unable to stat
[Fri Jun 03 19:03:41.940027 2022] [php7:error] [pid 3755014] [client 114.119.137.105:25678] script '/home/rajatbiotech.com/www/index.php' not found or unable to stat
[Fri Jun 03 19:10:14.330170 2022] [php7:error] [pid 3755653] [client 66.249.70.27:51240] script '/home/rajatbiotech.com/www/index.php' not found or unable to stat
[Fri Jun 03 19:11:04.558287 2022] [php7:error] [pid 3755668] [client 66.249.70.23:50847] script '/home/rajatbiotech.com/www/test.php' not found or unable to stat
[Fri Jun 03 19:15:53.447881 2022] [php7:error] [pid 3755759] [client 114.119.134.195:44721] script '/home/rajatbiotech.com/www/index.php' not found or unable to stat
[Fri Jun 03 19:19:26.738078 2022] [php7:error] [pid 3755782] [client 66.249.70.25:44568] script '/home/rajatbiotech.com/www/wp-signups.php' not found or unable to stat
[Fri Jun 03 19:23:22.521037 2022] [php7:error] [pid 3755862] [client 66.249.70.23:52902] script '/home/rajatbiotech.com/www/license.php' not found or unable to stat
[Fri Jun 03 19:24:10.515339 2022] [php7:error] [pid 3755759] [client 66.249.70.23:36903] script '/home/rajatbiotech.com/www/wp-signups.php' not found or unable to stat
[Fri Jun 03 19:35:15.613134 2022] [php7:error] [pid 3755813] [client 66.249.70.27:48753] script '/home/rajatbiotech.com/www/wp-signups.php' not found or unable to stat
[Fri Jun 03 19:35:35.159084 2022] [php7:error] [pid 3756141] [client 66.249.70.25:43553] script '/home/rajatbiotech.com/www/wp-signups.php' not found or unable to stat
[Fri Jun 03 19:36:53.411917 2022] [php7:error] [pid 3756153] [client 66.249.70.23:35641] script '/home/rajatbiotech.com/www/wp-signups.php' not found or unable to stat
[Fri Jun 03 19:37:12.978288 2022] [php7:error] [pid 3756017] [client 66.249.70.25:60657] script '/home/rajatbiotech.com/www/wp-signups.php' not found or unable to stat
[Fri Jun 03 19:38:11.655363 2022] [php7:error] [pid 3756075] [client 66.249.70.27:62696] script '/home/rajatbiotech.com/www/wp-signups.php' not found or unable to stat
[Fri Jun 03 19:57:20.686102 2022] [php7:error] [pid 3756513] [client 66.249.70.23:46019] script '/home/rajatbiotech.com/www/license.php' not found or unable to stat
[Fri Jun 03 20:07:29.129396 2022] [php7:error] [pid 3756716] [client 66.249.70.25:58732] script '/home/rajatbiotech.com/www/log.php' not found or unable to stat
[Fri Jun 03 20:15:16.372136 2022] [php7:error] [pid 3756738] [client 66.249.70.27:63077] script '/home/rajatbiotech.com/www/1.php' not found or unable to stat
[Fri Jun 03 20:26:58.305179 2022] [php7:error] [pid 3756977] [client 114.119.136.96:35981] script '/home/rajatbiotech.com/www/index.php' not found or unable to stat
[Fri Jun 03 20:33:12.086457 2022] [php7:error] [pid 3757076] [client 66.249.70.27:48831] script '/home/rajatbiotech.com/www/license.php' not found or unable to stat
[Fri Jun 03 20:39:29.238240 2022] [php7:error] [pid 3757083] [client 66.249.70.27:35672] script '/home/rajatbiotech.com/www/wp-signups.php' not found or unable to stat
[Fri Jun 03 20:48:58.536518 2022] [php7:error] [pid 3757076] [client 209.142.65.29:56834] script '/home/rajatbiotech.com/www/sidwso.php' not found or unable to stat, referer: http://simplesite.com
[Fri Jun 03 20:49:00.616808 2022] [php7:error] [pid 3756679] [client 209.142.65.29:57356] script '/home/rajatbiotech.com/www/sidwso.php' not found or unable to stat, referer: http://simplesite.com
[Fri Jun 03 20:55:10.469357 2022] [php7:error] [pid 3757080] [client 114.119.136.68:44775] script '/home/rajatbiotech.com/www/index.php' not found or unable to stat
[Fri Jun 03 21:01:53.529646 2022] [php7:error] [pid 3756976] [client 31.22.7.240:53781] script '/home/rajatbiotech.com/www/wp-admin.php' not found or unable to stat, referer: http://simplesite.com
[Fri Jun 03 21:13:55.939917 2022] [php7:error] [pid 3757337] [client 114.119.137.128:41585] script '/home/rajatbiotech.com/www/index.php' not found or unable to stat
[Fri Jun 03 21:27:24.695049 2022] [php7:error] [pid 3757076] [client 114.119.136.8:48393] script '/home/rajatbiotech.com/www/index.php' not found or unable to stat
[Fri Jun 03 21:45:31.997545 2022] [php7:error] [pid 3757499] [client 66.249.70.27:41812] script '/home/rajatbiotech.com/www/1.php' not found or unable to stat
[Fri Jun 03 21:59:10.689362 2022] [php7:error] [pid 3758361] [client 114.119.137.105:44950] script '/home/rajatbiotech.com/www/index.php' not found or unable to stat
[Fri Jun 03 22:04:16.095221 2022] [php7:error] [pid 3758442] [client 66.249.70.23:38082] script '/home/rajatbiotech.com/www/index.php' not found or unable to stat
[Fri Jun 03 22:09:59.441145 2022] [php7:error] [pid 3758143] [client 66.249.70.27:57769] script '/home/rajatbiotech.com/www/index.php' not found or unable to stat
[Fri Jun 03 22:18:34.457108 2022] [php7:error] [pid 3758715] [client 66.249.70.25:63294] script '/home/rajatbiotech.com/www/index.php' not found or unable to stat
[Fri Jun 03 22:20:15.609569 2022] [php7:error] [pid 3758715] [client 114.119.136.76:60817] script '/home/rajatbiotech.com/www/index.php' not found or unable to stat
[Fri Jun 03 22:20:59.864119 2022] [php7:error] [pid 3758715] [client 200.73.3.171:49861] script '/home/rajatbiotech.com/www/it-api.php' not found or unable to stat, referer: rajatbiotech.com
[Fri Jun 03 22:29:36.042148 2022] [php7:error] [pid 3759136] [client 66.249.70.27:52316] script '/home/rajatbiotech.com/www/log.php' not found or unable to stat
[Fri Jun 03 22:30:02.253273 2022] [php7:error] [pid 3759003] [client 66.249.70.23:44087] script '/home/rajatbiotech.com/www/license.php' not found or unable to stat
[Fri Jun 03 22:32:28.304399 2022] [php7:error] [pid 3757076] [client 66.249.70.23:57235] script '/home/rajatbiotech.com/www/index.php' not found or unable to stat
[Fri Jun 03 22:33:41.887669 2022] [php7:error] [pid 3759027] [client 66.249.70.23:54489] script '/home/rajatbiotech.com/www/index.php' not found or unable to stat
[Fri Jun 03 22:34:06.407179 2022] [php7:error] [pid 3759027] [client 66.249.70.27:41330] script '/home/rajatbiotech.com/www/index.php' not found or unable to stat
[Fri Jun 03 22:35:24.615967 2022] [php7:error] [pid 3758143] [client 114.119.136.8:56167] script '/home/rajatbiotech.com/www/index.php' not found or unable to stat
[Fri Jun 03 22:36:09.028053 2022] [php7:error] [pid 3759027] [client 66.249.70.23:64817] script '/home/rajatbiotech.com/www/index.php' not found or unable to stat
[Fri Jun 03 22:37:22.601103 2022] [php7:error] [pid 3759027] [client 66.249.70.23:64828] script '/home/rajatbiotech.com/www/index.php' not found or unable to stat
[Fri Jun 03 22:37:47.130866 2022] [php7:error] [pid 3759285] [client 66.249.70.25:34789] script '/home/rajatbiotech.com/www/1.php' not found or unable to stat
[Fri Jun 03 22:38:11.655988 2022] [php7:error] [pid 3759003] [client 66.249.70.27:56936] script '/home/rajatbiotech.com/www/index.php' not found or unable to stat
[Fri Jun 03 22:38:51.502113 2022] [php7:error] [pid 3759285] [client 114.119.137.125:46901] script '/home/rajatbiotech.com/www/index.php' not found or unable to stat
[Fri Jun 03 22:39:25.227494 2022] [php7:error] [pid 3759003] [client 66.249.70.25:35670] script '/home/rajatbiotech.com/www/index.php' not found or unable to stat
[Fri Jun 03 22:42:16.896396 2022] [php7:error] [pid 3758143] [client 66.249.70.27:63687] script '/home/rajatbiotech.com/www/index.php' not found or unable to stat
[Fri Jun 03 22:43:30.481367 2022] [php7:error] [pid 3758360] [client 66.249.70.25:58095] script '/home/rajatbiotech.com/www/index.php' not found or unable to stat
[Fri Jun 03 22:44:19.529189 2022] [php7:error] [pid 3759286] [client 66.249.70.27:53497] script '/home/rajatbiotech.com/www/triviavideo.php' not found or unable to stat
[Fri Jun 03 22:45:40.521044 2022] [php7:error] [pid 3759137] [client 114.119.137.156:51195] script '/home/rajatbiotech.com/www/index.php' not found or unable to stat
[Fri Jun 03 22:48:24.774312 2022] [php7:error] [pid 3758360] [client 66.249.70.23:53133] script '/home/rajatbiotech.com/www/index.php' not found or unable to stat
[Fri Jun 03 22:50:52.280371 2022] [php7:error] [pid 3758385] [client 66.249.70.23:38386] script '/home/rajatbiotech.com/www/index.php' not found or unable to stat
[Fri Jun 03 22:51:28.953193 2022] [php7:error] [pid 3758385] [client 114.119.137.134:26795] script '/home/rajatbiotech.com/www/index.php' not found or unable to stat
[Fri Jun 03 22:51:40.974518 2022] [php7:error] [pid 3759564] [client 66.249.70.25:35718] script '/home/rajatbiotech.com/www/index.php' not found or unable to stat
[Fri Jun 03 22:52:30.022207 2022] [php7:error] [pid 3758385] [client 66.249.70.23:50459] script '/home/rajatbiotech.com/www/index.php' not found or unable to stat
[Fri Jun 03 22:52:54.547281 2022] [php7:error] [pid 3759286] [client 66.249.70.23:51698] script '/home/rajatbiotech.com/www/index.php' not found or unable to stat
[Fri Jun 03 22:58:14.589986 2022] [php7:error] [pid 3759426] [client 66.249.70.23:42945] script '/home/rajatbiotech.com/www/wp-signups.php' not found or unable to stat
[Fri Jun 03 22:58:47.401443 2022] [php7:error] [pid 3759672] [client 66.249.70.25:41824] script '/home/rajatbiotech.com/www/index.php' not found or unable to stat
[Fri Jun 03 23:03:56.715131 2022] [php7:error] [pid 3759672] [client 66.249.70.23:37538] script '/home/rajatbiotech.com/www/index.php' not found or unable to stat
[Fri Jun 03 23:09:40.060112 2022] [php7:error] [pid 3759799] [client 66.249.70.23:49256] script '/home/rajatbiotech.com/www/index.php' not found or unable to stat
[Fri Jun 03 23:13:43.103506 2022] [php7:error] [pid 3759136] [client 66.249.70.27:49316] script '/home/rajatbiotech.com/www/log.php' not found or unable to stat
[Fri Jun 03 23:14:09.837364 2022] [php7:error] [pid 3759654] [client 66.249.70.25:63323] script '/home/rajatbiotech.com/www/index.php' not found or unable to stat
[Fri Jun 03 23:17:01.501899 2022] [php7:error] [pid 3757076] [client 66.249.70.23:61799] script '/home/rajatbiotech.com/www/index.php' not found or unable to stat
[Fri Jun 03 23:17:50.447038 2022] [php7:error] [pid 3759136] [client 66.249.70.18:47457] script '/home/rajatbiotech.com/www/index.php' not found or unable to stat
[Fri Jun 03 23:36:13.050774 2022] [php7:error] [pid 3760168] [client 152.160.235.235:49668] script '/home/rajatbiotech.com/www/wp-activates.php' not found or unable to stat, referer: http://simplesite.com
[Sat Jun 04 00:00:29.012965 2022] [php7:error] [pid 3760916] [client 66.249.70.23:59505] script '/home/rajatbiotech.com/www/license.php' not found or unable to stat
[Sat Jun 04 00:10:24.865983 2022] [php7:error] [pid 3760922] [client 66.249.70.27:53936] script '/home/rajatbiotech.com/www/license.php' not found or unable to stat
[Sat Jun 04 00:14:04.113029 2022] [php7:error] [pid 3760914] [client 66.249.70.23:56515] script '/home/rajatbiotech.com/www/index.php' not found or unable to stat
[Sat Jun 04 00:17:30.735548 2022] [php7:error] [pid 3760914] [client 66.249.70.23:53850] script '/home/rajatbiotech.com/www/1.php' not found or unable to stat
[Sat Jun 04 00:21:21.091562 2022] [php7:error] [pid 3760915] [client 114.119.136.99:36257] script '/home/rajatbiotech.com/www/index.php' not found or unable to stat
[Sat Jun 04 00:26:59.629895 2022] [php7:error] [pid 3760914] [client 114.119.137.134:32387] script '/home/rajatbiotech.com/www/index.php' not found or unable to stat
[Sat Jun 04 00:28:52.805496 2022] [php7:error] [pid 3761350] [client 162.241.148.33:41780] script '/home/rajatbiotech.com/www/c.php' not found or unable to stat, referer: http://simplesite.com
[Sat Jun 04 00:38:24.883250 2022] [php7:error] [pid 3760965] [client 114.119.137.125:57783] script '/home/rajatbiotech.com/www/index.php' not found or unable to stat
[Sat Jun 04 00:46:30.518524 2022] [php7:error] [pid 3761855] [client 114.119.137.162:35925] script '/home/rajatbiotech.com/www/index.php' not found or unable to stat
[Sat Jun 04 00:58:51.507664 2022] [php7:error] [pid 3761350] [client 114.119.136.99:48511] script '/home/rajatbiotech.com/www/index.php' not found or unable to stat
[Sat Jun 04 01:01:36.929068 2022] [php7:error] [pid 3760916] [client 66.249.70.23:55191] script '/home/rajatbiotech.com/www/1.php' not found or unable to stat
[Sat Jun 04 01:02:35.937891 2022] [php7:error] [pid 3762145] [client 66.249.70.27:40378] script '/home/rajatbiotech.com/www/index.php' not found or unable to stat
[Sat Jun 04 01:06:31.790318 2022] [php7:error] [pid 3760916] [client 66.249.70.25:58097] script '/home/rajatbiotech.com/www/log.php' not found or unable to stat
[Sat Jun 04 01:07:49.674118 2022] [php7:error] [pid 3762145] [client 114.119.136.78:36127] script '/home/rajatbiotech.com/www/index.php' not found or unable to stat
[Sat Jun 04 01:08:25.562682 2022] [php7:error] [pid 3760914] [client 114.119.136.8:27793] script '/home/rajatbiotech.com/www/index.php' not found or unable to stat
[Sat Jun 04 01:08:58.204659 2022] [php7:error] [pid 3761855] [client 114.119.137.146:29219] script '/home/rajatbiotech.com/www/index.php' not found or unable to stat
[Sat Jun 04 01:20:25.597092 2022] [php7:error] [pid 3762591] [client 66.249.70.27:42806] script '/home/rajatbiotech.com/www/index.php' not found or unable to stat
[Sat Jun 04 01:25:13.582640 2022] [php7:error] [pid 3762591] [client 114.119.137.156:65145] script '/home/rajatbiotech.com/www/index.php' not found or unable to stat
[Sat Jun 04 01:26:04.660044 2022] [php7:error] [pid 3761007] [client 66.249.70.27:53084] script '/home/rajatbiotech.com/www/source.php' not found or unable to stat
[Sat Jun 04 01:28:37.335576 2022] [php7:error] [pid 3761191] [client 114.119.136.76:42183] script '/home/rajatbiotech.com/www/index.php' not found or unable to stat
[Sat Jun 04 01:36:36.869757 2022] [php7:error] [pid 3762145] [client 66.249.70.23:35993] script '/home/rajatbiotech.com/www/index.php' not found or unable to stat
[Sat Jun 04 01:39:54.284259 2022] [php7:error] [pid 3762858] [client 62.102.148.68:38011] script '/home/rajatbiotech.com/www/xmlrpc.php' not found or unable to stat
[Sat Jun 04 01:39:57.950845 2022] [php7:error] [pid 3762859] [client 62.102.148.68:38781] script '/home/rajatbiotech.com/www/xmlrpc.php' not found or unable to stat
[Sat Jun 04 01:40:01.117373 2022] [php7:error] [pid 3761855] [client 107.189.5.248:39709] script '/home/rajatbiotech.com/www/wp-login.php' not found or unable to stat
[Sat Jun 04 01:40:04.899705 2022] [php7:error] [pid 3761191] [client 185.220.100.252:25862] script '/home/rajatbiotech.com/www/wp-login.php' not found or unable to stat
[Sat Jun 04 01:40:07.254952 2022] [php7:error] [pid 3761350] [client 5.45.106.207:42139] script '/home/rajatbiotech.com/www/xmlrpc.php' not found or unable to stat
[Sat Jun 04 01:40:12.156268 2022] [php7:error] [pid 3762595] [client 5.45.106.207:35255] script '/home/rajatbiotech.com/www/xmlrpc.php' not found or unable to stat
[Sat Jun 04 01:40:14.935004 2022] [php7:error] [pid 3762858] [client 5.45.106.207:36199] script '/home/rajatbiotech.com/www/wp-login.php' not found or unable to stat
[Sat Jun 04 01:40:17.443177 2022] [php7:error] [pid 3761855] [client 5.45.106.207:46639] script '/home/rajatbiotech.com/www/wp-login.php' not found or unable to stat
[Sat Jun 04 01:40:29.256439 2022] [php7:error] [pid 3762857] [client 111.90.145.188:46012] script '/home/rajatbiotech.com/www/wp-login.php' not found or unable to stat
[Sat Jun 04 01:59:26.741350 2022] [php7:error] [pid 3760916] [client 66.249.70.25:34953] script '/home/rajatbiotech.com/www/index.php' not found or unable to stat
[Sat Jun 04 02:08:42.655284 2022] [php7:error] [pid 3761350] [client 114.119.136.68:27513] script '/home/rajatbiotech.com/www/index.php' not found or unable to stat
[Sat Jun 04 02:10:33.746354 2022] [php7:error] [pid 3762145] [client 114.119.137.124:44913] script '/home/rajatbiotech.com/www/index.php' not found or unable to stat
[Sat Jun 04 02:13:13.652649 2022] [php7:error] [pid 3763503] [client 106.105.253.249:40244] script '/home/rajatbiotech.com/www/polynesian.php' not found or unable to stat
[Sat Jun 04 02:14:22.269620 2022] [php7:error] [pid 3763797] [client 66.249.70.23:46479] script '/home/rajatbiotech.com/www/wp-signups.php' not found or unable to stat
[Sat Jun 04 02:16:07.652079 2022] [php7:error] [pid 3761191] [client 66.249.70.23:41142] script '/home/rajatbiotech.com/www/index.php' not found or unable to stat
[Sat Jun 04 02:18:19.559964 2022] [php7:error] [pid 3763503] [client 114.119.137.153:44613] script '/home/rajatbiotech.com/www/index.php' not found or unable to stat
[Sat Jun 04 02:27:03.487195 2022] [php7:error] [pid 3764091] [client 66.249.70.20:58106] script '/home/rajatbiotech.com/www/index.php' not found or unable to stat
[Sat Jun 04 02:29:50.724787 2022] [php7:error] [pid 3764008] [client 66.249.70.25:35583] script '/home/rajatbiotech.com/www/wp-signups.php' not found or unable to stat
[Sat Jun 04 02:31:33.943761 2022] [php7:error] [pid 3762145] [client 114.119.136.99:36845] script '/home/rajatbiotech.com/www/index.php' not found or unable to stat
[Sat Jun 04 02:33:25.588121 2022] [php7:error] [pid 3760914] [client 66.249.70.27:41880] script '/home/rajatbiotech.com/www/1.php' not found or unable to stat
[Sat Jun 04 02:36:31.793760 2022] [php7:error] [pid 3762145] [client 66.249.70.23:48476] script '/home/rajatbiotech.com/www/1.php' not found or unable to stat
[Sat Jun 04 02:44:11.501945 2022] [php7:error] [pid 3764211] [client 66.249.70.25:53666] script '/home/rajatbiotech.com/www/index.php' not found or unable to stat
[Sat Jun 04 02:47:44.237406 2022] [php7:error] [pid 3763503] [client 66.249.70.25:51815] script '/home/rajatbiotech.com/www/log.php' not found or unable to stat
[Sat Jun 04 02:48:36.922805 2022] [php7:error] [pid 3763503] [client 66.249.70.23:48890] script '/home/rajatbiotech.com/www/license.php' not found or unable to stat
[Sat Jun 04 02:53:53.028918 2022] [php7:error] [pid 3761191] [client 66.249.70.23:50289] script '/home/rajatbiotech.com/www/log.php' not found or unable to stat
[Sat Jun 04 02:54:45.712411 2022] [php7:error] [pid 3761191] [client 66.249.70.25:62493] script '/home/rajatbiotech.com/www/log.php' not found or unable to stat
[Sat Jun 04 02:55:38.396112 2022] [php7:error] [pid 3764211] [client 66.249.70.23:62251] script '/home/rajatbiotech.com/www/log.php' not found or unable to stat
[Sat Jun 04 02:58:27.824204 2022] [php7:error] [pid 3764007] [client 63.35.220.48:42274] script '/home/rajatbiotech.com/www/app.php' not found or unable to stat
[Sat Jun 04 03:01:27.888128 2022] [php7:error] [pid 3761191] [client 114.119.137.162:41903] script '/home/rajatbiotech.com/www/index.php' not found or unable to stat
[Sat Jun 04 03:13:39.553229 2022] [php7:error] [pid 3764211] [client 114.119.136.88:34495] script '/home/rajatbiotech.com/www/index.php' not found or unable to stat
[Sat Jun 04 03:23:47.624316 2022] [php7:error] [pid 3764711] [client 114.119.137.146:42937] script '/home/rajatbiotech.com/www/index.php' not found or unable to stat
[Sat Jun 04 03:24:20.389724 2022] [php7:error] [pid 3764710] [client 114.119.137.160:64247] script '/home/rajatbiotech.com/www/index.php' not found or unable to stat
[Sat Jun 04 03:31:21.507655 2022] [php7:error] [pid 3765233] [client 114.119.136.92:53225] script '/home/rajatbiotech.com/www/index.php' not found or unable to stat
[Sat Jun 04 03:35:29.712313 2022] [php7:error] [pid 3764710] [client 66.249.70.27:43760] script '/home/rajatbiotech.com/www/log.php' not found or unable to stat
[Sat Jun 04 03:36:20.957963 2022] [php7:error] [pid 3765138] [client 114.119.136.69:13086] script '/home/rajatbiotech.com/www/index.php' not found or unable to stat
[Sat Jun 04 03:37:46.554448 2022] [php7:error] [pid 3761350] [client 66.249.70.25:48133] script '/home/rajatbiotech.com/www/license.php' not found or unable to stat
[Sat Jun 04 03:43:10.085334 2022] [php7:error] [pid 3765233] [client 114.119.136.76:41795] script '/home/rajatbiotech.com/www/index.php' not found or unable to stat
[Sat Jun 04 03:47:17.084533 2022] [php7:error] [pid 3765233] [client 162.241.85.13:32800] script '/home/rajatbiotech.com/www/wwdv.php' not found or unable to stat, referer: http://simplesite.com
[Sat Jun 04 03:51:27.625435 2022] [php7:error] [pid 3764711] [client 66.249.70.23:64774] script '/home/rajatbiotech.com/www/license.php' not found or unable to stat
[Sat Jun 04 04:05:08.794767 2022] [php7:error] [pid 3765647] [client 66.249.70.25:49192] script '/home/rajatbiotech.com/www/license.php' not found or unable to stat
[Sat Jun 04 04:07:25.599147 2022] [php7:error] [pid 3765611] [client 66.249.70.23:40639] script '/home/rajatbiotech.com/www/log.php' not found or unable to stat
[Sat Jun 04 04:09:42.401010 2022] [php7:error] [pid 3765610] [client 66.249.70.27:62001] script '/home/rajatbiotech.com/www/log.php' not found or unable to stat
[Sat Jun 04 04:11:11.331038 2022] [php7:error] [pid 3765610] [client 66.249.70.16:39831] script '/home/rajatbiotech.com/www/index.php' not found or unable to stat
[Sat Jun 04 04:14:16.088404 2022] [php7:error] [pid 3765647] [client 66.249.70.25:49740] script '/home/rajatbiotech.com/www/log.php' not found or unable to stat
[Sat Jun 04 04:18:49.773821 2022] [php7:error] [pid 3765647] [client 66.249.70.25:64040] script '/home/rajatbiotech.com/www/license.php' not found or unable to stat
[Sat Jun 04 04:19:31.570583 2022] [php7:error] [pid 3765612] [client 114.119.136.95:52321] script '/home/rajatbiotech.com/www/index.php' not found or unable to stat
[Sat Jun 04 04:21:06.644114 2022] [php7:error] [pid 3765646] [client 66.249.70.27:45700] script '/home/rajatbiotech.com/www/license.php' not found or unable to stat
[Sat Jun 04 04:32:30.867877 2022] [php7:error] [pid 3766004] [client 66.249.70.23:57400] script '/home/rajatbiotech.com/www/log.php' not found or unable to stat
[Sat Jun 04 04:34:59.152663 2022] [php7:error] [pid 3765970] [client 66.249.70.23:39196] script '/home/rajatbiotech.com/www/wp-signups.php' not found or unable to stat
[Sat Jun 04 04:39:21.395443 2022] [php7:error] [pid 3766004] [client 66.249.70.25:49824] script '/home/rajatbiotech.com/www/license.php' not found or unable to stat
[Sat Jun 04 04:46:52.180837 2022] [php7:error] [pid 3766303] [client 66.249.70.25:64653] script '/home/rajatbiotech.com/www/index.php' not found or unable to stat
[Sat Jun 04 04:51:31.679148 2022] [php7:error] [pid 3765969] [client 66.249.70.20:65051] script '/home/rajatbiotech.com/www/index.php' not found or unable to stat
[Sat Jun 04 05:04:26.693735 2022] [php7:error] [pid 3766664] [client 66.249.70.27:55277] script '/home/rajatbiotech.com/www/license.php' not found or unable to stat
[Sat Jun 04 05:12:52.944713 2022] [php7:error] [pid 3766679] [client 143.198.200.85:59114] script '/home/rajatbiotech.com/www/xmlrpc.php' not found or unable to stat
[Sat Jun 04 05:12:54.672958 2022] [php7:error] [pid 3766679] [client 143.198.200.85:59114] script '/home/rajatbiotech.com/www/xmlrpc.php' not found or unable to stat
[Sat Jun 04 05:20:24.615302 2022] [php7:error] [pid 3766511] [client 66.249.70.27:59552] script '/home/rajatbiotech.com/www/license.php' not found or unable to stat
[Sat Jun 04 05:36:03.793793 2022] [php7:error] [pid 3766937] [client 114.119.136.78:22623] script '/home/rajatbiotech.com/www/index.php' not found or unable to stat
[Sat Jun 04 05:38:53.378193 2022] [php7:error] [pid 3767237] [client 114.119.137.141:39103] script '/home/rajatbiotech.com/www/index.php' not found or unable to stat
[Sat Jun 04 05:54:14.350855 2022] [php7:error] [pid 3767583] [client 114.119.137.142:59794] script '/home/rajatbiotech.com/www/index.php' not found or unable to stat
[Sat Jun 04 05:57:01.876022 2022] [php7:error] [pid 3767497] [client 114.119.137.125:27403] script '/home/rajatbiotech.com/www/index.php' not found or unable to stat
[Sat Jun 04 06:08:33.480830 2022] [php7:error] [pid 3767652] [client 114.119.136.8:33781] script '/home/rajatbiotech.com/www/index.php' not found or unable to stat
[Sat Jun 04 06:19:30.633659 2022] [php7:error] [pid 3767859] [client 66.249.70.25:36045] script '/home/rajatbiotech.com/www/1.php' not found or unable to stat
[Sat Jun 04 06:29:33.509325 2022] [php7:error] [pid 3767652] [client 114.119.136.72:51309] script '/home/rajatbiotech.com/www/index.php' not found or unable to stat
[Sat Jun 04 06:30:42.072155 2022] [php7:error] [pid 3767833] [client 66.249.70.27:60995] script '/home/rajatbiotech.com/www/wp-signups.php' not found or unable to stat
[Sat Jun 04 06:41:03.423098 2022] [php7:error] [pid 3768273] [client 114.119.136.66:45577] script '/home/rajatbiotech.com/www/index.php' not found or unable to stat
[Sat Jun 04 06:44:28.845847 2022] [php7:error] [pid 3768063] [client 114.119.137.173:26589] script '/home/rajatbiotech.com/www/index.php' not found or unable to stat
[Sat Jun 04 06:44:54.766659 2022] [php7:error] [pid 3768273] [client 114.119.137.123:38769] script '/home/rajatbiotech.com/www/index.php' not found or unable to stat
[Sat Jun 04 06:49:36.906160 2022] [php7:error] [pid 3768120] [client 114.119.136.96:39467] script '/home/rajatbiotech.com/www/index.php' not found or unable to stat
[Sat Jun 04 06:54:08.782491 2022] [php7:error] [pid 3768127] [client 114.119.137.105:65038] script '/home/rajatbiotech.com/www/index.php' not found or unable to stat
[Sat Jun 04 07:00:30.743359 2022] [php7:error] [pid 3768273] [client 66.249.70.23:47032] script '/home/rajatbiotech.com/www/wp-signups.php' not found or unable to stat
[Sat Jun 04 07:05:32.137543 2022] [php7:error] [pid 3768572] [client 200.73.3.171:53679] script '/home/rajatbiotech.com/www/tool.php' not found or unable to stat, referer: rajatbiotech.com
[Sat Jun 04 07:06:21.463945 2022] [php7:error] [pid 3768298] [client 200.73.3.171:57802] script '/home/rajatbiotech.com/www/authorize.php' not found or unable to stat, referer: rajatbiotech.com
[Sat Jun 04 07:09:26.865937 2022] [php7:error] [pid 3768298] [client 114.119.136.69:49670] script '/home/rajatbiotech.com/www/index.php' not found or unable to stat
[Sat Jun 04 07:30:18.347300 2022] [php7:error] [pid 3769257] [client 66.249.70.27:53486] script '/home/rajatbiotech.com/www/wp-signups.php' not found or unable to stat
[Sat Jun 04 07:31:58.988131 2022] [php7:error] [pid 3769431] [client 66.249.70.25:39031] script '/home/rajatbiotech.com/www/1.php' not found or unable to stat
[Sat Jun 04 07:34:28.913982 2022] [php7:error] [pid 3769491] [client 114.119.136.75:41807] script '/home/rajatbiotech.com/www/index.php' not found or unable to stat
[Sat Jun 04 07:37:11.616874 2022] [php7:error] [pid 3769345] [client 66.249.70.23:38713] script '/home/rajatbiotech.com/www/log.php' not found or unable to stat
[Sat Jun 04 08:08:59.818297 2022] [php7:error] [pid 3770229] [client 167.86.105.156:54950] script '/home/rajatbiotech.com/www/wp-hosev.php' not found or unable to stat, referer: http://simplesite.com
[Sat Jun 04 08:17:23.494276 2022] [php7:error] [pid 3769801] [client 114.119.137.146:52137] script '/home/rajatbiotech.com/www/index.php' not found or unable to stat
[Sat Jun 04 08:23:05.619107 2022] [php7:error] [pid 3770345] [client 114.119.136.76:28207] script '/home/rajatbiotech.com/www/index.php' not found or unable to stat
[Sat Jun 04 08:24:01.583513 2022] [php7:error] [pid 3770457] [client 66.249.70.18:56022] script '/home/rajatbiotech.com/www/index.php' not found or unable to stat
[Sat Jun 04 08:25:21.403098 2022] [php7:error] [pid 3770476] [client 114.119.137.125:37085] script '/home/rajatbiotech.com/www/index.php' not found or unable to stat
[Sat Jun 04 08:39:10.567656 2022] [php7:error] [pid 3770802] [client 114.119.136.8:21497] script '/home/rajatbiotech.com/www/index.php' not found or unable to stat
[Sat Jun 04 09:00:13.233721 2022] [php7:error] [pid 3771134] [client 66.249.70.25:48412] script '/home/rajatbiotech.com/www/license.php' not found or unable to stat
[Sat Jun 04 09:03:35.790937 2022] [php7:error] [pid 3771010] [client 114.119.136.95:26967] script '/home/rajatbiotech.com/www/index.php' not found or unable to stat
[Sat Jun 04 09:18:55.914047 2022] [php7:error] [pid 3772032] [client 162.241.85.237:52380] script '/home/rajatbiotech.com/www/wp-admins.php' not found or unable to stat, referer: http://simplesite.com
[Sat Jun 04 09:18:59.780669 2022] [php7:error] [pid 3771904] [client 162.241.85.237:53104] script '/home/rajatbiotech.com/www/wp-admins.php' not found or unable to stat, referer: http://simplesite.com
[Sat Jun 04 09:19:00.921845 2022] [php7:error] [pid 3771899] [client 114.119.136.96:24469] script '/home/rajatbiotech.com/www/index.php' not found or unable to stat
[Sat Jun 04 10:06:23.998683 2022] [php7:error] [pid 3773052] [client 114.119.136.85:48257] script '/home/rajatbiotech.com/www/index.php' not found or unable to stat
[Sat Jun 04 10:27:28.307112 2022] [php7:error] [pid 3773393] [client 114.119.137.122:30155] script '/home/rajatbiotech.com/www/index.php' not found or unable to stat
[Sat Jun 04 10:31:41.694720 2022] [php7:error] [pid 3773422] [client 114.119.136.99:25857] script '/home/rajatbiotech.com/www/index.php' not found or unable to stat
[Sat Jun 04 10:47:12.196719 2022] [php7:error] [pid 3773794] [client 114.119.137.128:32151] script '/home/rajatbiotech.com/www/index.php' not found or unable to stat
[Sat Jun 04 11:03:53.665479 2022] [php7:error] [pid 3774183] [client 114.119.136.92:48359] script '/home/rajatbiotech.com/www/index.php' not found or unable to stat
[Sat Jun 04 11:15:18.524805 2022] [php7:error] [pid 3774458] [client 114.119.137.103:62785] script '/home/rajatbiotech.com/www/index.php' not found or unable to stat
