[Tue Jun 21 07:07:59.628006 2022] [php7:error] [pid 57767] [client 114.119.146.100:21591] script '/home/rajatbiotech.com/www/index.php' not found or unable to stat
[Tue Jun 21 07:28:47.558498 2022] [php7:error] [pid 58215] [client 114.119.145.86:42829] script '/home/rajatbiotech.com/www/index.php' not found or unable to stat
[Tue Jun 21 07:29:34.083032 2022] [php7:error] [pid 58227] [client 114.119.131.197:60095] script '/home/rajatbiotech.com/www/index.php' not found or unable to stat
[Tue Jun 21 07:30:17.453589 2022] [php7:error] [pid 58203] [client 114.119.145.86:26007] script '/home/rajatbiotech.com/www/index.php' not found or unable to stat
[Tue Jun 21 07:36:43.564112 2022] [php7:error] [pid 58227] [client 114.119.131.197:26163] script '/home/rajatbiotech.com/www/index.php' not found or unable to stat
[Tue Jun 21 08:03:27.756949 2022] [php7:error] [pid 58726] [client 114.119.145.88:24661] script '/home/rajatbiotech.com/www/index.php' not found or unable to stat
[Tue Jun 21 08:16:59.355244 2022] [php7:error] [pid 59061] [client 114.119.145.88:37527] script '/home/rajatbiotech.com/www/index.php' not found or unable to stat
[Tue Jun 21 08:38:42.750301 2022] [php7:error] [pid 59645] [client 92.205.59.185:56331] script '/home/rajatbiotech.com/www/wp-load.php' not found or unable to stat, referer: www.bing.com
[Tue Jun 21 08:38:45.978453 2022] [php7:error] [pid 59471] [client 92.205.59.185:60380] script '/home/rajatbiotech.com/www/style.php' not found or unable to stat, referer: www.bing.com
[Tue Jun 21 08:38:49.202791 2022] [php7:error] [pid 59548] [client 92.205.59.185:57273] script '/home/rajatbiotech.com/www/s_e.php' not found or unable to stat, referer: www.bing.com
[Tue Jun 21 08:38:52.565077 2022] [php7:error] [pid 59629] [client 92.205.59.185:61028] script '/home/rajatbiotech.com/www/s_ne.php' not found or unable to stat, referer: www.bing.com
[Tue Jun 21 08:38:59.346372 2022] [php7:error] [pid 59471] [client 92.205.59.185:60706] script '/home/rajatbiotech.com/www/1index.php' not found or unable to stat, referer: www.bing.com
[Tue Jun 21 08:39:01.229014 2022] [php7:error] [pid 59620] [client 92.205.59.185:62439] script '/home/rajatbiotech.com/www/3index.php' not found or unable to stat, referer: www.bing.com
[Tue Jun 21 08:39:05.110203 2022] [php7:error] [pid 59644] [client 92.205.59.185:64433] script '/home/rajatbiotech.com/www/wikindex.php' not found or unable to stat, referer: www.bing.com
[Tue Jun 21 08:39:15.685224 2022] [php7:error] [pid 59548] [client 92.205.59.185:51993] script '/home/rajatbiotech.com/www/radio.php' not found or unable to stat, referer: www.bing.com
[Tue Jun 21 08:39:17.213785 2022] [php7:error] [pid 59710] [client 92.205.59.185:65226] script '/home/rajatbiotech.com/www/lock360.php' not found or unable to stat, referer: www.bing.com
[Tue Jun 21 08:39:25.971287 2022] [php7:error] [pid 59629] [client 92.205.59.185:64308] script '/home/rajatbiotech.com/www/wp-load.php' not found or unable to stat, referer: www.bing.com
[Tue Jun 21 08:39:28.719119 2022] [php7:error] [pid 59646] [client 92.205.59.185:62921] script '/home/rajatbiotech.com/www/old-index.php' not found or unable to stat, referer: www.bing.com
[Tue Jun 21 08:39:31.007336 2022] [php7:error] [pid 59548] [client 92.205.59.185:58169] script '/home/rajatbiotech.com/www/xmrlpc.php' not found or unable to stat, referer: www.bing.com
[Tue Jun 21 08:39:36.087325 2022] [php7:error] [pid 59549] [client 92.205.59.185:60059] script '/home/rajatbiotech.com/www/xmlrpcs.php' not found or unable to stat, referer: www.bing.com
[Tue Jun 21 08:39:46.731131 2022] [php7:error] [pid 59710] [client 92.205.59.185:59859] script '/home/rajatbiotech.com/www/wp-admin.php' not found or unable to stat, referer: www.bing.com
[Tue Jun 21 08:39:49.478043 2022] [php7:error] [pid 59643] [client 92.205.59.185:57216] script '/home/rajatbiotech.com/www/qindex.php' not found or unable to stat, referer: www.bing.com
[Tue Jun 21 08:40:00.992707 2022] [php7:error] [pid 59548] [client 92.205.59.185:53057] script '/home/rajatbiotech.com/www/doc.php' not found or unable to stat, referer: www.bing.com
[Tue Jun 21 08:40:06.375113 2022] [php7:error] [pid 59471] [client 92.205.59.185:61964] script '/home/rajatbiotech.com/www/wp_wrong_datlib.php' not found or unable to stat, referer: www.bing.com
[Tue Jun 21 08:40:07.568837 2022] [php7:error] [pid 59549] [client 92.205.59.185:50797] script '/home/rajatbiotech.com/www/beence.php' not found or unable to stat, referer: www.bing.com
[Tue Jun 21 08:40:08.371942 2022] [php7:error] [pid 59645] [client 92.205.59.185:57025] script '/home/rajatbiotech.com/www/ups.php' not found or unable to stat, referer: www.bing.com
[Tue Jun 21 08:40:16.153754 2022] [php7:error] [pid 59713] [client 92.205.59.185:52119] script '/home/rajatbiotech.com/www/wp-signin.php' not found or unable to stat, referer: www.bing.com
[Tue Jun 21 08:40:20.175208 2022] [php7:error] [pid 59710] [client 92.205.59.185:55103] script '/home/rajatbiotech.com/www/media-admin.php' not found or unable to stat, referer: www.bing.com
[Tue Jun 21 08:40:27.679881 2022] [php7:error] [pid 59629] [client 92.205.59.185:55483] script '/home/rajatbiotech.com/www/export.php' not found or unable to stat, referer: www.bing.com
[Tue Jun 21 08:40:41.136524 2022] [php7:error] [pid 59646] [client 92.205.59.185:54935] script '/home/rajatbiotech.com/www/defau1t.php' not found or unable to stat, referer: www.bing.com
[Tue Jun 21 08:40:44.456332 2022] [php7:error] [pid 59713] [client 92.205.59.185:56229] script '/home/rajatbiotech.com/www/css.php' not found or unable to stat, referer: www.bing.com
[Tue Jun 21 08:40:45.963857 2022] [php7:error] [pid 59644] [client 92.205.59.185:54395] script '/home/rajatbiotech.com/www/moduless.php' not found or unable to stat, referer: www.bing.com
[Tue Jun 21 08:40:53.554766 2022] [php7:error] [pid 59548] [client 92.205.59.185:59640] script '/home/rajatbiotech.com/www/wp-booking.php' not found or unable to stat, referer: www.bing.com
[Tue Jun 21 08:41:06.341119 2022] [php7:error] [pid 59643] [client 92.205.59.185:58996] script '/home/rajatbiotech.com/www/config.bak.php' not found or unable to stat, referer: www.bing.com
[Tue Jun 21 08:41:09.152055 2022] [php7:error] [pid 59549] [client 92.205.59.185:63068] script '/home/rajatbiotech.com/www/legion.php' not found or unable to stat, referer: www.bing.com
[Tue Jun 21 08:41:16.832328 2022] [php7:error] [pid 59644] [client 92.205.59.185:54494] script '/home/rajatbiotech.com/www/wp-plugins.php' not found or unable to stat, referer: www.bing.com
[Tue Jun 21 08:41:33.405469 2022] [php7:error] [pid 59629] [client 92.205.59.185:64985] script '/home/rajatbiotech.com/www/archives.php' not found or unable to stat, referer: www.bing.com
[Tue Jun 21 08:41:34.660382 2022] [php7:error] [pid 59549] [client 92.205.59.185:60509] script '/home/rajatbiotech.com/www/xindex.php' not found or unable to stat, referer: www.bing.com
[Tue Jun 21 08:41:40.510619 2022] [php7:error] [pid 59713] [client 92.205.59.185:60516] script '/home/rajatbiotech.com/www/defau11.php' not found or unable to stat, referer: www.bing.com
[Tue Jun 21 08:41:49.719941 2022] [php7:error] [pid 59710] [client 92.205.59.185:60542] script '/home/rajatbiotech.com/www/system_log.php' not found or unable to stat, referer: www.bing.com
[Tue Jun 21 08:41:53.985156 2022] [php7:error] [pid 59471] [client 92.205.59.185:52613] script '/home/rajatbiotech.com/www/wp-backup-sql-302.php' not found or unable to stat, referer: www.bing.com
[Tue Jun 21 08:41:55.911299 2022] [php7:error] [pid 59643] [client 92.205.59.185:56610] script '/home/rajatbiotech.com/www/error.php' not found or unable to stat, referer: www.bing.com
[Tue Jun 21 08:42:08.482052 2022] [php7:error] [pid 59645] [client 92.205.59.185:51705] script '/home/rajatbiotech.com/www/index.php' not found or unable to stat, referer: www.bing.com
[Tue Jun 21 08:42:08.494862 2022] [php7:error] [pid 59645] [client 92.205.59.185:51705] script '/home/rajatbiotech.com/www/about.php' not found or unable to stat, referer: www.bing.com
[Tue Jun 21 08:42:08.505732 2022] [php7:error] [pid 59645] [client 92.205.59.185:51705] script '/home/rajatbiotech.com/www/shells.php' not found or unable to stat, referer: www.bing.com
[Tue Jun 21 08:42:08.516517 2022] [php7:error] [pid 59645] [client 92.205.59.185:51705] script '/home/rajatbiotech.com/www/olux.php' not found or unable to stat, referer: www.bing.com
[Tue Jun 21 08:42:08.526730 2022] [php7:error] [pid 59645] [client 92.205.59.185:51705] script '/home/rajatbiotech.com/www/xleet.php' not found or unable to stat, referer: www.bing.com
[Tue Jun 21 08:42:08.538531 2022] [php7:error] [pid 59645] [client 92.205.59.185:51705] script '/home/rajatbiotech.com/www/wso.php' not found or unable to stat, referer: www.bing.com
[Tue Jun 21 08:42:08.549486 2022] [php7:error] [pid 59645] [client 92.205.59.185:51705] script '/home/rajatbiotech.com/www/shell.php' not found or unable to stat, referer: www.bing.com
[Tue Jun 21 08:42:08.560948 2022] [php7:error] [pid 59645] [client 92.205.59.185:51705] script '/home/rajatbiotech.com/www/up.php' not found or unable to stat, referer: www.bing.com
[Tue Jun 21 08:42:08.571571 2022] [php7:error] [pid 59645] [client 92.205.59.185:51705] script '/home/rajatbiotech.com/www/upload.php' not found or unable to stat, referer: www.bing.com
[Tue Jun 21 08:42:08.582040 2022] [php7:error] [pid 59645] [client 92.205.59.185:51705] script '/home/rajatbiotech.com/www/1.php' not found or unable to stat, referer: www.bing.com
[Tue Jun 21 08:42:08.593310 2022] [php7:error] [pid 59645] [client 92.205.59.185:51705] script '/home/rajatbiotech.com/www/x.php' not found or unable to stat, referer: www.bing.com
[Tue Jun 21 08:42:08.604252 2022] [php7:error] [pid 59645] [client 92.205.59.185:51705] script '/home/rajatbiotech.com/www/z.php' not found or unable to stat, referer: www.bing.com
[Tue Jun 21 08:42:08.615250 2022] [php7:error] [pid 59645] [client 92.205.59.185:51705] script '/home/rajatbiotech.com/www/a.php' not found or unable to stat, referer: www.bing.com
[Tue Jun 21 08:42:08.629229 2022] [php7:error] [pid 59645] [client 92.205.59.185:51705] script '/home/rajatbiotech.com/www/test.php' not found or unable to stat, referer: www.bing.com
[Tue Jun 21 08:42:08.640073 2022] [php7:error] [pid 59645] [client 92.205.59.185:51705] script '/home/rajatbiotech.com/www/wp.php' not found or unable to stat, referer: www.bing.com
[Tue Jun 21 08:42:08.655736 2022] [php7:error] [pid 59645] [client 92.205.59.185:51705] script '/home/rajatbiotech.com/www/alfa.php' not found or unable to stat, referer: www.bing.com
[Tue Jun 21 08:42:08.666648 2022] [php7:error] [pid 59645] [client 92.205.59.185:51705] script '/home/rajatbiotech.com/www/config.php' not found or unable to stat, referer: www.bing.com
[Tue Jun 21 08:53:38.331817 2022] [php7:error] [pid 59976] [client 114.119.131.197:34379] script '/home/rajatbiotech.com/www/index.php' not found or unable to stat
[Tue Jun 21 09:06:45.224465 2022] [php7:error] [pid 60182] [client 114.119.145.81:40257] script '/home/rajatbiotech.com/www/index.php' not found or unable to stat
[Tue Jun 21 09:27:35.822011 2022] [php7:error] [pid 60485] [client 114.119.145.88:46983] script '/home/rajatbiotech.com/www/index.php' not found or unable to stat
[Tue Jun 21 09:37:30.068331 2022] [php7:error] [pid 60617] [client 20.127.75.252:56544] script '/home/rajatbiotech.com/www/style.php' not found or unable to stat, referer: bing.com
[Tue Jun 21 09:42:10.960369 2022] [php7:error] [pid 60751] [client 114.119.131.197:56729] script '/home/rajatbiotech.com/www/index.php' not found or unable to stat
[Tue Jun 21 09:43:23.701118 2022] [php7:error] [pid 60599] [client 66.249.64.219:53348] script '/home/rajatbiotech.com/www/log.php' not found or unable to stat
[Tue Jun 21 09:50:10.108107 2022] [php7:error] [pid 60803] [client 5.188.62.76:54598] script '/home/rajatbiotech.com/www/login.php' not found or unable to stat, referer: http://rajatbiotech.com/
[Tue Jun 21 10:16:10.601868 2022] [php7:error] [pid 60907] [client 2.58.149.35:49367] script '/home/rajatbiotech.com/www/defaul1.php' not found or unable to stat, referer: www.google.com
[Tue Jun 21 10:16:13.435936 2022] [php7:error] [pid 60872] [client 2.58.149.35:63119] script '/home/rajatbiotech.com/www/defaul1.php' not found or unable to stat, referer: www.google.com
[Tue Jun 21 10:17:20.918430 2022] [php7:error] [pid 60882] [client 114.119.146.107:29551] script '/home/rajatbiotech.com/www/index.php' not found or unable to stat
[Tue Jun 21 10:19:04.851616 2022] [php7:error] [pid 61110] [client 2.58.149.35:58246] script '/home/rajatbiotech.com/www/xleet.php' not found or unable to stat, referer: www.google.com
[Tue Jun 21 10:19:11.717931 2022] [php7:error] [pid 60907] [client 20.55.50.73:49595] script '/home/rajatbiotech.com/www/xmlrpc.php' not found or unable to stat
[Tue Jun 21 10:19:12.259586 2022] [php7:error] [pid 60907] [client 20.55.50.73:49595] script '/home/rajatbiotech.com/www/xmlrpc.php' not found or unable to stat
[Tue Jun 21 10:19:14.796234 2022] [php7:error] [pid 61107] [client 2.58.149.35:61373] script '/home/rajatbiotech.com/www/xleet.php' not found or unable to stat, referer: www.google.com
[Tue Jun 21 11:11:06.919908 2022] [php7:error] [pid 61776] [client 114.119.131.197:38779] script '/home/rajatbiotech.com/www/index.php' not found or unable to stat
[Tue Jun 21 11:22:42.614581 2022] [php7:error] [pid 62212] [client 114.119.146.100:42027] script '/home/rajatbiotech.com/www/index.php' not found or unable to stat
[Tue Jun 21 11:23:02.060734 2022] [php7:error] [pid 62200] [client 66.249.64.219:42306] script '/home/rajatbiotech.com/www/wp-signups.php' not found or unable to stat
[Tue Jun 21 11:36:33.050869 2022] [php7:error] [pid 62345] [client 114.119.145.81:20769] script '/home/rajatbiotech.com/www/index.php' not found or unable to stat
[Tue Jun 21 11:41:54.886053 2022] [php7:error] [pid 62507] [client 114.119.145.8:26067] script '/home/rajatbiotech.com/www/index.php' not found or unable to stat
[Tue Jun 21 12:18:06.754273 2022] [php7:error] [pid 63079] [client 114.119.146.109:37233] script '/home/rajatbiotech.com/www/index.php' not found or unable to stat
[Tue Jun 21 12:32:42.008105 2022] [php7:error] [pid 63170] [client 114.119.145.86:36623] script '/home/rajatbiotech.com/www/index.php' not found or unable to stat
[Tue Jun 21 12:39:46.238359 2022] [php7:error] [pid 63309] [client 114.119.145.86:26679] script '/home/rajatbiotech.com/www/index.php' not found or unable to stat
[Tue Jun 21 12:41:26.655185 2022] [php7:error] [pid 63309] [client 114.119.145.81:38685] script '/home/rajatbiotech.com/www/index.php' not found or unable to stat
[Tue Jun 21 12:45:29.188258 2022] [php7:error] [pid 63079] [client 66.249.64.210:57655] script '/home/rajatbiotech.com/www/index.php' not found or unable to stat
[Tue Jun 21 13:19:55.434577 2022] [php7:error] [pid 64016] [client 66.249.64.215:60034] script '/home/rajatbiotech.com/www/log.php' not found or unable to stat
[Tue Jun 21 14:52:50.860554 2022] [php7:error] [pid 65047] [client 114.119.145.8:21359] script '/home/rajatbiotech.com/www/index.php' not found or unable to stat
[Tue Jun 21 15:40:01.774685 2022] [php7:error] [pid 66197] [client 114.119.145.81:50139] script '/home/rajatbiotech.com/www/index.php' not found or unable to stat
[Tue Jun 21 15:50:34.036506 2022] [php7:error] [pid 66475] [client 114.119.145.8:52603] script '/home/rajatbiotech.com/www/index.php' not found or unable to stat
[Tue Jun 21 15:51:23.375211 2022] [php7:error] [pid 66442] [client 114.119.131.197:46697] script '/home/rajatbiotech.com/www/index.php' not found or unable to stat
[Tue Jun 21 15:55:14.047964 2022] [php7:error] [pid 66473] [client 114.119.145.86:38803] script '/home/rajatbiotech.com/www/index.php' not found or unable to stat
[Tue Jun 21 16:02:29.885870 2022] [php7:error] [pid 66745] [client 114.119.146.100:50835] script '/home/rajatbiotech.com/www/index.php' not found or unable to stat
[Tue Jun 21 16:15:49.984148 2022] [php7:error] [pid 66526] [client 114.119.146.109:63341] script '/home/rajatbiotech.com/www/index.php' not found or unable to stat
[Tue Jun 21 16:32:36.463978 2022] [php7:error] [pid 67241] [client 66.249.64.215:42484] script '/home/rajatbiotech.com/www/log.php' not found or unable to stat
[Tue Jun 21 16:34:37.031693 2022] [php7:error] [pid 66714] [client 114.119.145.8:59789] script '/home/rajatbiotech.com/www/index.php' not found or unable to stat
[Tue Jun 21 17:22:16.155930 2022] [php7:error] [pid 67823] [client 114.119.145.88:55429] script '/home/rajatbiotech.com/www/index.php' not found or unable to stat
[Tue Jun 21 17:57:46.190545 2022] [php7:error] [pid 68383] [client 114.119.146.109:27157] script '/home/rajatbiotech.com/www/index.php' not found or unable to stat
[Tue Jun 21 17:58:11.376997 2022] [php7:error] [pid 68450] [client 114.119.146.109:39789] script '/home/rajatbiotech.com/www/index.php' not found or unable to stat
[Tue Jun 21 17:59:48.993659 2022] [php7:error] [pid 68386] [client 66.249.64.217:61850] script '/home/rajatbiotech.com/www/index.php' not found or unable to stat
[Tue Jun 21 18:00:59.384952 2022] [php7:error] [pid 68444] [client 66.249.64.215:49964] script '/home/rajatbiotech.com/www/1.php' not found or unable to stat
[Tue Jun 21 18:01:34.582588 2022] [php7:error] [pid 68448] [client 66.249.64.217:64149] script '/home/rajatbiotech.com/www/license.php' not found or unable to stat
[Tue Jun 21 18:23:10.109119 2022] [php7:error] [pid 68881] [client 182.16.11.250:57057] script '/home/rajatbiotech.com/www/wp-load.php' not found or unable to stat, referer: www.bing.com
[Tue Jun 21 18:23:14.615533 2022] [php7:error] [pid 68917] [client 182.16.11.250:58968] script '/home/rajatbiotech.com/www/style.php' not found or unable to stat, referer: www.bing.com
[Tue Jun 21 18:23:22.912860 2022] [php7:error] [pid 68930] [client 182.16.11.250:65231] script '/home/rajatbiotech.com/www/s_e.php' not found or unable to stat, referer: www.bing.com
[Tue Jun 21 18:23:28.887686 2022] [php7:error] [pid 68637] [client 182.16.11.250:55823] script '/home/rajatbiotech.com/www/s_ne.php' not found or unable to stat, referer: www.bing.com
[Tue Jun 21 18:23:35.054875 2022] [php7:error] [pid 68881] [client 182.16.11.250:63374] script '/home/rajatbiotech.com/www/1index.php' not found or unable to stat, referer: www.bing.com
[Tue Jun 21 18:23:41.291015 2022] [php7:error] [pid 68454] [client 182.16.11.250:54672] script '/home/rajatbiotech.com/www/radio.php' not found or unable to stat, referer: www.bing.com
[Tue Jun 21 18:23:48.984746 2022] [php7:error] [pid 68637] [client 182.16.11.250:51672] script '/home/rajatbiotech.com/www/doc.php' not found or unable to stat, referer: www.bing.com
[Tue Jun 21 18:23:55.482600 2022] [php7:error] [pid 68881] [client 182.16.11.250:59649] script '/home/rajatbiotech.com/www/wp_wrong_datlib.php' not found or unable to stat, referer: www.bing.com
[Tue Jun 21 18:23:58.363258 2022] [php7:error] [pid 68254] [client 182.16.11.250:49395] script '/home/rajatbiotech.com/www/beence.php' not found or unable to stat, referer: www.bing.com
[Tue Jun 21 18:23:59.630954 2022] [php7:error] [pid 68454] [client 182.16.11.250:62477] script '/home/rajatbiotech.com/www/ups.php' not found or unable to stat, referer: www.bing.com
[Tue Jun 21 18:24:03.345762 2022] [php7:error] [pid 68930] [client 182.16.11.250:49418] script '/home/rajatbiotech.com/www/wp-signin.php' not found or unable to stat, referer: www.bing.com
[Tue Jun 21 18:24:08.190081 2022] [php7:error] [pid 68918] [client 182.16.11.250:65485] script '/home/rajatbiotech.com/www/media-admin.php' not found or unable to stat, referer: www.bing.com
[Tue Jun 21 18:24:16.550795 2022] [php7:error] [pid 68917] [client 182.16.11.250:49537] script '/home/rajatbiotech.com/www/export.php' not found or unable to stat, referer: www.bing.com
[Tue Jun 21 18:24:51.382441 2022] [php7:error] [pid 68630] [client 182.16.11.250:63423] script '/home/rajatbiotech.com/www/defau1t.php' not found or unable to stat, referer: www.bing.com
[Tue Jun 21 18:24:57.899638 2022] [php7:error] [pid 68930] [client 182.16.11.250:60655] script '/home/rajatbiotech.com/www/moduless.php' not found or unable to stat, referer: www.bing.com
[Tue Jun 21 18:25:03.291249 2022] [php7:error] [pid 68918] [client 182.16.11.250:53935] script '/home/rajatbiotech.com/www/wp-booking.php' not found or unable to stat, referer: www.bing.com
[Tue Jun 21 18:25:22.656714 2022] [php7:error] [pid 68630] [client 182.16.11.250:52044] script '/home/rajatbiotech.com/www/config.bak.php' not found or unable to stat, referer: www.bing.com
[Tue Jun 21 18:25:29.619548 2022] [php7:error] [pid 68881] [client 182.16.11.250:64752] script '/home/rajatbiotech.com/www/legion.php' not found or unable to stat, referer: www.bing.com
[Tue Jun 21 18:25:41.060369 2022] [php7:error] [pid 68918] [client 182.16.11.250:65083] script '/home/rajatbiotech.com/www/wp-plugins.php' not found or unable to stat, referer: www.bing.com
[Tue Jun 21 18:25:57.288060 2022] [php7:error] [pid 68254] [client 182.16.11.250:52663] script '/home/rajatbiotech.com/www/archives.php' not found or unable to stat, referer: www.bing.com
[Tue Jun 21 18:26:04.624081 2022] [php7:error] [pid 68858] [client 182.16.11.250:61067] script '/home/rajatbiotech.com/www/defau11.php' not found or unable to stat, referer: www.bing.com
[Tue Jun 21 18:26:13.881391 2022] [php7:error] [pid 68637] [client 182.16.11.250:59437] script '/home/rajatbiotech.com/www/system_log.php' not found or unable to stat, referer: www.bing.com
[Tue Jun 21 18:26:18.169620 2022] [php7:error] [pid 68254] [client 182.16.11.250:62399] script '/home/rajatbiotech.com/www/wp-backup-sql-302.php' not found or unable to stat, referer: www.bing.com
[Tue Jun 21 18:26:22.967428 2022] [php7:error] [pid 68917] [client 182.16.11.250:61505] script '/home/rajatbiotech.com/www/error.php' not found or unable to stat, referer: www.bing.com
[Tue Jun 21 18:28:55.929448 2022] [php7:error] [pid 68930] [client 182.16.11.250:56915] script '/home/rajatbiotech.com/www/index.php' not found or unable to stat, referer: www.bing.com
[Tue Jun 21 18:28:59.670364 2022] [php7:error] [pid 68930] [client 182.16.11.250:56915] script '/home/rajatbiotech.com/www/olux.php' not found or unable to stat, referer: www.bing.com
[Tue Jun 21 18:29:02.565448 2022] [php7:error] [pid 68930] [client 182.16.11.250:56915] script '/home/rajatbiotech.com/www/xleet.php' not found or unable to stat, referer: www.bing.com
[Tue Jun 21 18:29:04.851229 2022] [php7:error] [pid 68930] [client 182.16.11.250:56915] script '/home/rajatbiotech.com/www/wso.php' not found or unable to stat, referer: www.bing.com
[Tue Jun 21 18:29:07.583921 2022] [php7:error] [pid 68930] [client 182.16.11.250:56915] script '/home/rajatbiotech.com/www/shell.php' not found or unable to stat, referer: www.bing.com
[Tue Jun 21 18:29:38.635168 2022] [php7:error] [pid 69199] [client 182.16.11.250:62250] script '/home/rajatbiotech.com/www/up.php' not found or unable to stat, referer: www.bing.com
[Tue Jun 21 18:29:41.485808 2022] [php7:error] [pid 69199] [client 182.16.11.250:62250] script '/home/rajatbiotech.com/www/upload.php' not found or unable to stat, referer: www.bing.com
[Tue Jun 21 18:29:44.399622 2022] [php7:error] [pid 69199] [client 182.16.11.250:62250] script '/home/rajatbiotech.com/www/1.php' not found or unable to stat, referer: www.bing.com
[Tue Jun 21 18:29:48.086849 2022] [php7:error] [pid 69199] [client 182.16.11.250:62250] script '/home/rajatbiotech.com/www/x.php' not found or unable to stat, referer: www.bing.com
[Tue Jun 21 18:29:54.348389 2022] [php7:error] [pid 69187] [client 182.16.11.250:56097] script '/home/rajatbiotech.com/www/z.php' not found or unable to stat, referer: www.bing.com
[Tue Jun 21 18:29:57.003898 2022] [php7:error] [pid 69187] [client 182.16.11.250:56097] script '/home/rajatbiotech.com/www/a.php' not found or unable to stat, referer: www.bing.com
[Tue Jun 21 18:30:00.063622 2022] [php7:error] [pid 69187] [client 182.16.11.250:56097] script '/home/rajatbiotech.com/www/test.php' not found or unable to stat, referer: www.bing.com
[Tue Jun 21 18:30:02.206649 2022] [php7:error] [pid 69187] [client 182.16.11.250:56097] script '/home/rajatbiotech.com/www/wp.php' not found or unable to stat, referer: www.bing.com
[Tue Jun 21 18:30:05.198617 2022] [php7:error] [pid 69187] [client 182.16.11.250:56097] script '/home/rajatbiotech.com/www/alfa.php' not found or unable to stat, referer: www.bing.com
[Tue Jun 21 18:30:08.579492 2022] [php7:error] [pid 69187] [client 182.16.11.250:56097] script '/home/rajatbiotech.com/www/config.php' not found or unable to stat, referer: www.bing.com
[Tue Jun 21 18:30:14.913085 2022] [php7:error] [pid 69187] [client 182.16.11.250:56097] script '/home/rajatbiotech.com/www/about.php' not found or unable to stat, referer: www.bing.com
[Tue Jun 21 18:30:19.242665 2022] [php7:error] [pid 69187] [client 182.16.11.250:56097] script '/home/rajatbiotech.com/www/shells.php' not found or unable to stat, referer: www.bing.com
[Tue Jun 21 19:17:46.605313 2022] [php7:error] [pid 70174] [client 114.119.145.81:52205] script '/home/rajatbiotech.com/www/index.php' not found or unable to stat
[Tue Jun 21 19:23:38.706331 2022] [php7:error] [pid 70175] [client 66.249.64.215:46923] script '/home/rajatbiotech.com/www/license.php' not found or unable to stat
[Tue Jun 21 19:25:06.708221 2022] [php7:error] [pid 70174] [client 66.249.64.215:40811] script '/home/rajatbiotech.com/www/1.php' not found or unable to stat
[Tue Jun 21 19:25:59.522145 2022] [php7:error] [pid 70069] [client 66.249.64.215:54230] script '/home/rajatbiotech.com/www/1.php' not found or unable to stat
[Tue Jun 21 19:26:34.712329 2022] [php7:error] [pid 70296] [client 66.249.64.217:60221] script '/home/rajatbiotech.com/www/wp-signups.php' not found or unable to stat
[Tue Jun 21 19:26:52.309981 2022] [php7:error] [pid 70210] [client 66.249.64.215:52984] script '/home/rajatbiotech.com/www/log.php' not found or unable to stat
[Tue Jun 21 19:27:09.915634 2022] [php7:error] [pid 70323] [client 66.249.64.215:62965] script '/home/rajatbiotech.com/www/log.php' not found or unable to stat
[Tue Jun 21 19:28:37.930138 2022] [php7:error] [pid 70318] [client 66.249.64.215:41577] script '/home/rajatbiotech.com/www/1.php' not found or unable to stat
[Tue Jun 21 19:28:55.515988 2022] [php7:error] [pid 70210] [client 66.249.64.217:43041] script '/home/rajatbiotech.com/www/1.php' not found or unable to stat
[Tue Jun 21 19:29:53.256548 2022] [php7:error] [pid 70323] [client 114.119.146.107:33251] script '/home/rajatbiotech.com/www/index.php' not found or unable to stat
[Tue Jun 21 19:31:33.921886 2022] [php7:error] [pid 70359] [client 66.249.64.215:53101] script '/home/rajatbiotech.com/www/license.php' not found or unable to stat
[Tue Jun 21 19:31:51.525558 2022] [php7:error] [pid 70387] [client 66.249.64.217:54189] script '/home/rajatbiotech.com/www/log.php' not found or unable to stat
[Tue Jun 21 19:32:26.730461 2022] [php7:error] [pid 70379] [client 66.249.64.217:41320] script '/home/rajatbiotech.com/www/1.php' not found or unable to stat
[Tue Jun 21 19:34:12.324511 2022] [php7:error] [pid 70378] [client 66.249.64.217:64788] script '/home/rajatbiotech.com/www/1.php' not found or unable to stat
[Tue Jun 21 19:35:05.125120 2022] [php7:error] [pid 70360] [client 66.249.64.215:58995] script '/home/rajatbiotech.com/www/log.php' not found or unable to stat
[Tue Jun 21 19:35:40.333218 2022] [php7:error] [pid 70313] [client 66.249.64.215:51250] script '/home/rajatbiotech.com/www/1.php' not found or unable to stat
[Tue Jun 21 19:35:57.924657 2022] [php7:error] [pid 70387] [client 66.249.64.215:42901] script '/home/rajatbiotech.com/www/license.php' not found or unable to stat
[Tue Jun 21 19:36:15.533141 2022] [php7:error] [pid 70360] [client 66.249.64.215:59841] script '/home/rajatbiotech.com/www/license.php' not found or unable to stat
[Tue Jun 21 19:36:33.136456 2022] [php7:error] [pid 70387] [client 66.249.64.215:46943] script '/home/rajatbiotech.com/www/1.php' not found or unable to stat
[Tue Jun 21 19:37:08.340078 2022] [php7:error] [pid 70375] [client 66.249.64.215:35827] script '/home/rajatbiotech.com/www/log.php' not found or unable to stat
[Tue Jun 21 19:37:43.527913 2022] [php7:error] [pid 70387] [client 66.249.64.215:55747] script '/home/rajatbiotech.com/www/log.php' not found or unable to stat
[Tue Jun 21 19:38:53.935667 2022] [php7:error] [pid 70407] [client 66.249.64.215:42273] script '/home/rajatbiotech.com/www/1.php' not found or unable to stat
[Tue Jun 21 19:39:11.537633 2022] [php7:error] [pid 70391] [client 66.249.64.219:59178] script '/home/rajatbiotech.com/www/wp-signups.php' not found or unable to stat
[Tue Jun 21 19:42:07.540679 2022] [php7:error] [pid 70359] [client 66.249.64.219:56457] script '/home/rajatbiotech.com/www/log.php' not found or unable to stat
[Tue Jun 21 19:42:17.031246 2022] [php7:error] [pid 70407] [client 114.119.145.81:28989] script '/home/rajatbiotech.com/www/index.php' not found or unable to stat
[Tue Jun 21 19:42:25.143509 2022] [php7:error] [pid 70434] [client 66.249.64.217:54500] script '/home/rajatbiotech.com/www/1.php' not found or unable to stat
[Tue Jun 21 19:42:42.742664 2022] [php7:error] [pid 70433] [client 66.249.64.215:46449] script '/home/rajatbiotech.com/www/1.php' not found or unable to stat
[Tue Jun 21 19:44:12.812797 2022] [php7:error] [pid 70313] [client 84.17.46.221:19065] script '/home/rajatbiotech.com/www/xmlrpc.php' not found or unable to stat
[Tue Jun 21 19:44:13.013574 2022] [php7:error] [pid 70313] [client 84.17.46.221:19065] script '/home/rajatbiotech.com/www/xmlrpc.php' not found or unable to stat
[Tue Jun 21 19:44:13.432281 2022] [php7:error] [pid 70313] [client 84.17.46.221:19065] script '/home/rajatbiotech.com/www/xmlrpc.php' not found or unable to stat
[Tue Jun 21 19:44:13.753199 2022] [php7:error] [pid 70313] [client 84.17.46.221:19065] script '/home/rajatbiotech.com/www/xmlrpc.php' not found or unable to stat
[Tue Jun 21 19:45:03.549098 2022] [php7:error] [pid 70434] [client 66.249.64.215:41854] script '/home/rajatbiotech.com/www/log.php' not found or unable to stat
[Tue Jun 21 19:45:21.153991 2022] [php7:error] [pid 70510] [client 66.249.64.217:36054] script '/home/rajatbiotech.com/www/log.php' not found or unable to stat
[Tue Jun 21 19:45:38.743569 2022] [php7:error] [pid 70360] [client 66.249.64.215:64223] script '/home/rajatbiotech.com/www/1.php' not found or unable to stat
[Tue Jun 21 19:45:56.354413 2022] [php7:error] [pid 70433] [client 66.249.64.215:43362] script '/home/rajatbiotech.com/www/1.php' not found or unable to stat
[Tue Jun 21 19:46:31.552944 2022] [php7:error] [pid 70510] [client 66.249.64.215:51475] script '/home/rajatbiotech.com/www/log.php' not found or unable to stat
[Tue Jun 21 19:46:49.152112 2022] [php7:error] [pid 70434] [client 66.249.64.215:41239] script '/home/rajatbiotech.com/www/license.php' not found or unable to stat
[Tue Jun 21 19:47:10.963865 2022] [php7:error] [pid 70524] [client 114.119.145.86:28437] script '/home/rajatbiotech.com/www/index.php' not found or unable to stat
[Tue Jun 21 19:47:24.354645 2022] [php7:error] [pid 70360] [client 66.249.64.219:62881] script '/home/rajatbiotech.com/www/license.php' not found or unable to stat
[Tue Jun 21 19:47:41.955604 2022] [php7:error] [pid 70391] [client 66.249.64.215:37854] script '/home/rajatbiotech.com/www/wp-signups.php' not found or unable to stat
[Tue Jun 21 19:47:59.553760 2022] [php7:error] [pid 70407] [client 66.249.64.215:55431] script '/home/rajatbiotech.com/www/1.php' not found or unable to stat
[Tue Jun 21 19:48:17.157659 2022] [php7:error] [pid 70548] [client 66.249.64.219:35228] script '/home/rajatbiotech.com/www/1.php' not found or unable to stat
[Tue Jun 21 19:48:34.750565 2022] [php7:error] [pid 70508] [client 66.249.64.217:35819] script '/home/rajatbiotech.com/www/1.php' not found or unable to stat
[Tue Jun 21 19:49:10.151576 2022] [php7:error] [pid 70508] [client 66.249.64.215:64589] script '/home/rajatbiotech.com/www/1.php' not found or unable to stat
[Tue Jun 21 19:49:38.957765 2022] [php7:error] [pid 70360] [client 114.119.146.100:53425] script '/home/rajatbiotech.com/www/index.php' not found or unable to stat
[Tue Jun 21 19:50:28.981760 2022] [php7:error] [pid 70435] [client 114.119.146.100:23053] script '/home/rajatbiotech.com/www/index.php' not found or unable to stat
[Tue Jun 21 19:52:14.669093 2022] [php7:error] [pid 70548] [client 114.119.131.197:53697] script '/home/rajatbiotech.com/www/index.php' not found or unable to stat
[Tue Jun 21 19:55:01.969431 2022] [php7:error] [pid 70590] [client 66.249.64.215:53845] script '/home/rajatbiotech.com/www/license.php' not found or unable to stat
[Tue Jun 21 20:06:22.221481 2022] [php7:error] [pid 70698] [client 63.35.220.48:58164] script '/home/rajatbiotech.com/www/app.php' not found or unable to stat
[Tue Jun 21 20:26:35.493259 2022] [php7:error] [pid 70888] [client 114.119.145.86:25407] script '/home/rajatbiotech.com/www/index.php' not found or unable to stat
[Tue Jun 21 20:28:19.645588 2022] [php7:error] [pid 70886] [client 114.119.146.100:33505] script '/home/rajatbiotech.com/www/index.php' not found or unable to stat
[Tue Jun 21 20:29:15.483347 2022] [php7:error] [pid 70886] [client 116.203.222.121:35208] script '/home/rajatbiotech.com/www/wp-login.php' not found or unable to stat
[Tue Jun 21 20:29:23.731556 2022] [php7:error] [pid 70909] [client 66.249.64.215:54873] script '/home/rajatbiotech.com/www/1.php' not found or unable to stat
[Tue Jun 21 20:30:39.637100 2022] [php7:error] [pid 70687] [client 66.249.64.215:58804] script '/home/rajatbiotech.com/www/index.php' not found or unable to stat
[Tue Jun 21 20:31:04.947338 2022] [php7:error] [pid 70945] [client 66.249.64.215:47888] script '/home/rajatbiotech.com/www/1.php' not found or unable to stat
[Tue Jun 21 20:31:22.361570 2022] [php7:error] [pid 70909] [client 114.119.146.100:54679] script '/home/rajatbiotech.com/www/index.php' not found or unable to stat
[Tue Jun 21 20:31:30.256629 2022] [php7:error] [pid 70884] [client 66.249.64.215:36776] script '/home/rajatbiotech.com/www/1.php' not found or unable to stat
[Tue Jun 21 20:31:55.570394 2022] [php7:error] [pid 70910] [client 66.249.64.215:51213] script '/home/rajatbiotech.com/www/1.php' not found or unable to stat
[Tue Jun 21 20:32:20.857786 2022] [php7:error] [pid 70947] [client 66.249.64.219:53326] script '/home/rajatbiotech.com/www/log.php' not found or unable to stat
[Tue Jun 21 20:35:17.990726 2022] [php7:error] [pid 70658] [client 66.249.64.219:53368] script '/home/rajatbiotech.com/www/1.php' not found or unable to stat
[Tue Jun 21 20:35:43.295963 2022] [php7:error] [pid 70687] [client 66.249.64.215:35840] script '/home/rajatbiotech.com/www/license.php' not found or unable to stat
[Tue Jun 21 20:36:33.990249 2022] [php7:error] [pid 70947] [client 66.249.64.219:56998] script '/home/rajatbiotech.com/www/1.php' not found or unable to stat
[Tue Jun 21 22:08:44.673989 2022] [php7:error] [pid 71938] [client 114.119.146.100:42703] script '/home/rajatbiotech.com/www/index.php' not found or unable to stat
[Tue Jun 21 22:45:47.976158 2022] [php7:error] [pid 72168] [client 31.41.44.21:49790] script '/home/rajatbiotech.com/www/wp-login.php' not found or unable to stat
[Tue Jun 21 22:45:47.978924 2022] [php7:error] [pid 72105] [client 31.41.44.21:49800] script '/home/rajatbiotech.com/www/wp-login.php' not found or unable to stat
[Tue Jun 21 22:56:12.544352 2022] [php7:error] [pid 72168] [client 114.119.145.88:40887] script '/home/rajatbiotech.com/www/index.php' not found or unable to stat
[Tue Jun 21 23:03:08.784403 2022] [php7:error] [pid 73355] [client 66.249.64.219:37043] script '/home/rajatbiotech.com/www/log.php' not found or unable to stat
[Tue Jun 21 23:09:29.636530 2022] [php7:error] [pid 72168] [client 66.249.64.217:50858] script '/home/rajatbiotech.com/www/wp-signups.php' not found or unable to stat
[Tue Jun 21 23:18:16.824764 2022] [php7:error] [pid 72168] [client 114.119.145.86:40337] script '/home/rajatbiotech.com/www/index.php' not found or unable to stat
[Tue Jun 21 23:34:08.068767 2022] [php7:error] [pid 73307] [client 114.119.146.100:21489] script '/home/rajatbiotech.com/www/index.php' not found or unable to stat
[Tue Jun 21 23:43:58.344482 2022] [php7:error] [pid 73978] [client 114.119.131.197:21809] script '/home/rajatbiotech.com/www/index.php' not found or unable to stat
[Tue Jun 21 23:47:41.652898 2022] [php7:error] [pid 74027] [client 66.249.64.219:35659] script '/home/rajatbiotech.com/www/1.php' not found or unable to stat
[Tue Jun 21 23:47:42.446662 2022] [php7:error] [pid 74027] [client 66.249.64.219:35659] script '/home/rajatbiotech.com/www/1.php' not found or unable to stat
[Tue Jun 21 23:47:49.309972 2022] [php7:error] [pid 74343] [client 114.119.145.88:55395] script '/home/rajatbiotech.com/www/index.php' not found or unable to stat
[Wed Jun 22 00:09:43.402155 2022] [php7:error] [pid 74549] [client 114.119.146.100:29451] script '/home/rajatbiotech.com/www/index.php' not found or unable to stat
[Wed Jun 22 00:34:17.592113 2022] [php7:error] [pid 75001] [client 66.249.64.219:53907] script '/home/rajatbiotech.com/www/license.php' not found or unable to stat
[Wed Jun 22 00:35:35.337315 2022] [php7:error] [pid 74600] [client 66.249.64.217:44541] script '/home/rajatbiotech.com/www/log.php' not found or unable to stat
[Wed Jun 22 00:38:47.984229 2022] [php7:error] [pid 74550] [client 5.100.152.23:26608] script '/home/rajatbiotech.com/www/wp-config-sample.php' not found or unable to stat, referer: http://simplesite.com
[Wed Jun 22 00:40:46.419082 2022] [php7:error] [pid 75074] [client 66.249.64.217:54661] script '/home/rajatbiotech.com/www/wp-signups.php' not found or unable to stat
[Wed Jun 22 00:43:21.957926 2022] [php7:error] [pid 75074] [client 66.249.64.219:44803] script '/home/rajatbiotech.com/www/license.php' not found or unable to stat
[Wed Jun 22 00:44:39.735511 2022] [php7:error] [pid 74549] [client 66.249.64.219:43262] script '/home/rajatbiotech.com/www/license.php' not found or unable to stat
[Wed Jun 22 00:45:42.465851 2022] [php7:error] [pid 74550] [client 114.119.145.86:24193] script '/home/rajatbiotech.com/www/index.php' not found or unable to stat
[Wed Jun 22 00:48:55.621122 2022] [php7:error] [pid 74555] [client 114.119.145.86:62731] script '/home/rajatbiotech.com/www/index.php' not found or unable to stat
[Wed Jun 22 00:51:28.036908 2022] [php7:error] [pid 75426] [client 114.119.146.107:62583] script '/home/rajatbiotech.com/www/index.php' not found or unable to stat
[Wed Jun 22 00:54:32.122345 2022] [php7:error] [pid 75420] [client 114.119.146.107:45181] script '/home/rajatbiotech.com/www/index.php' not found or unable to stat
[Wed Jun 22 00:56:16.028216 2022] [php7:error] [pid 75424] [client 66.249.64.215:40720] script '/home/rajatbiotech.com/www/log.php' not found or unable to stat
[Wed Jun 22 00:59:22.405054 2022] [php7:error] [pid 75424] [client 114.119.145.81:22423] script '/home/rajatbiotech.com/www/index.php' not found or unable to stat
[Wed Jun 22 01:04:01.488068 2022] [php7:error] [pid 75528] [client 114.119.145.86:49979] script '/home/rajatbiotech.com/www/index.php' not found or unable to stat
[Wed Jun 22 01:07:41.723462 2022] [php7:error] [pid 75455] [client 114.119.145.81:64727] script '/home/rajatbiotech.com/www/index.php' not found or unable to stat
[Wed Jun 22 01:08:17.008575 2022] [php7:error] [pid 75419] [client 66.249.64.219:45600] script '/home/rajatbiotech.com/www/log.php' not found or unable to stat
[Wed Jun 22 01:18:47.872849 2022] [php7:error] [pid 75525] [client 66.249.64.215:42104] script '/home/rajatbiotech.com/www/license.php' not found or unable to stat
[Wed Jun 22 01:41:19.732095 2022] [php7:error] [pid 75524] [client 66.249.64.219:54203] script '/home/rajatbiotech.com/www/log.php' not found or unable to stat
[Wed Jun 22 01:54:50.839122 2022] [php7:error] [pid 75869] [client 66.249.64.219:37588] script '/home/rajatbiotech.com/www/log.php' not found or unable to stat
[Wed Jun 22 01:56:20.954151 2022] [php7:error] [pid 75461] [client 66.249.64.219:45129] script '/home/rajatbiotech.com/www/index.php' not found or unable to stat
[Wed Jun 22 02:25:52.096860 2022] [php7:error] [pid 75426] [client 114.119.146.107:29299] script '/home/rajatbiotech.com/www/index.php' not found or unable to stat
[Wed Jun 22 02:26:30.703036 2022] [php7:error] [pid 76683] [client 114.119.131.197:32947] script '/home/rajatbiotech.com/www/index.php' not found or unable to stat
[Wed Jun 22 02:44:32.766497 2022] [php7:error] [pid 75524] [client 66.249.64.215:40982] script '/home/rajatbiotech.com/www/1.php' not found or unable to stat
[Wed Jun 22 02:47:40.002225 2022] [php7:error] [pid 75426] [client 66.249.64.217:35982] script '/home/rajatbiotech.com/www/1.php' not found or unable to stat
[Wed Jun 22 02:54:51.762011 2022] [php7:error] [pid 77107] [client 114.119.131.197:30435] script '/home/rajatbiotech.com/www/index.php' not found or unable to stat
[Wed Jun 22 02:58:35.376029 2022] [php7:error] [pid 75869] [client 66.249.64.215:65336] script '/home/rajatbiotech.com/www/index.php' not found or unable to stat
[Wed Jun 22 03:09:11.367796 2022] [php7:error] [pid 75422] [client 66.249.64.217:61790] script '/home/rajatbiotech.com/www/index.php' not found or unable to stat
[Wed Jun 22 03:17:18.843930 2022] [php7:error] [pid 78259] [client 66.249.64.217:54610] script '/home/rajatbiotech.com/www/index.php' not found or unable to stat
[Wed Jun 22 03:18:52.466992 2022] [php7:error] [pid 78259] [client 66.249.64.215:53464] script '/home/rajatbiotech.com/www/log.php' not found or unable to stat
[Wed Jun 22 03:20:37.989406 2022] [php7:error] [pid 78146] [client 114.119.131.197:23593] script '/home/rajatbiotech.com/www/index.php' not found or unable to stat
[Wed Jun 22 03:37:33.908546 2022] [php7:error] [pid 78532] [client 114.119.145.88:21193] script '/home/rajatbiotech.com/www/index.php' not found or unable to stat
[Wed Jun 22 03:37:45.022843 2022] [php7:error] [pid 78538] [client 114.119.146.107:44103] script '/home/rajatbiotech.com/www/index.php' not found or unable to stat
[Wed Jun 22 03:40:19.951260 2022] [php7:error] [pid 75524] [client 114.119.145.88:46101] script '/home/rajatbiotech.com/www/index.php' not found or unable to stat
[Wed Jun 22 03:45:24.049509 2022] [php7:error] [pid 78706] [client 66.249.64.215:51408] script '/home/rajatbiotech.com/www/1.php' not found or unable to stat
[Wed Jun 22 03:49:00.152804 2022] [php7:error] [pid 78745] [client 114.119.145.81:50613] script '/home/rajatbiotech.com/www/index.php' not found or unable to stat
[Wed Jun 22 03:49:04.335675 2022] [php7:error] [pid 78723] [client 114.119.131.197:43741] script '/home/rajatbiotech.com/www/index.php' not found or unable to stat
[Wed Jun 22 03:49:32.214244 2022] [php7:error] [pid 78746] [client 114.119.145.81:57827] script '/home/rajatbiotech.com/www/index.php' not found or unable to stat
[Wed Jun 22 03:54:09.507507 2022] [php7:error] [pid 78723] [client 114.119.145.81:40029] script '/home/rajatbiotech.com/www/index.php' not found or unable to stat
[Wed Jun 22 04:20:16.747642 2022] [php7:error] [pid 78723] [client 114.119.146.107:56857] script '/home/rajatbiotech.com/www/index.php' not found or unable to stat
[Wed Jun 22 04:25:21.713243 2022] [php7:error] [pid 79473] [client 114.119.146.107:53361] script '/home/rajatbiotech.com/www/index.php' not found or unable to stat
[Wed Jun 22 04:50:14.679652 2022] [php7:error] [pid 78723] [client 114.119.131.197:44391] script '/home/rajatbiotech.com/www/index.php' not found or unable to stat
[Wed Jun 22 05:12:21.254018 2022] [php7:error] [pid 80238] [client 193.233.185.196:59516] script '/home/rajatbiotech.com/www/fw.php' not found or unable to stat, referer: www.google.com
[Wed Jun 22 05:12:47.021442 2022] [php7:error] [pid 80063] [client 193.233.185.196:54516] script '/home/rajatbiotech.com/www/defaul1.php' not found or unable to stat, referer: www.google.com
[Wed Jun 22 05:13:13.220672 2022] [php7:error] [pid 80409] [client 193.233.185.196:50569] script '/home/rajatbiotech.com/www/ffAA531.php' not found or unable to stat, referer: www.google.com
[Wed Jun 22 05:13:38.957547 2022] [php7:error] [pid 80429] [client 193.233.185.196:49647] script '/home/rajatbiotech.com/www/shell4.php' not found or unable to stat, referer: www.google.com
[Wed Jun 22 05:14:05.691985 2022] [php7:error] [pid 80027] [client 193.233.185.196:58090] script '/home/rajatbiotech.com/www/tshop.php' not found or unable to stat, referer: www.google.com
[Wed Jun 22 05:16:14.226718 2022] [php7:error] [pid 80314] [client 193.233.185.196:65159] script '/home/rajatbiotech.com/www/f0x.php' not found or unable to stat, referer: www.google.com
[Wed Jun 22 05:17:57.849909 2022] [php7:error] [pid 80033] [client 193.233.185.196:59371] script '/home/rajatbiotech.com/www/alfa.php' not found or unable to stat, referer: www.google.com
[Wed Jun 22 05:19:16.109963 2022] [php7:error] [pid 80063] [client 193.233.185.196:65073] script '/home/rajatbiotech.com/www/wp-blog.php' not found or unable to stat, referer: www.google.com
[Wed Jun 22 05:20:13.543656 2022] [php7:error] [pid 80314] [client 66.249.64.219:40506] script '/home/rajatbiotech.com/www/1.php' not found or unable to stat
[Wed Jun 22 05:22:18.424420 2022] [php7:error] [pid 80588] [client 193.233.185.196:54539] script '/home/rajatbiotech.com/www/lufix.php' not found or unable to stat, referer: www.google.com
[Wed Jun 22 05:23:09.192760 2022] [php7:error] [pid 80588] [client 193.233.185.196:60165] script '/home/rajatbiotech.com/www/old-index.php' not found or unable to stat, referer: www.google.com
[Wed Jun 22 05:23:36.001968 2022] [php7:error] [pid 80589] [client 193.233.185.196:52602] script '/home/rajatbiotech.com/www/xleet-shell.php' not found or unable to stat, referer: www.google.com
[Wed Jun 22 05:24:00.898966 2022] [php7:error] [pid 80589] [client 193.233.185.196:63789] script '/home/rajatbiotech.com/www/inbexw.php' not found or unable to stat, referer: www.google.com
[Wed Jun 22 05:25:17.998420 2022] [php7:error] [pid 80429] [client 193.233.185.196:64820] script '/home/rajatbiotech.com/www/images/mod_config.php' not found or unable to stat, referer: www.google.com
[Wed Jun 22 05:26:36.501090 2022] [php7:error] [pid 80314] [client 193.233.185.196:51006] script '/home/rajatbiotech.com/www/xl33t.php' not found or unable to stat, referer: www.google.com
[Wed Jun 22 05:33:25.442754 2022] [php7:error] [pid 80314] [client 193.233.185.196:50608] script '/home/rajatbiotech.com/www/wp-vatva.php' not found or unable to stat, referer: www.google.com
[Wed Jun 22 05:33:51.647446 2022] [php7:error] [pid 80732] [client 193.233.185.196:55462] script '/home/rajatbiotech.com/www/wp-2019.php' not found or unable to stat, referer: www.google.com
[Wed Jun 22 05:34:16.932882 2022] [php7:error] [pid 80751] [client 193.233.185.196:52971] script '/home/rajatbiotech.com/www/style.php' not found or unable to stat, referer: www.google.com
[Wed Jun 22 05:34:43.213488 2022] [php7:error] [pid 80732] [client 193.233.185.196:51236] script '/home/rajatbiotech.com/www/1975.php' not found or unable to stat, referer: www.google.com
[Wed Jun 22 05:35:08.845884 2022] [php7:error] [pid 80806] [client 193.233.185.196:59998] script '/home/rajatbiotech.com/www/vabba.php' not found or unable to stat, referer: www.google.com
[Wed Jun 22 05:35:33.799101 2022] [php7:error] [pid 80751] [client 193.233.185.196:62752] script '/home/rajatbiotech.com/www/qws.php' not found or unable to stat, referer: www.google.com
[Wed Jun 22 05:36:25.236667 2022] [php7:error] [pid 80930] [client 193.233.185.196:52662] script '/home/rajatbiotech.com/www/shell20211028.php' not found or unable to stat, referer: www.google.com
[Wed Jun 22 05:36:50.380080 2022] [php7:error] [pid 80927] [client 193.233.185.196:56192] script '/home/rajatbiotech.com/www/1index.php' not found or unable to stat, referer: www.google.com
[Wed Jun 22 05:37:16.096849 2022] [php7:error] [pid 80927] [client 193.233.185.196:50284] script '/home/rajatbiotech.com/www/autoload_classmap.php' not found or unable to stat, referer: www.google.com
[Wed Jun 22 05:37:42.790006 2022] [php7:error] [pid 80927] [client 193.233.185.196:56659] script '/home/rajatbiotech.com/www/radio.php' not found or unable to stat, referer: www.google.com
[Wed Jun 22 05:38:08.109363 2022] [php7:error] [pid 80895] [client 193.233.185.196:64880] script '/home/rajatbiotech.com/www/2index.php' not found or unable to stat, referer: www.google.com
[Wed Jun 22 05:38:33.226279 2022] [php7:error] [pid 80238] [client 193.233.185.196:65331] script '/home/rajatbiotech.com/www/content.php' not found or unable to stat, referer: www.google.com
[Wed Jun 22 05:38:59.529497 2022] [php7:error] [pid 80926] [client 193.233.185.196:55338] script '/home/rajatbiotech.com/www/new-index.php' not found or unable to stat, referer: www.google.com
[Wed Jun 22 05:43:49.139792 2022] [php7:error] [pid 80930] [client 193.233.185.196:63198] script '/home/rajatbiotech.com/www/alwso.php' not found or unable to stat, referer: www.google.com
[Wed Jun 22 05:45:05.897644 2022] [php7:error] [pid 80806] [client 193.233.185.196:61802] script '/home/rajatbiotech.com/www/varb.php' not found or unable to stat, referer: www.google.com
[Wed Jun 22 05:45:31.018760 2022] [php7:error] [pid 80429] [client 193.233.185.196:64998] script '/home/rajatbiotech.com/www/images/up.php' not found or unable to stat, referer: www.google.com
[Wed Jun 22 05:45:56.492058 2022] [php7:error] [pid 80809] [client 193.233.185.196:56690] script '/home/rajatbiotech.com/www/baindex.php' not found or unable to stat, referer: www.google.com
[Wed Jun 22 05:46:21.894619 2022] [php7:error] [pid 80852] [client 193.233.185.196:65417] script '/home/rajatbiotech.com/www/qindex.php' not found or unable to stat, referer: www.google.com
