[Tue Jun 07 04:42:50.934903 2022] [php7:error] [pid 3853096] [client 114.119.137.125:54845] script '/home/rajatbiotech.com/www/index.php' not found or unable to stat
[Tue Jun 07 04:54:37.733143 2022] [php7:error] [pid 3853804] [client 114.119.137.153:28547] script '/home/rajatbiotech.com/www/index.php' not found or unable to stat
[Tue Jun 07 05:02:41.624554 2022] [php7:error] [pid 3853635] [client 114.119.136.75:37659] script '/home/rajatbiotech.com/www/index.php' not found or unable to stat
[Tue Jun 07 05:05:33.655399 2022] [php7:error] [pid 3853863] [client 114.119.136.92:35985] script '/home/rajatbiotech.com/www/index.php' not found or unable to stat
[Tue Jun 07 05:07:19.899862 2022] [php7:error] [pid 3852606] [client 114.119.137.156:52877] script '/home/rajatbiotech.com/www/index.php' not found or unable to stat
[Tue Jun 07 05:29:42.015734 2022] [php7:error] [pid 3854161] [client 66.249.70.25:62317] script '/home/rajatbiotech.com/www/wp-signups.php' not found or unable to stat
[Tue Jun 07 05:41:48.639796 2022] [php7:error] [pid 3855122] [client 66.249.70.23:40605] script '/home/rajatbiotech.com/www/license.php' not found or unable to stat
[Tue Jun 07 05:59:04.689496 2022] [php7:error] [pid 3855356] [client 114.119.131.197:39045] script '/home/rajatbiotech.com/www/index.php' not found or unable to stat
[Tue Jun 07 06:07:00.238144 2022] [php7:error] [pid 3855510] [client 66.249.70.23:45593] script '/home/rajatbiotech.com/www/log.php' not found or unable to stat
[Tue Jun 07 06:25:43.783175 2022] [php7:error] [pid 3855128] [client 49.51.52.241:59222] script '/home/rajatbiotech.com/www/wp-load.php' not found or unable to stat, referer: www.bing.com
[Tue Jun 07 06:25:50.032910 2022] [php7:error] [pid 3855523] [client 49.51.52.241:56497] script '/home/rajatbiotech.com/www/style.php' not found or unable to stat, referer: www.bing.com
[Tue Jun 07 06:25:58.693039 2022] [php7:error] [pid 3855888] [client 49.51.52.241:56535] script '/home/rajatbiotech.com/www/s_e.php' not found or unable to stat, referer: www.bing.com
[Tue Jun 07 06:26:02.548217 2022] [php7:error] [pid 3855604] [client 49.51.52.241:52625] script '/home/rajatbiotech.com/www/s_ne.php' not found or unable to stat, referer: www.bing.com
[Tue Jun 07 06:26:09.053865 2022] [php7:error] [pid 3855569] [client 49.51.52.241:58927] script '/home/rajatbiotech.com/www/1index.php' not found or unable to stat, referer: www.bing.com
[Tue Jun 07 06:26:11.990286 2022] [php7:error] [pid 3855872] [client 49.51.52.241:59270] script '/home/rajatbiotech.com/www/radio.php' not found or unable to stat, referer: www.bing.com
[Tue Jun 07 06:26:13.740961 2022] [php7:error] [pid 3855523] [client 49.51.52.241:64300] script '/home/rajatbiotech.com/www/doc.php' not found or unable to stat, referer: www.bing.com
[Tue Jun 07 06:26:16.053141 2022] [php7:error] [pid 3855551] [client 49.51.52.241:64354] script '/home/rajatbiotech.com/www/wp_wrong_datlib.php' not found or unable to stat, referer: www.bing.com
[Tue Jun 07 06:26:18.108989 2022] [php7:error] [pid 3855521] [client 49.51.52.241:56190] script '/home/rajatbiotech.com/www/beence.php' not found or unable to stat, referer: www.bing.com
[Tue Jun 07 06:26:20.895796 2022] [php7:error] [pid 3855510] [client 66.249.70.23:62814] script '/home/rajatbiotech.com/www/wp-signups.php' not found or unable to stat
[Tue Jun 07 06:26:21.718946 2022] [php7:error] [pid 3855128] [client 49.51.52.241:63289] script '/home/rajatbiotech.com/www/ups.php' not found or unable to stat, referer: www.bing.com
[Tue Jun 07 06:26:24.119434 2022] [php7:error] [pid 3855569] [client 49.51.52.241:60330] script '/home/rajatbiotech.com/www/wp-signin.php' not found or unable to stat, referer: www.bing.com
[Tue Jun 07 06:26:24.790133 2022] [php7:error] [pid 3855872] [client 49.51.52.241:52995] script '/home/rajatbiotech.com/www/media-admin.php' not found or unable to stat, referer: www.bing.com
[Tue Jun 07 06:26:25.713998 2022] [php7:error] [pid 3855906] [client 49.51.52.241:57183] script '/home/rajatbiotech.com/www/export.php' not found or unable to stat, referer: www.bing.com
[Tue Jun 07 06:26:44.320048 2022] [php7:error] [pid 3855604] [client 114.119.131.197:59919] script '/home/rajatbiotech.com/www/index.php' not found or unable to stat
[Tue Jun 07 06:26:50.532920 2022] [php7:error] [pid 3855128] [client 49.51.52.241:50755] script '/home/rajatbiotech.com/www/defau1t.php' not found or unable to stat, referer: www.bing.com
[Tue Jun 07 06:26:52.322298 2022] [php7:error] [pid 3855569] [client 49.51.52.241:65417] script '/home/rajatbiotech.com/www/moduless.php' not found or unable to stat, referer: www.bing.com
[Tue Jun 07 06:26:54.337946 2022] [php7:error] [pid 3855872] [client 49.51.52.241:50953] script '/home/rajatbiotech.com/www/wp-booking.php' not found or unable to stat, referer: www.bing.com
[Tue Jun 07 06:27:05.670277 2022] [php7:error] [pid 3855510] [client 49.51.52.241:51926] script '/home/rajatbiotech.com/www/config.bak.php' not found or unable to stat, referer: www.bing.com
[Tue Jun 07 06:27:12.702422 2022] [php7:error] [pid 3855551] [client 49.51.52.241:51451] script '/home/rajatbiotech.com/www/legion.php' not found or unable to stat, referer: www.bing.com
[Tue Jun 07 06:27:21.557442 2022] [php7:error] [pid 3855521] [client 49.51.52.241:62584] script '/home/rajatbiotech.com/www/wp-plugins.php' not found or unable to stat, referer: www.bing.com
[Tue Jun 07 06:27:28.602812 2022] [php7:error] [pid 3855569] [client 49.51.52.241:64947] script '/home/rajatbiotech.com/www/archives.php' not found or unable to stat, referer: www.bing.com
[Tue Jun 07 06:27:30.932603 2022] [php7:error] [pid 3855510] [client 49.51.52.241:55383] script '/home/rajatbiotech.com/www/defau11.php' not found or unable to stat, referer: www.bing.com
[Tue Jun 07 06:27:35.400633 2022] [php7:error] [pid 3855551] [client 49.51.52.241:50250] script '/home/rajatbiotech.com/www/system_log.php' not found or unable to stat, referer: www.bing.com
[Tue Jun 07 06:27:37.825721 2022] [php7:error] [pid 3855604] [client 49.51.52.241:54373] script '/home/rajatbiotech.com/www/wp-backup-sql-302.php' not found or unable to stat, referer: www.bing.com
[Tue Jun 07 06:27:40.229167 2022] [php7:error] [pid 3855521] [client 49.51.52.241:56139] script '/home/rajatbiotech.com/www/error.php' not found or unable to stat, referer: www.bing.com
[Tue Jun 07 06:30:11.368228 2022] [php7:error] [pid 3855569] [client 54.221.179.198:63966] script '/home/rajatbiotech.com/www/xmlrpc.php' not found or unable to stat
[Tue Jun 07 06:30:57.699244 2022] [php7:error] [pid 3855551] [client 49.51.52.241:56850] script '/home/rajatbiotech.com/www/index.php' not found or unable to stat, referer: www.bing.com
[Tue Jun 07 06:30:59.896785 2022] [php7:error] [pid 3855551] [client 49.51.52.241:56850] script '/home/rajatbiotech.com/www/olux.php' not found or unable to stat, referer: www.bing.com
[Tue Jun 07 06:31:02.778106 2022] [php7:error] [pid 3855551] [client 49.51.52.241:56850] script '/home/rajatbiotech.com/www/xleet.php' not found or unable to stat, referer: www.bing.com
[Tue Jun 07 06:31:05.296631 2022] [php7:error] [pid 3855551] [client 49.51.52.241:56850] script '/home/rajatbiotech.com/www/wso.php' not found or unable to stat, referer: www.bing.com
[Tue Jun 07 06:31:07.556020 2022] [php7:error] [pid 3855551] [client 49.51.52.241:56850] script '/home/rajatbiotech.com/www/shell.php' not found or unable to stat, referer: www.bing.com
[Tue Jun 07 06:31:10.287244 2022] [php7:error] [pid 3855551] [client 49.51.52.241:56850] script '/home/rajatbiotech.com/www/up.php' not found or unable to stat, referer: www.bing.com
[Tue Jun 07 06:31:11.724000 2022] [php7:error] [pid 3855551] [client 49.51.52.241:56850] script '/home/rajatbiotech.com/www/upload.php' not found or unable to stat, referer: www.bing.com
[Tue Jun 07 06:31:25.672216 2022] [php7:error] [pid 3855510] [client 49.51.52.241:61278] script '/home/rajatbiotech.com/www/x.php' not found or unable to stat, referer: www.bing.com
[Tue Jun 07 06:31:26.362176 2022] [php7:error] [pid 3855510] [client 49.51.52.241:61278] script '/home/rajatbiotech.com/www/z.php' not found or unable to stat, referer: www.bing.com
[Tue Jun 07 06:31:28.273792 2022] [php7:error] [pid 3855510] [client 49.51.52.241:61278] script '/home/rajatbiotech.com/www/a.php' not found or unable to stat, referer: www.bing.com
[Tue Jun 07 06:31:31.153675 2022] [php7:error] [pid 3855510] [client 49.51.52.241:61278] script '/home/rajatbiotech.com/www/test.php' not found or unable to stat, referer: www.bing.com
[Tue Jun 07 06:31:34.021248 2022] [php7:error] [pid 3855510] [client 49.51.52.241:61278] script '/home/rajatbiotech.com/www/wp.php' not found or unable to stat, referer: www.bing.com
[Tue Jun 07 06:31:36.714618 2022] [php7:error] [pid 3855510] [client 49.51.52.241:61278] script '/home/rajatbiotech.com/www/alfa.php' not found or unable to stat, referer: www.bing.com
[Tue Jun 07 06:31:39.499065 2022] [php7:error] [pid 3855510] [client 49.51.52.241:61278] script '/home/rajatbiotech.com/www/config.php' not found or unable to stat, referer: www.bing.com
[Tue Jun 07 06:31:48.859868 2022] [php7:error] [pid 3855604] [client 49.51.52.241:59217] script '/home/rajatbiotech.com/www/about.php' not found or unable to stat, referer: www.bing.com
[Tue Jun 07 06:31:52.504223 2022] [php7:error] [pid 3855604] [client 49.51.52.241:59217] script '/home/rajatbiotech.com/www/shells.php' not found or unable to stat, referer: www.bing.com
[Tue Jun 07 06:35:10.687606 2022] [php7:error] [pid 3855872] [client 66.249.70.25:54373] script '/home/rajatbiotech.com/www/license.php' not found or unable to stat
[Tue Jun 07 06:39:59.633472 2022] [php7:error] [pid 3856038] [client 66.249.70.25:61128] script '/home/rajatbiotech.com/www/wp-signups.php' not found or unable to stat
[Tue Jun 07 06:42:13.278184 2022] [php7:error] [pid 3855551] [client 66.249.70.25:44640] script '/home/rajatbiotech.com/www/log.php' not found or unable to stat
[Tue Jun 07 06:56:18.503399 2022] [php7:error] [pid 3856417] [client 66.249.70.27:42811] script '/home/rajatbiotech.com/www/license.php' not found or unable to stat
[Tue Jun 07 07:07:10.613507 2022] [php7:error] [pid 3856593] [client 114.119.146.107:45683] script '/home/rajatbiotech.com/www/index.php' not found or unable to stat
[Tue Jun 07 07:07:51.918590 2022] [php7:error] [pid 3856593] [client 66.249.70.27:58462] script '/home/rajatbiotech.com/www/wp-signups.php' not found or unable to stat
[Tue Jun 07 07:08:39.443335 2022] [php7:error] [pid 3856519] [client 114.119.145.8:21461] script '/home/rajatbiotech.com/www/index.php' not found or unable to stat
[Tue Jun 07 07:10:54.386264 2022] [php7:error] [pid 3856635] [client 66.249.70.23:62637] script '/home/rajatbiotech.com/www/1.php' not found or unable to stat
[Tue Jun 07 07:15:29.706084 2022] [php7:error] [pid 3856736] [client 66.249.70.23:63783] script '/home/rajatbiotech.com/www/index.php' not found or unable to stat
[Tue Jun 07 07:22:40.339570 2022] [php7:error] [pid 3856743] [client 114.119.146.107:48003] script '/home/rajatbiotech.com/www/index.php' not found or unable to stat
[Tue Jun 07 07:48:15.475205 2022] [php7:error] [pid 3857362] [client 114.119.146.100:45319] script '/home/rajatbiotech.com/www/index.php' not found or unable to stat
[Tue Jun 07 07:55:27.429271 2022] [php7:error] [pid 3857500] [client 66.249.70.23:40787] script '/home/rajatbiotech.com/www/license.php' not found or unable to stat
[Tue Jun 07 08:04:19.176451 2022] [php7:error] [pid 3857598] [client 114.119.145.8:65381] script '/home/rajatbiotech.com/www/index.php' not found or unable to stat
[Tue Jun 07 08:05:03.519168 2022] [php7:error] [pid 3857495] [client 114.119.146.107:58109] script '/home/rajatbiotech.com/www/index.php' not found or unable to stat
[Tue Jun 07 08:23:13.574975 2022] [php7:error] [pid 3858009] [client 114.119.146.109:36965] script '/home/rajatbiotech.com/www/index.php' not found or unable to stat
[Tue Jun 07 08:26:56.334793 2022] [php7:error] [pid 3858304] [client 114.119.146.107:37849] script '/home/rajatbiotech.com/www/index.php' not found or unable to stat
[Tue Jun 07 08:43:43.773750 2022] [php7:error] [pid 3858514] [client 66.249.70.25:48998] script '/home/rajatbiotech.com/www/1.php' not found or unable to stat
[Tue Jun 07 08:49:07.511368 2022] [php7:error] [pid 3858745] [client 66.249.70.27:40796] script '/home/rajatbiotech.com/www/index.php' not found or unable to stat
[Tue Jun 07 08:49:07.958079 2022] [php7:error] [pid 3858672] [client 66.249.70.25:50155] script '/home/rajatbiotech.com/www/license.php' not found or unable to stat
[Tue Jun 07 09:32:52.623781 2022] [php7:error] [pid 3859444] [client 114.119.131.197:46081] script '/home/rajatbiotech.com/www/index.php' not found or unable to stat
[Tue Jun 07 09:33:40.777275 2022] [php7:error] [pid 3859545] [client 66.249.70.23:47522] script '/home/rajatbiotech.com/www/wp-signups.php' not found or unable to stat
[Tue Jun 07 09:48:42.952249 2022] [php7:error] [pid 3859675] [client 114.119.145.88:51983] script '/home/rajatbiotech.com/www/index.php' not found or unable to stat
[Tue Jun 07 10:04:18.405986 2022] [php7:error] [pid 3859935] [client 114.119.131.197:21291] script '/home/rajatbiotech.com/www/index.php' not found or unable to stat
[Tue Jun 07 10:27:42.415329 2022] [php7:error] [pid 3860370] [client 66.249.70.27:62939] script '/home/rajatbiotech.com/www/index.php' not found or unable to stat
[Tue Jun 07 11:07:47.889075 2022] [php7:error] [pid 3860815] [client 114.119.146.107:21973] script '/home/rajatbiotech.com/www/index.php' not found or unable to stat
[Tue Jun 07 11:11:19.948841 2022] [php7:error] [pid 3860832] [client 114.119.146.100:52561] script '/home/rajatbiotech.com/www/index.php' not found or unable to stat
[Tue Jun 07 11:26:51.401273 2022] [php7:error] [pid 3861146] [client 114.119.145.8:33799] script '/home/rajatbiotech.com/www/index.php' not found or unable to stat
[Tue Jun 07 11:45:51.082741 2022] [php7:error] [pid 3861333] [client 114.119.146.109:47597] script '/home/rajatbiotech.com/www/index.php' not found or unable to stat
[Tue Jun 07 11:49:26.598464 2022] [php7:error] [pid 3861463] [client 114.119.131.197:48029] script '/home/rajatbiotech.com/www/index.php' not found or unable to stat
[Tue Jun 07 11:50:00.816193 2022] [php7:error] [pid 3861504] [client 114.119.131.197:54017] script '/home/rajatbiotech.com/www/index.php' not found or unable to stat
[Tue Jun 07 12:04:30.924503 2022] [php7:error] [pid 3861659] [client 114.119.145.88:26133] script '/home/rajatbiotech.com/www/index.php' not found or unable to stat
[Tue Jun 07 12:43:03.851532 2022] [php7:error] [pid 3862392] [client 114.119.146.109:28207] script '/home/rajatbiotech.com/www/index.php' not found or unable to stat
[Tue Jun 07 12:56:42.495721 2022] [php7:error] [pid 3862600] [client 114.119.146.100:24485] script '/home/rajatbiotech.com/www/index.php' not found or unable to stat
[Tue Jun 07 13:00:43.977826 2022] [php7:error] [pid 3862584] [client 114.119.131.197:64639] script '/home/rajatbiotech.com/www/index.php' not found or unable to stat
[Tue Jun 07 13:10:18.048745 2022] [php7:error] [pid 3863200] [client 114.119.146.109:57975] script '/home/rajatbiotech.com/www/index.php' not found or unable to stat
[Tue Jun 07 13:16:32.418653 2022] [php7:error] [pid 3863254] [client 114.119.145.81:60407] script '/home/rajatbiotech.com/www/index.php' not found or unable to stat
[Tue Jun 07 13:26:44.912707 2022] [php7:error] [pid 3863386] [client 66.249.70.25:57576] script '/home/rajatbiotech.com/www/1.php' not found or unable to stat
[Tue Jun 07 13:53:51.824008 2022] [php7:error] [pid 3863767] [client 66.249.70.25:39870] script '/home/rajatbiotech.com/www/license.php' not found or unable to stat
[Tue Jun 07 14:18:46.495712 2022] [php7:error] [pid 3864108] [client 114.119.145.86:45929] script '/home/rajatbiotech.com/www/index.php' not found or unable to stat
[Tue Jun 07 14:39:14.099185 2022] [php7:error] [pid 3864342] [client 114.119.145.88:58111] script '/home/rajatbiotech.com/www/index.php' not found or unable to stat
[Tue Jun 07 14:43:55.667328 2022] [php7:error] [pid 3864382] [client 20.77.49.95:54329] script '/home/rajatbiotech.com/www/wp-plain.php' not found or unable to stat, referer: www.google.com
[Tue Jun 07 14:43:55.938045 2022] [php7:error] [pid 3864465] [client 20.77.49.95:54504] script '/home/rajatbiotech.com/www/jucxgkuh.php' not found or unable to stat, referer: www.google.com
[Tue Jun 07 14:43:56.270450 2022] [php7:error] [pid 3864502] [client 20.77.49.95:54597] script '/home/rajatbiotech.com/www/wp-plain.php' not found or unable to stat, referer: www.google.com
[Tue Jun 07 14:43:56.602225 2022] [php7:error] [pid 3864266] [client 20.77.49.95:54695] script '/home/rajatbiotech.com/www/jucxgkuh.php' not found or unable to stat, referer: www.google.com
[Tue Jun 07 14:44:12.713321 2022] [php7:error] [pid 3864265] [client 114.119.146.100:28359] script '/home/rajatbiotech.com/www/index.php' not found or unable to stat
[Tue Jun 07 14:47:23.638509 2022] [php7:error] [pid 3864557] [client 20.205.128.189:61430] script '/home/rajatbiotech.com/www/xmlrpc.php' not found or unable to stat
[Tue Jun 07 14:47:24.106913 2022] [php7:error] [pid 3864557] [client 20.205.128.189:61430] script '/home/rajatbiotech.com/www/wp-login.php' not found or unable to stat
[Tue Jun 07 14:53:10.906912 2022] [php7:error] [pid 3864621] [client 114.119.145.86:55255] script '/home/rajatbiotech.com/www/index.php' not found or unable to stat
[Tue Jun 07 14:59:23.291009 2022] [php7:error] [pid 3864675] [client 114.119.131.197:36033] script '/home/rajatbiotech.com/www/index.php' not found or unable to stat
[Tue Jun 07 15:30:03.622767 2022] [php7:error] [pid 3865257] [client 66.249.70.25:37795] script '/home/rajatbiotech.com/www/license.php' not found or unable to stat
[Tue Jun 07 15:31:22.745916 2022] [php7:error] [pid 3865132] [client 66.249.70.25:35776] script '/home/rajatbiotech.com/www/log.php' not found or unable to stat
[Tue Jun 07 15:36:04.252232 2022] [php7:error] [pid 3865132] [client 114.119.146.100:63063] script '/home/rajatbiotech.com/www/index.php' not found or unable to stat
[Tue Jun 07 15:47:48.931684 2022] [php7:error] [pid 3864935] [client 114.119.145.81:22131] script '/home/rajatbiotech.com/www/index.php' not found or unable to stat
[Tue Jun 07 16:12:52.516256 2022] [php7:error] [pid 3866329] [client 114.119.145.88:58975] script '/home/rajatbiotech.com/www/index.php' not found or unable to stat
[Tue Jun 07 16:16:22.754921 2022] [php7:error] [pid 3866200] [client 66.249.70.27:60291] script '/home/rajatbiotech.com/www/wp-signups.php' not found or unable to stat
[Tue Jun 07 16:35:18.055146 2022] [php7:error] [pid 3866770] [client 114.119.145.88:26787] script '/home/rajatbiotech.com/www/index.php' not found or unable to stat
[Tue Jun 07 16:38:33.319634 2022] [php7:error] [pid 3866814] [client 114.119.145.8:61279] script '/home/rajatbiotech.com/www/index.php' not found or unable to stat
[Tue Jun 07 16:38:39.081078 2022] [php7:error] [pid 3866812] [client 3.86.240.130:64982] script '/home/rajatbiotech.com/www/xmlrpc.php' not found or unable to stat
[Tue Jun 07 16:42:17.897270 2022] [php7:error] [pid 3866813] [client 114.119.145.86:35919] script '/home/rajatbiotech.com/www/index.php' not found or unable to stat
[Tue Jun 07 16:44:35.876171 2022] [php7:error] [pid 3866600] [client 114.119.145.81:21705] script '/home/rajatbiotech.com/www/index.php' not found or unable to stat
[Tue Jun 07 16:58:10.913283 2022] [php7:error] [pid 3867224] [client 114.119.146.107:55593] script '/home/rajatbiotech.com/www/index.php' not found or unable to stat
[Tue Jun 07 16:58:36.935415 2022] [php7:error] [pid 3867170] [client 114.119.145.86:25261] script '/home/rajatbiotech.com/www/index.php' not found or unable to stat
[Tue Jun 07 17:01:22.750045 2022] [php7:error] [pid 3867195] [client 66.249.70.23:58054] script '/home/rajatbiotech.com/www/log.php' not found or unable to stat
[Tue Jun 07 17:30:30.011095 2022] [php7:error] [pid 3867564] [client 114.119.145.8:23849] script '/home/rajatbiotech.com/www/index.php' not found or unable to stat
[Tue Jun 07 17:36:19.379746 2022] [php7:error] [pid 3867683] [client 114.119.145.88:62139] script '/home/rajatbiotech.com/www/index.php' not found or unable to stat
[Tue Jun 07 17:36:36.763813 2022] [php7:error] [pid 3867578] [client 66.249.70.27:53456] script '/home/rajatbiotech.com/www/log.php' not found or unable to stat
[Tue Jun 07 18:10:30.801674 2022] [php7:error] [pid 3868186] [client 114.119.146.107:59927] script '/home/rajatbiotech.com/www/index.php' not found or unable to stat
[Tue Jun 07 18:11:19.545676 2022] [php7:error] [pid 3868437] [client 114.119.145.88:21307] script '/home/rajatbiotech.com/www/index.php' not found or unable to stat
[Tue Jun 07 18:18:42.321770 2022] [php7:error] [pid 3868441] [client 66.249.70.27:44753] script '/home/rajatbiotech.com/www/license.php' not found or unable to stat
[Tue Jun 07 18:22:23.668696 2022] [php7:error] [pid 3868232] [client 66.249.70.25:42576] script '/home/rajatbiotech.com/www/log.php' not found or unable to stat
[Tue Jun 07 18:26:05.029463 2022] [php7:error] [pid 3868180] [client 66.249.70.23:60879] script '/home/rajatbiotech.com/www/log.php' not found or unable to stat
[Tue Jun 07 18:26:45.037125 2022] [php7:error] [pid 3868665] [client 66.249.70.23:38996] script '/home/rajatbiotech.com/www/1.php' not found or unable to stat
[Tue Jun 07 18:33:27.745641 2022] [php7:error] [pid 3868801] [client 66.249.70.25:43713] script '/home/rajatbiotech.com/www/log.php' not found or unable to stat
[Tue Jun 07 18:40:50.447102 2022] [php7:error] [pid 3868773] [client 66.249.70.27:62878] script '/home/rajatbiotech.com/www/log.php' not found or unable to stat
[Tue Jun 07 18:51:54.510090 2022] [php7:error] [pid 3868953] [client 66.249.70.27:45668] script '/home/rajatbiotech.com/www/log.php' not found or unable to stat
[Tue Jun 07 18:52:54.939281 2022] [php7:error] [pid 3869020] [client 114.119.145.86:51381] script '/home/rajatbiotech.com/www/index.php' not found or unable to stat
[Tue Jun 07 19:05:10.143592 2022] [php7:error] [pid 3869087] [client 114.119.145.8:35341] script '/home/rajatbiotech.com/www/index.php' not found or unable to stat
[Tue Jun 07 19:19:20.430154 2022] [php7:error] [pid 3869087] [client 66.249.70.27:44107] script '/home/rajatbiotech.com/www/license.php' not found or unable to stat
[Tue Jun 07 19:39:17.276454 2022] [php7:error] [pid 3869665] [client 31.216.62.146:49932] script '/home/rajatbiotech.com/www/wp-login.php' not found or unable to stat
[Tue Jun 07 19:40:06.720325 2022] [php7:error] [pid 3869677] [client 114.119.145.86:63449] script '/home/rajatbiotech.com/www/index.php' not found or unable to stat
[Tue Jun 07 19:51:42.243618 2022] [php7:error] [pid 3869679] [client 208.109.20.112:41017] script '/home/rajatbiotech.com/www/xmlrpc.php' not found or unable to stat, referer: http://simplesite.com
[Tue Jun 07 20:05:14.673792 2022] [php7:error] [pid 3870059] [client 66.249.70.27:50036] script '/home/rajatbiotech.com/www/license.php' not found or unable to stat
[Tue Jun 07 20:17:19.050952 2022] [php7:error] [pid 3870519] [client 62.197.136.198:64283] script '/home/rajatbiotech.com/www/fw.php' not found or unable to stat, referer: www.google.com
[Tue Jun 07 20:17:41.301216 2022] [php7:error] [pid 3870340] [client 62.197.136.198:56380] script '/home/rajatbiotech.com/www/ffAA531.php' not found or unable to stat, referer: www.google.com
[Tue Jun 07 20:18:02.969639 2022] [php7:error] [pid 3870519] [client 62.197.136.198:56184] script '/home/rajatbiotech.com/www/old-index.php' not found or unable to stat, referer: www.google.com
[Tue Jun 07 20:18:24.999947 2022] [php7:error] [pid 3870487] [client 62.197.136.198:51868] script '/home/rajatbiotech.com/www/xleet-shell.php' not found or unable to stat, referer: www.google.com
[Tue Jun 07 20:18:46.860276 2022] [php7:error] [pid 3870357] [client 62.197.136.198:63427] script '/home/rajatbiotech.com/www/wp-vatva.php' not found or unable to stat, referer: www.google.com
[Tue Jun 07 20:19:09.833527 2022] [php7:error] [pid 3870344] [client 62.197.136.198:52459] script '/home/rajatbiotech.com/www/wp-2019.php' not found or unable to stat, referer: www.google.com
[Tue Jun 07 20:19:30.651320 2022] [php7:error] [pid 3870519] [client 62.197.136.198:54828] script '/home/rajatbiotech.com/www/vabba.php' not found or unable to stat, referer: www.google.com
[Tue Jun 07 20:19:52.278252 2022] [php7:error] [pid 3870342] [client 62.197.136.198:58187] script '/home/rajatbiotech.com/www/inbexw.php' not found or unable to stat, referer: www.google.com
[Tue Jun 07 20:20:14.527723 2022] [php7:error] [pid 3870344] [client 62.197.136.198:63815] script '/home/rajatbiotech.com/www/qws.php' not found or unable to stat, referer: www.google.com
[Tue Jun 07 20:21:20.274477 2022] [php7:error] [pid 3870571] [client 62.197.136.198:50848] script '/home/rajatbiotech.com/www/shell20211028.php' not found or unable to stat, referer: www.google.com
[Tue Jun 07 20:21:43.111868 2022] [php7:error] [pid 3870583] [client 62.197.136.198:57222] script '/home/rajatbiotech.com/www/1index.php' not found or unable to stat, referer: www.google.com
[Tue Jun 07 20:22:06.182147 2022] [php7:error] [pid 3870357] [client 62.197.136.198:55376] script '/home/rajatbiotech.com/www/autoload_classmap.php' not found or unable to stat, referer: www.google.com
[Tue Jun 07 20:22:28.281518 2022] [php7:error] [pid 3870355] [client 62.197.136.198:49861] script '/home/rajatbiotech.com/www/radio.php' not found or unable to stat, referer: www.google.com
[Tue Jun 07 20:22:47.151191 2022] [php7:error] [pid 3870340] [client 3.86.240.130:49711] script '/home/rajatbiotech.com/www/xmlrpc.php' not found or unable to stat
[Tue Jun 07 20:22:47.655245 2022] [php7:error] [pid 3870340] [client 3.86.240.130:49711] script '/home/rajatbiotech.com/www/xmlrpc.php' not found or unable to stat
[Tue Jun 07 20:22:50.004854 2022] [php7:error] [pid 3869994] [client 62.197.136.198:50200] script '/home/rajatbiotech.com/www/2index.php' not found or unable to stat, referer: www.google.com
[Tue Jun 07 20:23:12.865218 2022] [php7:error] [pid 3870340] [client 62.197.136.198:51859] script '/home/rajatbiotech.com/www/content.php' not found or unable to stat, referer: www.google.com
[Tue Jun 07 20:23:35.354270 2022] [php7:error] [pid 3870355] [client 62.197.136.198:65169] script '/home/rajatbiotech.com/www/new-index.php' not found or unable to stat, referer: www.google.com
[Tue Jun 07 20:23:43.402270 2022] [php7:error] [pid 3870340] [client 3.86.240.130:58152] script '/home/rajatbiotech.com/www/xmlrpc.php' not found or unable to stat
[Tue Jun 07 20:28:04.777852 2022] [php7:error] [pid 3870355] [client 62.197.136.198:58267] script '/home/rajatbiotech.com/www/alwso.php' not found or unable to stat, referer: www.google.com
[Tue Jun 07 20:29:12.377994 2022] [php7:error] [pid 3870340] [client 62.197.136.198:63330] script '/home/rajatbiotech.com/www/varb.php' not found or unable to stat, referer: www.google.com
[Tue Jun 07 20:29:35.404625 2022] [php7:error] [pid 3869994] [client 62.197.136.198:59932] script '/home/rajatbiotech.com/www/baindex.php' not found or unable to stat, referer: www.google.com
[Tue Jun 07 20:29:58.325892 2022] [php7:error] [pid 3870705] [client 62.197.136.198:63337] script '/home/rajatbiotech.com/www/qindex.php' not found or unable to stat, referer: www.google.com
[Tue Jun 07 20:30:16.918330 2022] [php7:error] [pid 3870344] [client 114.119.145.88:28497] script '/home/rajatbiotech.com/www/index.php' not found or unable to stat
[Tue Jun 07 20:30:21.087358 2022] [php7:error] [pid 3869994] [client 62.197.136.198:59843] script '/home/rajatbiotech.com/www/wp-signin.php' not found or unable to stat, referer: www.google.com
[Tue Jun 07 20:30:43.866939 2022] [php7:error] [pid 3870340] [client 62.197.136.198:64651] script '/home/rajatbiotech.com/www/local.php' not found or unable to stat, referer: www.google.com
[Tue Jun 07 20:31:29.094279 2022] [php7:error] [pid 3870627] [client 62.197.136.198:58754] script '/home/rajatbiotech.com/www/wp-plugins.php' not found or unable to stat, referer: www.google.com
[Tue Jun 07 20:31:51.345380 2022] [php7:error] [pid 3870677] [client 62.197.136.198:52694] script '/home/rajatbiotech.com/www/defaul1.php' not found or unable to stat, referer: www.google.com
[Tue Jun 07 20:32:13.206124 2022] [php7:error] [pid 3870357] [client 62.197.136.198:59333] script '/home/rajatbiotech.com/www/ups.php' not found or unable to stat, referer: www.google.com
[Tue Jun 07 20:32:34.278351 2022] [php7:error] [pid 3870627] [client 62.197.136.198:62465] script '/home/rajatbiotech.com/www/wp.php' not found or unable to stat, referer: www.google.com
[Tue Jun 07 20:32:55.058181 2022] [php7:error] [pid 3870728] [client 62.197.136.198:50976] script '/home/rajatbiotech.com/www/admin.php' not found or unable to stat, referer: www.google.com
[Tue Jun 07 20:33:15.481005 2022] [php7:error] [pid 3870677] [client 62.197.136.198:64307] script '/home/rajatbiotech.com/www/xleet.php' not found or unable to stat, referer: www.google.com
[Tue Jun 07 20:33:36.268887 2022] [php7:error] [pid 3870771] [client 62.197.136.198:61933] script '/home/rajatbiotech.com/www/403.php' not found or unable to stat, referer: www.google.com
[Tue Jun 07 20:35:04.347185 2022] [php7:error] [pid 3870677] [client 124.223.87.51:42734] script '/home/rajatbiotech.com/www/wp-atom.php' not found or unable to stat, referer: http://simplesite.com
[Tue Jun 07 20:35:09.015048 2022] [php7:error] [pid 3870764] [client 124.223.87.51:43928] script '/home/rajatbiotech.com/www/wp-atom.php' not found or unable to stat, referer: http://simplesite.com
[Tue Jun 07 20:46:43.138031 2022] [php7:error] [pid 3870344] [client 66.249.70.25:58713] script '/home/rajatbiotech.com/www/wp-signups.php' not found or unable to stat
[Tue Jun 07 20:48:26.969835 2022] [php7:error] [pid 3870677] [client 66.249.70.23:40494] script '/home/rajatbiotech.com/www/log.php' not found or unable to stat
[Tue Jun 07 20:50:14.625331 2022] [php7:error] [pid 3870677] [client 66.249.70.23:55396] script '/home/rajatbiotech.com/www/wp-signups.php' not found or unable to stat
[Tue Jun 07 20:58:52.044353 2022] [php7:error] [pid 3870806] [client 114.119.145.86:27045] script '/home/rajatbiotech.com/www/index.php' not found or unable to stat
[Tue Jun 07 21:09:53.978404 2022] [php7:error] [pid 3870965] [client 114.119.131.197:26007] script '/home/rajatbiotech.com/www/index.php' not found or unable to stat
[Tue Jun 07 21:18:29.708969 2022] [php7:error] [pid 3871156] [client 114.119.145.81:42363] script '/home/rajatbiotech.com/www/index.php' not found or unable to stat
[Tue Jun 07 21:21:24.787132 2022] [php7:error] [pid 3870344] [client 114.119.145.88:48297] script '/home/rajatbiotech.com/www/index.php' not found or unable to stat
[Tue Jun 07 21:21:39.646867 2022] [php7:error] [pid 3870771] [client 3.86.240.130:64569] script '/home/rajatbiotech.com/www/xmlrpc.php' not found or unable to stat
[Tue Jun 07 21:47:27.157837 2022] [php7:error] [pid 3871150] [client 114.119.145.8:40723] script '/home/rajatbiotech.com/www/index.php' not found or unable to stat
[Tue Jun 07 21:53:20.660801 2022] [php7:error] [pid 3870970] [client 114.119.145.86:44403] script '/home/rajatbiotech.com/www/index.php' not found or unable to stat
[Tue Jun 07 22:03:49.219214 2022] [php7:error] [pid 3872095] [client 114.119.145.86:43669] script '/home/rajatbiotech.com/www/index.php' not found or unable to stat
[Tue Jun 07 22:17:04.326645 2022] [php7:error] [pid 3872661] [client 114.119.145.86:30833] script '/home/rajatbiotech.com/www/index.php' not found or unable to stat
[Tue Jun 07 22:20:59.641299 2022] [php7:error] [pid 3872093] [client 114.119.131.197:25747] script '/home/rajatbiotech.com/www/index.php' not found or unable to stat
[Tue Jun 07 22:53:11.762704 2022] [php7:error] [pid 3873885] [client 66.249.70.25:52786] script '/home/rajatbiotech.com/www/log.php' not found or unable to stat
[Tue Jun 07 22:53:43.436745 2022] [php7:error] [pid 3873274] [client 66.249.70.23:47865] script '/home/rajatbiotech.com/www/1.php' not found or unable to stat
[Tue Jun 07 22:54:09.689202 2022] [php7:error] [pid 3873139] [client 114.119.146.100:43471] script '/home/rajatbiotech.com/www/index.php' not found or unable to stat
[Tue Jun 07 22:54:15.127794 2022] [php7:error] [pid 3873700] [client 66.249.70.23:54607] script '/home/rajatbiotech.com/www/log.php' not found or unable to stat
[Tue Jun 07 22:55:18.507599 2022] [php7:error] [pid 3873700] [client 66.249.70.23:35193] script '/home/rajatbiotech.com/www/log.php' not found or unable to stat
[Tue Jun 07 22:55:50.195550 2022] [php7:error] [pid 3873141] [client 66.249.70.23:63181] script '/home/rajatbiotech.com/www/license.php' not found or unable to stat
[Tue Jun 07 22:56:21.881264 2022] [php7:error] [pid 3873700] [client 66.249.70.27:46410] script '/home/rajatbiotech.com/www/log.php' not found or unable to stat
[Tue Jun 07 22:57:25.285132 2022] [php7:error] [pid 3873882] [client 66.249.70.27:45669] script '/home/rajatbiotech.com/www/log.php' not found or unable to stat
[Tue Jun 07 22:57:56.964176 2022] [php7:error] [pid 3873879] [client 66.249.70.23:58144] script '/home/rajatbiotech.com/www/license.php' not found or unable to stat
[Tue Jun 07 23:00:03.898549 2022] [php7:error] [pid 3873700] [client 66.249.70.27:46380] script '/home/rajatbiotech.com/www/log.php' not found or unable to stat
[Tue Jun 07 23:01:07.097979 2022] [php7:error] [pid 3873879] [client 66.249.70.27:64243] script '/home/rajatbiotech.com/www/log.php' not found or unable to stat
[Tue Jun 07 23:01:38.791734 2022] [php7:error] [pid 3873274] [client 66.249.70.23:63307] script '/home/rajatbiotech.com/www/log.php' not found or unable to stat
[Tue Jun 07 23:02:42.165647 2022] [php7:error] [pid 3873066] [client 66.249.70.23:48951] script '/home/rajatbiotech.com/www/log.php' not found or unable to stat
[Tue Jun 07 23:03:13.862260 2022] [php7:error] [pid 3873885] [client 66.249.70.27:47012] script '/home/rajatbiotech.com/www/log.php' not found or unable to stat
[Tue Jun 07 23:03:45.551505 2022] [php7:error] [pid 3873700] [client 66.249.70.23:37003] script '/home/rajatbiotech.com/www/log.php' not found or unable to stat
[Tue Jun 07 23:04:17.231008 2022] [php7:error] [pid 3873879] [client 66.249.70.25:51092] script '/home/rajatbiotech.com/www/license.php' not found or unable to stat
[Tue Jun 07 23:04:48.928530 2022] [php7:error] [pid 3874386] [client 66.249.70.23:42324] script '/home/rajatbiotech.com/www/log.php' not found or unable to stat
[Tue Jun 07 23:05:22.195025 2022] [php7:error] [pid 3873274] [client 66.249.70.23:46800] script '/home/rajatbiotech.com/www/log.php' not found or unable to stat
[Tue Jun 07 23:05:52.303321 2022] [php7:error] [pid 3873882] [client 66.249.70.25:42658] script '/home/rajatbiotech.com/www/license.php' not found or unable to stat
[Tue Jun 07 23:06:23.997792 2022] [php7:error] [pid 3873364] [client 66.249.70.25:35409] script '/home/rajatbiotech.com/www/license.php' not found or unable to stat
[Tue Jun 07 23:06:55.689195 2022] [php7:error] [pid 3873364] [client 66.249.70.23:40146] script '/home/rajatbiotech.com/www/license.php' not found or unable to stat
[Tue Jun 07 23:07:02.360107 2022] [php7:error] [pid 3873882] [client 66.249.70.23:55183] script '/home/rajatbiotech.com/www/license.php' not found or unable to stat
[Tue Jun 07 23:07:27.370749 2022] [php7:error] [pid 3873139] [client 66.249.70.25:42681] script '/home/rajatbiotech.com/www/license.php' not found or unable to stat
[Tue Jun 07 23:07:59.078717 2022] [php7:error] [pid 3872551] [client 66.249.70.23:48264] script '/home/rajatbiotech.com/www/license.php' not found or unable to stat
[Tue Jun 07 23:08:30.752145 2022] [php7:error] [pid 3873885] [client 66.249.70.27:39780] script '/home/rajatbiotech.com/www/license.php' not found or unable to stat
[Tue Jun 07 23:09:02.445095 2022] [php7:error] [pid 3873139] [client 66.249.70.23:38132] script '/home/rajatbiotech.com/www/license.php' not found or unable to stat
[Tue Jun 07 23:09:34.135816 2022] [php7:error] [pid 3873066] [client 66.249.70.23:35642] script '/home/rajatbiotech.com/www/1.php' not found or unable to stat
[Tue Jun 07 23:10:07.264373 2022] [php7:error] [pid 3873700] [client 66.249.70.25:45701] script '/home/rajatbiotech.com/www/wp-signups.php' not found or unable to stat
[Tue Jun 07 23:10:37.520579 2022] [php7:error] [pid 3873885] [client 66.249.70.23:44811] script '/home/rajatbiotech.com/www/wp-signups.php' not found or unable to stat
[Tue Jun 07 23:11:09.202056 2022] [php7:error] [pid 3873274] [client 66.249.70.23:51021] script '/home/rajatbiotech.com/www/license.php' not found or unable to stat
[Tue Jun 07 23:12:44.281632 2022] [php7:error] [pid 3873879] [client 66.249.70.25:61290] script '/home/rajatbiotech.com/www/license.php' not found or unable to stat
[Tue Jun 07 23:13:16.287904 2022] [php7:error] [pid 3873882] [client 66.249.70.23:57398] script '/home/rajatbiotech.com/www/license.php' not found or unable to stat
[Tue Jun 07 23:13:47.651837 2022] [php7:error] [pid 3873879] [client 66.249.70.23:41789] script '/home/rajatbiotech.com/www/log.php' not found or unable to stat
[Tue Jun 07 23:14:51.037482 2022] [php7:error] [pid 3873139] [client 66.249.70.27:59681] script '/home/rajatbiotech.com/www/log.php' not found or unable to stat
[Tue Jun 07 23:15:22.716208 2022] [php7:error] [pid 3874927] [client 66.249.70.23:44487] script '/home/rajatbiotech.com/www/license.php' not found or unable to stat
[Tue Jun 07 23:18:01.176442 2022] [php7:error] [pid 3872551] [client 66.249.70.25:54167] script '/home/rajatbiotech.com/www/1.php' not found or unable to stat
[Tue Jun 07 23:18:32.861847 2022] [php7:error] [pid 3874908] [client 66.249.70.23:49202] script '/home/rajatbiotech.com/www/license.php' not found or unable to stat
[Tue Jun 07 23:18:55.098634 2022] [php7:error] [pid 3873139] [client 114.119.145.81:52717] script '/home/rajatbiotech.com/www/index.php' not found or unable to stat
[Tue Jun 07 23:19:04.551336 2022] [php7:error] [pid 3875062] [client 66.249.70.27:40402] script '/home/rajatbiotech.com/www/1.php' not found or unable to stat
[Tue Jun 07 23:19:36.245576 2022] [php7:error] [pid 3874997] [client 66.249.70.23:39380] script '/home/rajatbiotech.com/www/1.php' not found or unable to stat
[Tue Jun 07 23:20:07.921656 2022] [php7:error] [pid 3874908] [client 66.249.70.23:51626] script '/home/rajatbiotech.com/www/license.php' not found or unable to stat
[Tue Jun 07 23:20:39.614929 2022] [php7:error] [pid 3873066] [client 66.249.70.25:52837] script '/home/rajatbiotech.com/www/1.php' not found or unable to stat
[Tue Jun 07 23:21:11.309037 2022] [php7:error] [pid 3875062] [client 66.249.70.27:60631] script '/home/rajatbiotech.com/www/1.php' not found or unable to stat
[Tue Jun 07 23:21:29.862269 2022] [php7:error] [pid 3873882] [client 114.119.145.86:65311] script '/home/rajatbiotech.com/www/index.php' not found or unable to stat
[Tue Jun 07 23:21:42.998681 2022] [php7:error] [pid 3872551] [client 66.249.70.23:59800] script '/home/rajatbiotech.com/www/1.php' not found or unable to stat
[Tue Jun 07 23:22:14.691377 2022] [php7:error] [pid 3875062] [client 66.249.70.25:58286] script '/home/rajatbiotech.com/www/1.php' not found or unable to stat
[Tue Jun 07 23:22:46.371362 2022] [php7:error] [pid 3872551] [client 66.249.70.25:49813] script '/home/rajatbiotech.com/www/license.php' not found or unable to stat
[Tue Jun 07 23:23:18.082981 2022] [php7:error] [pid 3873139] [client 66.249.70.23:36701] script '/home/rajatbiotech.com/www/license.php' not found or unable to stat
[Tue Jun 07 23:23:49.750756 2022] [php7:error] [pid 3875059] [client 66.249.70.23:46481] script '/home/rajatbiotech.com/www/license.php' not found or unable to stat
[Tue Jun 07 23:24:21.447610 2022] [php7:error] [pid 3875063] [client 66.249.70.25:35336] script '/home/rajatbiotech.com/www/license.php' not found or unable to stat
[Tue Jun 07 23:24:53.134165 2022] [php7:error] [pid 3874997] [client 66.249.70.23:46058] script '/home/rajatbiotech.com/www/log.php' not found or unable to stat
[Tue Jun 07 23:25:56.519353 2022] [php7:error] [pid 3873879] [client 66.249.70.25:62262] script '/home/rajatbiotech.com/www/1.php' not found or unable to stat
[Tue Jun 07 23:26:28.201788 2022] [php7:error] [pid 3874908] [client 66.249.70.27:38404] script '/home/rajatbiotech.com/www/log.php' not found or unable to stat
[Tue Jun 07 23:26:59.891736 2022] [php7:error] [pid 3873882] [client 66.249.70.23:46492] script '/home/rajatbiotech.com/www/log.php' not found or unable to stat
[Wed Jun 08 00:11:33.535036 2022] [php7:error] [pid 3876733] [client 114.119.145.81:48437] script '/home/rajatbiotech.com/www/index.php' not found or unable to stat
[Wed Jun 08 00:15:47.537531 2022] [php7:error] [pid 3876501] [client 114.119.146.109:31101] script '/home/rajatbiotech.com/www/index.php' not found or unable to stat
[Wed Jun 08 00:29:05.252987 2022] [php7:error] [pid 3876792] [client 66.249.70.27:56626] script '/home/rajatbiotech.com/www/log.php' not found or unable to stat
[Wed Jun 08 00:31:36.574129 2022] [php7:error] [pid 3876792] [client 66.249.70.25:57832] script '/home/rajatbiotech.com/www/1.php' not found or unable to stat
[Wed Jun 08 00:41:49.035659 2022] [php7:error] [pid 3876523] [client 114.119.145.81:30501] script '/home/rajatbiotech.com/www/index.php' not found or unable to stat
[Wed Jun 08 00:45:13.941992 2022] [php7:error] [pid 3876522] [client 114.119.146.100:53559] script '/home/rajatbiotech.com/www/index.php' not found or unable to stat
[Wed Jun 08 00:58:22.532539 2022] [php7:error] [pid 3876522] [client 114.119.146.100:37309] script '/home/rajatbiotech.com/www/index.php' not found or unable to stat
[Wed Jun 08 01:04:44.397466 2022] [php7:error] [pid 3876501] [client 114.119.145.8:30493] script '/home/rajatbiotech.com/www/index.php' not found or unable to stat
[Wed Jun 08 01:05:15.585720 2022] [php7:error] [pid 3876508] [client 114.119.131.197:54317] script '/home/rajatbiotech.com/www/index.php' not found or unable to stat
[Wed Jun 08 01:20:29.690245 2022] [php7:error] [pid 3877293] [client 114.119.131.197:30801] script '/home/rajatbiotech.com/www/index.php' not found or unable to stat
[Wed Jun 08 01:23:30.398159 2022] [php7:error] [pid 3876508] [client 66.249.70.27:60732] script '/home/rajatbiotech.com/www/1.php' not found or unable to stat
[Wed Jun 08 01:39:06.900901 2022] [php7:error] [pid 3877272] [client 114.119.131.197:32325] script '/home/rajatbiotech.com/www/index.php' not found or unable to stat
[Wed Jun 08 01:49:48.109104 2022] [php7:error] [pid 3876508] [client 114.119.145.81:60265] script '/home/rajatbiotech.com/www/index.php' not found or unable to stat
[Wed Jun 08 01:52:08.838708 2022] [php7:error] [pid 3877290] [client 114.119.145.8:53097] script '/home/rajatbiotech.com/www/index.php' not found or unable to stat
[Wed Jun 08 02:13:33.732677 2022] [php7:error] [pid 3876508] [client 114.119.145.88:38851] script '/home/rajatbiotech.com/www/index.php' not found or unable to stat
[Wed Jun 08 02:28:49.921802 2022] [php7:error] [pid 3879055] [client 114.119.145.86:44247] script '/home/rajatbiotech.com/www/index.php' not found or unable to stat
[Wed Jun 08 02:36:28.833660 2022] [php7:error] [pid 3878162] [client 114.119.145.86:61801] script '/home/rajatbiotech.com/www/index.php' not found or unable to stat
[Wed Jun 08 02:39:01.617664 2022] [php7:error] [pid 3876501] [client 114.119.145.86:36153] script '/home/rajatbiotech.com/www/index.php' not found or unable to stat
[Wed Jun 08 02:44:34.746657 2022] [php7:error] [pid 3879265] [client 114.119.145.8:36681] script '/home/rajatbiotech.com/www/index.php' not found or unable to stat
[Wed Jun 08 02:51:44.616470 2022] [php7:error] [pid 3879396] [client 66.249.70.27:45365] script '/home/rajatbiotech.com/www/1.php' not found or unable to stat
[Wed Jun 08 02:52:29.043451 2022] [php7:error] [pid 3879535] [client 114.119.145.86:53211] script '/home/rajatbiotech.com/www/index.php' not found or unable to stat
[Wed Jun 08 02:58:16.667586 2022] [php7:error] [pid 3879031] [client 114.119.145.86:26441] script '/home/rajatbiotech.com/www/index.php' not found or unable to stat
[Wed Jun 08 03:18:02.703794 2022] [php7:error] [pid 3879747] [client 114.119.146.107:38859] script '/home/rajatbiotech.com/www/index.php' not found or unable to stat
[Wed Jun 08 03:40:06.772528 2022] [php7:error] [pid 3880289] [client 114.119.146.107:51269] script '/home/rajatbiotech.com/www/index.php' not found or unable to stat
[Wed Jun 08 03:56:17.933550 2022] [php7:error] [pid 3880618] [client 5.134.8.21:53236] script '/home/rajatbiotech.com/www/mar.php' not found or unable to stat, referer: http://simplesite.com
[Wed Jun 08 04:55:38.004687 2022] [php7:error] [pid 3880167] [client 66.249.70.23:52032] script '/home/rajatbiotech.com/www/index.php' not found or unable to stat
[Wed Jun 08 05:09:36.613749 2022] [php7:error] [pid 3881387] [client 114.119.131.197:55141] script '/home/rajatbiotech.com/www/index.php' not found or unable to stat
[Wed Jun 08 05:16:26.950290 2022] [php7:error] [pid 3881400] [client 114.119.145.86:22503] script '/home/rajatbiotech.com/www/index.php' not found or unable to stat
[Wed Jun 08 05:22:24.421554 2022] [php7:error] [pid 3881943] [client 66.249.70.25:45569] script '/home/rajatbiotech.com/www/1.php' not found or unable to stat
[Wed Jun 08 05:25:24.108903 2022] [php7:error] [pid 3881940] [client 66.249.70.27:53210] script '/home/rajatbiotech.com/www/1.php' not found or unable to stat
[Wed Jun 08 05:31:24.929907 2022] [php7:error] [pid 3881940] [client 114.119.145.88:29043] script '/home/rajatbiotech.com/www/index.php' not found or unable to stat
[Wed Jun 08 05:47:28.199105 2022] [core:error] [pid 3882450] [client 82.165.155.100:49982] AH10244: invalid URI path (/cgi-bin/.%%32%65/.%%32%65/.%%32%65/.%%32%65/.%%32%65/bin/sh)
[Wed Jun 08 05:52:24.226277 2022] [php7:error] [pid 3882431] [client 114.119.146.107:59345] script '/home/rajatbiotech.com/www/index.php' not found or unable to stat
[Wed Jun 08 05:55:13.495017 2022] [php7:error] [pid 3882451] [client 66.249.70.25:43953] script '/home/rajatbiotech.com/www/license.php' not found or unable to stat
[Wed Jun 08 06:05:56.461476 2022] [php7:error] [pid 3882629] [client 114.119.146.100:30265] script '/home/rajatbiotech.com/www/index.php' not found or unable to stat
[Wed Jun 08 06:25:14.593972 2022] [php7:error] [pid 3883159] [client 114.119.145.8:20667] script '/home/rajatbiotech.com/www/index.php' not found or unable to stat
[Wed Jun 08 06:48:00.428226 2022] [php7:error] [pid 3883482] [client 114.119.145.88:55523] script '/home/rajatbiotech.com/www/index.php' not found or unable to stat
[Wed Jun 08 06:53:37.226380 2022] [php7:error] [pid 3883811] [client 5.62.62.109:1929] script '/home/rajatbiotech.com/www/xmlrpc.php' not found or unable to stat
[Wed Jun 08 06:56:23.518547 2022] [php7:error] [pid 3883889] [client 114.119.146.100:54503] script '/home/rajatbiotech.com/www/index.php' not found or unable to stat
[Wed Jun 08 07:11:55.818163 2022] [php7:error] [pid 3884186] [client 114.119.131.197:49625] script '/home/rajatbiotech.com/www/index.php' not found or unable to stat
[Wed Jun 08 07:36:22.154979 2022] [php7:error] [pid 3884830] [client 114.119.146.109:57877] script '/home/rajatbiotech.com/www/index.php' not found or unable to stat
[Wed Jun 08 07:40:26.867371 2022] [php7:error] [pid 3884847] [client 114.119.145.86:35863] script '/home/rajatbiotech.com/www/index.php' not found or unable to stat
[Wed Jun 08 08:24:12.866829 2022] [php7:error] [pid 3886078] [client 114.119.146.109:22897] script '/home/rajatbiotech.com/www/index.php' not found or unable to stat
[Wed Jun 08 08:33:33.803566 2022] [php7:error] [pid 3886184] [client 114.119.146.109:59659] script '/home/rajatbiotech.com/www/index.php' not found or unable to stat
[Wed Jun 08 08:49:53.303372 2022] [php7:error] [pid 3886485] [client 114.119.131.197:63533] script '/home/rajatbiotech.com/www/index.php' not found or unable to stat
[Wed Jun 08 08:53:34.007531 2022] [php7:error] [pid 3886596] [client 79.124.8.3:50717] script '/home/rajatbiotech.com/www/wp-load.php' not found or unable to stat, referer: www.bing.com
[Wed Jun 08 08:54:06.547705 2022] [php7:error] [pid 3886596] [client 79.124.8.3:63428] script '/home/rajatbiotech.com/www/style.php' not found or unable to stat, referer: www.bing.com
[Wed Jun 08 08:54:59.602432 2022] [php7:error] [pid 3886643] [client 79.124.8.3:53514] script '/home/rajatbiotech.com/www/s_e.php' not found or unable to stat, referer: www.bing.com
[Wed Jun 08 08:55:51.800137 2022] [php7:error] [pid 3886596] [client 79.124.8.3:53527] script '/home/rajatbiotech.com/www/s_ne.php' not found or unable to stat, referer: www.bing.com
[Wed Jun 08 08:56:45.478852 2022] [php7:error] [pid 3886411] [client 79.124.8.3:59151] script '/home/rajatbiotech.com/www/1index.php' not found or unable to stat, referer: www.bing.com
[Wed Jun 08 08:56:54.067376 2022] [php7:error] [pid 3886655] [client 79.124.8.3:51417] script '/home/rajatbiotech.com/www/radio.php' not found or unable to stat, referer: www.bing.com
[Wed Jun 08 08:56:56.273323 2022] [php7:error] [pid 3886689] [client 79.124.8.3:61346] script '/home/rajatbiotech.com/www/doc.php' not found or unable to stat, referer: www.bing.com
[Wed Jun 08 08:57:19.703079 2022] [php7:error] [pid 3886686] [client 79.124.8.3:54596] script '/home/rajatbiotech.com/www/wp_wrong_datlib.php' not found or unable to stat, referer: www.bing.com
[Wed Jun 08 08:57:27.283167 2022] [php7:error] [pid 3886643] [client 79.124.8.3:61989] script '/home/rajatbiotech.com/www/beence.php' not found or unable to stat, referer: www.bing.com
[Wed Jun 08 08:57:38.087443 2022] [php7:error] [pid 3886596] [client 79.124.8.3:51904] script '/home/rajatbiotech.com/www/ups.php' not found or unable to stat, referer: www.bing.com
