[Sat May 28 05:41:48.677004 2022] [php7:error] [pid 3579174] [client 114.119.137.162:50741] script '/home/rajatbiotech.com/www/index.php' not found or unable to stat
[Sat May 28 05:43:47.154921 2022] [php7:error] [pid 3579368] [client 97.74.93.31:50655] script '/home/rajatbiotech.com/www/error.php' not found or unable to stat, referer: www.bing.com
[Sat May 28 05:44:26.999564 2022] [php7:error] [pid 3579379] [client 66.249.74.23:49184] script '/home/rajatbiotech.com/www/index.php' not found or unable to stat
[Sat May 28 05:45:39.844177 2022] [php7:error] [pid 3579392] [client 66.249.74.18:57338] script '/home/rajatbiotech.com/www/index.php' not found or unable to stat
[Sat May 28 05:46:12.635737 2022] [php7:error] [pid 3579185] [client 97.74.93.31:58112] script '/home/rajatbiotech.com/www/index.php' not found or unable to stat, referer: www.bing.com
[Sat May 28 05:46:12.805247 2022] [php7:error] [pid 3579185] [client 97.74.93.31:58112] script '/home/rajatbiotech.com/www/about.php' not found or unable to stat, referer: www.bing.com
[Sat May 28 05:46:12.974415 2022] [php7:error] [pid 3579185] [client 97.74.93.31:58112] script '/home/rajatbiotech.com/www/shells.php' not found or unable to stat, referer: www.bing.com
[Sat May 28 05:46:13.143489 2022] [php7:error] [pid 3579185] [client 97.74.93.31:58112] script '/home/rajatbiotech.com/www/olux.php' not found or unable to stat, referer: www.bing.com
[Sat May 28 05:46:13.314013 2022] [php7:error] [pid 3579185] [client 97.74.93.31:58112] script '/home/rajatbiotech.com/www/xleet.php' not found or unable to stat, referer: www.bing.com
[Sat May 28 05:46:13.483087 2022] [php7:error] [pid 3579185] [client 97.74.93.31:58112] script '/home/rajatbiotech.com/www/wso.php' not found or unable to stat, referer: www.bing.com
[Sat May 28 05:46:13.652249 2022] [php7:error] [pid 3579185] [client 97.74.93.31:58112] script '/home/rajatbiotech.com/www/shell.php' not found or unable to stat, referer: www.bing.com
[Sat May 28 05:46:13.827733 2022] [php7:error] [pid 3579185] [client 97.74.93.31:58112] script '/home/rajatbiotech.com/www/up.php' not found or unable to stat, referer: www.bing.com
[Sat May 28 05:46:13.997056 2022] [php7:error] [pid 3579185] [client 97.74.93.31:58112] script '/home/rajatbiotech.com/www/upload.php' not found or unable to stat, referer: www.bing.com
[Sat May 28 05:46:14.166513 2022] [php7:error] [pid 3579185] [client 97.74.93.31:58112] script '/home/rajatbiotech.com/www/1.php' not found or unable to stat, referer: www.bing.com
[Sat May 28 05:46:14.335593 2022] [php7:error] [pid 3579185] [client 97.74.93.31:58112] script '/home/rajatbiotech.com/www/x.php' not found or unable to stat, referer: www.bing.com
[Sat May 28 05:46:14.504760 2022] [php7:error] [pid 3579185] [client 97.74.93.31:58112] script '/home/rajatbiotech.com/www/z.php' not found or unable to stat, referer: www.bing.com
[Sat May 28 05:46:14.674146 2022] [php7:error] [pid 3579185] [client 97.74.93.31:58112] script '/home/rajatbiotech.com/www/a.php' not found or unable to stat, referer: www.bing.com
[Sat May 28 05:46:14.843747 2022] [php7:error] [pid 3579185] [client 97.74.93.31:58112] script '/home/rajatbiotech.com/www/test.php' not found or unable to stat, referer: www.bing.com
[Sat May 28 05:46:15.012771 2022] [php7:error] [pid 3579185] [client 97.74.93.31:58112] script '/home/rajatbiotech.com/www/wp.php' not found or unable to stat, referer: www.bing.com
[Sat May 28 05:46:15.181975 2022] [php7:error] [pid 3579185] [client 97.74.93.31:58112] script '/home/rajatbiotech.com/www/alfa.php' not found or unable to stat, referer: www.bing.com
[Sat May 28 05:46:15.351373 2022] [php7:error] [pid 3579185] [client 97.74.93.31:58112] script '/home/rajatbiotech.com/www/config.php' not found or unable to stat, referer: www.bing.com
[Sat May 28 05:54:12.899601 2022] [php7:error] [pid 3579496] [client 114.119.136.96:39877] script '/home/rajatbiotech.com/www/index.php' not found or unable to stat
[Sat May 28 05:54:39.959469 2022] [php7:error] [pid 3579176] [client 66.249.74.27:55935] script '/home/rajatbiotech.com/www/profile.php' not found or unable to stat
[Sat May 28 05:56:57.593678 2022] [php7:error] [pid 3579172] [client 66.249.74.23:58408] script '/home/rajatbiotech.com/www/1.php' not found or unable to stat
[Sat May 28 06:01:13.411931 2022] [php7:error] [pid 3579393] [client 66.249.74.23:45132] script '/home/rajatbiotech.com/www/license.php' not found or unable to stat
[Sat May 28 06:02:05.708628 2022] [php7:error] [pid 3579354] [client 114.119.136.78:40449] script '/home/rajatbiotech.com/www/index.php' not found or unable to stat
[Sat May 28 06:11:35.076238 2022] [php7:error] [pid 3579378] [client 66.249.74.25:55699] script '/home/rajatbiotech.com/www/log.php' not found or unable to stat
[Sat May 28 06:30:39.954096 2022] [php7:error] [pid 3579874] [client 66.249.74.27:44356] script '/home/rajatbiotech.com/www/1.php' not found or unable to stat
[Sat May 28 06:30:40.828272 2022] [php7:error] [pid 3579393] [client 66.249.74.23:42669] script '/home/rajatbiotech.com/www/wp-signups.php' not found or unable to stat
[Sat May 28 06:41:23.039060 2022] [php7:error] [pid 3580201] [client 66.249.74.23:40965] script '/home/rajatbiotech.com/www/1.php' not found or unable to stat
[Sat May 28 06:48:39.962851 2022] [php7:error] [pid 3580354] [client 66.249.74.25:58755] script '/home/rajatbiotech.com/www/wp-signups.php' not found or unable to stat
[Sat May 28 06:52:04.886787 2022] [php7:error] [pid 3580457] [client 66.249.74.23:60913] script '/home/rajatbiotech.com/www/license.php' not found or unable to stat
[Sat May 28 06:53:10.692970 2022] [php7:error] [pid 3580404] [client 66.249.74.25:39258] script '/home/rajatbiotech.com/www/wp-signups.php' not found or unable to stat
[Sat May 28 06:56:35.053038 2022] [php7:error] [pid 3580534] [client 66.249.74.27:43613] script '/home/rajatbiotech.com/www/log.php' not found or unable to stat
[Sat May 28 07:01:31.663308 2022] [php7:error] [pid 3580611] [client 66.249.74.23:61718] script '/home/rajatbiotech.com/www/index.php' not found or unable to stat
[Sat May 28 07:11:10.443725 2022] [php7:error] [pid 3580747] [client 114.119.137.156:51773] script '/home/rajatbiotech.com/www/index.php' not found or unable to stat
[Sat May 28 07:11:35.045660 2022] [php7:error] [pid 3580790] [client 66.249.74.27:42062] script '/home/rajatbiotech.com/www/license.php' not found or unable to stat
[Sat May 28 07:24:15.076449 2022] [php7:error] [pid 3580977] [client 114.119.137.143:55175] script '/home/rajatbiotech.com/www/index.php' not found or unable to stat
[Sat May 28 07:31:29.567560 2022] [php7:error] [pid 3581353] [client 66.249.74.25:52098] script '/home/rajatbiotech.com/www/index.php' not found or unable to stat
[Sat May 28 07:42:24.168514 2022] [php7:error] [pid 3581602] [client 114.119.136.78:53831] script '/home/rajatbiotech.com/www/index.php' not found or unable to stat
[Sat May 28 07:49:17.362986 2022] [php7:error] [pid 3581765] [client 114.119.137.134:34693] script '/home/rajatbiotech.com/www/index.php' not found or unable to stat
[Sat May 28 07:50:23.200949 2022] [php7:error] [pid 3581762] [client 114.119.137.116:37749] script '/home/rajatbiotech.com/www/index.php' not found or unable to stat
[Sat May 28 07:50:45.704841 2022] [php7:error] [pid 3581812] [client 66.249.74.18:45874] script '/home/rajatbiotech.com/www/index.php' not found or unable to stat
[Sat May 28 07:51:29.666520 2022] [php7:error] [pid 3581840] [client 66.249.74.27:63780] script '/home/rajatbiotech.com/www/log.php' not found or unable to stat
[Sat May 28 07:51:40.240648 2022] [php7:error] [pid 3581838] [client 66.249.74.18:60410] script '/home/rajatbiotech.com/www/index.php' not found or unable to stat
[Sat May 28 07:59:46.363100 2022] [php7:error] [pid 3581948] [client 66.249.74.18:44329] script '/home/rajatbiotech.com/www/wp-login.php' not found or unable to stat
[Sat May 28 08:00:14.740142 2022] [php7:error] [pid 3581899] [client 114.119.136.88:54887] script '/home/rajatbiotech.com/www/index.php' not found or unable to stat
[Sat May 28 08:00:19.632843 2022] [php7:error] [pid 3581966] [client 91.134.248.249:41570] script '/home/rajatbiotech.com/www/jindex.php' not found or unable to stat, referer: http://simplesite.com
[Sat May 28 08:00:23.703591 2022] [php7:error] [pid 3581890] [client 91.134.248.249:42180] script '/home/rajatbiotech.com/www/jindex.php' not found or unable to stat, referer: http://simplesite.com
[Sat May 28 08:00:39.956907 2022] [php7:error] [pid 3581899] [client 66.249.74.25:59578] script '/home/rajatbiotech.com/www/wp-signups.php' not found or unable to stat
[Sat May 28 08:10:39.957870 2022] [php7:error] [pid 3582057] [client 66.249.74.25:50293] script '/home/rajatbiotech.com/www/wp-signups.php' not found or unable to stat
[Sat May 28 08:25:35.369391 2022] [php7:error] [pid 3582598] [client 114.119.137.134:64445] script '/home/rajatbiotech.com/www/index.php' not found or unable to stat
[Sat May 28 08:35:14.251193 2022] [php7:error] [pid 3582733] [client 114.119.137.105:65056] script '/home/rajatbiotech.com/www/index.php' not found or unable to stat
[Sat May 28 08:39:09.361435 2022] [php7:error] [pid 3582833] [client 66.249.74.27:60177] script '/home/rajatbiotech.com/www/wp-signups.php' not found or unable to stat
[Sat May 28 08:39:45.906316 2022] [php7:error] [pid 3582832] [client 114.119.136.66:63023] script '/home/rajatbiotech.com/www/index.php' not found or unable to stat
[Sat May 28 08:40:55.889989 2022] [php7:error] [pid 3582775] [client 114.119.137.134:40101] script '/home/rajatbiotech.com/www/index.php' not found or unable to stat
[Sat May 28 08:46:32.525472 2022] [php7:error] [pid 3583102] [client 51.178.146.199:57190] script '/home/rajatbiotech.com/www/rex.php' not found or unable to stat, referer: http://simplesite.com
[Sat May 28 08:46:36.759598 2022] [php7:error] [pid 3583088] [client 51.178.146.199:58118] script '/home/rajatbiotech.com/www/rex.php' not found or unable to stat, referer: http://simplesite.com
[Sat May 28 08:48:23.212127 2022] [php7:error] [pid 3583003] [client 114.119.137.116:63419] script '/home/rajatbiotech.com/www/index.php' not found or unable to stat
[Sat May 28 08:48:39.940965 2022] [php7:error] [pid 3582967] [client 66.249.74.25:56936] script '/home/rajatbiotech.com/www/1.php' not found or unable to stat
[Sat May 28 09:12:37.631708 2022] [php7:error] [pid 3583594] [client 66.249.74.20:45282] script '/home/rajatbiotech.com/www/index.php' not found or unable to stat
[Sat May 28 09:22:31.060862 2022] [php7:error] [pid 3583678] [client 66.249.74.27:48698] script '/home/rajatbiotech.com/www/license.php' not found or unable to stat
[Sat May 28 09:36:29.439930 2022] [php7:error] [pid 3583435] [client 66.249.74.18:55586] script '/home/rajatbiotech.com/www/index.php' not found or unable to stat
[Sat May 28 10:03:08.361095 2022] [php7:error] [pid 3584593] [client 165.22.56.114:51393] script '/home/rajatbiotech.com/www/xmlrpc.php' not found or unable to stat
[Sat May 28 10:03:09.445085 2022] [php7:error] [pid 3584593] [client 165.22.56.114:51393] script '/home/rajatbiotech.com/www/xmlrpc.php' not found or unable to stat
[Sat May 28 10:26:34.905235 2022] [php7:error] [pid 3585016] [client 66.249.74.16:40075] script '/home/rajatbiotech.com/www/index.php' not found or unable to stat
[Sat May 28 10:30:39.957776 2022] [php7:error] [pid 3583435] [client 66.249.74.27:47706] script '/home/rajatbiotech.com/www/index.php' not found or unable to stat
[Sat May 28 10:40:39.955266 2022] [php7:error] [pid 3585430] [client 66.249.74.25:56696] script '/home/rajatbiotech.com/www/wp-signups.php' not found or unable to stat
[Sat May 28 10:49:26.333447 2022] [php7:error] [pid 3585534] [client 193.142.146.230:57006] script '/home/rajatbiotech.com/www/wp-login.php' not found or unable to stat
[Sat May 28 10:49:26.347450 2022] [php7:error] [pid 3585534] [client 193.142.146.230:57006] script '/home/rajatbiotech.com/www/wp-signups.php' not found or unable to stat
[Sat May 28 10:50:45.828291 2022] [php7:error] [pid 3585687] [client 66.249.74.25:62037] script '/home/rajatbiotech.com/www/license.php' not found or unable to stat
[Sat May 28 10:56:28.460497 2022] [php7:error] [pid 3585674] [client 114.119.136.88:22403] script '/home/rajatbiotech.com/www/index.php' not found or unable to stat
[Sat May 28 10:58:44.928768 2022] [php7:error] [pid 3585594] [client 114.119.137.125:36233] script '/home/rajatbiotech.com/www/index.php' not found or unable to stat
[Sat May 28 11:00:39.941882 2022] [php7:error] [pid 3585434] [client 66.249.74.25:65139] script '/home/rajatbiotech.com/www/log.php' not found or unable to stat
[Sat May 28 11:07:17.640282 2022] [php7:error] [pid 3585875] [client 114.119.137.123:32049] script '/home/rajatbiotech.com/www/index.php' not found or unable to stat
[Sat May 28 11:14:14.352451 2022] [php7:error] [pid 3585688] [client 114.119.136.66:33261] script '/home/rajatbiotech.com/www/index.php' not found or unable to stat
[Sat May 28 11:30:45.943421 2022] [php7:error] [pid 3586061] [client 66.249.74.27:53788] script '/home/rajatbiotech.com/www/1.php' not found or unable to stat
[Sat May 28 11:46:28.955502 2022] [php7:error] [pid 3586076] [client 114.119.136.78:40729] script '/home/rajatbiotech.com/www/index.php' not found or unable to stat
[Sat May 28 11:51:29.433508 2022] [php7:error] [pid 3586366] [client 66.249.74.18:62842] script '/home/rajatbiotech.com/www/index.php' not found or unable to stat
[Sat May 28 11:54:39.939547 2022] [php7:error] [pid 3586420] [client 66.249.74.25:65260] script '/home/rajatbiotech.com/www/license.php' not found or unable to stat
[Sat May 28 11:59:34.811795 2022] [php7:error] [pid 3586525] [client 114.119.136.66:64377] script '/home/rajatbiotech.com/www/index.php' not found or unable to stat
[Sat May 28 12:00:01.263050 2022] [php7:error] [pid 3586391] [client 114.119.137.153:49741] script '/home/rajatbiotech.com/www/index.php' not found or unable to stat
[Sat May 28 12:00:43.740114 2022] [php7:error] [pid 3586530] [client 114.119.136.85:43675] script '/home/rajatbiotech.com/www/index.php' not found or unable to stat
[Sat May 28 12:09:36.745025 2022] [php7:error] [pid 3586566] [client 66.249.74.25:54595] script '/home/rajatbiotech.com/www/wp-signups.php' not found or unable to stat
[Sat May 28 12:21:54.956663 2022] [php7:error] [pid 3586806] [client 66.249.74.27:48939] script '/home/rajatbiotech.com/www/wp-signups.php' not found or unable to stat
[Sat May 28 12:23:54.946788 2022] [php7:error] [pid 3586776] [client 66.249.74.27:34909] script '/home/rajatbiotech.com/www/wp-signups.php' not found or unable to stat
[Sat May 28 12:30:53.077983 2022] [php7:error] [pid 3586914] [client 114.119.134.195:40393] script '/home/rajatbiotech.com/www/index.php' not found or unable to stat
[Sat May 28 12:35:11.439807 2022] [php7:error] [pid 3586993] [client 66.249.74.18:52632] script '/home/rajatbiotech.com/www/index.php' not found or unable to stat
[Sat May 28 12:45:20.633660 2022] [php7:error] [pid 3587158] [client 114.119.136.8:23309] script '/home/rajatbiotech.com/www/index.php' not found or unable to stat
[Sat May 28 12:57:39.968206 2022] [php7:error] [pid 3587324] [client 66.249.74.25:46040] script '/home/rajatbiotech.com/www/license.php' not found or unable to stat
[Sat May 28 13:02:10.583810 2022] [php7:error] [pid 3587393] [client 114.119.137.145:60851] script '/home/rajatbiotech.com/www/index.php' not found or unable to stat
[Sat May 28 13:05:38.178723 2022] [php7:error] [pid 3587257] [client 114.119.136.99:51421] script '/home/rajatbiotech.com/www/index.php' not found or unable to stat
[Sat May 28 13:21:41.555782 2022] [php7:error] [pid 3587763] [client 114.119.137.177:45081] script '/home/rajatbiotech.com/www/index.php' not found or unable to stat
[Sat May 28 13:22:12.308611 2022] [php7:error] [pid 3587324] [client 114.119.137.122:47559] script '/home/rajatbiotech.com/www/index.php' not found or unable to stat
[Sat May 28 13:34:49.653671 2022] [php7:error] [pid 3587845] [client 114.119.137.105:54120] script '/home/rajatbiotech.com/www/index.php' not found or unable to stat
[Sat May 28 13:39:23.624486 2022] [php7:error] [pid 3587801] [client 157.245.155.33:53838] script '/home/rajatbiotech.com/www/xmlrpc.php' not found or unable to stat
[Sat May 28 13:39:30.166807 2022] [php7:error] [pid 3587845] [client 157.245.155.33:58652] script '/home/rajatbiotech.com/www/xmlrpc.php' not found or unable to stat
[Sat May 28 13:39:36.722418 2022] [php7:error] [pid 3587994] [client 66.249.70.25:56344] script '/home/rajatbiotech.com/www/wp-signups.php' not found or unable to stat
[Sat May 28 13:56:09.806683 2022] [php7:error] [pid 3588151] [client 66.249.70.18:49966] script '/home/rajatbiotech.com/www/index.php' not found or unable to stat
[Sat May 28 14:14:26.600198 2022] [php7:error] [pid 3588380] [client 66.249.70.23:37862] script '/home/rajatbiotech.com/www/license.php' not found or unable to stat
[Sat May 28 14:21:56.597500 2022] [php7:error] [pid 3588587] [client 66.249.70.23:65011] script '/home/rajatbiotech.com/www/index.php' not found or unable to stat
[Sat May 28 14:34:20.879930 2022] [php7:error] [pid 3588706] [client 114.119.137.156:37211] script '/home/rajatbiotech.com/www/index.php' not found or unable to stat
[Sat May 28 14:44:39.894438 2022] [php7:error] [pid 3588754] [client 66.249.70.23:35493] script '/home/rajatbiotech.com/www/1.php' not found or unable to stat
[Sat May 28 14:51:30.595021 2022] [php7:error] [pid 3588671] [client 114.119.137.134:64317] script '/home/rajatbiotech.com/www/index.php' not found or unable to stat
[Sat May 28 14:58:22.613162 2022] [php7:error] [pid 3588671] [client 114.119.136.8:52425] script '/home/rajatbiotech.com/www/index.php' not found or unable to stat
[Sat May 28 14:58:48.916590 2022] [php7:error] [pid 3588978] [client 114.119.136.76:31351] script '/home/rajatbiotech.com/www/index.php' not found or unable to stat
[Sat May 28 15:05:09.155554 2022] [php7:error] [pid 3589046] [client 114.119.136.68:30339] script '/home/rajatbiotech.com/www/index.php' not found or unable to stat
[Sat May 28 15:10:16.108222 2022] [php7:error] [pid 3589192] [client 114.119.136.86:40533] script '/home/rajatbiotech.com/www/index.php' not found or unable to stat
[Sat May 28 15:23:30.743053 2022] [php7:error] [pid 3589207] [client 114.119.137.160:23241] script '/home/rajatbiotech.com/www/index.php' not found or unable to stat
[Sat May 28 15:40:03.626378 2022] [php7:error] [pid 3589192] [client 114.119.137.167:42295] script '/home/rajatbiotech.com/www/index.php' not found or unable to stat
[Sat May 28 15:48:04.359812 2022] [php7:error] [pid 3589488] [client 114.119.136.96:31441] script '/home/rajatbiotech.com/www/index.php' not found or unable to stat
[Sat May 28 15:49:38.991305 2022] [php7:error] [pid 3589480] [client 66.249.70.20:59776] script '/home/rajatbiotech.com/www/index.php' not found or unable to stat
[Sat May 28 16:14:49.416839 2022] [php7:error] [pid 3589969] [client 66.249.70.27:63862] script '/home/rajatbiotech.com/www/1.php' not found or unable to stat
[Sat May 28 16:18:25.421149 2022] [php7:error] [pid 3590019] [client 66.249.70.25:45215] script '/home/rajatbiotech.com/www/license.php' not found or unable to stat
[Sat May 28 16:25:34.952694 2022] [php7:error] [pid 3590051] [client 66.249.70.23:42015] script '/home/rajatbiotech.com/www/wp-signups.php' not found or unable to stat
[Sat May 28 16:31:25.561574 2022] [php7:error] [pid 3590135] [client 114.119.137.153:57243] script '/home/rajatbiotech.com/www/index.php' not found or unable to stat
[Sat May 28 16:32:49.409835 2022] [php7:error] [pid 3590051] [client 66.249.70.23:52217] script '/home/rajatbiotech.com/www/license.php' not found or unable to stat
[Sat May 28 16:36:25.401162 2022] [php7:error] [pid 3590020] [client 66.249.70.23:63051] script '/home/rajatbiotech.com/www/index.php' not found or unable to stat
[Sat May 28 16:38:58.570748 2022] [php7:error] [pid 3590280] [client 66.249.70.23:64264] script '/home/rajatbiotech.com/www/license.php' not found or unable to stat
[Sat May 28 16:40:01.418332 2022] [php7:error] [pid 3590241] [client 66.249.70.23:38486] script '/home/rajatbiotech.com/www/license.php' not found or unable to stat
[Sat May 28 16:41:47.464352 2022] [php7:error] [pid 3590364] [client 114.119.137.105:56560] script '/home/rajatbiotech.com/www/index.php' not found or unable to stat
[Sat May 28 17:01:28.572696 2022] [php7:error] [pid 3590512] [client 66.249.70.23:54725] script '/home/rajatbiotech.com/www/1.php' not found or unable to stat
[Sat May 28 17:02:55.199788 2022] [php7:error] [pid 3590551] [client 207.46.13.82:8832] script '/home/rajatbiotech.com/www/index.php' not found or unable to stat
[Sat May 28 17:08:23.173410 2022] [php7:error] [pid 3590238] [client 114.119.134.195:30567] script '/home/rajatbiotech.com/www/index.php' not found or unable to stat
[Sat May 28 17:08:49.412324 2022] [php7:error] [pid 3590633] [client 66.249.70.23:48342] script '/home/rajatbiotech.com/www/wp-signups.php' not found or unable to stat
[Sat May 28 17:22:22.252563 2022] [php7:error] [pid 3590633] [client 66.249.70.27:51827] script '/home/rajatbiotech.com/www/index.php' not found or unable to stat
[Sat May 28 17:26:49.403820 2022] [php7:error] [pid 3590238] [client 66.249.70.23:58526] script '/home/rajatbiotech.com/www/wp-signups.php' not found or unable to stat
[Sat May 28 17:30:23.919169 2022] [php7:error] [pid 3590966] [client 114.119.137.122:59661] script '/home/rajatbiotech.com/www/index.php' not found or unable to stat
[Sat May 28 17:35:07.573015 2022] [php7:error] [pid 3590898] [client 66.249.70.16:40354] script '/home/rajatbiotech.com/www/index.php' not found or unable to stat
[Sat May 28 17:36:42.174706 2022] [php7:error] [pid 3590974] [client 114.119.136.78:23157] script '/home/rajatbiotech.com/www/index.php' not found or unable to stat
[Sat May 28 17:39:25.824846 2022] [php7:error] [pid 3591118] [client 66.249.70.27:48583] script '/home/rajatbiotech.com/www/index.php' not found or unable to stat
[Sat May 28 17:42:50.379095 2022] [php7:error] [pid 3591115] [client 66.249.70.18:63438] script '/home/rajatbiotech.com/www/index.php' not found or unable to stat
[Sat May 28 17:58:37.889936 2022] [php7:error] [pid 3591125] [client 114.119.136.92:36935] script '/home/rajatbiotech.com/www/index.php' not found or unable to stat
[Sat May 28 18:05:09.140058 2022] [php7:error] [pid 3591324] [client 114.119.136.86:61491] script '/home/rajatbiotech.com/www/index.php' not found or unable to stat
[Sat May 28 18:20:07.692746 2022] [php7:error] [pid 3591400] [client 66.249.70.25:58714] script '/home/rajatbiotech.com/www/log.php' not found or unable to stat
[Sat May 28 18:30:40.323802 2022] [php7:error] [pid 3591399] [client 193.142.146.138:58065] script '/home/rajatbiotech.com/www/wp-load.php' not found or unable to stat, referer: www.bing.com
[Sat May 28 18:30:44.079168 2022] [php7:error] [pid 3591204] [client 193.142.146.138:64538] script '/home/rajatbiotech.com/www/style.php' not found or unable to stat, referer: www.bing.com
[Sat May 28 18:31:32.772398 2022] [php7:error] [pid 3591531] [client 193.142.146.138:53150] script '/home/rajatbiotech.com/www/s_e.php' not found or unable to stat, referer: www.bing.com
[Sat May 28 18:32:46.510576 2022] [php7:error] [pid 3591399] [client 193.142.146.138:64202] script '/home/rajatbiotech.com/www/s_ne.php' not found or unable to stat, referer: www.bing.com
[Sat May 28 18:33:08.654860 2022] [php7:error] [pid 3591488] [client 193.142.146.138:53320] script '/home/rajatbiotech.com/www/1index.php' not found or unable to stat, referer: www.bing.com
[Sat May 28 18:33:10.936241 2022] [php7:error] [pid 3591400] [client 193.142.146.138:62572] script '/home/rajatbiotech.com/www/radio.php' not found or unable to stat, referer: www.bing.com
[Sat May 28 18:33:29.903385 2022] [php7:error] [pid 3591399] [client 193.142.146.138:56350] script '/home/rajatbiotech.com/www/doc.php' not found or unable to stat, referer: www.bing.com
[Sat May 28 18:34:07.749550 2022] [php7:error] [pid 3591488] [client 193.142.146.138:58849] script '/home/rajatbiotech.com/www/wp_wrong_datlib.php' not found or unable to stat, referer: www.bing.com
[Sat May 28 18:35:27.985311 2022] [php7:error] [pid 3591399] [client 193.142.146.138:61767] script '/home/rajatbiotech.com/www/beence.php' not found or unable to stat, referer: www.bing.com
[Sat May 28 18:35:55.997330 2022] [php7:error] [pid 3591531] [client 193.142.146.138:59525] script '/home/rajatbiotech.com/www/ups.php' not found or unable to stat, referer: www.bing.com
[Sat May 28 18:36:54.053446 2022] [php7:error] [pid 3591531] [client 193.142.146.138:58143] script '/home/rajatbiotech.com/www/wp-signin.php' not found or unable to stat, referer: www.bing.com
[Sat May 28 18:37:40.163000 2022] [php7:error] [pid 3591527] [client 193.142.146.138:62165] script '/home/rajatbiotech.com/www/media-admin.php' not found or unable to stat, referer: www.bing.com
[Sat May 28 18:38:29.519817 2022] [php7:error] [pid 3591531] [client 193.142.146.138:62839] script '/home/rajatbiotech.com/www/export.php' not found or unable to stat, referer: www.bing.com
[Sat May 28 18:41:52.246119 2022] [php7:error] [pid 3591520] [client 193.142.146.138:62268] script '/home/rajatbiotech.com/www/defau1t.php' not found or unable to stat, referer: www.bing.com
[Sat May 28 18:42:38.788491 2022] [php7:error] [pid 3591694] [client 193.142.146.138:49614] script '/home/rajatbiotech.com/www/moduless.php' not found or unable to stat, referer: www.bing.com
[Sat May 28 18:42:50.757980 2022] [php7:error] [pid 3591455] [client 193.142.146.138:61985] script '/home/rajatbiotech.com/www/wp-booking.php' not found or unable to stat, referer: www.bing.com
[Sat May 28 18:46:38.392214 2022] [php7:error] [pid 3591621] [client 193.142.146.138:65188] script '/home/rajatbiotech.com/www/config.bak.php' not found or unable to stat, referer: www.bing.com
[Sat May 28 18:47:54.022962 2022] [php7:error] [pid 3591621] [client 193.142.146.138:52362] script '/home/rajatbiotech.com/www/legion.php' not found or unable to stat, referer: www.bing.com
[Sat May 28 18:49:53.738850 2022] [php7:error] [pid 3591455] [client 193.142.146.138:61319] script '/home/rajatbiotech.com/www/wp-plugins.php' not found or unable to stat, referer: www.bing.com
[Sat May 28 18:53:11.671586 2022] [php7:error] [pid 3591785] [client 66.249.70.27:61494] script '/home/rajatbiotech.com/www/1.php' not found or unable to stat
[Sat May 28 18:57:21.242645 2022] [php7:error] [pid 3591743] [client 66.249.70.23:46808] script '/home/rajatbiotech.com/www/wp-signups.php' not found or unable to stat
[Sat May 28 18:59:24.820525 2022] [php7:error] [pid 3591794] [client 193.142.146.138:50021] script '/home/rajatbiotech.com/www/archives.php' not found or unable to stat, referer: www.bing.com
[Sat May 28 19:02:04.233901 2022] [php7:error] [pid 3591694] [client 193.142.146.138:63063] script '/home/rajatbiotech.com/www/defau11.php' not found or unable to stat, referer: www.bing.com
[Sat May 28 19:03:17.331649 2022] [php7:error] [pid 3591792] [client 193.142.146.138:53749] script '/home/rajatbiotech.com/www/system_log.php' not found or unable to stat, referer: www.bing.com
[Sat May 28 19:03:32.228245 2022] [php7:error] [pid 3591741] [client 193.142.146.138:58706] script '/home/rajatbiotech.com/www/wp-backup-sql-302.php' not found or unable to stat, referer: www.bing.com
[Sat May 28 19:04:47.428734 2022] [php7:error] [pid 3591743] [client 193.142.146.138:55481] script '/home/rajatbiotech.com/www/error.php' not found or unable to stat, referer: www.bing.com
[Sat May 28 19:05:07.678008 2022] [php7:error] [pid 3591744] [client 66.249.70.23:51449] script '/home/rajatbiotech.com/www/wp-signups.php' not found or unable to stat
[Sat May 28 19:06:04.108059 2022] [php7:error] [pid 3591792] [client 193.142.146.138:53504] script '/home/rajatbiotech.com/www/index.php' not found or unable to stat, referer: www.bing.com
[Sat May 28 19:06:04.182292 2022] [php7:error] [pid 3591792] [client 193.142.146.138:53504] script '/home/rajatbiotech.com/www/olux.php' not found or unable to stat, referer: www.bing.com
[Sat May 28 19:06:04.199584 2022] [php7:error] [pid 3591792] [client 193.142.146.138:53504] script '/home/rajatbiotech.com/www/xleet.php' not found or unable to stat, referer: www.bing.com
[Sat May 28 19:06:04.218062 2022] [php7:error] [pid 3591792] [client 193.142.146.138:53504] script '/home/rajatbiotech.com/www/wso.php' not found or unable to stat, referer: www.bing.com
[Sat May 28 19:06:04.265392 2022] [php7:error] [pid 3591792] [client 193.142.146.138:53504] script '/home/rajatbiotech.com/www/shell.php' not found or unable to stat, referer: www.bing.com
[Sat May 28 19:06:04.300790 2022] [php7:error] [pid 3591792] [client 193.142.146.138:53504] script '/home/rajatbiotech.com/www/up.php' not found or unable to stat, referer: www.bing.com
[Sat May 28 19:06:04.601652 2022] [php7:error] [pid 3591792] [client 193.142.146.138:53504] script '/home/rajatbiotech.com/www/upload.php' not found or unable to stat, referer: www.bing.com
[Sat May 28 19:06:04.639743 2022] [php7:error] [pid 3591792] [client 193.142.146.138:53504] script '/home/rajatbiotech.com/www/1.php' not found or unable to stat, referer: www.bing.com
[Sat May 28 19:06:04.660811 2022] [php7:error] [pid 3591792] [client 193.142.146.138:53504] script '/home/rajatbiotech.com/www/x.php' not found or unable to stat, referer: www.bing.com
[Sat May 28 19:06:04.683329 2022] [php7:error] [pid 3591792] [client 193.142.146.138:53504] script '/home/rajatbiotech.com/www/z.php' not found or unable to stat, referer: www.bing.com
[Sat May 28 19:06:04.700426 2022] [php7:error] [pid 3591792] [client 193.142.146.138:53504] script '/home/rajatbiotech.com/www/a.php' not found or unable to stat, referer: www.bing.com
[Sat May 28 19:06:04.717747 2022] [php7:error] [pid 3591792] [client 193.142.146.138:53504] script '/home/rajatbiotech.com/www/test.php' not found or unable to stat, referer: www.bing.com
[Sat May 28 19:06:04.737803 2022] [php7:error] [pid 3591792] [client 193.142.146.138:53504] script '/home/rajatbiotech.com/www/wp.php' not found or unable to stat, referer: www.bing.com
[Sat May 28 19:06:04.754936 2022] [php7:error] [pid 3591792] [client 193.142.146.138:53504] script '/home/rajatbiotech.com/www/alfa.php' not found or unable to stat, referer: www.bing.com
[Sat May 28 19:06:04.771996 2022] [php7:error] [pid 3591792] [client 193.142.146.138:53504] script '/home/rajatbiotech.com/www/config.php' not found or unable to stat, referer: www.bing.com
[Sat May 28 19:06:04.820289 2022] [php7:error] [pid 3591792] [client 193.142.146.138:53504] script '/home/rajatbiotech.com/www/about.php' not found or unable to stat, referer: www.bing.com
[Sat May 28 19:06:04.845441 2022] [php7:error] [pid 3591792] [client 193.142.146.138:53504] script '/home/rajatbiotech.com/www/shells.php' not found or unable to stat, referer: www.bing.com
[Sat May 28 19:13:14.182922 2022] [php7:error] [pid 3591622] [client 66.249.70.25:54252] script '/home/rajatbiotech.com/www/1.php' not found or unable to stat
[Sat May 28 19:15:45.050384 2022] [php7:error] [pid 3592108] [client 114.119.136.86:23833] script '/home/rajatbiotech.com/www/index.php' not found or unable to stat
[Sat May 28 19:20:30.840331 2022] [php7:error] [pid 3591785] [client 66.249.70.16:48272] script '/home/rajatbiotech.com/www/index.php' not found or unable to stat
[Sat May 28 19:24:13.302124 2022] [php7:error] [pid 3592176] [client 77.75.78.160:59889] script '/home/rajatbiotech.com/www/index.php' not found or unable to stat
[Sat May 28 19:26:08.337470 2022] [php7:error] [pid 3591744] [client 66.249.70.16:41339] script '/home/rajatbiotech.com/www/index.php' not found or unable to stat
[Sat May 28 19:37:14.904997 2022] [php7:error] [pid 3592176] [client 114.119.137.105:11138] script '/home/rajatbiotech.com/www/index.php' not found or unable to stat
[Sat May 28 19:38:11.548242 2022] [php7:error] [pid 3592108] [client 66.249.70.16:55751] script '/home/rajatbiotech.com/www/index.php' not found or unable to stat
[Sat May 28 19:44:37.263340 2022] [php7:error] [pid 3592225] [client 66.249.70.16:60134] script '/home/rajatbiotech.com/www/index.php' not found or unable to stat
[Sat May 28 19:51:02.980161 2022] [php7:error] [pid 3592747] [client 66.249.70.20:43142] script '/home/rajatbiotech.com/www/index.php' not found or unable to stat
[Sat May 28 19:59:53.340301 2022] [php7:error] [pid 3592174] [client 66.249.70.16:49504] script '/home/rajatbiotech.com/www/index.php' not found or unable to stat
[Sat May 28 20:00:28.908860 2022] [php7:error] [pid 3592759] [client 77.75.78.169:54089] script '/home/rajatbiotech.com/www/index.php' not found or unable to stat
[Sat May 28 20:02:46.322750 2022] [php7:error] [pid 3592174] [client 66.249.70.27:36838] script '/home/rajatbiotech.com/www/wp-signups.php' not found or unable to stat
[Sat May 28 20:02:47.456824 2022] [php7:error] [pid 3592889] [client 66.249.70.16:45112] script '/home/rajatbiotech.com/www/index.php' not found or unable to stat
[Sat May 28 20:13:21.627914 2022] [php7:error] [pid 3592889] [client 66.249.70.18:47152] script '/home/rajatbiotech.com/www/index.php' not found or unable to stat
[Sat May 28 20:21:33.123029 2022] [php7:error] [pid 3592761] [client 114.119.136.78:65145] script '/home/rajatbiotech.com/www/index.php' not found or unable to stat
[Sat May 28 20:27:50.610462 2022] [php7:error] [pid 3592174] [client 114.119.136.86:33227] script '/home/rajatbiotech.com/www/index.php' not found or unable to stat
[Sat May 28 20:27:52.882854 2022] [php7:error] [pid 3593201] [client 66.249.70.18:44417] script '/home/rajatbiotech.com/www/index.php' not found or unable to stat
[Sat May 28 20:36:52.984563 2022] [php7:error] [pid 3593228] [client 66.249.70.25:49062] script '/home/rajatbiotech.com/www/log.php' not found or unable to stat
[Sat May 28 20:45:48.436972 2022] [php7:error] [pid 3593296] [client 114.119.137.142:29430] script '/home/rajatbiotech.com/www/index.php' not found or unable to stat
[Sat May 28 20:50:23.021999 2022] [php7:error] [pid 3593454] [client 66.249.70.25:53083] script '/home/rajatbiotech.com/www/wp-signups.php' not found or unable to stat
[Sat May 28 20:50:25.265093 2022] [php7:error] [pid 3593426] [client 114.119.137.145:59197] script '/home/rajatbiotech.com/www/index.php' not found or unable to stat
[Sat May 28 20:51:37.333926 2022] [php7:error] [pid 3593224] [client 114.119.136.99:32043] script '/home/rajatbiotech.com/www/index.php' not found or unable to stat
[Sat May 28 21:11:50.835276 2022] [php7:error] [pid 3593224] [client 170.249.216.42:59140] script '/home/rajatbiotech.com/www/wp-login.php' not found or unable to stat
[Sat May 28 21:12:52.976353 2022] [php7:error] [pid 3593426] [client 66.249.70.27:55585] script '/home/rajatbiotech.com/www/1.php' not found or unable to stat
[Sat May 28 21:32:47.863819 2022] [php7:error] [pid 3593854] [client 66.249.70.20:62533] script '/home/rajatbiotech.com/www/index.php' not found or unable to stat
[Sat May 28 21:35:22.864007 2022] [php7:error] [pid 3593850] [client 66.249.70.18:42024] script '/home/rajatbiotech.com/www/index.php' not found or unable to stat
[Sat May 28 21:36:44.889738 2022] [php7:error] [pid 3593854] [client 114.119.137.177:59831] script '/home/rajatbiotech.com/www/index.php' not found or unable to stat
[Sat May 28 21:43:21.610511 2022] [php7:error] [pid 3593955] [client 66.249.70.20:40549] script '/home/rajatbiotech.com/www/index.php' not found or unable to stat
[Sat May 28 22:17:47.868464 2022] [php7:error] [pid 3593482] [client 66.249.70.20:36613] script '/home/rajatbiotech.com/www/index.php' not found or unable to stat
[Sat May 28 22:19:20.054731 2022] [php7:error] [pid 3594359] [client 114.119.137.122:31585] script '/home/rajatbiotech.com/www/index.php' not found or unable to stat
[Sat May 28 22:46:00.834334 2022] [php7:error] [pid 3593865] [client 114.119.134.195:27031] script '/home/rajatbiotech.com/www/index.php' not found or unable to stat
[Sat May 28 22:46:35.396309 2022] [php7:error] [pid 3593426] [client 114.119.136.72:59133] script '/home/rajatbiotech.com/www/index.php' not found or unable to stat
[Sat May 28 22:46:36.464906 2022] [php7:error] [pid 3593866] [client 114.119.137.116:30043] script '/home/rajatbiotech.com/www/index.php' not found or unable to stat
[Sat May 28 23:05:15.611704 2022] [php7:error] [pid 3594977] [client 114.119.137.141:41305] script '/home/rajatbiotech.com/www/index.php' not found or unable to stat
[Sat May 28 23:05:42.372021 2022] [php7:error] [pid 3594359] [client 114.119.137.141:48159] script '/home/rajatbiotech.com/www/index.php' not found or unable to stat
[Sat May 28 23:24:22.624372 2022] [php7:error] [pid 3594983] [client 114.119.136.8:35753] script '/home/rajatbiotech.com/www/index.php' not found or unable to stat
[Sat May 28 23:33:06.847065 2022] [php7:error] [pid 3595500] [client 66.249.70.20:39264] script '/home/rajatbiotech.com/www/index.php' not found or unable to stat
[Sat May 28 23:41:09.261939 2022] [php7:error] [pid 3595582] [client 66.249.70.18:60927] script '/home/rajatbiotech.com/www/index.php' not found or unable to stat
[Sat May 28 23:44:54.751502 2022] [php7:error] [pid 3595189] [client 114.119.137.177:39689] script '/home/rajatbiotech.com/www/index.php' not found or unable to stat
[Sat May 28 23:47:46.216721 2022] [php7:error] [pid 3595754] [client 66.249.70.18:60593] script '/home/rajatbiotech.com/www/index.php' not found or unable to stat
[Sat May 28 23:56:43.951159 2022] [php7:error] [pid 3595953] [client 114.119.137.128:26397] script '/home/rajatbiotech.com/www/index.php' not found or unable to stat
[Sun May 29 00:01:00.634298 2022] [php7:error] [pid 3596131] [client 66.249.70.27:40313] script '/home/rajatbiotech.com/www/1.php' not found or unable to stat
[Sun May 29 00:10:58.980574 2022] [php7:error] [pid 3596172] [client 66.249.70.20:52859] script '/home/rajatbiotech.com/www/index.php' not found or unable to stat
[Sun May 29 00:18:39.362746 2022] [php7:error] [pid 3596132] [client 66.249.70.27:56404] script '/home/rajatbiotech.com/www/log.php' not found or unable to stat
[Sun May 29 00:38:51.709068 2022] [php7:error] [pid 3596193] [client 66.249.70.25:43542] script '/home/rajatbiotech.com/www/license.php' not found or unable to stat
[Sun May 29 01:06:36.690627 2022] [php7:error] [pid 3596172] [client 66.249.70.25:60829] script '/home/rajatbiotech.com/www/wp-signups.php' not found or unable to stat
[Sun May 29 01:11:09.262299 2022] [php7:error] [pid 3597116] [client 66.249.70.18:59705] script '/home/rajatbiotech.com/www/index.php' not found or unable to stat
[Sun May 29 01:20:07.619311 2022] [php7:error] [pid 3596173] [client 66.249.70.18:56704] script '/home/rajatbiotech.com/www/index.php' not found or unable to stat
[Sun May 29 01:20:27.432504 2022] [php7:error] [pid 3596946] [client 66.249.70.23:59042] script '/home/rajatbiotech.com/www/index.php' not found or unable to stat
[Sun May 29 01:27:22.835803 2022] [php7:error] [pid 3596613] [client 66.249.70.16:43976] script '/home/rajatbiotech.com/www/index.php' not found or unable to stat
[Sun May 29 01:34:18.197720 2022] [php7:error] [pid 3596613] [client 66.249.70.25:48884] script '/home/rajatbiotech.com/www/wp-signups.php' not found or unable to stat
[Sun May 29 01:42:46.318806 2022] [php7:error] [pid 3597017] [client 66.249.70.27:47938] script '/home/rajatbiotech.com/www/license.php' not found or unable to stat
[Sun May 29 01:55:04.357411 2022] [php7:error] [pid 3597116] [client 66.249.70.27:52820] script '/home/rajatbiotech.com/www/wp-signups.php' not found or unable to stat
[Sun May 29 01:56:09.251208 2022] [php7:error] [pid 3597080] [client 66.249.70.18:43760] script '/home/rajatbiotech.com/www/index.php' not found or unable to stat
[Sun May 29 02:03:39.244967 2022] [php7:error] [pid 3597116] [client 66.249.70.16:40527] script '/home/rajatbiotech.com/www/index.php' not found or unable to stat
[Sun May 29 02:08:55.107190 2022] [php7:error] [pid 3596613] [client 66.249.70.25:52138] script '/home/rajatbiotech.com/www/license.php' not found or unable to stat
[Sun May 29 02:11:09.246533 2022] [php7:error] [pid 3597080] [client 66.249.70.16:49343] script '/home/rajatbiotech.com/www/index.php' not found or unable to stat
[Sun May 29 02:22:46.309342 2022] [php7:error] [pid 3596172] [client 66.249.70.27:52787] script '/home/rajatbiotech.com/www/log.php' not found or unable to stat
[Sun May 29 02:27:53.742925 2022] [php7:error] [pid 3598497] [client 66.249.70.27:56200] script '/home/rajatbiotech.com/www/log.php' not found or unable to stat
[Sun May 29 02:33:39.247699 2022] [php7:error] [pid 3597017] [client 66.249.70.18:59303] script '/home/rajatbiotech.com/www/index.php' not found or unable to stat
[Sun May 29 02:36:36.658172 2022] [php7:error] [pid 3598229] [client 66.249.70.27:60311] script '/home/rajatbiotech.com/www/log.php' not found or unable to stat
[Sun May 29 02:52:42.418643 2022] [php7:error] [pid 3597712] [client 66.249.70.27:46502] script '/home/rajatbiotech.com/www/wp-signups.php' not found or unable to stat
[Sun May 29 02:59:27.420264 2022] [php7:error] [pid 3598906] [client 66.249.70.27:41377] script '/home/rajatbiotech.com/www/1.php' not found or unable to stat
[Sun May 29 03:08:27.420747 2022] [php7:error] [pid 3598906] [client 66.249.70.25:46867] script '/home/rajatbiotech.com/www/wp-signups.php' not found or unable to stat
[Sun May 29 03:12:58.345727 2022] [php7:error] [pid 3599015] [client 66.249.70.25:55956] script '/home/rajatbiotech.com/www/license.php' not found or unable to stat
[Sun May 29 03:17:27.407347 2022] [php7:error] [pid 3599218] [client 66.249.70.27:57057] script '/home/rajatbiotech.com/www/wp-signups.php' not found or unable to stat
[Sun May 29 03:27:46.273020 2022] [php7:error] [pid 3599441] [client 66.249.70.18:50895] script '/home/rajatbiotech.com/www/index.php' not found or unable to stat
[Sun May 29 03:28:31.912920 2022] [php7:error] [pid 3598925] [client 66.249.70.18:50891] script '/home/rajatbiotech.com/www/index.php' not found or unable to stat
[Sun May 29 03:36:46.313630 2022] [php7:error] [pid 3598922] [client 66.249.70.25:38297] script '/home/rajatbiotech.com/www/wp-signups.php' not found or unable to stat
[Sun May 29 03:38:51.708744 2022] [php7:error] [pid 3599559] [client 66.249.70.23:36663] script '/home/rajatbiotech.com/www/1.php' not found or unable to stat
[Sun May 29 03:45:46.330029 2022] [php7:error] [pid 3599759] [client 66.249.70.23:42488] script '/home/rajatbiotech.com/www/log.php' not found or unable to stat
[Sun May 29 04:03:46.292079 2022] [php7:error] [pid 3597712] [client 66.249.70.23:53610] script '/home/rajatbiotech.com/www/1.php' not found or unable to stat
[Sun May 29 04:08:02.416691 2022] [php7:error] [pid 3599444] [client 66.249.70.16:43646] script '/home/rajatbiotech.com/www/index.php' not found or unable to stat
[Sun May 29 04:14:43.034807 2022] [php7:error] [pid 3600299] [client 13.76.132.231:46398] script '/home/rajatbiotech.com/www/wp-login.php' not found or unable to stat, referer: http://rajatbiotech.com
[Sun May 29 04:21:46.302372 2022] [php7:error] [pid 3600663] [client 66.249.70.25:65455] script '/home/rajatbiotech.com/www/1.php' not found or unable to stat
[Sun May 29 04:22:56.477354 2022] [php7:error] [pid 3600718] [client 66.249.70.23:47228] script '/home/rajatbiotech.com/www/log.php' not found or unable to stat
[Sun May 29 04:33:57.288215 2022] [php7:error] [pid 3600667] [client 66.249.70.20:54180] script '/home/rajatbiotech.com/www/index.php' not found or unable to stat
[Sun May 29 04:38:27.280749 2022] [php7:error] [pid 3600718] [client 66.249.70.16:57388] script '/home/rajatbiotech.com/www/index.php' not found or unable to stat
[Sun May 29 04:40:58.876441 2022] [php7:error] [pid 3600718] [client 114.119.137.103:33013] script '/home/rajatbiotech.com/www/index.php' not found or unable to stat
[Sun May 29 04:42:57.277367 2022] [php7:error] [pid 3598925] [client 66.249.70.18:56879] script '/home/rajatbiotech.com/www/index.php' not found or unable to stat
[Sun May 29 04:52:51.643348 2022] [php7:error] [pid 3598922] [client 66.249.70.16:50729] script '/home/rajatbiotech.com/www/index.php' not found or unable to stat
[Sun May 29 04:53:27.491589 2022] [php7:error] [pid 3600998] [client 66.249.70.18:52751] script '/home/rajatbiotech.com/www/index.php' not found or unable to stat
[Sun May 29 04:58:32.024729 2022] [php7:error] [pid 3600662] [client 66.249.70.23:56828] script '/home/rajatbiotech.com/www/1.php' not found or unable to stat
[Sun May 29 05:05:20.888631 2022] [php7:error] [pid 3601063] [client 66.249.70.27:53341] script '/home/rajatbiotech.com/www/wp-signups.php' not found or unable to stat
[Sun May 29 05:46:18.702429 2022] [php7:error] [pid 3601515] [client 66.249.70.16:42340] script '/home/rajatbiotech.com/www/index.php' not found or unable to stat
[Sun May 29 05:48:06.935519 2022] [php7:error] [pid 3601062] [client 66.249.70.23:39878] script '/home/rajatbiotech.com/www/log.php' not found or unable to stat
[Sun May 29 05:53:54.666550 2022] [php7:error] [pid 3601497] [client 66.249.70.20:48697] script '/home/rajatbiotech.com/www/index.php' not found or unable to stat
[Sun May 29 06:07:31.228078 2022] [php7:error] [pid 3601062] [client 66.249.70.20:63203] script '/home/rajatbiotech.com/www/index.php' not found or unable to stat
[Sun May 29 06:29:48.995611 2022] [php7:error] [pid 3602574] [client 195.133.18.145:54193] script '/home/rajatbiotech.com/www/fw.php' not found or unable to stat, referer: www.google.com
[Sun May 29 06:30:04.915051 2022] [php7:error] [pid 3602650] [client 195.133.18.145:52213] script '/home/rajatbiotech.com/www/ffAA531.php' not found or unable to stat, referer: www.google.com
[Sun May 29 06:30:25.708301 2022] [php7:error] [pid 3602687] [client 195.133.18.145:52346] script '/home/rajatbiotech.com/www/old-index.php' not found or unable to stat, referer: www.google.com
[Sun May 29 06:30:58.371547 2022] [php7:error] [pid 3602597] [client 195.133.18.145:62220] script '/home/rajatbiotech.com/www/xleet-shell.php' not found or unable to stat, referer: www.google.com
[Sun May 29 06:31:48.342430 2022] [php7:error] [pid 3602687] [client 195.133.18.145:55412] script '/home/rajatbiotech.com/www/wp-vatva.php' not found or unable to stat, referer: www.google.com
[Sun May 29 06:32:20.498167 2022] [php7:error] [pid 3602777] [client 195.133.18.145:57447] script '/home/rajatbiotech.com/www/wp-2019.php' not found or unable to stat, referer: www.google.com
[Sun May 29 06:32:46.308800 2022] [php7:error] [pid 3602687] [client 195.133.18.145:50634] script '/home/rajatbiotech.com/www/vabba.php' not found or unable to stat, referer: www.google.com
[Sun May 29 06:33:03.987364 2022] [php7:error] [pid 3602748] [client 195.133.18.145:52122] script '/home/rajatbiotech.com/www/inbexw.php' not found or unable to stat, referer: www.google.com
[Sun May 29 06:33:21.331954 2022] [php7:error] [pid 3602808] [client 195.133.18.145:54428] script '/home/rajatbiotech.com/www/qws.php' not found or unable to stat, referer: www.google.com
[Sun May 29 06:35:16.515083 2022] [php7:error] [pid 3602620] [client 195.133.18.145:50996] script '/home/rajatbiotech.com/www/shell20211028.php' not found or unable to stat, referer: www.google.com
[Sun May 29 06:36:00.074229 2022] [php7:error] [pid 3602808] [client 195.133.18.145:56120] script '/home/rajatbiotech.com/www/1index.php' not found or unable to stat, referer: www.google.com
[Sun May 29 06:36:08.327302 2022] [php7:error] [pid 3602777] [client 195.133.18.145:60380] script '/home/rajatbiotech.com/www/autoload_classmap.php' not found or unable to stat, referer: www.google.com
[Sun May 29 06:36:26.841197 2022] [php7:error] [pid 3602778] [client 195.133.18.145:59481] script '/home/rajatbiotech.com/www/radio.php' not found or unable to stat, referer: www.google.com
[Sun May 29 06:36:53.649675 2022] [php7:error] [pid 3602778] [client 195.133.18.145:55146] script '/home/rajatbiotech.com/www/2index.php' not found or unable to stat, referer: www.google.com
[Sun May 29 06:37:20.724978 2022] [php7:error] [pid 3602748] [client 195.133.18.145:49937] script '/home/rajatbiotech.com/www/content.php' not found or unable to stat, referer: www.google.com
[Sun May 29 06:37:36.463130 2022] [php7:error] [pid 3602808] [client 195.133.18.145:56153] script '/home/rajatbiotech.com/www/new-index.php' not found or unable to stat, referer: www.google.com
[Sun May 29 06:44:32.198961 2022] [php7:error] [pid 3603089] [client 195.133.18.145:53694] script '/home/rajatbiotech.com/www/alwso.php' not found or unable to stat, referer: www.google.com
[Sun May 29 06:46:30.446518 2022] [php7:error] [pid 3602577] [client 195.133.18.145:62927] script '/home/rajatbiotech.com/www/varb.php' not found or unable to stat, referer: www.google.com
[Sun May 29 06:46:58.406667 2022] [php7:error] [pid 3602808] [client 195.133.18.145:61482] script '/home/rajatbiotech.com/www/baindex.php' not found or unable to stat, referer: www.google.com
[Sun May 29 06:47:47.189705 2022] [php7:error] [pid 3602577] [client 195.133.18.145:59162] script '/home/rajatbiotech.com/www/qindex.php' not found or unable to stat, referer: www.google.com
[Sun May 29 06:47:58.856111 2022] [php7:error] [pid 3602908] [client 195.133.18.145:59525] script '/home/rajatbiotech.com/www/wp-signin.php' not found or unable to stat, referer: www.google.com
[Sun May 29 06:49:00.821174 2022] [php7:error] [pid 3602650] [client 195.133.18.145:61510] script '/home/rajatbiotech.com/www/local.php' not found or unable to stat, referer: www.google.com
[Sun May 29 06:50:50.998076 2022] [php7:error] [pid 3602598] [client 195.133.18.145:50683] script '/home/rajatbiotech.com/www/wp-plugins.php' not found or unable to stat, referer: www.google.com
