[Tue May 10 23:41:57.626632 2022] [php7:error] [pid 3128995] [client 185.83.145.138:50950] script '/home/rajatbiotech.com/www/phpversion.php' not found or unable to stat
[Tue May 10 23:41:58.057288 2022] [php7:error] [pid 3129214] [client 185.83.145.138:40264] script '/home/rajatbiotech.com/www/phpversion.php' not found or unable to stat
[Tue May 10 23:47:48.414071 2022] [php7:error] [pid 3129214] [client 81.88.52.205:60890] script '/home/rajatbiotech.com/www/wp-login.php' not found or unable to stat
[Tue May 10 23:51:35.032598 2022] [php7:error] [pid 3129218] [client 184.168.125.72:43288] script '/home/rajatbiotech.com/www/wp-login.php' not found or unable to stat
[Tue May 10 23:57:59.026276 2022] [php7:error] [pid 3129630] [client 66.249.70.18:49193] script '/home/rajatbiotech.com/www/index.php' not found or unable to stat
[Tue May 10 23:59:26.883285 2022] [php7:error] [pid 3129632] [client 185.23.130.9:1273] script '/home/rajatbiotech.com/www/wp-login.php' not found or unable to stat
[Tue May 10 23:59:34.007326 2022] [php7:error] [pid 3128583] [client 66.249.70.25:60242] script '/home/rajatbiotech.com/www/1.php' not found or unable to stat
[Wed May 11 00:03:17.390041 2022] [php7:error] [pid 3130135] [client 88.150.159.29:37340] script '/home/rajatbiotech.com/www/wp-login.php' not found or unable to stat
[Wed May 11 00:11:18.063645 2022] [php7:error] [pid 3130106] [client 47.100.208.57:58898] script '/home/rajatbiotech.com/www/wp-login.php' not found or unable to stat
[Wed May 11 00:15:11.977821 2022] [php7:error] [pid 3130135] [client 142.93.201.0:37936] script '/home/rajatbiotech.com/www/wp-login.php' not found or unable to stat
[Wed May 11 00:20:39.486631 2022] [php7:error] [pid 3130140] [client 66.249.70.27:46144] script '/home/rajatbiotech.com/www/wp-signups.php' not found or unable to stat
[Wed May 11 00:23:11.160531 2022] [php7:error] [pid 3130140] [client 161.35.52.207:33834] script '/home/rajatbiotech.com/www/wp-login.php' not found or unable to stat
[Wed May 11 00:27:02.175128 2022] [php7:error] [pid 3130140] [client 104.168.36.11:37298] script '/home/rajatbiotech.com/www/wp-login.php' not found or unable to stat
[Wed May 11 00:29:29.823848 2022] [php7:error] [pid 3130108] [client 66.249.70.27:51910] script '/home/rajatbiotech.com/www/license.php' not found or unable to stat
[Wed May 11 00:32:09.793561 2022] [php7:error] [pid 3130122] [client 66.249.70.25:54376] script '/home/rajatbiotech.com/www/wp-signups.php' not found or unable to stat
[Wed May 11 00:35:01.840717 2022] [php7:error] [pid 3130140] [client 106.53.136.24:33754] script '/home/rajatbiotech.com/www/wp-login.php' not found or unable to stat
[Wed May 11 00:38:51.404720 2022] [php7:error] [pid 3130391] [client 165.227.141.125:57270] script '/home/rajatbiotech.com/www/wp-login.php' not found or unable to stat
[Wed May 11 00:46:50.287325 2022] [php7:error] [pid 3130135] [client 23.254.184.154:53380] script '/home/rajatbiotech.com/www/wp-login.php' not found or unable to stat
[Wed May 11 00:54:04.198309 2022] [php7:error] [pid 3130107] [client 103.146.202.150:49214] script '/home/rajatbiotech.com/www/wp-login.php' not found or unable to stat
[Wed May 11 00:58:38.392010 2022] [php7:error] [pid 3130122] [client 188.212.34.69:55778] script '/home/rajatbiotech.com/www/wp-login.php' not found or unable to stat
[Wed May 11 00:58:50.599528 2022] [php7:error] [pid 3130108] [client 66.249.70.27:43288] script '/home/rajatbiotech.com/www/log.php' not found or unable to stat
[Wed May 11 01:02:28.444952 2022] [php7:error] [pid 3130105] [client 82.166.39.15:38836] script '/home/rajatbiotech.com/www/wp-login.php' not found or unable to stat
[Wed May 11 01:03:11.438074 2022] [php7:error] [pid 3130391] [client 66.249.70.23:39316] script '/home/rajatbiotech.com/www/log.php' not found or unable to stat
[Wed May 11 01:10:30.791967 2022] [php7:error] [pid 3130116] [client 104.248.225.59:41277] script '/home/rajatbiotech.com/www/wp-login.php' not found or unable to stat
[Wed May 11 01:11:28.462372 2022] [php7:error] [pid 3130122] [client 66.249.70.23:60951] script '/home/rajatbiotech.com/www/license.php' not found or unable to stat
[Wed May 11 01:14:27.010973 2022] [php7:error] [pid 3130105] [client 68.183.75.82:46822] script '/home/rajatbiotech.com/www/wp-login.php' not found or unable to stat
[Wed May 11 01:19:31.130327 2022] [php7:error] [pid 3130391] [client 66.249.70.27:61845] script '/home/rajatbiotech.com/www/log.php' not found or unable to stat
[Wed May 11 01:22:21.261465 2022] [php7:error] [pid 3130122] [client 188.127.231.190:34442] script '/home/rajatbiotech.com/www/wp-login.php' not found or unable to stat
[Wed May 11 01:26:13.107839 2022] [php7:error] [pid 3130116] [client 167.71.199.161:42140] script '/home/rajatbiotech.com/www/wp-login.php' not found or unable to stat
[Wed May 11 01:34:13.081406 2022] [php7:error] [pid 3131052] [client 161.97.112.17:52178] script '/home/rajatbiotech.com/www/wp-login.php' not found or unable to stat
[Wed May 11 01:35:54.582033 2022] [php7:error] [pid 3131280] [client 66.249.70.23:52340] script '/home/rajatbiotech.com/www/1.php' not found or unable to stat
[Wed May 11 01:38:08.847281 2022] [php7:error] [pid 3131645] [client 176.98.40.88:37348] script '/home/rajatbiotech.com/www/wp-login.php' not found or unable to stat
[Wed May 11 01:40:54.455384 2022] [php7:error] [pid 3131644] [client 66.249.70.23:57953] script '/home/rajatbiotech.com/www/log.php' not found or unable to stat
[Wed May 11 01:46:06.055494 2022] [php7:error] [pid 3131828] [client 101.0.80.218:55782] script '/home/rajatbiotech.com/www/wp-login.php' not found or unable to stat
[Wed May 11 01:46:14.490864 2022] [php7:error] [pid 3131826] [client 66.249.70.23:53052] script '/home/rajatbiotech.com/www/wp-signups.php' not found or unable to stat
[Wed May 11 01:49:57.455094 2022] [php7:error] [pid 3131828] [client 165.232.180.174:38760] script '/home/rajatbiotech.com/www/wp-login.php' not found or unable to stat
[Wed May 11 01:50:54.150998 2022] [php7:error] [pid 3131829] [client 66.249.70.23:42693] script '/home/rajatbiotech.com/www/log.php' not found or unable to stat
[Wed May 11 01:53:19.196336 2022] [php7:error] [pid 3131820] [client 66.249.70.27:49046] script '/home/rajatbiotech.com/www/index.php' not found or unable to stat
[Wed May 11 01:55:40.612431 2022] [php7:error] [pid 3131827] [client 66.249.70.23:58189] script '/home/rajatbiotech.com/www/1.php' not found or unable to stat
[Wed May 11 01:57:55.682259 2022] [php7:error] [pid 3131826] [client 134.209.231.225:46364] script '/home/rajatbiotech.com/www/wp-login.php' not found or unable to stat
[Wed May 11 02:01:49.260885 2022] [php7:error] [pid 3131829] [client 66.33.212.117:47384] script '/home/rajatbiotech.com/www/wp-login.php' not found or unable to stat
[Wed May 11 02:09:54.170054 2022] [php7:error] [pid 3132317] [client 194.163.137.31:39236] script '/home/rajatbiotech.com/www/wp-login.php' not found or unable to stat
[Wed May 11 02:18:37.476121 2022] [php7:error] [pid 3132819] [client 66.249.70.23:40981] script '/home/rajatbiotech.com/www/wp-signups.php' not found or unable to stat
[Wed May 11 02:21:53.136034 2022] [php7:error] [pid 3132807] [client 161.97.118.255:43538] script '/home/rajatbiotech.com/www/wp-login.php' not found or unable to stat
[Wed May 11 02:25:43.573901 2022] [php7:error] [pid 3132808] [client 45.55.44.23:29019] script '/home/rajatbiotech.com/www/wp-login.php' not found or unable to stat
[Wed May 11 02:33:46.952245 2022] [php7:error] [pid 3132808] [client 51.83.41.140:37560] script '/home/rajatbiotech.com/www/wp-login.php' not found or unable to stat
[Wed May 11 02:35:33.392786 2022] [php7:error] [pid 3132803] [client 66.249.70.25:65409] script '/home/rajatbiotech.com/www/license.php' not found or unable to stat
[Wed May 11 02:35:48.372653 2022] [php7:error] [pid 3132808] [client 66.249.70.23:57573] script '/home/rajatbiotech.com/www/log.php' not found or unable to stat
[Wed May 11 02:36:59.182502 2022] [php7:error] [pid 3132805] [client 66.249.70.27:49907] script '/home/rajatbiotech.com/www/wp-signups.php' not found or unable to stat
[Wed May 11 02:37:39.310633 2022] [php7:error] [pid 3132808] [client 47.90.246.252:40906] script '/home/rajatbiotech.com/www/wp-login.php' not found or unable to stat
[Wed May 11 02:45:42.186618 2022] [php7:error] [pid 3132803] [client 107.172.219.253:55992] script '/home/rajatbiotech.com/www/wp-login.php' not found or unable to stat
[Wed May 11 02:45:59.619557 2022] [php7:error] [pid 3132811] [client 66.249.70.25:40804] script '/home/rajatbiotech.com/www/log.php' not found or unable to stat
[Wed May 11 02:49:32.386873 2022] [php7:error] [pid 3132811] [client 45.90.163.251:56446] script '/home/rajatbiotech.com/www/wp-login.php' not found or unable to stat
[Wed May 11 02:57:33.293901 2022] [php7:error] [pid 3133530] [client 88.87.206.123:48508] script '/home/rajatbiotech.com/www/wp-login.php' not found or unable to stat
[Wed May 11 03:01:27.044668 2022] [php7:error] [pid 3133443] [client 133.130.103.36:58054] script '/home/rajatbiotech.com/www/wp-login.php' not found or unable to stat
[Wed May 11 03:09:34.415143 2022] [php7:error] [pid 3133443] [client 148.72.214.245:39080] script '/home/rajatbiotech.com/www/wp-login.php' not found or unable to stat
[Wed May 11 03:13:25.384110 2022] [php7:error] [pid 3133799] [client 103.57.220.186:40312] script '/home/rajatbiotech.com/www/wp-login.php' not found or unable to stat
[Wed May 11 03:17:28.929822 2022] [php7:error] [pid 3134076] [client 66.249.70.23:64271] script '/home/rajatbiotech.com/www/wp-signups.php' not found or unable to stat
[Wed May 11 03:21:28.838996 2022] [php7:error] [pid 3133801] [client 23.254.184.154:46914] script '/home/rajatbiotech.com/www/wp-login.php' not found or unable to stat
[Wed May 11 03:25:23.416728 2022] [php7:error] [pid 3133799] [client 103.57.220.186:50126] script '/home/rajatbiotech.com/www/wp-login.php' not found or unable to stat
[Wed May 11 03:33:30.484811 2022] [php7:error] [pid 3133614] [client 46.101.150.34:33230] script '/home/rajatbiotech.com/www/wp-login.php' not found or unable to stat
[Wed May 11 03:37:26.419750 2022] [php7:error] [pid 3134077] [client 195.93.152.83:45906] script '/home/rajatbiotech.com/www/wp-login.php' not found or unable to stat
[Wed May 11 03:41:01.103603 2022] [php7:error] [pid 3134706] [client 66.249.70.23:42921] script '/home/rajatbiotech.com/www/wp-signups.php' not found or unable to stat
[Wed May 11 03:45:36.090855 2022] [php7:error] [pid 3134895] [client 217.61.54.110:46522] script '/home/rajatbiotech.com/www/wp-login.php' not found or unable to stat
[Wed May 11 03:45:42.435162 2022] [php7:error] [pid 3134903] [client 66.249.70.23:55742] script '/home/rajatbiotech.com/www/1.php' not found or unable to stat
[Wed May 11 03:45:58.204894 2022] [php7:error] [pid 3134885] [client 66.249.70.25:40412] script '/home/rajatbiotech.com/www/1.php' not found or unable to stat
[Wed May 11 03:48:05.000598 2022] [php7:error] [pid 3134830] [client 66.249.70.25:46940] script '/home/rajatbiotech.com/www/index.php' not found or unable to stat
[Wed May 11 03:49:31.824908 2022] [php7:error] [pid 3134971] [client 207.180.207.240:40908] script '/home/rajatbiotech.com/www/wp-login.php' not found or unable to stat
[Wed May 11 03:52:12.853617 2022] [php7:error] [pid 3134883] [client 66.249.70.23:64799] script '/home/rajatbiotech.com/www/index.php' not found or unable to stat
[Wed May 11 03:56:52.780836 2022] [php7:error] [pid 3134903] [client 66.249.70.23:59233] script '/home/rajatbiotech.com/www/index.php' not found or unable to stat
[Wed May 11 03:57:35.081162 2022] [php7:error] [pid 3134888] [client 104.168.36.11:54524] script '/home/rajatbiotech.com/www/wp-login.php' not found or unable to stat
[Wed May 11 04:01:29.930436 2022] [php7:error] [pid 3134882] [client 185.122.201.129:49602] script '/home/rajatbiotech.com/www/wp-login.php' not found or unable to stat
[Wed May 11 04:03:40.522796 2022] [php7:error] [pid 3134888] [client 65.108.104.19:64567] script '/home/rajatbiotech.com/www/wp-plain.php' not found or unable to stat, referer: www.google.com
[Wed May 11 04:03:42.851384 2022] [php7:error] [pid 3134903] [client 65.108.104.19:63483] script '/home/rajatbiotech.com/www/wpvbrwpz.php' not found or unable to stat, referer: www.google.com
[Wed May 11 04:03:47.665511 2022] [php7:error] [pid 3134882] [client 65.108.104.19:52769] script '/home/rajatbiotech.com/www/wp-plain.php' not found or unable to stat, referer: www.google.com
[Wed May 11 04:03:50.208892 2022] [php7:error] [pid 3134971] [client 65.108.104.19:64438] script '/home/rajatbiotech.com/www/wpvbrwpz.php' not found or unable to stat, referer: www.google.com
[Wed May 11 04:09:42.240562 2022] [php7:error] [pid 3134882] [client 150.109.148.216:56141] script '/home/rajatbiotech.com/www/wp-login.php' not found or unable to stat
[Wed May 11 04:13:35.020804 2022] [php7:error] [pid 3134875] [client 82.166.39.15:39176] script '/home/rajatbiotech.com/www/wp-login.php' not found or unable to stat
[Wed May 11 04:21:43.398975 2022] [php7:error] [pid 3134970] [client 208.113.180.18:46988] script '/home/rajatbiotech.com/www/wp-login.php' not found or unable to stat
[Wed May 11 04:22:13.168610 2022] [php7:error] [pid 3134882] [client 66.249.70.18:35711] script '/home/rajatbiotech.com/www/index.php' not found or unable to stat
[Wed May 11 04:25:38.152617 2022] [php7:error] [pid 3135938] [client 217.182.175.39:45262] script '/home/rajatbiotech.com/www/wp-login.php' not found or unable to stat
[Wed May 11 04:33:44.733101 2022] [php7:error] [pid 3136181] [client 167.172.151.91:24988] script '/home/rajatbiotech.com/www/wp-login.php' not found or unable to stat
[Wed May 11 04:35:52.537946 2022] [php7:error] [pid 3136241] [client 66.249.70.27:49171] script '/home/rajatbiotech.com/www/1.php' not found or unable to stat
[Wed May 11 04:37:38.909291 2022] [php7:error] [pid 3136262] [client 95.217.3.203:35420] script '/home/rajatbiotech.com/www/wp-login.php' not found or unable to stat
[Wed May 11 04:45:53.803325 2022] [php7:error] [pid 3135932] [client 103.88.122.117:36116] script '/home/rajatbiotech.com/www/wp-login.php' not found or unable to stat
[Wed May 11 04:49:45.296076 2022] [php7:error] [pid 3136241] [client 157.230.253.37:56944] script '/home/rajatbiotech.com/www/wp-login.php' not found or unable to stat
[Wed May 11 04:51:33.966395 2022] [php7:error] [pid 3136605] [client 77.75.76.167:24579] script '/home/rajatbiotech.com/www/index.php' not found or unable to stat
[Wed May 11 04:51:34.683713 2022] [php7:error] [pid 3136319] [client 77.75.76.167:50751] script '/home/rajatbiotech.com/www/index.php' not found or unable to stat
[Wed May 11 04:57:54.296578 2022] [php7:error] [pid 3136883] [client 167.172.168.111:40510] script '/home/rajatbiotech.com/www/wp-login.php' not found or unable to stat
[Wed May 11 04:59:54.254768 2022] [php7:error] [pid 3136859] [client 66.249.70.27:50675] script '/home/rajatbiotech.com/www/license.php' not found or unable to stat
[Wed May 11 05:01:52.634924 2022] [php7:error] [pid 3136958] [client 84.205.178.134:51260] script '/home/rajatbiotech.com/www/wp-login.php' not found or unable to stat
[Wed May 11 05:10:06.873502 2022] [php7:error] [pid 3136951] [client 198.244.167.101:45022] script '/home/rajatbiotech.com/www/wp-login.php' not found or unable to stat
[Wed May 11 05:12:00.875321 2022] [php7:error] [pid 3136958] [client 66.249.70.25:49618] script '/home/rajatbiotech.com/www/1.php' not found or unable to stat
[Wed May 11 05:12:17.948022 2022] [php7:error] [pid 3136317] [client 77.75.77.72:52108] script '/home/rajatbiotech.com/www/index.php' not found or unable to stat
[Wed May 11 05:14:00.790240 2022] [php7:error] [pid 3136958] [client 185.126.219.43:60624] script '/home/rajatbiotech.com/www/wp-login.php' not found or unable to stat
[Wed May 11 05:15:53.926984 2022] [php7:error] [pid 3136317] [client 66.249.70.25:44151] script '/home/rajatbiotech.com/www/wp-signups.php' not found or unable to stat
[Wed May 11 05:22:10.646020 2022] [php7:error] [pid 3137434] [client 101.0.80.218:46516] script '/home/rajatbiotech.com/www/wp-login.php' not found or unable to stat
[Wed May 11 05:26:05.774911 2022] [php7:error] [pid 3136797] [client 148.72.207.163:59700] script '/home/rajatbiotech.com/www/wp-login.php' not found or unable to stat
[Wed May 11 05:34:08.968276 2022] [php7:error] [pid 3137863] [client 5.9.116.144:57410] script '/home/rajatbiotech.com/www/wp-login.php' not found or unable to stat
[Wed May 11 05:38:00.793549 2022] [php7:error] [pid 3137869] [client 95.217.179.54:49830] script '/home/rajatbiotech.com/www/wp-login.php' not found or unable to stat
[Wed May 11 05:46:04.679561 2022] [php7:error] [pid 3137834] [client 103.57.220.186:37906] script '/home/rajatbiotech.com/www/wp-login.php' not found or unable to stat
[Wed May 11 05:49:52.360936 2022] [php7:error] [pid 3138290] [client 217.9.143.94:25111] script '/home/rajatbiotech.com/www/wp-login.php' not found or unable to stat
[Wed May 11 06:01:43.553443 2022] [php7:error] [pid 3138332] [client 47.98.207.210:43340] script '/home/rajatbiotech.com/www/wp-login.php' not found or unable to stat
[Wed May 11 06:09:52.958012 2022] [php7:error] [pid 3138332] [client 52.234.178.100:44646] script '/home/rajatbiotech.com/www/wp-login.php' not found or unable to stat
[Wed May 11 06:13:46.061481 2022] [php7:error] [pid 3139423] [client 178.217.190.82:42670] script '/home/rajatbiotech.com/www/wp-login.php' not found or unable to stat
[Wed May 11 06:17:43.133033 2022] [php7:error] [pid 3139488] [client 66.249.70.16:54488] script '/home/rajatbiotech.com/www/index.php' not found or unable to stat
[Wed May 11 06:21:53.171324 2022] [php7:error] [pid 3139483] [client 64.111.116.168:45956] script '/home/rajatbiotech.com/www/wp-login.php' not found or unable to stat
[Wed May 11 06:25:45.286071 2022] [php7:error] [pid 3139175] [client 178.128.5.109:47294] script '/home/rajatbiotech.com/www/wp-login.php' not found or unable to stat
[Wed May 11 06:36:13.652182 2022] [php7:error] [pid 3139973] [client 66.249.70.25:55678] script '/home/rajatbiotech.com/www/1.php' not found or unable to stat
[Wed May 11 06:37:45.099873 2022] [php7:error] [pid 3139975] [client 178.128.194.13:56490] script '/home/rajatbiotech.com/www/wp-login.php' not found or unable to stat
[Wed May 11 06:40:15.000978 2022] [php7:error] [pid 3140017] [client 66.249.70.25:59775] script '/home/rajatbiotech.com/www/1.php' not found or unable to stat
[Wed May 11 06:45:46.226010 2022] [php7:error] [pid 3140263] [client 64.111.116.168:54272] script '/home/rajatbiotech.com/www/wp-login.php' not found or unable to stat
[Wed May 11 06:57:41.131821 2022] [php7:error] [pid 3140511] [client 121.37.149.3:21522] script '/home/rajatbiotech.com/www/wp-login.php' not found or unable to stat
[Wed May 11 07:01:30.533147 2022] [php7:error] [pid 3140788] [client 128.199.62.78:44184] script '/home/rajatbiotech.com/www/wp-login.php' not found or unable to stat
[Wed May 11 07:02:49.689998 2022] [php7:error] [pid 3140547] [client 66.249.70.25:38850] script '/home/rajatbiotech.com/www/1.php' not found or unable to stat
[Wed May 11 07:09:34.068370 2022] [php7:error] [pid 3140965] [client 103.130.218.178:55966] script '/home/rajatbiotech.com/www/wp-login.php' not found or unable to stat
[Wed May 11 07:13:26.472271 2022] [php7:error] [pid 3141105] [client 106.53.136.24:59198] script '/home/rajatbiotech.com/www/wp-login.php' not found or unable to stat
[Wed May 11 07:18:21.312750 2022] [php7:error] [pid 3140511] [client 216.244.66.229:41636] script '/home/rajatbiotech.com/www/index.php' not found or unable to stat
[Wed May 11 07:21:35.493480 2022] [php7:error] [pid 3140931] [client 188.166.212.133:37210] script '/home/rajatbiotech.com/www/wp-login.php' not found or unable to stat
[Wed May 11 07:25:20.508997 2022] [php7:error] [pid 3141447] [client 116.193.191.152:45608] script '/home/rajatbiotech.com/www/wp-login.php' not found or unable to stat
[Wed May 11 07:29:25.698955 2022] [php7:error] [pid 3141447] [client 66.249.70.25:48415] script '/home/rajatbiotech.com/www/log.php' not found or unable to stat
[Wed May 11 07:33:20.327697 2022] [php7:error] [pid 3141760] [client 147.135.255.8:58516] script '/home/rajatbiotech.com/www/wp-login.php' not found or unable to stat
[Wed May 11 07:37:13.846490 2022] [php7:error] [pid 3141911] [client 195.4.173.50:36230] script '/home/rajatbiotech.com/www/wp-login.php' not found or unable to stat
[Wed May 11 07:44:01.744991 2022] [php7:error] [pid 3142200] [client 66.249.70.27:43522] script '/home/rajatbiotech.com/www/index.php' not found or unable to stat
[Wed May 11 07:49:13.516406 2022] [php7:error] [pid 3142352] [client 185.190.117.89:37466] script '/home/rajatbiotech.com/www/wp-login.php' not found or unable to stat
[Wed May 11 07:57:22.784462 2022] [php7:error] [pid 3142518] [client 139.59.150.45:45334] script '/home/rajatbiotech.com/www/wp-login.php' not found or unable to stat
[Wed May 11 08:01:07.844046 2022] [php7:error] [pid 3142609] [client 159.203.143.36:58741] script '/home/rajatbiotech.com/www/wp-login.php' not found or unable to stat
[Wed May 11 08:09:14.330792 2022] [php7:error] [pid 3142745] [client 188.166.225.235:33464] script '/home/rajatbiotech.com/www/wp-login.php' not found or unable to stat
[Wed May 11 08:13:07.435103 2022] [php7:error] [pid 3143105] [client 162.241.71.202:42844] script '/home/rajatbiotech.com/www/wp-login.php' not found or unable to stat
[Wed May 11 08:21:15.716271 2022] [php7:error] [pid 3143310] [client 120.25.104.120:54938] script '/home/rajatbiotech.com/www/wp-login.php' not found or unable to stat
[Wed May 11 08:25:08.524022 2022] [php7:error] [pid 3143303] [client 103.109.28.1:49302] script '/home/rajatbiotech.com/www/wp-login.php' not found or unable to stat
[Wed May 11 08:28:58.058405 2022] [php7:error] [pid 3143486] [client 66.249.70.23:41962] script '/home/rajatbiotech.com/www/wp-signups.php' not found or unable to stat
[Wed May 11 08:33:08.900676 2022] [php7:error] [pid 3143709] [client 5.253.181.177:59332] script '/home/rajatbiotech.com/www/wp-login.php' not found or unable to stat
[Wed May 11 08:35:30.337770 2022] [php7:error] [pid 3143709] [client 66.249.70.27:59288] script '/home/rajatbiotech.com/www/index.php' not found or unable to stat
[Wed May 11 08:37:02.619382 2022] [php7:error] [pid 3143708] [client 175.45.125.65:51094] script '/home/rajatbiotech.com/www/wp-login.php' not found or unable to stat
[Wed May 11 08:45:09.528407 2022] [php7:error] [pid 3143967] [client 103.149.154.8:40698] script '/home/rajatbiotech.com/www/wp-login.php' not found or unable to stat
[Wed May 11 08:49:08.182200 2022] [php7:error] [pid 3144262] [client 45.120.69.121:48882] script '/home/rajatbiotech.com/www/wp-login.php' not found or unable to stat
[Wed May 11 08:57:11.824328 2022] [php7:error] [pid 3144275] [client 195.4.173.50:58404] script '/home/rajatbiotech.com/www/wp-login.php' not found or unable to stat
[Wed May 11 09:01:10.155422 2022] [php7:error] [pid 3144533] [client 162.240.27.242:39358] script '/home/rajatbiotech.com/www/wp-login.php' not found or unable to stat
[Wed May 11 09:01:27.601141 2022] [php7:error] [pid 3144533] [client 66.249.70.16:46756] script '/home/rajatbiotech.com/www/index.php' not found or unable to stat
[Wed May 11 09:18:50.235058 2022] [php7:error] [pid 3145172] [client 64.227.183.25:58830] script '/home/rajatbiotech.com/www/wp-login.php' not found or unable to stat
[Wed May 11 09:45:14.222344 2022] [php7:error] [pid 3146338] [client 47.241.15.39:44554] script '/home/rajatbiotech.com/www/wp-login.php' not found or unable to stat
[Wed May 11 09:58:31.033391 2022] [php7:error] [pid 3146489] [client 35.197.204.193:56894] script '/home/rajatbiotech.com/www/wp-login.php' not found or unable to stat
[Wed May 11 09:59:31.964001 2022] [php7:error] [pid 3146803] [client 66.249.70.23:45957] script '/home/rajatbiotech.com/www/wp-signups.php' not found or unable to stat
[Wed May 11 10:01:27.187457 2022] [php7:error] [pid 3146911] [client 66.249.70.25:44589] script '/home/rajatbiotech.com/www/wp-signups.php' not found or unable to stat
[Wed May 11 10:11:46.786993 2022] [php7:error] [pid 3147080] [client 13.81.59.92:40078] script '/home/rajatbiotech.com/www/wp-login.php' not found or unable to stat
[Wed May 11 10:24:59.424036 2022] [php7:error] [pid 3147819] [client 109.168.97.89:40216] script '/home/rajatbiotech.com/www/wp-login.php' not found or unable to stat
[Wed May 11 10:37:44.584349 2022] [php7:error] [pid 3148139] [client 66.249.70.25:57648] script '/home/rajatbiotech.com/www/index.php' not found or unable to stat
[Wed May 11 10:38:12.062412 2022] [php7:error] [pid 3148061] [client 185.126.219.43:43246] script '/home/rajatbiotech.com/www/wp-login.php' not found or unable to stat
[Wed May 11 10:51:31.398028 2022] [php7:error] [pid 3148732] [client 157.230.253.37:46654] script '/home/rajatbiotech.com/www/wp-login.php' not found or unable to stat
[Wed May 11 11:04:54.205972 2022] [php7:error] [pid 3149160] [client 77.240.13.186:43110] script '/home/rajatbiotech.com/www/wp-login.php' not found or unable to stat
[Wed May 11 11:10:50.983690 2022] [php7:error] [pid 3149453] [client 66.249.70.23:41711] script '/home/rajatbiotech.com/www/log.php' not found or unable to stat
[Wed May 11 11:15:23.583095 2022] [php7:error] [pid 3149458] [client 66.249.70.16:49585] script '/home/rajatbiotech.com/www/index.php' not found or unable to stat
[Wed May 11 11:18:15.959764 2022] [php7:error] [pid 3148964] [client 188.166.226.196:54622] script '/home/rajatbiotech.com/www/wp-login.php' not found or unable to stat
[Wed May 11 11:31:36.243773 2022] [php7:error] [pid 3150063] [client 188.166.225.235:58904] script '/home/rajatbiotech.com/www/wp-login.php' not found or unable to stat
[Wed May 11 11:44:59.164758 2022] [php7:error] [pid 3150316] [client 185.23.130.9:48399] script '/home/rajatbiotech.com/www/wp-login.php' not found or unable to stat
[Wed May 11 11:53:48.859333 2022] [php7:error] [pid 3151060] [client 3.249.68.179:49914] script '/home/rajatbiotech.com/www/protegee.php' not found or unable to stat
[Wed May 11 11:53:49.412694 2022] [php7:error] [pid 3151061] [client 164.90.255.66:56629] script '/home/rajatbiotech.com/www/asported.php' not found or unable to stat
[Wed May 11 11:53:49.476545 2022] [php7:error] [pid 3151065] [client 164.90.255.66:60374] script '/home/rajatbiotech.com/www/polynesian.php' not found or unable to stat
[Wed May 11 11:53:49.878959 2022] [php7:error] [pid 3151020] [client 68.183.245.101:42845] script '/home/rajatbiotech.com/www/seedy.php' not found or unable to stat
[Wed May 11 11:58:19.513831 2022] [php7:error] [pid 3151034] [client 158.69.63.179:52648] script '/home/rajatbiotech.com/www/wp-login.php' not found or unable to stat
[Wed May 11 12:11:42.730714 2022] [php7:error] [pid 3151484] [client 175.45.125.65:56188] script '/home/rajatbiotech.com/www/wp-login.php' not found or unable to stat
[Wed May 11 12:11:52.347494 2022] [php7:error] [pid 3152003] [client 66.249.70.25:42474] script '/home/rajatbiotech.com/www/index.php' not found or unable to stat
[Wed May 11 12:21:16.996186 2022] [php7:error] [pid 3152438] [client 66.249.70.20:51860] script '/home/rajatbiotech.com/www/index.php' not found or unable to stat
[Wed May 11 12:23:51.093289 2022] [php7:error] [pid 3152619] [client 87.115.231.234:36413] script '/home/rajatbiotech.com/www/polynesian.php' not found or unable to stat, referer: https://www.rajatbiotech.com/polynesian.php
[Wed May 11 12:23:58.015571 2022] [php7:error] [pid 3152289] [client 89.44.201.105:14671] script '/home/rajatbiotech.com/www/polynesian.php' not found or unable to stat, referer: https://www.rajatbiotech.com/polynesian.php
[Wed May 11 12:23:58.027829 2022] [php7:error] [pid 3152479] [client 217.138.194.122:26063] script '/home/rajatbiotech.com/www/polynesian.php' not found or unable to stat, referer: https://www.rajatbiotech.com/polynesian.php
[Wed May 11 12:24:01.064266 2022] [php7:error] [pid 3152620] [client 66.115.182.135:10626] script '/home/rajatbiotech.com/www/polynesian.php' not found or unable to stat, referer: https://www.rajatbiotech.com/polynesian.php
[Wed May 11 12:24:02.331994 2022] [php7:error] [pid 3152617] [client 87.115.231.234:33476] script '/home/rajatbiotech.com/www/polynesian.php' not found or unable to stat, referer: https://www.rajatbiotech.com/polynesian.php
[Wed May 11 12:24:02.363643 2022] [php7:error] [pid 3152618] [client 217.138.194.122:17777] script '/home/rajatbiotech.com/www/polynesian.php' not found or unable to stat, referer: https://www.rajatbiotech.com/polynesian.php
[Wed May 11 12:24:02.364642 2022] [php7:error] [pid 3152619] [client 87.115.231.234:37383] script '/home/rajatbiotech.com/www/TyORpFDKAvinj.php' not found or unable to stat, referer: https://www.rajatbiotech.com/TyORpFDKAvinj.php
[Wed May 11 12:24:03.163872 2022] [php7:error] [pid 3152580] [client 87.115.231.234:39951] script '/home/rajatbiotech.com/www/seedy.php' not found or unable to stat, referer: https://www.rajatbiotech.com/seedy.php
[Wed May 11 12:24:03.177940 2022] [php7:error] [pid 3152471] [client 164.90.241.135:46807] script '/home/rajatbiotech.com/www/seedy.php' not found or unable to stat, referer: https://www.rajatbiotech.com/seedy.php
[Wed May 11 12:24:03.371506 2022] [php7:error] [pid 3152616] [client 185.108.105.166:55853] script '/home/rajatbiotech.com/www/seedy.php' not found or unable to stat, referer: https://www.rajatbiotech.com/seedy.php
[Wed May 11 12:24:05.485128 2022] [php7:error] [pid 3152619] [client 37.120.218.111:51869] script '/home/rajatbiotech.com/www/seedy.php' not found or unable to stat, referer: https://www.rajatbiotech.com/seedy.php
[Wed May 11 12:24:09.298416 2022] [php7:error] [pid 3152678] [client 198.54.128.227:29186] script '/home/rajatbiotech.com/www/seedy.php' not found or unable to stat, referer: https://www.rajatbiotech.com/seedy.php
[Wed May 11 12:24:13.005662 2022] [php7:error] [pid 3152692] [client 164.90.241.135:51286] script '/home/rajatbiotech.com/www/seedy.php' not found or unable to stat, referer: https://www.rajatbiotech.com/seedy.php
[Wed May 11 12:24:13.094512 2022] [php7:error] [pid 3152479] [client 87.115.231.234:54229] script '/home/rajatbiotech.com/www/loKQugcIvRlQRs.php' not found or unable to stat, referer: https://www.rajatbiotech.com/loKQugcIvRlQRs.php
[Wed May 11 12:24:13.096233 2022] [php7:error] [pid 3152616] [client 87.115.231.234:37732] script '/home/rajatbiotech.com/www/seedy.php' not found or unable to stat, referer: https://www.rajatbiotech.com/seedy.php
[Wed May 11 12:24:24.131753 2022] [php7:error] [pid 3152616] [client 87.115.231.234:48906] script '/home/rajatbiotech.com/www/asported.php' not found or unable to stat, referer: https://www.rajatbiotech.com/asported.php
[Wed May 11 12:24:24.190833 2022] [php7:error] [pid 3152697] [client 217.138.194.122:12470] script '/home/rajatbiotech.com/www/asported.php' not found or unable to stat, referer: https://www.rajatbiotech.com/asported.php
[Wed May 11 12:24:24.299086 2022] [php7:error] [pid 3152467] [client 51.75.141.254:51082] script '/home/rajatbiotech.com/www/asported.php' not found or unable to stat, referer: https://www.rajatbiotech.com/asported.php
[Wed May 11 12:24:24.652436 2022] [php7:error] [pid 3152580] [client 216.131.116.88:51609] script '/home/rajatbiotech.com/www/asported.php' not found or unable to stat, referer: https://www.rajatbiotech.com/asported.php
[Wed May 11 12:24:25.749963 2022] [php7:error] [pid 3152683] [client 87.115.231.234:39661] script '/home/rajatbiotech.com/www/protegee.php' not found or unable to stat, referer: https://www.rajatbiotech.com/protegee.php
[Wed May 11 12:24:26.181003 2022] [php7:error] [pid 3152679] [client 191.101.31.58:36509] script '/home/rajatbiotech.com/www/protegee.php' not found or unable to stat, referer: https://www.rajatbiotech.com/protegee.php
[Wed May 11 12:24:26.274844 2022] [php7:error] [pid 3152680] [client 20.79.223.156:42180] script '/home/rajatbiotech.com/www/protegee.php' not found or unable to stat, referer: https://www.rajatbiotech.com/protegee.php
[Wed May 11 12:24:27.116330 2022] [php7:error] [pid 3152616] [client 173.245.211.8:38241] script '/home/rajatbiotech.com/www/protegee.php' not found or unable to stat, referer: https://www.rajatbiotech.com/protegee.php
[Wed May 11 12:24:30.460223 2022] [php7:error] [pid 3152697] [client 46.166.143.104:20206] script '/home/rajatbiotech.com/www/asported.php' not found or unable to stat, referer: https://www.rajatbiotech.com/asported.php
[Wed May 11 12:24:30.552070 2022] [php7:error] [pid 3152618] [client 197.242.156.56:35475] script '/home/rajatbiotech.com/www/protegee.php' not found or unable to stat, referer: https://www.rajatbiotech.com/protegee.php
[Wed May 11 12:24:32.585798 2022] [php7:error] [pid 3152289] [client 87.115.231.234:58286] script '/home/rajatbiotech.com/www/asported.php' not found or unable to stat, referer: https://www.rajatbiotech.com/asported.php
[Wed May 11 12:24:32.587417 2022] [php7:error] [pid 3152580] [client 87.115.231.234:40411] script '/home/rajatbiotech.com/www/PueZojvpEY.php' not found or unable to stat, referer: https://www.rajatbiotech.com/PueZojvpEY.php
[Wed May 11 12:24:32.824349 2022] [php7:error] [pid 3152470] [client 87.115.231.234:43338] script '/home/rajatbiotech.com/www/protegee.php' not found or unable to stat, referer: https://www.rajatbiotech.com/protegee.php
[Wed May 11 12:24:33.262999 2022] [php7:error] [pid 3152683] [client 217.138.194.122:25250] script '/home/rajatbiotech.com/www/asported.php' not found or unable to stat, referer: https://www.rajatbiotech.com/asported.php
[Wed May 11 12:24:33.609479 2022] [php7:error] [pid 3152680] [client 197.242.156.56:50743] script '/home/rajatbiotech.com/www/AYjyTCOxf.php' not found or unable to stat, referer: https://www.rajatbiotech.com/AYjyTCOxf.php
[Wed May 11 12:24:33.646613 2022] [php7:error] [pid 3152679] [client 197.242.156.56:28417] script '/home/rajatbiotech.com/www/protegee.php' not found or unable to stat, referer: https://www.rajatbiotech.com/protegee.php
[Wed May 11 12:25:03.013902 2022] [php7:error] [pid 3152683] [client 167.172.64.96:40848] script '/home/rajatbiotech.com/www/wp-login.php' not found or unable to stat
[Wed May 11 12:35:11.867358 2022] [php7:error] [pid 3153015] [client 66.249.70.27:42714] script '/home/rajatbiotech.com/www/wp-signups.php' not found or unable to stat
[Wed May 11 12:38:19.999315 2022] [php7:error] [pid 3152886] [client 185.2.5.31:58485] script '/home/rajatbiotech.com/www/wp-login.php' not found or unable to stat
[Wed May 11 12:43:47.811707 2022] [php7:error] [pid 3153130] [client 66.249.70.25:34981] script '/home/rajatbiotech.com/www/index.php' not found or unable to stat
[Wed May 11 12:44:48.570680 2022] [php7:error] [pid 3153500] [client 66.249.70.23:61904] script '/home/rajatbiotech.com/www/license.php' not found or unable to stat
[Wed May 11 12:44:49.277407 2022] [php7:error] [pid 3153497] [client 66.249.70.25:35612] script '/home/rajatbiotech.com/www/wp-signups.php' not found or unable to stat
[Wed May 11 12:51:42.272145 2022] [php7:error] [pid 3153204] [client 20.64.155.18:56016] script '/home/rajatbiotech.com/www/wp-login.php' not found or unable to stat
[Wed May 11 13:01:20.388964 2022] [php7:error] [pid 3153862] [client 62.197.136.172:56313] script '/home/rajatbiotech.com/www/wp-load.php' not found or unable to stat, referer: www.bing.com
[Wed May 11 13:02:10.028247 2022] [php7:error] [pid 3153741] [client 62.197.136.172:59503] script '/home/rajatbiotech.com/www/style.php' not found or unable to stat, referer: www.bing.com
[Wed May 11 13:04:05.279686 2022] [php7:error] [pid 3154149] [client 62.197.136.172:49677] script '/home/rajatbiotech.com/www/s_e.php' not found or unable to stat, referer: www.bing.com
[Wed May 11 13:04:32.995009 2022] [php7:error] [pid 3154156] [client 62.197.136.172:52807] script '/home/rajatbiotech.com/www/s_ne.php' not found or unable to stat, referer: www.bing.com
[Wed May 11 13:04:58.607870 2022] [php7:error] [pid 3153897] [client 216.139.241.148:57784] script '/home/rajatbiotech.com/www/wp-login.php' not found or unable to stat
[Wed May 11 13:05:28.700500 2022] [php7:error] [pid 3154211] [client 62.197.136.172:55962] script '/home/rajatbiotech.com/www/1index.php' not found or unable to stat, referer: www.bing.com
[Wed May 11 13:06:01.286316 2022] [php7:error] [pid 3154024] [client 62.197.136.172:59193] script '/home/rajatbiotech.com/www/radio.php' not found or unable to stat, referer: www.bing.com
[Wed May 11 13:06:30.846449 2022] [php7:error] [pid 3154003] [client 62.197.136.172:62318] script '/home/rajatbiotech.com/www/doc.php' not found or unable to stat, referer: www.bing.com
[Wed May 11 13:07:23.479403 2022] [php7:error] [pid 3154244] [client 62.197.136.172:49224] script '/home/rajatbiotech.com/www/wp_wrong_datlib.php' not found or unable to stat, referer: www.bing.com
[Wed May 11 13:07:52.205352 2022] [php7:error] [pid 3154275] [client 62.197.136.172:52378] script '/home/rajatbiotech.com/www/beence.php' not found or unable to stat, referer: www.bing.com
[Wed May 11 13:08:33.486669 2022] [php7:error] [pid 3154024] [client 62.197.136.172:55513] script '/home/rajatbiotech.com/www/ups.php' not found or unable to stat, referer: www.bing.com
[Wed May 11 13:09:13.893902 2022] [php7:error] [pid 3154290] [client 62.197.136.172:58679] script '/home/rajatbiotech.com/www/wp-signin.php' not found or unable to stat, referer: www.bing.com
[Wed May 11 13:09:19.364546 2022] [php7:error] [pid 3154385] [client 66.249.75.246:57468] script '/home/rajatbiotech.com/www/index.php' not found or unable to stat
[Wed May 11 13:09:37.320177 2022] [php7:error] [pid 3154244] [client 62.197.136.172:61902] script '/home/rajatbiotech.com/www/media-admin.php' not found or unable to stat, referer: www.bing.com
[Wed May 11 13:10:00.909212 2022] [php7:error] [pid 3154290] [client 62.197.136.172:65172] script '/home/rajatbiotech.com/www/export.php' not found or unable to stat, referer: www.bing.com
[Wed May 11 13:12:50.674859 2022] [php7:error] [pid 3154211] [client 62.197.136.172:52417] script '/home/rajatbiotech.com/www/defau1t.php' not found or unable to stat, referer: www.bing.com
[Wed May 11 13:13:17.829909 2022] [php7:error] [pid 3154496] [client 62.197.136.172:55730] script '/home/rajatbiotech.com/www/moduless.php' not found or unable to stat, referer: www.bing.com
[Wed May 11 13:13:43.477864 2022] [php7:error] [pid 3154307] [client 62.197.136.172:59022] script '/home/rajatbiotech.com/www/wp-booking.php' not found or unable to stat, referer: www.bing.com
[Wed May 11 13:16:34.608771 2022] [php7:error] [pid 3154480] [client 62.197.136.172:55569] script '/home/rajatbiotech.com/www/config.bak.php' not found or unable to stat, referer: www.bing.com
[Wed May 11 13:17:30.487113 2022] [php7:error] [pid 3154536] [client 62.197.136.172:61821] script '/home/rajatbiotech.com/www/legion.php' not found or unable to stat, referer: www.bing.com
[Wed May 11 13:18:17.483890 2022] [php7:error] [pid 3154643] [client 143.244.177.220:56708] script '/home/rajatbiotech.com/www/wp-login.php' not found or unable to stat
[Wed May 11 13:18:39.229979 2022] [php7:error] [pid 3154558] [client 62.197.136.172:51917] script '/home/rajatbiotech.com/www/wp-plugins.php' not found or unable to stat, referer: www.bing.com
[Wed May 11 13:20:15.840392 2022] [php7:error] [pid 3154677] [client 62.197.136.172:61670] script '/home/rajatbiotech.com/www/archives.php' not found or unable to stat, referer: www.bing.com
[Wed May 11 13:21:00.625722 2022] [php7:error] [pid 3154531] [client 62.197.136.172:64885] script '/home/rajatbiotech.com/www/defau11.php' not found or unable to stat, referer: www.bing.com
[Wed May 11 13:22:15.630206 2022] [php7:error] [pid 3154482] [client 62.197.136.172:54953] script '/home/rajatbiotech.com/www/system_log.php' not found or unable to stat, referer: www.bing.com
[Wed May 11 13:22:34.691724 2022] [php7:error] [pid 3154482] [client 62.197.136.172:58173] script '/home/rajatbiotech.com/www/wp-backup-sql-302.php' not found or unable to stat, referer: www.bing.com
[Wed May 11 13:22:53.967937 2022] [php7:error] [pid 3154755] [client 62.197.136.172:61343] script '/home/rajatbiotech.com/www/error.php' not found or unable to stat, referer: www.bing.com
[Wed May 11 13:27:15.057630 2022] [php7:error] [pid 3154755] [client 66.249.75.248:57136] script '/home/rajatbiotech.com/www/log.php' not found or unable to stat
[Wed May 11 13:31:45.822149 2022] [php7:error] [pid 3154531] [client 143.244.143.195:14976] script '/home/rajatbiotech.com/www/wp-login.php' not found or unable to stat
[Wed May 11 13:33:47.377405 2022] [php7:error] [pid 3154832] [client 62.197.136.172:63070] script '/home/rajatbiotech.com/www/index.php' not found or unable to stat, referer: www.bing.com
[Wed May 11 13:33:47.438291 2022] [php7:error] [pid 3154832] [client 62.197.136.172:63070] script '/home/rajatbiotech.com/www/olux.php' not found or unable to stat, referer: www.bing.com
[Wed May 11 13:33:47.502727 2022] [php7:error] [pid 3154832] [client 62.197.136.172:63070] script '/home/rajatbiotech.com/www/xleet.php' not found or unable to stat, referer: www.bing.com
[Wed May 11 13:33:47.625833 2022] [php7:error] [pid 3154832] [client 62.197.136.172:63070] script '/home/rajatbiotech.com/www/wso.php' not found or unable to stat, referer: www.bing.com
[Wed May 11 13:33:48.192444 2022] [php7:error] [pid 3154832] [client 62.197.136.172:63070] script '/home/rajatbiotech.com/www/shell.php' not found or unable to stat, referer: www.bing.com
[Wed May 11 13:33:48.702956 2022] [php7:error] [pid 3154832] [client 62.197.136.172:63070] script '/home/rajatbiotech.com/www/up.php' not found or unable to stat, referer: www.bing.com
[Wed May 11 13:33:49.036793 2022] [php7:error] [pid 3154832] [client 62.197.136.172:63070] script '/home/rajatbiotech.com/www/upload.php' not found or unable to stat, referer: www.bing.com
[Wed May 11 13:33:50.254872 2022] [php7:error] [pid 3154832] [client 62.197.136.172:63070] script '/home/rajatbiotech.com/www/1.php' not found or unable to stat, referer: www.bing.com
[Wed May 11 13:33:50.347101 2022] [php7:error] [pid 3154832] [client 62.197.136.172:63070] script '/home/rajatbiotech.com/www/x.php' not found or unable to stat, referer: www.bing.com
[Wed May 11 13:33:50.482804 2022] [php7:error] [pid 3154832] [client 62.197.136.172:63070] script '/home/rajatbiotech.com/www/z.php' not found or unable to stat, referer: www.bing.com
[Wed May 11 13:33:50.695132 2022] [php7:error] [pid 3154832] [client 62.197.136.172:63070] script '/home/rajatbiotech.com/www/a.php' not found or unable to stat, referer: www.bing.com
[Wed May 11 13:33:50.754795 2022] [php7:error] [pid 3154832] [client 62.197.136.172:63070] script '/home/rajatbiotech.com/www/test.php' not found or unable to stat, referer: www.bing.com
[Wed May 11 13:33:50.848477 2022] [php7:error] [pid 3154832] [client 62.197.136.172:63070] script '/home/rajatbiotech.com/www/wp.php' not found or unable to stat, referer: www.bing.com
[Wed May 11 13:33:51.285528 2022] [php7:error] [pid 3154832] [client 62.197.136.172:63070] script '/home/rajatbiotech.com/www/alfa.php' not found or unable to stat, referer: www.bing.com
[Wed May 11 13:33:51.308824 2022] [php7:error] [pid 3154832] [client 62.197.136.172:63070] script '/home/rajatbiotech.com/www/config.php' not found or unable to stat, referer: www.bing.com
[Wed May 11 13:33:51.370464 2022] [php7:error] [pid 3154832] [client 62.197.136.172:63070] script '/home/rajatbiotech.com/www/about.php' not found or unable to stat, referer: www.bing.com
[Wed May 11 13:33:51.394741 2022] [php7:error] [pid 3154832] [client 62.197.136.172:63070] script '/home/rajatbiotech.com/www/shells.php' not found or unable to stat, referer: www.bing.com
[Wed May 11 13:45:09.822836 2022] [php7:error] [pid 3154677] [client 69.39.239.34:37152] script '/home/rajatbiotech.com/www/wp-login.php' not found or unable to stat
[Wed May 11 13:51:36.873354 2022] [php7:error] [pid 3155167] [client 66.249.75.250:55844] script '/home/rajatbiotech.com/www/log.php' not found or unable to stat
[Wed May 11 13:58:34.000857 2022] [php7:error] [pid 3154677] [client 157.245.48.104:19918] script '/home/rajatbiotech.com/www/wp-login.php' not found or unable to stat
[Wed May 11 13:59:18.400245 2022] [php7:error] [pid 3155169] [client 66.249.75.246:59733] script '/home/rajatbiotech.com/www/log.php' not found or unable to stat
[Wed May 11 14:17:27.001996 2022] [php7:error] [pid 3155922] [client 66.249.75.250:49225] script '/home/rajatbiotech.com/www/wp-signups.php' not found or unable to stat
[Wed May 11 14:25:27.494669 2022] [php7:error] [pid 3156159] [client 66.249.75.246:42243] script '/home/rajatbiotech.com/www/log.php' not found or unable to stat
[Wed May 11 14:25:42.791391 2022] [php7:error] [pid 3155923] [client 144.91.117.193:51280] script '/home/rajatbiotech.com/www/wp-login.php' not found or unable to stat
[Wed May 11 14:28:52.220975 2022] [php7:error] [pid 3155922] [client 66.249.75.246:51262] script '/home/rajatbiotech.com/www/1.php' not found or unable to stat
[Wed May 11 14:38:57.850221 2022] [php7:error] [pid 3155923] [client 66.249.75.248:58126] script '/home/rajatbiotech.com/www/license.php' not found or unable to stat
[Wed May 11 14:39:22.034825 2022] [php7:error] [pid 3155931] [client 69.163.163.214:34224] script '/home/rajatbiotech.com/www/wp-login.php' not found or unable to stat
[Wed May 11 14:44:00.629335 2022] [php7:error] [pid 3156931] [client 66.249.75.248:64933] script '/home/rajatbiotech.com/www/license.php' not found or unable to stat
[Wed May 11 14:50:55.327540 2022] [php7:error] [pid 3156882] [client 66.249.75.250:47128] script '/home/rajatbiotech.com/www/1.php' not found or unable to stat
[Wed May 11 14:51:31.851885 2022] [php7:error] [pid 3157506] [client 66.249.75.239:37047] script '/home/rajatbiotech.com/www/index.php' not found or unable to stat
[Wed May 11 14:51:32.873584 2022] [php7:error] [pid 3156633] [client 66.249.75.246:38579] script '/home/rajatbiotech.com/www/wp-signups.php' not found or unable to stat
[Wed May 11 14:52:55.271296 2022] [php7:error] [pid 3157510] [client 185.209.230.33:38372] script '/home/rajatbiotech.com/www/wp-login.php' not found or unable to stat
[Wed May 11 15:20:03.630936 2022] [php7:error] [pid 3158654] [client 104.168.36.11:57622] script '/home/rajatbiotech.com/www/wp-login.php' not found or unable to stat
[Wed May 11 15:26:37.572549 2022] [php7:error] [pid 3158654] [client 66.249.69.173:43234] script '/home/rajatbiotech.com/www/log.php' not found or unable to stat
[Wed May 11 15:28:33.773014 2022] [php7:error] [pid 3159023] [client 66.249.69.175:54516] script '/home/rajatbiotech.com/www/license.php' not found or unable to stat
[Wed May 11 15:29:42.807101 2022] [php7:error] [pid 3158959] [client 66.249.69.173:50810] script '/home/rajatbiotech.com/www/wp-signups.php' not found or unable to stat
[Wed May 11 15:32:23.883988 2022] [php7:error] [pid 3159096] [client 66.249.69.171:55012] script '/home/rajatbiotech.com/www/log.php' not found or unable to stat
[Wed May 11 15:33:41.449740 2022] [php7:error] [pid 3158655] [client 103.39.134.190:49648] script '/home/rajatbiotech.com/www/wp-login.php' not found or unable to stat
[Wed May 11 16:01:11.095863 2022] [php7:error] [pid 3159980] [client 66.249.69.173:58483] script '/home/rajatbiotech.com/www/index.php' not found or unable to stat
[Wed May 11 16:09:57.695679 2022] [php7:error] [pid 3160251] [client 66.249.75.246:46746] script '/home/rajatbiotech.com/www/1.php' not found or unable to stat
[Wed May 11 16:31:37.771226 2022] [php7:error] [pid 3160277] [client 66.249.75.250:57114] script '/home/rajatbiotech.com/www/1.php' not found or unable to stat
[Wed May 11 16:33:07.209425 2022] [php7:error] [pid 3160463] [client 66.249.75.246:53823] script '/home/rajatbiotech.com/www/1.php' not found or unable to stat
[Wed May 11 16:35:56.431584 2022] [php7:error] [pid 3161184] [client 66.249.75.246:39305] script '/home/rajatbiotech.com/www/license.php' not found or unable to stat
[Wed May 11 16:38:44.664121 2022] [php7:error] [pid 3161185] [client 66.249.75.248:37873] script '/home/rajatbiotech.com/www/log.php' not found or unable to stat
[Wed May 11 16:58:30.183415 2022] [php7:error] [pid 3161690] [client 66.249.75.241:54039] script '/home/rajatbiotech.com/www/index.php' not found or unable to stat
[Wed May 11 17:19:18.906116 2022] [php7:error] [pid 3162047] [client 78.135.80.223:20407] script '/home/rajatbiotech.com/www/wp-class.php' not found or unable to stat
[Wed May 11 17:37:14.508024 2022] [php7:error] [pid 3163185] [client 66.249.75.250:42420] script '/home/rajatbiotech.com/www/index.php' not found or unable to stat
[Wed May 11 17:42:10.679733 2022] [php7:error] [pid 3163268] [client 66.249.75.250:59139] script '/home/rajatbiotech.com/www/wp-signups.php' not found or unable to stat
[Wed May 11 18:01:57.675186 2022] [php7:error] [pid 3163924] [client 66.249.75.243:62348] script '/home/rajatbiotech.com/www/index.php' not found or unable to stat
[Wed May 11 18:35:52.163314 2022] [php7:error] [pid 3164003] [client 66.249.75.246:37388] script '/home/rajatbiotech.com/www/log.php' not found or unable to stat
[Wed May 11 18:53:24.566277 2022] [php7:error] [pid 3165963] [client 66.249.75.250:61709] script '/home/rajatbiotech.com/www/index.php' not found or unable to stat
[Wed May 11 18:56:16.944605 2022] [php7:error] [pid 3165867] [client 66.249.75.241:37305] script '/home/rajatbiotech.com/www/index.php' not found or unable to stat
[Wed May 11 19:53:53.650478 2022] [php7:error] [pid 3165962] [client 66.249.75.248:48511] script '/home/rajatbiotech.com/www/license.php' not found or unable to stat
[Wed May 11 20:16:54.794464 2022] [php7:error] [pid 3168356] [client 66.249.75.248:59927] script '/home/rajatbiotech.com/www/wp-signups.php' not found or unable to stat
