122.180.31.120 - - [08/Apr/2022:10:29:12 +0200] "GET /images/gall7.jpg HTTP/1.1" 200 115842 "https://tentdecoratorsinchandigarh.com/" "Mozilla/5.0 (Windows NT 10.0; Win64; x64) AppleWebKit/537.36 (KHTML, like Gecko) Chrome/100.0.4896.75 Safari/537.36"
122.180.31.120 - - [08/Apr/2022:10:29:12 +0200] "GET /images/cont.jpg HTTP/1.1" 200 162520 "https://tentdecoratorsinchandigarh.com/css/style.css" "Mozilla/5.0 (Windows NT 10.0; Win64; x64) AppleWebKit/537.36 (KHTML, like Gecko) Chrome/100.0.4896.75 Safari/537.36"
122.180.31.120 - - [08/Apr/2022:10:29:13 +0200] "GET /favicon.ico HTTP/1.1" 404 531 "https://tentdecoratorsinchandigarh.com/" "Mozilla/5.0 (Windows NT 10.0; Win64; x64) AppleWebKit/537.36 (KHTML, like Gecko) Chrome/100.0.4896.75 Safari/537.36"
66.94.119.49 - - [08/Apr/2022:10:38:10 +0200] "GET / HTTP/1.1" 301 619 "-" "Mozilla/5.0 (Windows; U; Windows NT 6.1; en-US; rv:1.9.1.5) Gecko/20091102 Firefox/3.5.5 (.NET CLR 3.5.30729)"
66.94.119.49 - - [08/Apr/2022:10:38:10 +0200] "GET /license.txt HTTP/1.1" 301 641 "-" "Mozilla/5.0 (Windows; U; Windows NT 6.1; en-US; rv:1.9.1.5) Gecko/20091102 Firefox/3.5.5 (.NET CLR 3.5.30729)"
66.94.119.49 - - [08/Apr/2022:10:38:10 +0200] "GET /xmlrpc.php?rsd HTTP/1.1" 301 647 "-" "Mozilla/5.0 (Windows; U; Windows NT 6.1; en-US; rv:1.9.1.5) Gecko/20091102 Firefox/3.5.5 (.NET CLR 3.5.30729)"
66.94.119.49 - - [08/Apr/2022:10:38:11 +0200] "GET /?rest_route=/wp/v2/users HTTP/1.1" 301 667 "-" "Mozilla/5.0 (Windows; U; Windows NT 6.1; en-US; rv:1.9.1.5) Gecko/20091102 Firefox/3.5.5 (.NET CLR 3.5.30729)"
66.94.119.49 - - [08/Apr/2022:10:38:11 +0200] "GET /?rest_route=/wp/v2/users HTTP/1.1" 301 667 "-" "Mozilla/5.0 (Windows; U; Windows NT 6.1; en-US; rv:1.9.1.5) Gecko/20091102 Firefox/3.5.5 (.NET CLR 3.5.30729)"
66.94.119.49 - - [08/Apr/2022:10:38:11 +0200] "GET /wp-login.php?wp_lang=en_US&action=lostpassword HTTP/1.1" 301 715 "-" "Mozilla/5.0 (Windows; U; Windows NT 6.1; en-US; rv:1.9.1.5) Gecko/20091102 Firefox/3.5.5 (.NET CLR 3.5.30729)"
66.94.119.49 - - [08/Apr/2022:10:38:12 +0200] "GET /README.txt HTTP/1.1" 301 639 "-" "Mozilla/5.0 (Windows; U; Windows NT 6.1; en-US; rv:1.9.1.5) Gecko/20091102 Firefox/3.5.5 (.NET CLR 3.5.30729)"
66.94.119.49 - - [08/Apr/2022:10:38:12 +0200] "GET /robots.txt HTTP/1.1" 301 639 "-" "Mozilla/5.0 (Windows; U; Windows NT 6.1; en-US; rv:1.9.1.5) Gecko/20091102 Firefox/3.5.5 (.NET CLR 3.5.30729)"
66.94.119.49 - - [08/Apr/2022:10:38:12 +0200] "GET / HTTP/1.1" 301 619 "-" "Mozilla/5.0 (Windows; U; Windows NT 6.1; en-US; rv:1.9.1.5) Gecko/20091102 Firefox/3.5.5 (.NET CLR 3.5.30729)"
66.94.119.49 - - [08/Apr/2022:10:38:12 +0200] "GET /CHANGELOG.txt HTTP/1.1" 301 645 "-" "Mozilla/5.0 (Windows; U; Windows NT 6.1; en-US; rv:1.9.1.5) Gecko/20091102 Firefox/3.5.5 (.NET CLR 3.5.30729)"
66.94.119.49 - - [08/Apr/2022:10:38:13 +0200] "GET / HTTP/1.1" 301 619 "-" "Mozilla/5.0 (Windows; U; Windows NT 6.1; en-US; rv:1.9.1.5) Gecko/20091102 Firefox/3.5.5 (.NET CLR 3.5.30729)"
66.94.119.49 - - [08/Apr/2022:10:38:13 +0200] "GET / HTTP/1.1" 301 619 "-" "Mozilla/5.0 (Windows; U; Windows NT 6.1; en-US; rv:1.9.1.5) Gecko/20091102 Firefox/3.5.5 (.NET CLR 3.5.30729)"
66.94.119.49 - - [08/Apr/2022:10:38:13 +0200] "GET /user/login HTTP/1.1" 301 639 "-" "Mozilla/5.0 (Windows; U; Windows NT 6.1; en-US; rv:1.9.1.5) Gecko/20091102 Firefox/3.5.5 (.NET CLR 3.5.30729)"
66.94.119.49 - - [08/Apr/2022:10:38:14 +0200] "GET / HTTP/1.1" 301 619 "-" "Mozilla/5.0 (Windows; U; Windows NT 6.1; en-US; rv:1.9.1.5) Gecko/20091102 Firefox/3.5.5 (.NET CLR 3.5.30729)"
66.94.119.49 - - [08/Apr/2022:10:38:14 +0200] "GET /forums/archive/index.php HTTP/1.1" 301 667 "-" "Mozilla/5.0 (Windows; U; Windows NT 6.1; en-US; rv:1.9.1.5) Gecko/20091102 Firefox/3.5.5 (.NET CLR 3.5.30729)"
66.94.119.49 - - [08/Apr/2022:10:38:14 +0200] "GET /ext/modules/ HTTP/1.1" 301 643 "-" "Mozilla/5.0 (Windows; U; Windows NT 6.1; en-US; rv:1.9.1.5) Gecko/20091102 Firefox/3.5.5 (.NET CLR 3.5.30729)"
66.94.119.49 - - [08/Apr/2022:10:38:14 +0200] "GET /phpunit.xml HTTP/1.1" 301 641 "-" "Mozilla/5.0 (Windows; U; Windows NT 6.1; en-US; rv:1.9.1.5) Gecko/20091102 Firefox/3.5.5 (.NET CLR 3.5.30729)"
66.94.119.49 - - [08/Apr/2022:10:38:15 +0200] "GET /readme.md HTTP/1.1" 301 637 "-" "Mozilla/5.0 (Windows; U; Windows NT 6.1; en-US; rv:1.9.1.5) Gecko/20091102 Firefox/3.5.5 (.NET CLR 3.5.30729)"
124.253.222.217 - - [08/Apr/2022:10:48:52 +0200] "GET / HTTP/1.1" 200 9230 "-" "Mozilla/5.0 (Windows NT 6.1; Win64; x64) AppleWebKit/537.36 (KHTML, like Gecko) Chrome/100.0.4896.75 Safari/537.36"
51.222.253.5 - - [08/Apr/2022:11:02:49 +0200] "GET /robots.txt HTTP/1.1" 301 583 "-" "Mozilla/5.0 (compatible; AhrefsBot/7.0; +http://ahrefs.com/robot/)"
51.222.253.5 - - [08/Apr/2022:11:02:49 +0200] "GET /robots.txt HTTP/1.1" 200 5053 "-" "Mozilla/5.0 (compatible; AhrefsBot/7.0; +http://ahrefs.com/robot/)"
185.191.34.215 - - [08/Apr/2022:11:21:14 +0200] "GET /simple.php HTTP/1.1" 301 639 "-" "Mozilla/5.0 (Windows NT 10.0; Win64; x64; rv:66.0) Gecko/20100101 Firefox/66.0"
185.191.34.215 - - [08/Apr/2022:11:21:14 +0200] "GET /simple.php HTTP/1.1" 404 5312 "-" "Mozilla/5.0 (Windows NT 10.0; Win64; x64; rv:66.0) Gecko/20100101 Firefox/66.0"
131.220.6.152 - - [08/Apr/2022:11:59:45 +0200] "GET / HTTP/1.1" 200 9175 "-" "Mozilla/5.0 (X11; Linux x86_64) AppleWebKit/537.36 (KHTML, like Gecko) Chrome/79.0.3945.79 Safari/537.36"
34.78.63.202 - - [08/Apr/2022:12:47:53 +0200] "HEAD / HTTP/1.1" 301 255 "-" "Apache-HttpClient/4.5.5 (Java/11.0.9)"
122.180.31.120 - - [08/Apr/2022:13:47:40 +0200] "GET / HTTP/1.1" 301 619 "-" "Mozilla/5.0 (Windows NT 10.0; Win64; x64) AppleWebKit/537.36 (KHTML, like Gecko) Chrome/100.0.4896.75 Safari/537.36"
122.180.31.120 - - [08/Apr/2022:13:47:41 +0200] "GET / HTTP/1.1" 200 9230 "-" "Mozilla/5.0 (Windows NT 10.0; Win64; x64) AppleWebKit/537.36 (KHTML, like Gecko) Chrome/100.0.4896.75 Safari/537.36"
122.180.31.120 - - [08/Apr/2022:13:47:41 +0200] "GET /css/animations.css HTTP/1.1" 200 3605 "https://tentdecoratorsinchandigarh.com/" "Mozilla/5.0 (Windows NT 10.0; Win64; x64) AppleWebKit/537.36 (KHTML, like Gecko) Chrome/100.0.4896.75 Safari/537.36"
122.180.31.120 - - [08/Apr/2022:13:47:41 +0200] "GET /nivo-slider.css HTTP/1.1" 200 1122 "https://tentdecoratorsinchandigarh.com/" "Mozilla/5.0 (Windows NT 10.0; Win64; x64) AppleWebKit/537.36 (KHTML, like Gecko) Chrome/100.0.4896.75 Safari/537.36"
122.180.31.120 - - [08/Apr/2022:13:47:41 +0200] "GET /css/nivo.css HTTP/1.1" 200 1570 "https://tentdecoratorsinchandigarh.com/" "Mozilla/5.0 (Windows NT 10.0; Win64; x64) AppleWebKit/537.36 (KHTML, like Gecko) Chrome/100.0.4896.75 Safari/537.36"
122.180.31.120 - - [08/Apr/2022:13:47:41 +0200] "GET /themes/default/default.css HTTP/1.1" 200 1368 "https://tentdecoratorsinchandigarh.com/" "Mozilla/5.0 (Windows NT 10.0; Win64; x64) AppleWebKit/537.36 (KHTML, like Gecko) Chrome/100.0.4896.75 Safari/537.36"
122.180.31.120 - - [08/Apr/2022:13:47:41 +0200] "GET /font-awesome/css/font-awesome.css HTTP/1.1" 200 12563 "https://tentdecoratorsinchandigarh.com/" "Mozilla/5.0 (Windows NT 10.0; Win64; x64) AppleWebKit/537.36 (KHTML, like Gecko) Chrome/100.0.4896.75 Safari/537.36"
122.180.31.120 - - [08/Apr/2022:13:47:41 +0200] "GET /css/style.css HTTP/1.1" 200 8309 "https://tentdecoratorsinchandigarh.com/" "Mozilla/5.0 (Windows NT 10.0; Win64; x64) AppleWebKit/537.36 (KHTML, like Gecko) Chrome/100.0.4896.75 Safari/537.36"
122.180.31.120 - - [08/Apr/2022:13:47:41 +0200] "GET /css/bootstrap.min.css HTTP/1.1" 200 20193 "https://tentdecoratorsinchandigarh.com/" "Mozilla/5.0 (Windows NT 10.0; Win64; x64) AppleWebKit/537.36 (KHTML, like Gecko) Chrome/100.0.4896.75 Safari/537.36"
122.180.31.120 - - [08/Apr/2022:13:47:42 +0200] "GET /jquery.nivo.slider.js HTTP/1.1" 200 5236 "https://tentdecoratorsinchandigarh.com/" "Mozilla/5.0 (Windows NT 10.0; Win64; x64) AppleWebKit/537.36 (KHTML, like Gecko) Chrome/100.0.4896.75 Safari/537.36"
122.180.31.120 - - [08/Apr/2022:13:47:42 +0200] "GET /js/animate.js HTTP/1.1" 200 4965 "https://tentdecoratorsinchandigarh.com/" "Mozilla/5.0 (Windows NT 10.0; Win64; x64) AppleWebKit/537.36 (KHTML, like Gecko) Chrome/100.0.4896.75 Safari/537.36"
122.180.31.120 - - [08/Apr/2022:13:47:42 +0200] "GET /images/logo.png HTTP/1.1" 200 40808 "https://tentdecoratorsinchandigarh.com/" "Mozilla/5.0 (Windows NT 10.0; Win64; x64) AppleWebKit/537.36 (KHTML, like Gecko) Chrome/100.0.4896.75 Safari/537.36"
122.180.31.120 - - [08/Apr/2022:13:47:42 +0200] "GET /js/bootstrap.min.js HTTP/1.1" 200 10272 "https://tentdecoratorsinchandigarh.com/" "Mozilla/5.0 (Windows NT 10.0; Win64; x64) AppleWebKit/537.36 (KHTML, like Gecko) Chrome/100.0.4896.75 Safari/537.36"
122.180.31.120 - - [08/Apr/2022:13:47:42 +0200] "GET /images/border.png HTTP/1.1" 200 1985 "https://tentdecoratorsinchandigarh.com/" "Mozilla/5.0 (Windows NT 10.0; Win64; x64) AppleWebKit/537.36 (KHTML, like Gecko) Chrome/100.0.4896.75 Safari/537.36"
122.180.31.120 - - [08/Apr/2022:13:47:42 +0200] "GET /font-awesome/fonts/fontawesome-webfont.woff2?v=4.7.0 HTTP/1.1" 200 77669 "https://tentdecoratorsinchandigarh.com/font-awesome/css/font-awesome.css" "Mozilla/5.0 (Windows NT 10.0; Win64; x64) AppleWebKit/537.36 (KHTML, like Gecko) Chrome/100.0.4896.75 Safari/537.36"
122.180.31.120 - - [08/Apr/2022:13:47:43 +0200] "GET /themes/default/loading.gif HTTP/1.1" 200 2044 "https://tentdecoratorsinchandigarh.com/themes/default/default.css" "Mozilla/5.0 (Windows NT 10.0; Win64; x64) AppleWebKit/537.36 (KHTML, like Gecko) Chrome/100.0.4896.75 Safari/537.36"
122.180.31.120 - - [08/Apr/2022:13:47:42 +0200] "GET /images/images/slide1.jpg HTTP/1.1" 200 305852 "https://tentdecoratorsinchandigarh.com/" "Mozilla/5.0 (Windows NT 10.0; Win64; x64) AppleWebKit/537.36 (KHTML, like Gecko) Chrome/100.0.4896.75 Safari/537.36"
122.180.31.120 - - [08/Apr/2022:13:47:43 +0200] "GET /images/catring-service-home-page.jpg HTTP/1.1" 200 198847 "https://tentdecoratorsinchandigarh.com/" "Mozilla/5.0 (Windows NT 10.0; Win64; x64) AppleWebKit/537.36 (KHTML, like Gecko) Chrome/100.0.4896.75 Safari/537.36"
122.180.31.120 - - [08/Apr/2022:13:47:43 +0200] "GET /images/flower-service-home-page.jpg HTTP/1.1" 200 260758 "https://tentdecoratorsinchandigarh.com/" "Mozilla/5.0 (Windows NT 10.0; Win64; x64) AppleWebKit/537.36 (KHTML, like Gecko) Chrome/100.0.4896.75 Safari/537.36"
122.180.31.120 - - [08/Apr/2022:13:47:42 +0200] "GET /images/tent-service-home-page.jpg HTTP/1.1" 200 291791 "https://tentdecoratorsinchandigarh.com/" "Mozilla/5.0 (Windows NT 10.0; Win64; x64) AppleWebKit/537.36 (KHTML, like Gecko) Chrome/100.0.4896.75 Safari/537.36"
122.180.31.120 - - [08/Apr/2022:13:47:42 +0200] "GET /images/images/slide2.jpg HTTP/1.1" 200 507932 "https://tentdecoratorsinchandigarh.com/" "Mozilla/5.0 (Windows NT 10.0; Win64; x64) AppleWebKit/537.36 (KHTML, like Gecko) Chrome/100.0.4896.75 Safari/537.36"
122.180.31.120 - - [08/Apr/2022:13:47:44 +0200] "GET /images/gall2.jpg HTTP/1.1" 200 88755 "https://tentdecoratorsinchandigarh.com/" "Mozilla/5.0 (Windows NT 10.0; Win64; x64) AppleWebKit/537.36 (KHTML, like Gecko) Chrome/100.0.4896.75 Safari/537.36"
122.180.31.120 - - [08/Apr/2022:13:47:44 +0200] "GET /images/gall1.jpg HTTP/1.1" 200 90949 "https://tentdecoratorsinchandigarh.com/" "Mozilla/5.0 (Windows NT 10.0; Win64; x64) AppleWebKit/537.36 (KHTML, like Gecko) Chrome/100.0.4896.75 Safari/537.36"
122.180.31.120 - - [08/Apr/2022:13:47:44 +0200] "GET /images/gall3.jpg HTTP/1.1" 200 111268 "https://tentdecoratorsinchandigarh.com/" "Mozilla/5.0 (Windows NT 10.0; Win64; x64) AppleWebKit/537.36 (KHTML, like Gecko) Chrome/100.0.4896.75 Safari/537.36"
122.180.31.120 - - [08/Apr/2022:13:47:43 +0200] "GET /images/wedding-planer-home-page.jpg HTTP/1.1" 200 285105 "https://tentdecoratorsinchandigarh.com/" "Mozilla/5.0 (Windows NT 10.0; Win64; x64) AppleWebKit/537.36 (KHTML, like Gecko) Chrome/100.0.4896.75 Safari/537.36"
122.180.31.120 - - [08/Apr/2022:13:47:44 +0200] "GET /images/gall4.jpg HTTP/1.1" 200 92087 "https://tentdecoratorsinchandigarh.com/" "Mozilla/5.0 (Windows NT 10.0; Win64; x64) AppleWebKit/537.36 (KHTML, like Gecko) Chrome/100.0.4896.75 Safari/537.36"
122.180.31.120 - - [08/Apr/2022:13:47:44 +0200] "GET /images/lighting-decoration-home-page.jpg HTTP/1.1" 200 363718 "https://tentdecoratorsinchandigarh.com/" "Mozilla/5.0 (Windows NT 10.0; Win64; x64) AppleWebKit/537.36 (KHTML, like Gecko) Chrome/100.0.4896.75 Safari/537.36"
122.180.31.120 - - [08/Apr/2022:13:47:43 +0200] "GET /images/corporate-service-home-page.jpg HTTP/1.1" 200 373330 "https://tentdecoratorsinchandigarh.com/" "Mozilla/5.0 (Windows NT 10.0; Win64; x64) AppleWebKit/537.36 (KHTML, like Gecko) Chrome/100.0.4896.75 Safari/537.36"
122.180.31.120 - - [08/Apr/2022:13:47:45 +0200] "GET /images/gall5.jpg HTTP/1.1" 200 117896 "https://tentdecoratorsinchandigarh.com/" "Mozilla/5.0 (Windows NT 10.0; Win64; x64) AppleWebKit/537.36 (KHTML, like Gecko) Chrome/100.0.4896.75 Safari/537.36"
122.180.31.120 - - [08/Apr/2022:13:47:45 +0200] "GET /images/gall6.jpg HTTP/1.1" 200 129303 "https://tentdecoratorsinchandigarh.com/" "Mozilla/5.0 (Windows NT 10.0; Win64; x64) AppleWebKit/537.36 (KHTML, like Gecko) Chrome/100.0.4896.75 Safari/537.36"
122.180.31.120 - - [08/Apr/2022:13:47:42 +0200] "GET /images/new-slide.jpg HTTP/1.1" 200 743886 "https://tentdecoratorsinchandigarh.com/" "Mozilla/5.0 (Windows NT 10.0; Win64; x64) AppleWebKit/537.36 (KHTML, like Gecko) Chrome/100.0.4896.75 Safari/537.36"
122.180.31.120 - - [08/Apr/2022:13:47:45 +0200] "GET /images/gall8.jpg HTTP/1.1" 200 123622 "https://tentdecoratorsinchandigarh.com/" "Mozilla/5.0 (Windows NT 10.0; Win64; x64) AppleWebKit/537.36 (KHTML, like Gecko) Chrome/100.0.4896.75 Safari/537.36"
122.180.31.120 - - [08/Apr/2022:13:47:45 +0200] "GET /images/gall7.jpg HTTP/1.1" 200 115842 "https://tentdecoratorsinchandigarh.com/" "Mozilla/5.0 (Windows NT 10.0; Win64; x64) AppleWebKit/537.36 (KHTML, like Gecko) Chrome/100.0.4896.75 Safari/537.36"
122.180.31.120 - - [08/Apr/2022:13:47:45 +0200] "GET /images/cont.jpg HTTP/1.1" 200 162520 "https://tentdecoratorsinchandigarh.com/css/style.css" "Mozilla/5.0 (Windows NT 10.0; Win64; x64) AppleWebKit/537.36 (KHTML, like Gecko) Chrome/100.0.4896.75 Safari/537.36"
69.171.249.10 - - [08/Apr/2022:13:48:04 +0200] "GET / HTTP/1.1" 301 582 "-" "facebookexternalhit/1.1 (+http://www.facebook.com/externalhit_uatext.php)"
69.171.249.10 - - [08/Apr/2022:13:48:04 +0200] "GET / HTTP/1.1" 206 9237 "-" "facebookexternalhit/1.1 (+http://www.facebook.com/externalhit_uatext.php)"
69.171.249.20 - - [08/Apr/2022:13:48:05 +0200] "GET / HTTP/1.1" 301 582 "-" "facebookexternalhit/1.1 (+http://www.facebook.com/externalhit_uatext.php)"
69.171.249.20 - - [08/Apr/2022:13:48:05 +0200] "GET / HTTP/1.1" 206 9237 "-" "facebookexternalhit/1.1 (+http://www.facebook.com/externalhit_uatext.php)"
69.171.249.17 - - [08/Apr/2022:13:48:05 +0200] "GET /images/gall2.jpg HTTP/1.1" 200 93480 "-" "facebookexternalhit/1.1 (+http://www.facebook.com/externalhit_uatext.php)"
69.171.249.17 - - [08/Apr/2022:13:48:05 +0200] "GET /images/gall6.jpg HTTP/1.1" 200 134028 "-" "facebookexternalhit/1.1 (+http://www.facebook.com/externalhit_uatext.php)"
69.171.249.11 - - [08/Apr/2022:13:48:06 +0200] "GET /images/logo.png HTTP/1.1" 200 45533 "-" "facebookexternalhit/1.1 (+http://www.facebook.com/externalhit_uatext.php)"
69.171.249.24 - - [08/Apr/2022:13:48:05 +0200] "GET /images/catring-service-home-page.jpg HTTP/1.1" 200 203572 "-" "facebookexternalhit/1.1 (+http://www.facebook.com/externalhit_uatext.php)"
69.171.249.17 - - [08/Apr/2022:13:48:06 +0200] "GET /images/gall3.jpg HTTP/1.1" 200 115993 "-" "facebookexternalhit/1.1 (+http://www.facebook.com/externalhit_uatext.php)"
69.171.249.7 - - [08/Apr/2022:13:48:06 +0200] "GET /images/gall8.jpg HTTP/1.1" 200 128347 "-" "facebookexternalhit/1.1 (+http://www.facebook.com/externalhit_uatext.php)"
69.171.249.7 - - [08/Apr/2022:13:48:05 +0200] "GET /images/lighting-decoration-home-page.jpg HTTP/1.1" 200 368443 "-" "facebookexternalhit/1.1 (+http://www.facebook.com/externalhit_uatext.php)"
69.171.249.120 - - [08/Apr/2022:13:48:06 +0200] "GET /images/wedding-planer-home-page.jpg HTTP/1.1" 200 289830 "-" "facebookexternalhit/1.1 (+http://www.facebook.com/externalhit_uatext.php)"
69.171.249.118 - - [08/Apr/2022:13:48:06 +0200] "GET / HTTP/1.1" 301 582 "-" "facebookexternalhit/1.1 (+http://www.facebook.com/externalhit_uatext.php)"
69.171.249.5 - - [08/Apr/2022:13:48:06 +0200] "GET /images/corporate-service-home-page.jpg HTTP/1.1" 200 378055 "-" "facebookexternalhit/1.1 (+http://www.facebook.com/externalhit_uatext.php)"
69.171.249.7 - - [08/Apr/2022:13:48:06 +0200] "GET /images/border.png HTTP/1.1" 200 6710 "-" "facebookexternalhit/1.1 (+http://www.facebook.com/externalhit_uatext.php)"
69.171.249.8 - - [08/Apr/2022:13:48:06 +0200] "GET /images/gall4.jpg HTTP/1.1" 200 96812 "-" "facebookexternalhit/1.1 (+http://www.facebook.com/externalhit_uatext.php)"
69.171.249.24 - - [08/Apr/2022:13:48:06 +0200] "GET /images/gall7.jpg HTTP/1.1" 200 120567 "-" "facebookexternalhit/1.1 (+http://www.facebook.com/externalhit_uatext.php)"
69.171.249.5 - - [08/Apr/2022:13:48:06 +0200] "GET /images/images/slide2.jpg HTTP/1.1" 200 512657 "-" "facebookexternalhit/1.1 (+http://www.facebook.com/externalhit_uatext.php)"
69.171.249.117 - - [08/Apr/2022:13:48:06 +0200] "GET /images/flower-service-home-page.jpg HTTP/1.1" 200 265483 "-" "facebookexternalhit/1.1 (+http://www.facebook.com/externalhit_uatext.php)"
69.171.249.10 - - [08/Apr/2022:13:48:06 +0200] "GET /images/tent-service-home-page.jpg HTTP/1.1" 200 296516 "-" "facebookexternalhit/1.1 (+http://www.facebook.com/externalhit_uatext.php)"
69.171.249.5 - - [08/Apr/2022:13:48:06 +0200] "GET /images/new-slide.jpg HTTP/1.1" 200 743846 "-" "facebookexternalhit/1.1 (+http://www.facebook.com/externalhit_uatext.php)"
69.171.249.24 - - [08/Apr/2022:13:48:06 +0200] "GET /images/gall1.jpg HTTP/1.1" 200 95674 "-" "facebookexternalhit/1.1 (+http://www.facebook.com/externalhit_uatext.php)"
69.171.249.120 - - [08/Apr/2022:13:48:06 +0200] "GET /images/gall5.jpg HTTP/1.1" 200 122621 "-" "facebookexternalhit/1.1 (+http://www.facebook.com/externalhit_uatext.php)"
69.171.249.118 - - [08/Apr/2022:13:48:07 +0200] "GET / HTTP/1.1" 206 9237 "-" "facebookexternalhit/1.1 (+http://www.facebook.com/externalhit_uatext.php)"
69.171.249.118 - - [08/Apr/2022:13:48:07 +0200] "GET /images/border.png HTTP/1.1" 200 6710 "-" "facebookexternalhit/1.1 (+http://www.facebook.com/externalhit_uatext.php)"
69.171.249.119 - - [08/Apr/2022:13:48:07 +0200] "GET /images/gall2.jpg HTTP/1.1" 200 93480 "-" "facebookexternalhit/1.1 (+http://www.facebook.com/externalhit_uatext.php)"
69.171.249.12 - - [08/Apr/2022:13:48:07 +0200] "GET /images/logo.png HTTP/1.1" 200 45533 "-" "facebookexternalhit/1.1 (+http://www.facebook.com/externalhit_uatext.php)"
69.171.249.9 - - [08/Apr/2022:13:48:07 +0200] "GET /images/gall8.jpg HTTP/1.1" 200 128347 "-" "facebookexternalhit/1.1 (+http://www.facebook.com/externalhit_uatext.php)"
69.171.249.20 - - [08/Apr/2022:13:48:07 +0200] "GET /images/wedding-planer-home-page.jpg HTTP/1.1" 200 289830 "-" "facebookexternalhit/1.1 (+http://www.facebook.com/externalhit_uatext.php)"
69.171.249.9 - - [08/Apr/2022:13:48:07 +0200] "GET /images/catring-service-home-page.jpg HTTP/1.1" 200 203572 "-" "facebookexternalhit/1.1 (+http://www.facebook.com/externalhit_uatext.php)"
69.171.249.120 - - [08/Apr/2022:13:48:07 +0200] "GET /images/tent-service-home-page.jpg HTTP/1.1" 200 296516 "-" "facebookexternalhit/1.1 (+http://www.facebook.com/externalhit_uatext.php)"
69.171.249.119 - - [08/Apr/2022:13:48:07 +0200] "GET /images/flower-service-home-page.jpg HTTP/1.1" 200 265483 "-" "facebookexternalhit/1.1 (+http://www.facebook.com/externalhit_uatext.php)"
69.171.249.11 - - [08/Apr/2022:13:48:07 +0200] "GET /images/images/slide1.jpg HTTP/1.1" 200 310577 "-" "facebookexternalhit/1.1 (+http://www.facebook.com/externalhit_uatext.php)"
69.171.249.118 - - [08/Apr/2022:13:48:07 +0200] "GET /images/images/slide2.jpg HTTP/1.1" 200 512657 "-" "facebookexternalhit/1.1 (+http://www.facebook.com/externalhit_uatext.php)"
69.171.249.118 - - [08/Apr/2022:13:48:07 +0200] "GET /images/new-slide.jpg HTTP/1.1" 200 743846 "-" "facebookexternalhit/1.1 (+http://www.facebook.com/externalhit_uatext.php)"
69.171.249.118 - - [08/Apr/2022:13:48:07 +0200] "GET /images/gall7.jpg HTTP/1.1" 200 120567 "-" "facebookexternalhit/1.1 (+http://www.facebook.com/externalhit_uatext.php)"
69.171.249.120 - - [08/Apr/2022:13:48:08 +0200] "GET /images/gall5.jpg HTTP/1.1" 200 122621 "-" "facebookexternalhit/1.1 (+http://www.facebook.com/externalhit_uatext.php)"
69.171.249.119 - - [08/Apr/2022:13:48:08 +0200] "GET /images/gall6.jpg HTTP/1.1" 200 134028 "-" "facebookexternalhit/1.1 (+http://www.facebook.com/externalhit_uatext.php)"
69.171.249.13 - - [08/Apr/2022:13:48:07 +0200] "GET /images/corporate-service-home-page.jpg HTTP/1.1" 200 378055 "-" "facebookexternalhit/1.1 (+http://www.facebook.com/externalhit_uatext.php)"
69.171.249.13 - - [08/Apr/2022:13:48:08 +0200] "GET /images/gall1.jpg HTTP/1.1" 200 95674 "-" "facebookexternalhit/1.1 (+http://www.facebook.com/externalhit_uatext.php)"
69.171.249.3 - - [08/Apr/2022:13:48:08 +0200] "GET /images/gall4.jpg HTTP/1.1" 200 96812 "-" "facebookexternalhit/1.1 (+http://www.facebook.com/externalhit_uatext.php)"
69.171.249.120 - - [08/Apr/2022:13:48:08 +0200] "GET /images/gall3.jpg HTTP/1.1" 200 115993 "-" "facebookexternalhit/1.1 (+http://www.facebook.com/externalhit_uatext.php)"
69.171.249.118 - - [08/Apr/2022:13:48:08 +0200] "GET /images/lighting-decoration-home-page.jpg HTTP/1.1" 200 368443 "-" "facebookexternalhit/1.1 (+http://www.facebook.com/externalhit_uatext.php)"
69.171.249.9 - - [08/Apr/2022:13:48:08 +0200] "GET /images/images/slide1.jpg HTTP/1.1" 200 310577 "-" "facebookexternalhit/1.1 (+http://www.facebook.com/externalhit_uatext.php)"
69.171.249.3 - - [08/Apr/2022:13:48:08 +0200] "GET /images/images/slide1.jpg HTTP/1.1" 200 310577 "-" "facebookexternalhit/1.1 (+http://www.facebook.com/externalhit_uatext.php)"
114.119.131.166 - - [08/Apr/2022:13:48:21 +0200] "GET /flower-decoration.html HTTP/1.1" 200 7866 "-" "Mozilla/5.0 (Linux; Android 7.0;) AppleWebKit/537.36 (KHTML, like Gecko) Mobile Safari/537.36 (compatible; PetalBot;+https://webmaster.petalsearch.com/site/petalbot)"
173.252.127.1 - - [08/Apr/2022:13:48:36 +0200] "GET /?fbclid=IwAR1ANw91rITC73WUJog6bWCvduHjIM1uNJiBD26BJ3V6kEGv3x6GoZHjpjc HTTP/1.1" 301 757 "-" "Mozilla/5.0 (Windows NT 10.0; Win64; x64) AppleWebKit/537.36 (KHTML, like Gecko) Chrome/100.0.4896.75 Safari/537.36"
31.13.127.119 - - [08/Apr/2022:13:48:36 +0200] "GET /?fbclid=IwAR1v7bT_Hc2iocJvlg6qh735WO6yOgPxPyBnjlioTNDFkiC3kplHLsZ9Nwg HTTP/1.1" 301 757 "-" "Mozilla/5.0 (Linux; Android 6.0.1; Nexus 5X Build/MMB29P) AppleWebKit/537.36 (KHTML, like Gecko) Chrome/99.0.4844.84 Mobile Safari/537.36 (compatible; Googlebot/2.1; +http://www.google.com/bot.html)"
173.252.127.120 - - [08/Apr/2022:13:48:36 +0200] "GET /?fbclid=IwAR10034JMTYfTJiOYchKM0X_oPeiouHemyFdfdeAAwjKhaL3RX-zBAIeUqA HTTP/1.1" 301 757 "-" "Mozilla/5.0 (Windows NT 6.3; Win64; x64) AppleWebKit/537.36 (KHTML, like Gecko) Chrome/100.0.4896.75 Safari/537.36"
173.252.127.25 - - [08/Apr/2022:13:48:36 +0200] "GET /?fbclid=IwAR1ANw91rITC73WUJog6bWCvduHjIM1uNJiBD26BJ3V6kEGv3x6GoZHjpjc HTTP/1.1" 200 9013 "-" "Mozilla/5.0 (Windows NT 10.0; Win64; x64) AppleWebKit/537.36 (KHTML, like Gecko) Chrome/100.0.4896.75 Safari/537.36"
31.13.127.116 - - [08/Apr/2022:13:48:36 +0200] "GET /?fbclid=IwAR1v7bT_Hc2iocJvlg6qh735WO6yOgPxPyBnjlioTNDFkiC3kplHLsZ9Nwg HTTP/1.1" 200 9013 "-" "Mozilla/5.0 (Linux; Android 6.0.1; Nexus 5X Build/MMB29P) AppleWebKit/537.36 (KHTML, like Gecko) Chrome/99.0.4844.84 Mobile Safari/537.36 (compatible; Googlebot/2.1; +http://www.google.com/bot.html)"
31.13.127.116 - - [08/Apr/2022:13:48:36 +0200] "GET /css/animations.css HTTP/1.1" 200 8153 "https://tentdecoratorsinchandigarh.com/?fbclid=IwAR1v7bT_Hc2iocJvlg6qh735WO6yOgPxPyBnjlioTNDFkiC3kplHLsZ9Nwg" "Mozilla/5.0 (Linux; Android 6.0.1; Nexus 5X Build/MMB29P) AppleWebKit/537.36 (KHTML, like Gecko) Chrome/99.0.4844.84 Mobile Safari/537.36 (compatible; Googlebot/2.1; +http://www.google.com/bot.html)"
31.13.127.29 - - [08/Apr/2022:13:48:36 +0200] "GET /nivo-slider.css HTTP/1.1" 200 5670 "https://tentdecoratorsinchandigarh.com/?fbclid=IwAR1v7bT_Hc2iocJvlg6qh735WO6yOgPxPyBnjlioTNDFkiC3kplHLsZ9Nwg" "Mozilla/5.0 (Linux; Android 6.0.1; Nexus 5X Build/MMB29P) AppleWebKit/537.36 (KHTML, like Gecko) Chrome/99.0.4844.84 Mobile Safari/537.36 (compatible; Googlebot/2.1; +http://www.google.com/bot.html)"
173.252.127.120 - - [08/Apr/2022:13:48:36 +0200] "GET /?fbclid=IwAR10034JMTYfTJiOYchKM0X_oPeiouHemyFdfdeAAwjKhaL3RX-zBAIeUqA HTTP/1.1" 200 9013 "-" "Mozilla/5.0 (Windows NT 6.3; Win64; x64) AppleWebKit/537.36 (KHTML, like Gecko) Chrome/100.0.4896.75 Safari/537.36"
31.13.127.116 - - [08/Apr/2022:13:48:37 +0200] "GET /themes/default/default.css HTTP/1.1" 200 5592 "https://tentdecoratorsinchandigarh.com/?fbclid=IwAR1v7bT_Hc2iocJvlg6qh735WO6yOgPxPyBnjlioTNDFkiC3kplHLsZ9Nwg" "Mozilla/5.0 (Linux; Android 6.0.1; Nexus 5X Build/MMB29P) AppleWebKit/537.36 (KHTML, like Gecko) Chrome/99.0.4844.84 Mobile Safari/537.36 (compatible; Googlebot/2.1; +http://www.google.com/bot.html)"
31.13.127.29 - - [08/Apr/2022:13:48:37 +0200] "GET /css/bootstrap.min.css HTTP/1.1" 200 24769 "https://tentdecoratorsinchandigarh.com/?fbclid=IwAR1v7bT_Hc2iocJvlg6qh735WO6yOgPxPyBnjlioTNDFkiC3kplHLsZ9Nwg" "Mozilla/5.0 (Linux; Android 6.0.1; Nexus 5X Build/MMB29P) AppleWebKit/537.36 (KHTML, like Gecko) Chrome/99.0.4844.84 Mobile Safari/537.36 (compatible; Googlebot/2.1; +http://www.google.com/bot.html)"
31.13.127.117 - - [08/Apr/2022:13:48:37 +0200] "GET /css/nivo.css HTTP/1.1" 200 5794 "https://tentdecoratorsinchandigarh.com/?fbclid=IwAR1v7bT_Hc2iocJvlg6qh735WO6yOgPxPyBnjlioTNDFkiC3kplHLsZ9Nwg" "Mozilla/5.0 (Linux; Android 6.0.1; Nexus 5X Build/MMB29P) AppleWebKit/537.36 (KHTML, like Gecko) Chrome/99.0.4844.84 Mobile Safari/537.36 (compatible; Googlebot/2.1; +http://www.google.com/bot.html)"
31.13.127.116 - - [08/Apr/2022:13:48:37 +0200] "GET /font-awesome/css/font-awesome.css HTTP/1.1" 200 12346 "https://tentdecoratorsinchandigarh.com/?fbclid=IwAR1v7bT_Hc2iocJvlg6qh735WO6yOgPxPyBnjlioTNDFkiC3kplHLsZ9Nwg" "Mozilla/5.0 (Linux; Android 6.0.1; Nexus 5X Build/MMB29P) AppleWebKit/537.36 (KHTML, like Gecko) Chrome/99.0.4844.84 Mobile Safari/537.36 (compatible; Googlebot/2.1; +http://www.google.com/bot.html)"
31.13.127.117 - - [08/Apr/2022:13:48:37 +0200] "GET /css/style.css HTTP/1.1" 200 8092 "https://tentdecoratorsinchandigarh.com/?fbclid=IwAR1v7bT_Hc2iocJvlg6qh735WO6yOgPxPyBnjlioTNDFkiC3kplHLsZ9Nwg" "Mozilla/5.0 (Linux; Android 6.0.1; Nexus 5X Build/MMB29P) AppleWebKit/537.36 (KHTML, like Gecko) Chrome/99.0.4844.84 Mobile Safari/537.36 (compatible; Googlebot/2.1; +http://www.google.com/bot.html)"
173.252.127.25 - - [08/Apr/2022:13:48:37 +0200] "GET /css/animations.css HTTP/1.1" 200 8153 "https://tentdecoratorsinchandigarh.com/?fbclid=IwAR1ANw91rITC73WUJog6bWCvduHjIM1uNJiBD26BJ3V6kEGv3x6GoZHjpjc" "Mozilla/5.0 (Windows NT 10.0; Win64; x64) AppleWebKit/537.36 (KHTML, like Gecko) Chrome/100.0.4896.75 Safari/537.36"
173.252.127.11 - - [08/Apr/2022:13:48:37 +0200] "GET /css/nivo.css HTTP/1.1" 200 5794 "https://tentdecoratorsinchandigarh.com/?fbclid=IwAR1ANw91rITC73WUJog6bWCvduHjIM1uNJiBD26BJ3V6kEGv3x6GoZHjpjc" "Mozilla/5.0 (Windows NT 10.0; Win64; x64) AppleWebKit/537.36 (KHTML, like Gecko) Chrome/100.0.4896.75 Safari/537.36"
173.252.127.16 - - [08/Apr/2022:13:48:37 +0200] "GET /nivo-slider.css HTTP/1.1" 200 5670 "https://tentdecoratorsinchandigarh.com/?fbclid=IwAR1ANw91rITC73WUJog6bWCvduHjIM1uNJiBD26BJ3V6kEGv3x6GoZHjpjc" "Mozilla/5.0 (Windows NT 10.0; Win64; x64) AppleWebKit/537.36 (KHTML, like Gecko) Chrome/100.0.4896.75 Safari/537.36"
31.13.127.117 - - [08/Apr/2022:13:48:37 +0200] "GET /jquery.nivo.slider.js HTTP/1.1" 200 9784 "https://tentdecoratorsinchandigarh.com/?fbclid=IwAR1v7bT_Hc2iocJvlg6qh735WO6yOgPxPyBnjlioTNDFkiC3kplHLsZ9Nwg" "Mozilla/5.0 (Linux; Android 6.0.1; Nexus 5X Build/MMB29P) AppleWebKit/537.36 (KHTML, like Gecko) Chrome/99.0.4844.84 Mobile Safari/537.36 (compatible; Googlebot/2.1; +http://www.google.com/bot.html)"
173.252.127.120 - - [08/Apr/2022:13:48:37 +0200] "GET /css/animations.css HTTP/1.1" 200 8153 "https://tentdecoratorsinchandigarh.com/?fbclid=IwAR10034JMTYfTJiOYchKM0X_oPeiouHemyFdfdeAAwjKhaL3RX-zBAIeUqA" "Mozilla/5.0 (Windows NT 6.3; Win64; x64) AppleWebKit/537.36 (KHTML, like Gecko) Chrome/100.0.4896.75 Safari/537.36"
31.13.127.29 - - [08/Apr/2022:13:48:37 +0200] "GET /js/bootstrap.min.js HTTP/1.1" 200 14841 "https://tentdecoratorsinchandigarh.com/?fbclid=IwAR1v7bT_Hc2iocJvlg6qh735WO6yOgPxPyBnjlioTNDFkiC3kplHLsZ9Nwg" "Mozilla/5.0 (Linux; Android 6.0.1; Nexus 5X Build/MMB29P) AppleWebKit/537.36 (KHTML, like Gecko) Chrome/99.0.4844.84 Mobile Safari/537.36 (compatible; Googlebot/2.1; +http://www.google.com/bot.html)"
31.13.127.116 - - [08/Apr/2022:13:48:37 +0200] "GET /js/animate.js HTTP/1.1" 200 9513 "https://tentdecoratorsinchandigarh.com/?fbclid=IwAR1v7bT_Hc2iocJvlg6qh735WO6yOgPxPyBnjlioTNDFkiC3kplHLsZ9Nwg" "Mozilla/5.0 (Linux; Android 6.0.1; Nexus 5X Build/MMB29P) AppleWebKit/537.36 (KHTML, like Gecko) Chrome/99.0.4844.84 Mobile Safari/537.36 (compatible; Googlebot/2.1; +http://www.google.com/bot.html)"
173.252.127.17 - - [08/Apr/2022:13:48:37 +0200] "GET /css/nivo.css HTTP/1.1" 200 5794 "https://tentdecoratorsinchandigarh.com/?fbclid=IwAR10034JMTYfTJiOYchKM0X_oPeiouHemyFdfdeAAwjKhaL3RX-zBAIeUqA" "Mozilla/5.0 (Windows NT 6.3; Win64; x64) AppleWebKit/537.36 (KHTML, like Gecko) Chrome/100.0.4896.75 Safari/537.36"
173.252.127.6 - - [08/Apr/2022:13:48:37 +0200] "GET /nivo-slider.css HTTP/1.1" 200 5670 "https://tentdecoratorsinchandigarh.com/?fbclid=IwAR10034JMTYfTJiOYchKM0X_oPeiouHemyFdfdeAAwjKhaL3RX-zBAIeUqA" "Mozilla/5.0 (Windows NT 6.3; Win64; x64) AppleWebKit/537.36 (KHTML, like Gecko) Chrome/100.0.4896.75 Safari/537.36"
31.13.127.29 - - [08/Apr/2022:13:48:37 +0200] "GET /images/logo.png HTTP/1.1" 200 45391 "https://tentdecoratorsinchandigarh.com/?fbclid=IwAR1v7bT_Hc2iocJvlg6qh735WO6yOgPxPyBnjlioTNDFkiC3kplHLsZ9Nwg" "Mozilla/5.0 (Linux; Android 6.0.1; Nexus 5X Build/MMB29P) AppleWebKit/537.36 (KHTML, like Gecko) Chrome/99.0.4844.84 Mobile Safari/537.36 (compatible; Googlebot/2.1; +http://www.google.com/bot.html)"
31.13.127.116 - - [08/Apr/2022:13:48:37 +0200] "GET /images/images/slide1.jpg HTTP/1.1" 200 310666 "https://tentdecoratorsinchandigarh.com/?fbclid=IwAR1v7bT_Hc2iocJvlg6qh735WO6yOgPxPyBnjlioTNDFkiC3kplHLsZ9Nwg" "Mozilla/5.0 (Linux; Android 6.0.1; Nexus 5X Build/MMB29P) AppleWebKit/537.36 (KHTML, like Gecko) Chrome/99.0.4844.84 Mobile Safari/537.36 (compatible; Googlebot/2.1; +http://www.google.com/bot.html)"
173.252.127.25 - - [08/Apr/2022:13:48:37 +0200] "GET /themes/default/default.css HTTP/1.1" 200 5592 "https://tentdecoratorsinchandigarh.com/?fbclid=IwAR1ANw91rITC73WUJog6bWCvduHjIM1uNJiBD26BJ3V6kEGv3x6GoZHjpjc" "Mozilla/5.0 (Windows NT 10.0; Win64; x64) AppleWebKit/537.36 (KHTML, like Gecko) Chrome/100.0.4896.75 Safari/537.36"
31.13.127.117 - - [08/Apr/2022:13:48:37 +0200] "GET /images/images/slide2.jpg HTTP/1.1" 200 512921 "https://tentdecoratorsinchandigarh.com/?fbclid=IwAR1v7bT_Hc2iocJvlg6qh735WO6yOgPxPyBnjlioTNDFkiC3kplHLsZ9Nwg" "Mozilla/5.0 (Linux; Android 6.0.1; Nexus 5X Build/MMB29P) AppleWebKit/537.36 (KHTML, like Gecko) Chrome/99.0.4844.84 Mobile Safari/537.36 (compatible; Googlebot/2.1; +http://www.google.com/bot.html)"
173.252.127.11 - - [08/Apr/2022:13:48:37 +0200] "GET /css/bootstrap.min.css HTTP/1.1" 200 24769 "https://tentdecoratorsinchandigarh.com/?fbclid=IwAR1ANw91rITC73WUJog6bWCvduHjIM1uNJiBD26BJ3V6kEGv3x6GoZHjpjc" "Mozilla/5.0 (Windows NT 10.0; Win64; x64) AppleWebKit/537.36 (KHTML, like Gecko) Chrome/100.0.4896.75 Safari/537.36"
31.13.127.29 - - [08/Apr/2022:13:48:37 +0200] "GET /font-awesome/fonts/fontawesome-webfont.woff2?v=4.7.0 HTTP/1.1" 200 82280 "https://tentdecoratorsinchandigarh.com/font-awesome/css/font-awesome.css" "Mozilla/5.0 (Linux; Android 6.0.1; Nexus 5X Build/MMB29P) AppleWebKit/537.36 (KHTML, like Gecko) Chrome/99.0.4844.84 Mobile Safari/537.36 (compatible; Googlebot/2.1; +http://www.google.com/bot.html)"
173.252.127.16 - - [08/Apr/2022:13:48:37 +0200] "GET /font-awesome/css/font-awesome.css HTTP/1.1" 200 12346 "https://tentdecoratorsinchandigarh.com/?fbclid=IwAR1ANw91rITC73WUJog6bWCvduHjIM1uNJiBD26BJ3V6kEGv3x6GoZHjpjc" "Mozilla/5.0 (Windows NT 10.0; Win64; x64) AppleWebKit/537.36 (KHTML, like Gecko) Chrome/100.0.4896.75 Safari/537.36"
173.252.127.120 - - [08/Apr/2022:13:48:37 +0200] "GET /themes/default/default.css HTTP/1.1" 200 5592 "https://tentdecoratorsinchandigarh.com/?fbclid=IwAR10034JMTYfTJiOYchKM0X_oPeiouHemyFdfdeAAwjKhaL3RX-zBAIeUqA" "Mozilla/5.0 (Windows NT 6.3; Win64; x64) AppleWebKit/537.36 (KHTML, like Gecko) Chrome/100.0.4896.75 Safari/537.36"
31.13.127.116 - - [08/Apr/2022:13:48:37 +0200] "GET /images/border.png HTTP/1.1" 200 6533 "https://tentdecoratorsinchandigarh.com/?fbclid=IwAR1v7bT_Hc2iocJvlg6qh735WO6yOgPxPyBnjlioTNDFkiC3kplHLsZ9Nwg" "Mozilla/5.0 (Linux; Android 6.0.1; Nexus 5X Build/MMB29P) AppleWebKit/537.36 (KHTML, like Gecko) Chrome/99.0.4844.84 Mobile Safari/537.36 (compatible; Googlebot/2.1; +http://www.google.com/bot.html)"
173.252.127.17 - - [08/Apr/2022:13:48:37 +0200] "GET /css/bootstrap.min.css HTTP/1.1" 200 24769 "https://tentdecoratorsinchandigarh.com/?fbclid=IwAR10034JMTYfTJiOYchKM0X_oPeiouHemyFdfdeAAwjKhaL3RX-zBAIeUqA" "Mozilla/5.0 (Windows NT 6.3; Win64; x64) AppleWebKit/537.36 (KHTML, like Gecko) Chrome/100.0.4896.75 Safari/537.36"
173.252.127.6 - - [08/Apr/2022:13:48:38 +0200] "GET /font-awesome/css/font-awesome.css HTTP/1.1" 200 12346 "https://tentdecoratorsinchandigarh.com/?fbclid=IwAR10034JMTYfTJiOYchKM0X_oPeiouHemyFdfdeAAwjKhaL3RX-zBAIeUqA" "Mozilla/5.0 (Windows NT 6.3; Win64; x64) AppleWebKit/537.36 (KHTML, like Gecko) Chrome/100.0.4896.75 Safari/537.36"
31.13.127.117 - - [08/Apr/2022:13:48:37 +0200] "GET /images/new-slide.jpg HTTP/1.1" 200 744313 "https://tentdecoratorsinchandigarh.com/?fbclid=IwAR1v7bT_Hc2iocJvlg6qh735WO6yOgPxPyBnjlioTNDFkiC3kplHLsZ9Nwg" "Mozilla/5.0 (Linux; Android 6.0.1; Nexus 5X Build/MMB29P) AppleWebKit/537.36 (KHTML, like Gecko) Chrome/99.0.4844.84 Mobile Safari/537.36 (compatible; Googlebot/2.1; +http://www.google.com/bot.html)"
31.13.127.29 - - [08/Apr/2022:13:48:38 +0200] "GET /images/tent-service-home-page.jpg HTTP/1.1" 200 296591 "https://tentdecoratorsinchandigarh.com/?fbclid=IwAR1v7bT_Hc2iocJvlg6qh735WO6yOgPxPyBnjlioTNDFkiC3kplHLsZ9Nwg" "Mozilla/5.0 (Linux; Android 6.0.1; Nexus 5X Build/MMB29P) AppleWebKit/537.36 (KHTML, like Gecko) Chrome/99.0.4844.84 Mobile Safari/537.36 (compatible; Googlebot/2.1; +http://www.google.com/bot.html)"
31.13.127.116 - - [08/Apr/2022:13:48:38 +0200] "GET /images/wedding-planer-home-page.jpg HTTP/1.1" 200 289898 "https://tentdecoratorsinchandigarh.com/?fbclid=IwAR1v7bT_Hc2iocJvlg6qh735WO6yOgPxPyBnjlioTNDFkiC3kplHLsZ9Nwg" "Mozilla/5.0 (Linux; Android 6.0.1; Nexus 5X Build/MMB29P) AppleWebKit/537.36 (KHTML, like Gecko) Chrome/99.0.4844.84 Mobile Safari/537.36 (compatible; Googlebot/2.1; +http://www.google.com/bot.html)"
173.252.127.25 - - [08/Apr/2022:13:48:38 +0200] "GET /css/style.css HTTP/1.1" 200 8092 "https://tentdecoratorsinchandigarh.com/?fbclid=IwAR1ANw91rITC73WUJog6bWCvduHjIM1uNJiBD26BJ3V6kEGv3x6GoZHjpjc" "Mozilla/5.0 (Windows NT 10.0; Win64; x64) AppleWebKit/537.36 (KHTML, like Gecko) Chrome/100.0.4896.75 Safari/537.36"
31.13.127.117 - - [08/Apr/2022:13:48:38 +0200] "GET /images/catring-service-home-page.jpg HTTP/1.1" 200 203563 "https://tentdecoratorsinchandigarh.com/?fbclid=IwAR1v7bT_Hc2iocJvlg6qh735WO6yOgPxPyBnjlioTNDFkiC3kplHLsZ9Nwg" "Mozilla/5.0 (Linux; Android 6.0.1; Nexus 5X Build/MMB29P) AppleWebKit/537.36 (KHTML, like Gecko) Chrome/99.0.4844.84 Mobile Safari/537.36 (compatible; Googlebot/2.1; +http://www.google.com/bot.html)"
31.13.127.29 - - [08/Apr/2022:13:48:38 +0200] "GET /images/flower-service-home-page.jpg HTTP/1.1" 200 265530 "https://tentdecoratorsinchandigarh.com/?fbclid=IwAR1v7bT_Hc2iocJvlg6qh735WO6yOgPxPyBnjlioTNDFkiC3kplHLsZ9Nwg" "Mozilla/5.0 (Linux; Android 6.0.1; Nexus 5X Build/MMB29P) AppleWebKit/537.36 (KHTML, like Gecko) Chrome/99.0.4844.84 Mobile Safari/537.36 (compatible; Googlebot/2.1; +http://www.google.com/bot.html)"
31.13.127.116 - - [08/Apr/2022:13:48:38 +0200] "GET /images/lighting-decoration-home-page.jpg HTTP/1.1" 200 368581 "https://tentdecoratorsinchandigarh.com/?fbclid=IwAR1v7bT_Hc2iocJvlg6qh735WO6yOgPxPyBnjlioTNDFkiC3kplHLsZ9Nwg" "Mozilla/5.0 (Linux; Android 6.0.1; Nexus 5X Build/MMB29P) AppleWebKit/537.36 (KHTML, like Gecko) Chrome/99.0.4844.84 Mobile Safari/537.36 (compatible; Googlebot/2.1; +http://www.google.com/bot.html)"
173.252.127.120 - - [08/Apr/2022:13:48:38 +0200] "GET /css/style.css HTTP/1.1" 200 8092 "https://tentdecoratorsinchandigarh.com/?fbclid=IwAR10034JMTYfTJiOYchKM0X_oPeiouHemyFdfdeAAwjKhaL3RX-zBAIeUqA" "Mozilla/5.0 (Windows NT 6.3; Win64; x64) AppleWebKit/537.36 (KHTML, like Gecko) Chrome/100.0.4896.75 Safari/537.36"
173.252.127.11 - - [08/Apr/2022:13:48:38 +0200] "GET /jquery.nivo.slider.js HTTP/1.1" 200 9784 "https://tentdecoratorsinchandigarh.com/?fbclid=IwAR1ANw91rITC73WUJog6bWCvduHjIM1uNJiBD26BJ3V6kEGv3x6GoZHjpjc" "Mozilla/5.0 (Windows NT 10.0; Win64; x64) AppleWebKit/537.36 (KHTML, like Gecko) Chrome/100.0.4896.75 Safari/537.36"
31.13.127.29 - - [08/Apr/2022:13:48:38 +0200] "GET /images/gall1.jpg HTTP/1.1" 200 95574 "https://tentdecoratorsinchandigarh.com/?fbclid=IwAR1v7bT_Hc2iocJvlg6qh735WO6yOgPxPyBnjlioTNDFkiC3kplHLsZ9Nwg" "Mozilla/5.0 (Linux; Android 6.0.1; Nexus 5X Build/MMB29P) AppleWebKit/537.36 (KHTML, like Gecko) Chrome/99.0.4844.84 Mobile Safari/537.36 (compatible; Googlebot/2.1; +http://www.google.com/bot.html)"
31.13.127.117 - - [08/Apr/2022:13:48:38 +0200] "GET /images/corporate-service-home-page.jpg HTTP/1.1" 200 378200 "https://tentdecoratorsinchandigarh.com/?fbclid=IwAR1v7bT_Hc2iocJvlg6qh735WO6yOgPxPyBnjlioTNDFkiC3kplHLsZ9Nwg" "Mozilla/5.0 (Linux; Android 6.0.1; Nexus 5X Build/MMB29P) AppleWebKit/537.36 (KHTML, like Gecko) Chrome/99.0.4844.84 Mobile Safari/537.36 (compatible; Googlebot/2.1; +http://www.google.com/bot.html)"
31.13.127.116 - - [08/Apr/2022:13:48:38 +0200] "GET /images/gall2.jpg HTTP/1.1" 200 93380 "https://tentdecoratorsinchandigarh.com/?fbclid=IwAR1v7bT_Hc2iocJvlg6qh735WO6yOgPxPyBnjlioTNDFkiC3kplHLsZ9Nwg" "Mozilla/5.0 (Linux; Android 6.0.1; Nexus 5X Build/MMB29P) AppleWebKit/537.36 (KHTML, like Gecko) Chrome/99.0.4844.84 Mobile Safari/537.36 (compatible; Googlebot/2.1; +http://www.google.com/bot.html)"
173.252.127.17 - - [08/Apr/2022:13:48:38 +0200] "GET /jquery.nivo.slider.js HTTP/1.1" 200 9784 "https://tentdecoratorsinchandigarh.com/?fbclid=IwAR10034JMTYfTJiOYchKM0X_oPeiouHemyFdfdeAAwjKhaL3RX-zBAIeUqA" "Mozilla/5.0 (Windows NT 6.3; Win64; x64) AppleWebKit/537.36 (KHTML, like Gecko) Chrome/100.0.4896.75 Safari/537.36"
173.252.127.25 - - [08/Apr/2022:13:48:38 +0200] "GET /js/animate.js HTTP/1.1" 200 9513 "https://tentdecoratorsinchandigarh.com/?fbclid=IwAR1ANw91rITC73WUJog6bWCvduHjIM1uNJiBD26BJ3V6kEGv3x6GoZHjpjc" "Mozilla/5.0 (Windows NT 10.0; Win64; x64) AppleWebKit/537.36 (KHTML, like Gecko) Chrome/100.0.4896.75 Safari/537.36"
173.252.127.16 - - [08/Apr/2022:13:48:38 +0200] "GET /js/bootstrap.min.js HTTP/1.1" 200 14841 "https://tentdecoratorsinchandigarh.com/?fbclid=IwAR1ANw91rITC73WUJog6bWCvduHjIM1uNJiBD26BJ3V6kEGv3x6GoZHjpjc" "Mozilla/5.0 (Windows NT 10.0; Win64; x64) AppleWebKit/537.36 (KHTML, like Gecko) Chrome/100.0.4896.75 Safari/537.36"
31.13.127.29 - - [08/Apr/2022:13:48:38 +0200] "GET /images/gall4.jpg HTTP/1.1" 200 96712 "https://tentdecoratorsinchandigarh.com/?fbclid=IwAR1v7bT_Hc2iocJvlg6qh735WO6yOgPxPyBnjlioTNDFkiC3kplHLsZ9Nwg" "Mozilla/5.0 (Linux; Android 6.0.1; Nexus 5X Build/MMB29P) AppleWebKit/537.36 (KHTML, like Gecko) Chrome/99.0.4844.84 Mobile Safari/537.36 (compatible; Googlebot/2.1; +http://www.google.com/bot.html)"
31.13.127.117 - - [08/Apr/2022:13:48:38 +0200] "GET /images/gall3.jpg HTTP/1.1" 200 115907 "https://tentdecoratorsinchandigarh.com/?fbclid=IwAR1v7bT_Hc2iocJvlg6qh735WO6yOgPxPyBnjlioTNDFkiC3kplHLsZ9Nwg" "Mozilla/5.0 (Linux; Android 6.0.1; Nexus 5X Build/MMB29P) AppleWebKit/537.36 (KHTML, like Gecko) Chrome/99.0.4844.84 Mobile Safari/537.36 (compatible; Googlebot/2.1; +http://www.google.com/bot.html)"
31.13.127.116 - - [08/Apr/2022:13:48:38 +0200] "GET /images/gall5.jpg HTTP/1.1" 200 122542 "https://tentdecoratorsinchandigarh.com/?fbclid=IwAR1v7bT_Hc2iocJvlg6qh735WO6yOgPxPyBnjlioTNDFkiC3kplHLsZ9Nwg" "Mozilla/5.0 (Linux; Android 6.0.1; Nexus 5X Build/MMB29P) AppleWebKit/537.36 (KHTML, like Gecko) Chrome/99.0.4844.84 Mobile Safari/537.36 (compatible; Googlebot/2.1; +http://www.google.com/bot.html)"
173.252.127.120 - - [08/Apr/2022:13:48:38 +0200] "GET /js/animate.js HTTP/1.1" 200 9513 "https://tentdecoratorsinchandigarh.com/?fbclid=IwAR10034JMTYfTJiOYchKM0X_oPeiouHemyFdfdeAAwjKhaL3RX-zBAIeUqA" "Mozilla/5.0 (Windows NT 6.3; Win64; x64) AppleWebKit/537.36 (KHTML, like Gecko) Chrome/100.0.4896.75 Safari/537.36"
173.252.127.6 - - [08/Apr/2022:13:48:38 +0200] "GET /js/bootstrap.min.js HTTP/1.1" 200 14841 "https://tentdecoratorsinchandigarh.com/?fbclid=IwAR10034JMTYfTJiOYchKM0X_oPeiouHemyFdfdeAAwjKhaL3RX-zBAIeUqA" "Mozilla/5.0 (Windows NT 6.3; Win64; x64) AppleWebKit/537.36 (KHTML, like Gecko) Chrome/100.0.4896.75 Safari/537.36"
31.13.127.29 - - [08/Apr/2022:13:48:38 +0200] "GET /images/gall6.jpg HTTP/1.1" 200 133963 "https://tentdecoratorsinchandigarh.com/?fbclid=IwAR1v7bT_Hc2iocJvlg6qh735WO6yOgPxPyBnjlioTNDFkiC3kplHLsZ9Nwg" "Mozilla/5.0 (Linux; Android 6.0.1; Nexus 5X Build/MMB29P) AppleWebKit/537.36 (KHTML, like Gecko) Chrome/99.0.4844.84 Mobile Safari/537.36 (compatible; Googlebot/2.1; +http://www.google.com/bot.html)"
31.13.127.117 - - [08/Apr/2022:13:48:38 +0200] "GET /images/gall8.jpg HTTP/1.1" 200 128275 "https://tentdecoratorsinchandigarh.com/?fbclid=IwAR1v7bT_Hc2iocJvlg6qh735WO6yOgPxPyBnjlioTNDFkiC3kplHLsZ9Nwg" "Mozilla/5.0 (Linux; Android 6.0.1; Nexus 5X Build/MMB29P) AppleWebKit/537.36 (KHTML, like Gecko) Chrome/99.0.4844.84 Mobile Safari/537.36 (compatible; Googlebot/2.1; +http://www.google.com/bot.html)"
173.252.127.11 - - [08/Apr/2022:13:48:38 +0200] "GET /images/logo.png HTTP/1.1" 200 45391 "https://tentdecoratorsinchandigarh.com/?fbclid=IwAR1ANw91rITC73WUJog6bWCvduHjIM1uNJiBD26BJ3V6kEGv3x6GoZHjpjc" "Mozilla/5.0 (Windows NT 10.0; Win64; x64) AppleWebKit/537.36 (KHTML, like Gecko) Chrome/100.0.4896.75 Safari/537.36"
31.13.127.116 - - [08/Apr/2022:13:48:38 +0200] "GET /images/gall7.jpg HTTP/1.1" 200 120488 "https://tentdecoratorsinchandigarh.com/?fbclid=IwAR1v7bT_Hc2iocJvlg6qh735WO6yOgPxPyBnjlioTNDFkiC3kplHLsZ9Nwg" "Mozilla/5.0 (Linux; Android 6.0.1; Nexus 5X Build/MMB29P) AppleWebKit/537.36 (KHTML, like Gecko) Chrome/99.0.4844.84 Mobile Safari/537.36 (compatible; Googlebot/2.1; +http://www.google.com/bot.html)"
31.13.127.117 - - [08/Apr/2022:13:48:39 +0200] "GET /themes/default/loading.gif HTTP/1.1" 200 6592 "https://tentdecoratorsinchandigarh.com/themes/default/default.css" "Mozilla/5.0 (Linux; Android 6.0.1; Nexus 5X Build/MMB29P) AppleWebKit/537.36 (KHTML, like Gecko) Chrome/99.0.4844.84 Mobile Safari/537.36 (compatible; Googlebot/2.1; +http://www.google.com/bot.html)"
173.252.127.17 - - [08/Apr/2022:13:48:39 +0200] "GET /images/logo.png HTTP/1.1" 200 45391 "https://tentdecoratorsinchandigarh.com/?fbclid=IwAR10034JMTYfTJiOYchKM0X_oPeiouHemyFdfdeAAwjKhaL3RX-zBAIeUqA" "Mozilla/5.0 (Windows NT 6.3; Win64; x64) AppleWebKit/537.36 (KHTML, like Gecko) Chrome/100.0.4896.75 Safari/537.36"
173.252.127.16 - - [08/Apr/2022:13:48:39 +0200] "GET /images/images/slide1.jpg HTTP/1.1" 200 310666 "https://tentdecoratorsinchandigarh.com/?fbclid=IwAR1ANw91rITC73WUJog6bWCvduHjIM1uNJiBD26BJ3V6kEGv3x6GoZHjpjc" "Mozilla/5.0 (Windows NT 10.0; Win64; x64) AppleWebKit/537.36 (KHTML, like Gecko) Chrome/100.0.4896.75 Safari/537.36"
31.13.127.117 - - [08/Apr/2022:13:48:39 +0200] "GET /images/cont.jpg HTTP/1.1" 200 167208 "https://tentdecoratorsinchandigarh.com/css/style.css" "Mozilla/5.0 (Linux; Android 6.0.1; Nexus 5X Build/MMB29P) AppleWebKit/537.36 (KHTML, like Gecko) Chrome/99.0.4844.84 Mobile Safari/537.36 (compatible; Googlebot/2.1; +http://www.google.com/bot.html)"
173.252.127.25 - - [08/Apr/2022:13:48:39 +0200] "GET /images/images/slide2.jpg HTTP/1.1" 200 512921 "https://tentdecoratorsinchandigarh.com/?fbclid=IwAR1ANw91rITC73WUJog6bWCvduHjIM1uNJiBD26BJ3V6kEGv3x6GoZHjpjc" "Mozilla/5.0 (Windows NT 10.0; Win64; x64) AppleWebKit/537.36 (KHTML, like Gecko) Chrome/100.0.4896.75 Safari/537.36"
173.252.127.120 - - [08/Apr/2022:13:48:39 +0200] "GET /images/images/slide1.jpg HTTP/1.1" 200 310666 "https://tentdecoratorsinchandigarh.com/?fbclid=IwAR10034JMTYfTJiOYchKM0X_oPeiouHemyFdfdeAAwjKhaL3RX-zBAIeUqA" "Mozilla/5.0 (Windows NT 6.3; Win64; x64) AppleWebKit/537.36 (KHTML, like Gecko) Chrome/100.0.4896.75 Safari/537.36"
173.252.127.6 - - [08/Apr/2022:13:48:39 +0200] "GET /images/images/slide2.jpg HTTP/1.1" 200 512921 "https://tentdecoratorsinchandigarh.com/?fbclid=IwAR10034JMTYfTJiOYchKM0X_oPeiouHemyFdfdeAAwjKhaL3RX-zBAIeUqA" "Mozilla/5.0 (Windows NT 6.3; Win64; x64) AppleWebKit/537.36 (KHTML, like Gecko) Chrome/100.0.4896.75 Safari/537.36"
173.252.127.17 - - [08/Apr/2022:13:48:39 +0200] "GET /font-awesome/fonts/fontawesome-webfont.woff2?v=4.7.0 HTTP/1.1" 200 82280 "https://tentdecoratorsinchandigarh.com/font-awesome/css/font-awesome.css" "Mozilla/5.0 (Windows NT 6.3; Win64; x64) AppleWebKit/537.36 (KHTML, like Gecko) Chrome/100.0.4896.75 Safari/537.36"
173.252.127.11 - - [08/Apr/2022:13:48:39 +0200] "GET /images/new-slide.jpg HTTP/1.1" 200 744313 "https://tentdecoratorsinchandigarh.com/?fbclid=IwAR1ANw91rITC73WUJog6bWCvduHjIM1uNJiBD26BJ3V6kEGv3x6GoZHjpjc" "Mozilla/5.0 (Windows NT 10.0; Win64; x64) AppleWebKit/537.36 (KHTML, like Gecko) Chrome/100.0.4896.75 Safari/537.36"
173.252.127.16 - - [08/Apr/2022:13:48:39 +0200] "GET /images/border.png HTTP/1.1" 200 6533 "https://tentdecoratorsinchandigarh.com/?fbclid=IwAR1ANw91rITC73WUJog6bWCvduHjIM1uNJiBD26BJ3V6kEGv3x6GoZHjpjc" "Mozilla/5.0 (Windows NT 10.0; Win64; x64) AppleWebKit/537.36 (KHTML, like Gecko) Chrome/100.0.4896.75 Safari/537.36"
173.252.127.6 - - [08/Apr/2022:13:48:40 +0200] "GET /images/border.png HTTP/1.1" 200 6533 "https://tentdecoratorsinchandigarh.com/?fbclid=IwAR10034JMTYfTJiOYchKM0X_oPeiouHemyFdfdeAAwjKhaL3RX-zBAIeUqA" "Mozilla/5.0 (Windows NT 6.3; Win64; x64) AppleWebKit/537.36 (KHTML, like Gecko) Chrome/100.0.4896.75 Safari/537.36"
173.252.127.25 - - [08/Apr/2022:13:48:40 +0200] "GET /images/tent-service-home-page.jpg HTTP/1.1" 200 296591 "https://tentdecoratorsinchandigarh.com/?fbclid=IwAR1ANw91rITC73WUJog6bWCvduHjIM1uNJiBD26BJ3V6kEGv3x6GoZHjpjc" "Mozilla/5.0 (Windows NT 10.0; Win64; x64) AppleWebKit/537.36 (KHTML, like Gecko) Chrome/100.0.4896.75 Safari/537.36"
173.252.127.17 - - [08/Apr/2022:13:48:40 +0200] "GET /images/tent-service-home-page.jpg HTTP/1.1" 200 296591 "https://tentdecoratorsinchandigarh.com/?fbclid=IwAR10034JMTYfTJiOYchKM0X_oPeiouHemyFdfdeAAwjKhaL3RX-zBAIeUqA" "Mozilla/5.0 (Windows NT 6.3; Win64; x64) AppleWebKit/537.36 (KHTML, like Gecko) Chrome/100.0.4896.75 Safari/537.36"
173.252.127.16 - - [08/Apr/2022:13:48:40 +0200] "GET /images/wedding-planer-home-page.jpg HTTP/1.1" 200 289898 "https://tentdecoratorsinchandigarh.com/?fbclid=IwAR1ANw91rITC73WUJog6bWCvduHjIM1uNJiBD26BJ3V6kEGv3x6GoZHjpjc" "Mozilla/5.0 (Windows NT 10.0; Win64; x64) AppleWebKit/537.36 (KHTML, like Gecko) Chrome/100.0.4896.75 Safari/537.36"
173.252.127.120 - - [08/Apr/2022:13:48:40 +0200] "GET /images/new-slide.jpg HTTP/1.1" 200 744313 "https://tentdecoratorsinchandigarh.com/?fbclid=IwAR10034JMTYfTJiOYchKM0X_oPeiouHemyFdfdeAAwjKhaL3RX-zBAIeUqA" "Mozilla/5.0 (Windows NT 6.3; Win64; x64) AppleWebKit/537.36 (KHTML, like Gecko) Chrome/100.0.4896.75 Safari/537.36"
173.252.127.11 - - [08/Apr/2022:13:48:40 +0200] "GET /images/catring-service-home-page.jpg HTTP/1.1" 200 203563 "https://tentdecoratorsinchandigarh.com/?fbclid=IwAR1ANw91rITC73WUJog6bWCvduHjIM1uNJiBD26BJ3V6kEGv3x6GoZHjpjc" "Mozilla/5.0 (Windows NT 10.0; Win64; x64) AppleWebKit/537.36 (KHTML, like Gecko) Chrome/100.0.4896.75 Safari/537.36"
173.252.127.6 - - [08/Apr/2022:13:48:40 +0200] "GET /images/wedding-planer-home-page.jpg HTTP/1.1" 200 289898 "https://tentdecoratorsinchandigarh.com/?fbclid=IwAR10034JMTYfTJiOYchKM0X_oPeiouHemyFdfdeAAwjKhaL3RX-zBAIeUqA" "Mozilla/5.0 (Windows NT 6.3; Win64; x64) AppleWebKit/537.36 (KHTML, like Gecko) Chrome/100.0.4896.75 Safari/537.36"
173.252.127.25 - - [08/Apr/2022:13:48:40 +0200] "GET /images/flower-service-home-page.jpg HTTP/1.1" 200 265530 "https://tentdecoratorsinchandigarh.com/?fbclid=IwAR1ANw91rITC73WUJog6bWCvduHjIM1uNJiBD26BJ3V6kEGv3x6GoZHjpjc" "Mozilla/5.0 (Windows NT 10.0; Win64; x64) AppleWebKit/537.36 (KHTML, like Gecko) Chrome/100.0.4896.75 Safari/537.36"
173.252.127.17 - - [08/Apr/2022:13:48:41 +0200] "GET /images/catring-service-home-page.jpg HTTP/1.1" 200 203563 "https://tentdecoratorsinchandigarh.com/?fbclid=IwAR10034JMTYfTJiOYchKM0X_oPeiouHemyFdfdeAAwjKhaL3RX-zBAIeUqA" "Mozilla/5.0 (Windows NT 6.3; Win64; x64) AppleWebKit/537.36 (KHTML, like Gecko) Chrome/100.0.4896.75 Safari/537.36"
173.252.127.120 - - [08/Apr/2022:13:48:41 +0200] "GET /images/flower-service-home-page.jpg HTTP/1.1" 200 265530 "https://tentdecoratorsinchandigarh.com/?fbclid=IwAR10034JMTYfTJiOYchKM0X_oPeiouHemyFdfdeAAwjKhaL3RX-zBAIeUqA" "Mozilla/5.0 (Windows NT 6.3; Win64; x64) AppleWebKit/537.36 (KHTML, like Gecko) Chrome/100.0.4896.75 Safari/537.36"
