54.36.148.96 - - [22/Apr/2022:02:41:31 +0200] "GET /js/animate.js HTTP/1.1" 200 9690 "-" "Mozilla/5.0 (compatible; AhrefsBot/7.0; +http://ahrefs.com/robot/)"
114.119.131.166 - - [22/Apr/2022:03:12:34 +0200] "GET /tent-services.html HTTP/1.1" 200 8770 "-" "Mozilla/5.0 (Linux; Android 7.0;) AppleWebKit/537.36 (KHTML, like Gecko) Mobile Safari/537.36 (compatible; PetalBot;+https://webmaster.petalsearch.com/site/petalbot)"
154.51.131.142 - - [22/Apr/2022:03:43:06 +0200] "GET / HTTP/1.1" 301 619 "-" "Mozilla/5.0 (Windows NT 10.0; Win64; x64) AppleWebKit/537.36 (KHTML, like Gecko) Chrome/79.0.3945.130 Safari/537.36"
154.51.131.142 - - [22/Apr/2022:03:43:06 +0200] "GET / HTTP/1.1" 200 8998 "-" "Mozilla/5.0 (Windows NT 10.0; Win64; x64) AppleWebKit/537.36 (KHTML, like Gecko) Chrome/79.0.3945.130 Safari/537.36"
51.222.253.15 - - [22/Apr/2022:04:30:29 +0200] "GET /robots.txt HTTP/1.1" 301 583 "-" "Mozilla/5.0 (compatible; AhrefsBot/7.0; +http://ahrefs.com/robot/)"
51.222.253.15 - - [22/Apr/2022:04:30:30 +0200] "GET /robots.txt HTTP/1.1" 200 5053 "-" "Mozilla/5.0 (compatible; AhrefsBot/7.0; +http://ahrefs.com/robot/)"
66.249.66.47 - - [22/Apr/2022:05:39:26 +0200] "GET /images/gall49.jpg HTTP/1.1" 200 105459 "-" "Googlebot-Image/1.0"
54.36.149.106 - - [22/Apr/2022:05:40:46 +0200] "GET /lighting-decoration.html HTTP/1.1" 200 7905 "-" "Mozilla/5.0 (compatible; AhrefsBot/7.0; +http://ahrefs.com/robot/)"
31.193.142.8 - - [22/Apr/2022:07:58:43 +0200] "GET /admin/ HTTP/1.1" 301 594 "-" "Mozilla/5.0 (Windows NT 6.2) AppleWebKit/537.36 (KHTML, like Gecko) Chrome/31.0.1650.16 Safari/537.36"
31.193.142.8 - - [22/Apr/2022:07:58:43 +0200] "GET /blog/wp-admin HTTP/1.1" 301 608 "-" "Mozilla/5.0 (Windows NT 5.1) AppleWebKit/537.36 (KHTML, like Gecko) Chrome/32.0.1667.0 Safari/537.36"
54.38.108.49 - - [22/Apr/2022:09:27:39 +0200] "GET / HTTP/1.1" 301 619 "-" "Mozilla/5.0 (Windows NT 10.0; Win64; x64) AppleWebKit/537.36 (KHTML, like Gecko) Chrome/89.0.4389.114 Safari/537.36"
54.38.108.49 - - [22/Apr/2022:09:27:43 +0200] "GET / HTTP/1.1" 200 19488 "-" "Mozilla/5.0 (Windows NT 10.0; Win64; x64) AppleWebKit/537.36 (KHTML, like Gecko) Chrome/89.0.4389.114 Safari/537.36"
54.38.108.49 - - [22/Apr/2022:09:27:43 +0200] "GET //wp-includes/wlwmanifest.xml HTTP/1.1" 404 538 "-" "Mozilla/5.0 (Windows NT 10.0; Win64; x64) AppleWebKit/537.36 (KHTML, like Gecko) Chrome/89.0.4389.114 Safari/537.36"
54.38.108.49 - - [22/Apr/2022:09:27:43 +0200] "GET //xmlrpc.php?rsd HTTP/1.1" 404 538 "-" "Mozilla/5.0 (Windows NT 10.0; Win64; x64) AppleWebKit/537.36 (KHTML, like Gecko) Chrome/89.0.4389.114 Safari/537.36"
54.38.108.49 - - [22/Apr/2022:09:27:43 +0200] "GET / HTTP/1.1" 200 14933 "-" "Mozilla/5.0 (Windows NT 10.0; Win64; x64) AppleWebKit/537.36 (KHTML, like Gecko) Chrome/89.0.4389.114 Safari/537.36"
54.38.108.49 - - [22/Apr/2022:09:27:43 +0200] "GET //blog/wp-includes/wlwmanifest.xml HTTP/1.1" 404 538 "-" "Mozilla/5.0 (Windows NT 10.0; Win64; x64) AppleWebKit/537.36 (KHTML, like Gecko) Chrome/89.0.4389.114 Safari/537.36"
54.38.108.49 - - [22/Apr/2022:09:27:44 +0200] "GET //web/wp-includes/wlwmanifest.xml HTTP/1.1" 404 538 "-" "Mozilla/5.0 (Windows NT 10.0; Win64; x64) AppleWebKit/537.36 (KHTML, like Gecko) Chrome/89.0.4389.114 Safari/537.36"
54.38.108.49 - - [22/Apr/2022:09:27:44 +0200] "GET //wordpress/wp-includes/wlwmanifest.xml HTTP/1.1" 404 538 "-" "Mozilla/5.0 (Windows NT 10.0; Win64; x64) AppleWebKit/537.36 (KHTML, like Gecko) Chrome/89.0.4389.114 Safari/537.36"
54.38.108.49 - - [22/Apr/2022:09:27:44 +0200] "GET //website/wp-includes/wlwmanifest.xml HTTP/1.1" 404 538 "-" "Mozilla/5.0 (Windows NT 10.0; Win64; x64) AppleWebKit/537.36 (KHTML, like Gecko) Chrome/89.0.4389.114 Safari/537.36"
54.38.108.49 - - [22/Apr/2022:09:27:45 +0200] "GET //wp/wp-includes/wlwmanifest.xml HTTP/1.1" 404 538 "-" "Mozilla/5.0 (Windows NT 10.0; Win64; x64) AppleWebKit/537.36 (KHTML, like Gecko) Chrome/89.0.4389.114 Safari/537.36"
54.38.108.49 - - [22/Apr/2022:09:27:45 +0200] "GET //news/wp-includes/wlwmanifest.xml HTTP/1.1" 404 538 "-" "Mozilla/5.0 (Windows NT 10.0; Win64; x64) AppleWebKit/537.36 (KHTML, like Gecko) Chrome/89.0.4389.114 Safari/537.36"
54.38.108.49 - - [22/Apr/2022:09:27:46 +0200] "GET //2020/wp-includes/wlwmanifest.xml HTTP/1.1" 404 538 "-" "Mozilla/5.0 (Windows NT 10.0; Win64; x64) AppleWebKit/537.36 (KHTML, like Gecko) Chrome/89.0.4389.114 Safari/537.36"
54.38.108.49 - - [22/Apr/2022:09:27:46 +0200] "GET //2019/wp-includes/wlwmanifest.xml HTTP/1.1" 404 538 "-" "Mozilla/5.0 (Windows NT 10.0; Win64; x64) AppleWebKit/537.36 (KHTML, like Gecko) Chrome/89.0.4389.114 Safari/537.36"
54.38.108.49 - - [22/Apr/2022:09:27:46 +0200] "GET //shop/wp-includes/wlwmanifest.xml HTTP/1.1" 404 538 "-" "Mozilla/5.0 (Windows NT 10.0; Win64; x64) AppleWebKit/537.36 (KHTML, like Gecko) Chrome/89.0.4389.114 Safari/537.36"
54.38.108.49 - - [22/Apr/2022:09:27:46 +0200] "GET //wp1/wp-includes/wlwmanifest.xml HTTP/1.1" 404 538 "-" "Mozilla/5.0 (Windows NT 10.0; Win64; x64) AppleWebKit/537.36 (KHTML, like Gecko) Chrome/89.0.4389.114 Safari/537.36"
54.38.108.49 - - [22/Apr/2022:09:27:48 +0200] "GET //test/wp-includes/wlwmanifest.xml HTTP/1.1" 404 538 "-" "Mozilla/5.0 (Windows NT 10.0; Win64; x64) AppleWebKit/537.36 (KHTML, like Gecko) Chrome/89.0.4389.114 Safari/537.36"
54.38.108.49 - - [22/Apr/2022:09:27:48 +0200] "GET //wp2/wp-includes/wlwmanifest.xml HTTP/1.1" 404 538 "-" "Mozilla/5.0 (Windows NT 10.0; Win64; x64) AppleWebKit/537.36 (KHTML, like Gecko) Chrome/89.0.4389.114 Safari/537.36"
54.38.108.49 - - [22/Apr/2022:09:27:49 +0200] "GET //site/wp-includes/wlwmanifest.xml HTTP/1.1" 404 538 "-" "Mozilla/5.0 (Windows NT 10.0; Win64; x64) AppleWebKit/537.36 (KHTML, like Gecko) Chrome/89.0.4389.114 Safari/537.36"
54.38.108.49 - - [22/Apr/2022:09:27:49 +0200] "GET //cms/wp-includes/wlwmanifest.xml HTTP/1.1" 404 538 "-" "Mozilla/5.0 (Windows NT 10.0; Win64; x64) AppleWebKit/537.36 (KHTML, like Gecko) Chrome/89.0.4389.114 Safari/537.36"
54.38.108.49 - - [22/Apr/2022:09:27:50 +0200] "GET //sito/wp-includes/wlwmanifest.xml HTTP/1.1" 404 538 "-" "Mozilla/5.0 (Windows NT 10.0; Win64; x64) AppleWebKit/537.36 (KHTML, like Gecko) Chrome/89.0.4389.114 Safari/537.36"
122.180.31.120 - - [22/Apr/2022:09:51:59 +0200] "GET /wedding-planner.html?fbclid=IwAR0RU80n1YYZ0LYS6o7FEEATbWf91h75KSz0NDOywXNQM4rknlQZ4KHMczI HTTP/1.1" 200 8261 "https://l.facebook.com/" "Mozilla/5.0 (Windows NT 6.1; Win64; x64) AppleWebKit/537.36 (KHTML, like Gecko) Chrome/100.0.4896.127 Safari/537.36"
122.180.31.120 - - [22/Apr/2022:09:52:00 +0200] "GET /nivo-slider.css HTTP/1.1" 200 5887 "https://tentdecoratorsinchandigarh.com/wedding-planner.html?fbclid=IwAR0RU80n1YYZ0LYS6o7FEEATbWf91h75KSz0NDOywXNQM4rknlQZ4KHMczI" "Mozilla/5.0 (Windows NT 6.1; Win64; x64) AppleWebKit/537.36 (KHTML, like Gecko) Chrome/100.0.4896.127 Safari/537.36"
122.180.31.120 - - [22/Apr/2022:09:52:00 +0200] "GET /css/animations.css HTTP/1.1" 200 3605 "https://tentdecoratorsinchandigarh.com/wedding-planner.html?fbclid=IwAR0RU80n1YYZ0LYS6o7FEEATbWf91h75KSz0NDOywXNQM4rknlQZ4KHMczI" "Mozilla/5.0 (Windows NT 6.1; Win64; x64) AppleWebKit/537.36 (KHTML, like Gecko) Chrome/100.0.4896.127 Safari/537.36"
122.180.31.120 - - [22/Apr/2022:09:52:00 +0200] "GET /css/nivo.css HTTP/1.1" 200 6011 "https://tentdecoratorsinchandigarh.com/wedding-planner.html?fbclid=IwAR0RU80n1YYZ0LYS6o7FEEATbWf91h75KSz0NDOywXNQM4rknlQZ4KHMczI" "Mozilla/5.0 (Windows NT 6.1; Win64; x64) AppleWebKit/537.36 (KHTML, like Gecko) Chrome/100.0.4896.127 Safari/537.36"
122.180.31.120 - - [22/Apr/2022:09:52:00 +0200] "GET /themes/default/default.css HTTP/1.1" 200 1044 "https://tentdecoratorsinchandigarh.com/wedding-planner.html?fbclid=IwAR0RU80n1YYZ0LYS6o7FEEATbWf91h75KSz0NDOywXNQM4rknlQZ4KHMczI" "Mozilla/5.0 (Windows NT 6.1; Win64; x64) AppleWebKit/537.36 (KHTML, like Gecko) Chrome/100.0.4896.127 Safari/537.36"
122.180.31.120 - - [22/Apr/2022:09:52:02 +0200] "GET /css/style.css HTTP/1.1" 200 3544 "https://tentdecoratorsinchandigarh.com/wedding-planner.html?fbclid=IwAR0RU80n1YYZ0LYS6o7FEEATbWf91h75KSz0NDOywXNQM4rknlQZ4KHMczI" "Mozilla/5.0 (Windows NT 6.1; Win64; x64) AppleWebKit/537.36 (KHTML, like Gecko) Chrome/100.0.4896.127 Safari/537.36"
122.180.31.120 - - [22/Apr/2022:09:52:02 +0200] "GET /css/bootstrap.min.css HTTP/1.1" 200 20193 "https://tentdecoratorsinchandigarh.com/wedding-planner.html?fbclid=IwAR0RU80n1YYZ0LYS6o7FEEATbWf91h75KSz0NDOywXNQM4rknlQZ4KHMczI" "Mozilla/5.0 (Windows NT 6.1; Win64; x64) AppleWebKit/537.36 (KHTML, like Gecko) Chrome/100.0.4896.127 Safari/537.36"
122.180.31.120 - - [22/Apr/2022:09:52:02 +0200] "GET /font-awesome/css/font-awesome.css HTTP/1.1" 200 7798 "https://tentdecoratorsinchandigarh.com/wedding-planner.html?fbclid=IwAR0RU80n1YYZ0LYS6o7FEEATbWf91h75KSz0NDOywXNQM4rknlQZ4KHMczI" "Mozilla/5.0 (Windows NT 6.1; Win64; x64) AppleWebKit/537.36 (KHTML, like Gecko) Chrome/100.0.4896.127 Safari/537.36"
122.180.31.120 - - [22/Apr/2022:09:52:02 +0200] "GET /jquery.nivo.slider.js HTTP/1.1" 200 5236 "https://tentdecoratorsinchandigarh.com/wedding-planner.html?fbclid=IwAR0RU80n1YYZ0LYS6o7FEEATbWf91h75KSz0NDOywXNQM4rknlQZ4KHMczI" "Mozilla/5.0 (Windows NT 6.1; Win64; x64) AppleWebKit/537.36 (KHTML, like Gecko) Chrome/100.0.4896.127 Safari/537.36"
122.180.31.120 - - [22/Apr/2022:09:52:02 +0200] "GET /js/animate.js HTTP/1.1" 200 4965 "https://tentdecoratorsinchandigarh.com/wedding-planner.html?fbclid=IwAR0RU80n1YYZ0LYS6o7FEEATbWf91h75KSz0NDOywXNQM4rknlQZ4KHMczI" "Mozilla/5.0 (Windows NT 6.1; Win64; x64) AppleWebKit/537.36 (KHTML, like Gecko) Chrome/100.0.4896.127 Safari/537.36"
122.180.31.120 - - [22/Apr/2022:09:52:02 +0200] "GET /js/bootstrap.min.js HTTP/1.1" 200 10272 "https://tentdecoratorsinchandigarh.com/wedding-planner.html?fbclid=IwAR0RU80n1YYZ0LYS6o7FEEATbWf91h75KSz0NDOywXNQM4rknlQZ4KHMczI" "Mozilla/5.0 (Windows NT 6.1; Win64; x64) AppleWebKit/537.36 (KHTML, like Gecko) Chrome/100.0.4896.127 Safari/537.36"
122.180.31.120 - - [22/Apr/2022:09:52:02 +0200] "GET /images/logo.png HTTP/1.1" 200 41132 "https://tentdecoratorsinchandigarh.com/wedding-planner.html?fbclid=IwAR0RU80n1YYZ0LYS6o7FEEATbWf91h75KSz0NDOywXNQM4rknlQZ4KHMczI" "Mozilla/5.0 (Windows NT 6.1; Win64; x64) AppleWebKit/537.36 (KHTML, like Gecko) Chrome/100.0.4896.127 Safari/537.36"
122.180.31.120 - - [22/Apr/2022:09:52:03 +0200] "GET /font-awesome/fonts/fontawesome-webfont.woff2?v=4.7.0 HTTP/1.1" 200 77669 "https://tentdecoratorsinchandigarh.com/font-awesome/css/font-awesome.css" "Mozilla/5.0 (Windows NT 6.1; Win64; x64) AppleWebKit/537.36 (KHTML, like Gecko) Chrome/100.0.4896.127 Safari/537.36"
122.180.31.120 - - [22/Apr/2022:09:52:02 +0200] "GET /images/about-us.jpg HTTP/1.1" 200 173438 "https://tentdecoratorsinchandigarh.com/wedding-planner.html?fbclid=IwAR0RU80n1YYZ0LYS6o7FEEATbWf91h75KSz0NDOywXNQM4rknlQZ4KHMczI" "Mozilla/5.0 (Windows NT 6.1; Win64; x64) AppleWebKit/537.36 (KHTML, like Gecko) Chrome/100.0.4896.127 Safari/537.36"
122.180.31.120 - - [22/Apr/2022:09:52:04 +0200] "GET /favicon.ico HTTP/1.1" 404 531 "https://tentdecoratorsinchandigarh.com/wedding-planner.html?fbclid=IwAR0RU80n1YYZ0LYS6o7FEEATbWf91h75KSz0NDOywXNQM4rknlQZ4KHMczI" "Mozilla/5.0 (Windows NT 6.1; Win64; x64) AppleWebKit/537.36 (KHTML, like Gecko) Chrome/100.0.4896.127 Safari/537.36"
122.180.31.120 - - [22/Apr/2022:09:52:18 +0200] "GET / HTTP/1.1" 200 9230 "-" "Mozilla/5.0 (Windows NT 6.1; Win64; x64) AppleWebKit/537.36 (KHTML, like Gecko) Chrome/100.0.4896.127 Safari/537.36"
122.180.31.120 - - [22/Apr/2022:09:52:19 +0200] "GET /themes/default/loading.gif HTTP/1.1" 200 2368 "https://tentdecoratorsinchandigarh.com/themes/default/default.css" "Mozilla/5.0 (Windows NT 6.1; Win64; x64) AppleWebKit/537.36 (KHTML, like Gecko) Chrome/100.0.4896.127 Safari/537.36"
122.180.31.120 - - [22/Apr/2022:09:52:20 +0200] "GET /images/border.png HTTP/1.1" 200 6750 "https://tentdecoratorsinchandigarh.com/" "Mozilla/5.0 (Windows NT 6.1; Win64; x64) AppleWebKit/537.36 (KHTML, like Gecko) Chrome/100.0.4896.127 Safari/537.36"
122.180.31.120 - - [22/Apr/2022:09:52:19 +0200] "GET /images/images/slide1.jpg HTTP/1.1" 200 305852 "https://tentdecoratorsinchandigarh.com/" "Mozilla/5.0 (Windows NT 6.1; Win64; x64) AppleWebKit/537.36 (KHTML, like Gecko) Chrome/100.0.4896.127 Safari/537.36"
122.180.31.120 - - [22/Apr/2022:09:52:19 +0200] "GET /images/catring-service-home-page.jpg HTTP/1.1" 200 199171 "https://tentdecoratorsinchandigarh.com/" "Mozilla/5.0 (Windows NT 6.1; Win64; x64) AppleWebKit/537.36 (KHTML, like Gecko) Chrome/100.0.4896.127 Safari/537.36"
122.180.31.120 - - [22/Apr/2022:09:52:21 +0200] "GET /images/flower-service-home-page.jpg HTTP/1.1" 200 260758 "https://tentdecoratorsinchandigarh.com/" "Mozilla/5.0 (Windows NT 6.1; Win64; x64) AppleWebKit/537.36 (KHTML, like Gecko) Chrome/100.0.4896.127 Safari/537.36"
122.180.31.120 - - [22/Apr/2022:09:52:20 +0200] "GET /images/tent-service-home-page.jpg HTTP/1.1" 200 296556 "https://tentdecoratorsinchandigarh.com/" "Mozilla/5.0 (Windows NT 6.1; Win64; x64) AppleWebKit/537.36 (KHTML, like Gecko) Chrome/100.0.4896.127 Safari/537.36"
122.180.31.120 - - [22/Apr/2022:09:52:21 +0200] "GET /images/lighting-decoration-home-page.jpg HTTP/1.1" 200 363718 "https://tentdecoratorsinchandigarh.com/" "Mozilla/5.0 (Windows NT 6.1; Win64; x64) AppleWebKit/537.36 (KHTML, like Gecko) Chrome/100.0.4896.127 Safari/537.36"
122.180.31.120 - - [22/Apr/2022:09:52:20 +0200] "GET /images/wedding-planer-home-page.jpg HTTP/1.1" 200 285105 "https://tentdecoratorsinchandigarh.com/" "Mozilla/5.0 (Windows NT 6.1; Win64; x64) AppleWebKit/537.36 (KHTML, like Gecko) Chrome/100.0.4896.127 Safari/537.36"
122.180.31.120 - - [22/Apr/2022:09:52:22 +0200] "GET /images/corporate-service-home-page.jpg HTTP/1.1" 200 373330 "https://tentdecoratorsinchandigarh.com/" "Mozilla/5.0 (Windows NT 6.1; Win64; x64) AppleWebKit/537.36 (KHTML, like Gecko) Chrome/100.0.4896.127 Safari/537.36"
122.180.31.120 - - [22/Apr/2022:09:52:19 +0200] "GET /images/images/slide2.jpg HTTP/1.1" 200 512697 "https://tentdecoratorsinchandigarh.com/" "Mozilla/5.0 (Windows NT 6.1; Win64; x64) AppleWebKit/537.36 (KHTML, like Gecko) Chrome/100.0.4896.127 Safari/537.36"
122.180.31.120 - - [22/Apr/2022:09:52:22 +0200] "GET /images/gall2.jpg HTTP/1.1" 200 88755 "https://tentdecoratorsinchandigarh.com/" "Mozilla/5.0 (Windows NT 6.1; Win64; x64) AppleWebKit/537.36 (KHTML, like Gecko) Chrome/100.0.4896.127 Safari/537.36"
122.180.31.120 - - [22/Apr/2022:09:52:23 +0200] "GET /images/gall3.jpg HTTP/1.1" 200 111268 "https://tentdecoratorsinchandigarh.com/" "Mozilla/5.0 (Windows NT 6.1; Win64; x64) AppleWebKit/537.36 (KHTML, like Gecko) Chrome/100.0.4896.127 Safari/537.36"
122.180.31.120 - - [22/Apr/2022:09:52:24 +0200] "GET /images/gall1.jpg HTTP/1.1" 200 90949 "https://tentdecoratorsinchandigarh.com/" "Mozilla/5.0 (Windows NT 6.1; Win64; x64) AppleWebKit/537.36 (KHTML, like Gecko) Chrome/100.0.4896.127 Safari/537.36"
122.180.31.120 - - [22/Apr/2022:09:52:24 +0200] "GET /images/gall4.jpg HTTP/1.1" 200 92087 "https://tentdecoratorsinchandigarh.com/" "Mozilla/5.0 (Windows NT 6.1; Win64; x64) AppleWebKit/537.36 (KHTML, like Gecko) Chrome/100.0.4896.127 Safari/537.36"
122.180.31.120 - - [22/Apr/2022:09:52:24 +0200] "GET /images/gall8.jpg HTTP/1.1" 200 123622 "https://tentdecoratorsinchandigarh.com/" "Mozilla/5.0 (Windows NT 6.1; Win64; x64) AppleWebKit/537.36 (KHTML, like Gecko) Chrome/100.0.4896.127 Safari/537.36"
122.180.31.120 - - [22/Apr/2022:09:52:24 +0200] "GET /images/gall7.jpg HTTP/1.1" 200 115842 "https://tentdecoratorsinchandigarh.com/" "Mozilla/5.0 (Windows NT 6.1; Win64; x64) AppleWebKit/537.36 (KHTML, like Gecko) Chrome/100.0.4896.127 Safari/537.36"
122.180.31.120 - - [22/Apr/2022:09:52:24 +0200] "GET /images/gall6.jpg HTTP/1.1" 200 129303 "https://tentdecoratorsinchandigarh.com/" "Mozilla/5.0 (Windows NT 6.1; Win64; x64) AppleWebKit/537.36 (KHTML, like Gecko) Chrome/100.0.4896.127 Safari/537.36"
122.180.31.120 - - [22/Apr/2022:09:52:24 +0200] "GET /images/cont.jpg HTTP/1.1" 200 162520 "https://tentdecoratorsinchandigarh.com/css/style.css" "Mozilla/5.0 (Windows NT 6.1; Win64; x64) AppleWebKit/537.36 (KHTML, like Gecko) Chrome/100.0.4896.127 Safari/537.36"
122.180.31.120 - - [22/Apr/2022:09:52:25 +0200] "GET /images/gall5.jpg HTTP/1.1" 200 117896 "https://tentdecoratorsinchandigarh.com/" "Mozilla/5.0 (Windows NT 6.1; Win64; x64) AppleWebKit/537.36 (KHTML, like Gecko) Chrome/100.0.4896.127 Safari/537.36"
122.180.31.120 - - [22/Apr/2022:09:52:19 +0200] "GET /images/new-slide.jpg HTTP/1.1" 200 739121 "https://tentdecoratorsinchandigarh.com/" "Mozilla/5.0 (Windows NT 6.1; Win64; x64) AppleWebKit/537.36 (KHTML, like Gecko) Chrome/100.0.4896.127 Safari/537.36"
122.180.31.120 - - [22/Apr/2022:09:52:30 +0200] "GET /tent-services.html HTTP/1.1" 200 4041 "https://tentdecoratorsinchandigarh.com/" "Mozilla/5.0 (Windows NT 6.1; Win64; x64) AppleWebKit/537.36 (KHTML, like Gecko) Chrome/100.0.4896.127 Safari/537.36"
122.180.31.120 - - [22/Apr/2022:09:52:30 +0200] "GET /images/sevices-in.jpg HTTP/1.1" 200 278810 "https://tentdecoratorsinchandigarh.com/tent-services.html" "Mozilla/5.0 (Windows NT 6.1; Win64; x64) AppleWebKit/537.36 (KHTML, like Gecko) Chrome/100.0.4896.127 Safari/537.36"
51.222.253.10 - - [22/Apr/2022:10:04:09 +0200] "GET /robots.txt HTTP/1.1" 200 5053 "-" "Mozilla/5.0 (compatible; AhrefsBot/7.0; +http://ahrefs.com/robot/)"
54.36.148.67 - - [22/Apr/2022:10:04:10 +0200] "GET /service.html HTTP/1.1" 200 7527 "-" "Mozilla/5.0 (compatible; AhrefsBot/7.0; +http://ahrefs.com/robot/)"
69.171.249.118 - - [22/Apr/2022:10:17:27 +0200] "HEAD /tent-services.html HTTP/1.1" 206 5132 "-" "facebookexternalhit/1.1 (+http://www.facebook.com/externalhit_uatext.php)"
69.171.249.5 - - [22/Apr/2022:10:17:28 +0200] "GET /tent-services.html HTTP/1.1" 206 8813 "-" "facebookexternalhit/1.1 (+http://www.facebook.com/externalhit_uatext.php)"
69.171.249.120 - - [22/Apr/2022:10:17:28 +0200] "GET /tent-services.html HTTP/1.1" 206 8813 "-" "facebookexternalhit/1.1 (+http://www.facebook.com/externalhit_uatext.php)"
69.171.249.2 - - [22/Apr/2022:10:17:29 +0200] "GET / HTTP/1.1" 206 9237 "-" "facebookexternalhit/1.1 (+http://www.facebook.com/externalhit_uatext.php)"
69.171.249.19 - - [22/Apr/2022:10:17:29 +0200] "GET / HTTP/1.1" 206 9237 "-" "facebookexternalhit/1.1 (+http://www.facebook.com/externalhit_uatext.php)"
69.171.249.13 - - [22/Apr/2022:10:17:29 +0200] "GET / HTTP/1.1" 206 9237 "-" "facebookexternalhit/1.1 (+http://www.facebook.com/externalhit_uatext.php)"
69.171.249.116 - - [22/Apr/2022:10:17:29 +0200] "GET /tent-services.html HTTP/1.1" 206 8813 "-" "facebookexternalhit/1.1 (+http://www.facebook.com/externalhit_uatext.php)"
69.171.249.21 - - [22/Apr/2022:10:17:30 +0200] "GET /images/sevices-in.jpg HTTP/1.1" 200 283535 "-" "facebookexternalhit/1.1 (+http://www.facebook.com/externalhit_uatext.php)"
69.171.249.23 - - [22/Apr/2022:10:17:35 +0200] "GET /tent-services.html HTTP/1.1" 206 8813 "-" "facebookexternalhit/1.1 (+http://www.facebook.com/externalhit_uatext.php)"
69.171.251.6 - - [22/Apr/2022:10:17:38 +0200] "GET /tent-services.html?fbclid=IwAR1UCtKD6K0JwJKJ39tRvKeVR7aSUiwZ4c-i065DGilc6xaSbsHSAx48pbg HTTP/1.1" 200 8589 "-" "Mozilla/5.0 (iPhone; CPU iPhone OS 14_7_1 like Mac OS X) AppleWebKit/605.1.15 (KHTML, like Gecko) Version/14.1.2 Mobile/15E148 Safari/604.1"
173.252.95.117 - - [22/Apr/2022:10:17:38 +0200] "GET /tent-services.html?fbclid=IwAR1cBq5DM8fmfpX5r_zRNkQ4vu1o1_CKLYxcwPWyl_pzYkqsn1MmFyqEL7w HTTP/1.1" 200 8589 "-" "Mozilla/5.0 (Linux; Android 9; Redmi Note 5 Pro) AppleWebKit/537.36 (KHTML, like Gecko) Chrome/100.0.4896.127 Mobile Safari/537.36"
173.252.95.119 - - [22/Apr/2022:10:17:38 +0200] "GET /tent-services.html?fbclid=IwAR3Th2iTO5d7vvE19xtXxZdVIsPNGaOzYm6il6Vd6qi-5Gl6KU3tJHluV3E HTTP/1.1" 200 8589 "-" "Mozilla/5.0 (Linux; Android 10; M2006C3MII) AppleWebKit/537.36 (KHTML, like Gecko) Chrome/87.0.4280.101 Mobile Safari/537.36"
69.171.251.6 - - [22/Apr/2022:10:17:39 +0200] "GET /css/animations.css HTTP/1.1" 200 8153 "https://tentdecoratorsinchandigarh.com/tent-services.html?fbclid=IwAR1UCtKD6K0JwJKJ39tRvKeVR7aSUiwZ4c-i065DGilc6xaSbsHSAx48pbg" "Mozilla/5.0 (iPhone; CPU iPhone OS 14_7_1 like Mac OS X) AppleWebKit/605.1.15 (KHTML, like Gecko) Version/14.1.2 Mobile/15E148 Safari/604.1"
69.171.251.3 - - [22/Apr/2022:10:17:39 +0200] "GET /css/nivo.css HTTP/1.1" 200 5794 "https://tentdecoratorsinchandigarh.com/tent-services.html?fbclid=IwAR1UCtKD6K0JwJKJ39tRvKeVR7aSUiwZ4c-i065DGilc6xaSbsHSAx48pbg" "Mozilla/5.0 (iPhone; CPU iPhone OS 14_7_1 like Mac OS X) AppleWebKit/605.1.15 (KHTML, like Gecko) Version/14.1.2 Mobile/15E148 Safari/604.1"
69.171.251.19 - - [22/Apr/2022:10:17:39 +0200] "GET /nivo-slider.css HTTP/1.1" 200 5670 "https://tentdecoratorsinchandigarh.com/tent-services.html?fbclid=IwAR1UCtKD6K0JwJKJ39tRvKeVR7aSUiwZ4c-i065DGilc6xaSbsHSAx48pbg" "Mozilla/5.0 (iPhone; CPU iPhone OS 14_7_1 like Mac OS X) AppleWebKit/605.1.15 (KHTML, like Gecko) Version/14.1.2 Mobile/15E148 Safari/604.1"
173.252.95.117 - - [22/Apr/2022:10:17:39 +0200] "GET /css/animations.css HTTP/1.1" 200 8153 "https://tentdecoratorsinchandigarh.com/tent-services.html?fbclid=IwAR1cBq5DM8fmfpX5r_zRNkQ4vu1o1_CKLYxcwPWyl_pzYkqsn1MmFyqEL7w" "Mozilla/5.0 (Linux; Android 9; Redmi Note 5 Pro) AppleWebKit/537.36 (KHTML, like Gecko) Chrome/100.0.4896.127 Mobile Safari/537.36"
173.252.95.119 - - [22/Apr/2022:10:17:39 +0200] "GET /css/animations.css HTTP/1.1" 200 8153 "https://tentdecoratorsinchandigarh.com/tent-services.html?fbclid=IwAR3Th2iTO5d7vvE19xtXxZdVIsPNGaOzYm6il6Vd6qi-5Gl6KU3tJHluV3E" "Mozilla/5.0 (Linux; Android 10; M2006C3MII) AppleWebKit/537.36 (KHTML, like Gecko) Chrome/87.0.4280.101 Mobile Safari/537.36"
173.252.95.117 - - [22/Apr/2022:10:17:39 +0200] "GET /css/nivo.css HTTP/1.1" 200 5794 "https://tentdecoratorsinchandigarh.com/tent-services.html?fbclid=IwAR3Th2iTO5d7vvE19xtXxZdVIsPNGaOzYm6il6Vd6qi-5Gl6KU3tJHluV3E" "Mozilla/5.0 (Linux; Android 10; M2006C3MII) AppleWebKit/537.36 (KHTML, like Gecko) Chrome/87.0.4280.101 Mobile Safari/537.36"
173.252.95.117 - - [22/Apr/2022:10:17:39 +0200] "GET /nivo-slider.css HTTP/1.1" 200 5670 "https://tentdecoratorsinchandigarh.com/tent-services.html?fbclid=IwAR1cBq5DM8fmfpX5r_zRNkQ4vu1o1_CKLYxcwPWyl_pzYkqsn1MmFyqEL7w" "Mozilla/5.0 (Linux; Android 9; Redmi Note 5 Pro) AppleWebKit/537.36 (KHTML, like Gecko) Chrome/100.0.4896.127 Mobile Safari/537.36"
173.252.95.5 - - [22/Apr/2022:10:17:39 +0200] "GET /css/nivo.css HTTP/1.1" 200 5794 "https://tentdecoratorsinchandigarh.com/tent-services.html?fbclid=IwAR1cBq5DM8fmfpX5r_zRNkQ4vu1o1_CKLYxcwPWyl_pzYkqsn1MmFyqEL7w" "Mozilla/5.0 (Linux; Android 9; Redmi Note 5 Pro) AppleWebKit/537.36 (KHTML, like Gecko) Chrome/100.0.4896.127 Mobile Safari/537.36"
173.252.95.9 - - [22/Apr/2022:10:17:39 +0200] "GET /nivo-slider.css HTTP/1.1" 200 5670 "https://tentdecoratorsinchandigarh.com/tent-services.html?fbclid=IwAR3Th2iTO5d7vvE19xtXxZdVIsPNGaOzYm6il6Vd6qi-5Gl6KU3tJHluV3E" "Mozilla/5.0 (Linux; Android 10; M2006C3MII) AppleWebKit/537.36 (KHTML, like Gecko) Chrome/87.0.4280.101 Mobile Safari/537.36"
69.171.251.6 - - [22/Apr/2022:10:17:39 +0200] "GET /themes/default/default.css HTTP/1.1" 200 5592 "https://tentdecoratorsinchandigarh.com/tent-services.html?fbclid=IwAR1UCtKD6K0JwJKJ39tRvKeVR7aSUiwZ4c-i065DGilc6xaSbsHSAx48pbg" "Mozilla/5.0 (iPhone; CPU iPhone OS 14_7_1 like Mac OS X) AppleWebKit/605.1.15 (KHTML, like Gecko) Version/14.1.2 Mobile/15E148 Safari/604.1"
69.171.251.3 - - [22/Apr/2022:10:17:39 +0200] "GET /css/bootstrap.min.css HTTP/1.1" 200 24769 "https://tentdecoratorsinchandigarh.com/tent-services.html?fbclid=IwAR1UCtKD6K0JwJKJ39tRvKeVR7aSUiwZ4c-i065DGilc6xaSbsHSAx48pbg" "Mozilla/5.0 (iPhone; CPU iPhone OS 14_7_1 like Mac OS X) AppleWebKit/605.1.15 (KHTML, like Gecko) Version/14.1.2 Mobile/15E148 Safari/604.1"
69.171.251.19 - - [22/Apr/2022:10:17:39 +0200] "GET /font-awesome/css/font-awesome.css HTTP/1.1" 200 12346 "https://tentdecoratorsinchandigarh.com/tent-services.html?fbclid=IwAR1UCtKD6K0JwJKJ39tRvKeVR7aSUiwZ4c-i065DGilc6xaSbsHSAx48pbg" "Mozilla/5.0 (iPhone; CPU iPhone OS 14_7_1 like Mac OS X) AppleWebKit/605.1.15 (KHTML, like Gecko) Version/14.1.2 Mobile/15E148 Safari/604.1"
173.252.95.117 - - [22/Apr/2022:10:17:39 +0200] "GET /themes/default/default.css HTTP/1.1" 200 5592 "https://tentdecoratorsinchandigarh.com/tent-services.html?fbclid=IwAR1cBq5DM8fmfpX5r_zRNkQ4vu1o1_CKLYxcwPWyl_pzYkqsn1MmFyqEL7w" "Mozilla/5.0 (Linux; Android 9; Redmi Note 5 Pro) AppleWebKit/537.36 (KHTML, like Gecko) Chrome/100.0.4896.127 Mobile Safari/537.36"
173.252.95.119 - - [22/Apr/2022:10:17:39 +0200] "GET /themes/default/default.css HTTP/1.1" 200 5592 "https://tentdecoratorsinchandigarh.com/tent-services.html?fbclid=IwAR3Th2iTO5d7vvE19xtXxZdVIsPNGaOzYm6il6Vd6qi-5Gl6KU3tJHluV3E" "Mozilla/5.0 (Linux; Android 10; M2006C3MII) AppleWebKit/537.36 (KHTML, like Gecko) Chrome/87.0.4280.101 Mobile Safari/537.36"
173.252.95.117 - - [22/Apr/2022:10:17:39 +0200] "GET /css/bootstrap.min.css HTTP/1.1" 200 24769 "https://tentdecoratorsinchandigarh.com/tent-services.html?fbclid=IwAR3Th2iTO5d7vvE19xtXxZdVIsPNGaOzYm6il6Vd6qi-5Gl6KU3tJHluV3E" "Mozilla/5.0 (Linux; Android 10; M2006C3MII) AppleWebKit/537.36 (KHTML, like Gecko) Chrome/87.0.4280.101 Mobile Safari/537.36"
173.252.95.117 - - [22/Apr/2022:10:17:39 +0200] "GET /css/bootstrap.min.css HTTP/1.1" 200 24769 "https://tentdecoratorsinchandigarh.com/tent-services.html?fbclid=IwAR1cBq5DM8fmfpX5r_zRNkQ4vu1o1_CKLYxcwPWyl_pzYkqsn1MmFyqEL7w" "Mozilla/5.0 (Linux; Android 9; Redmi Note 5 Pro) AppleWebKit/537.36 (KHTML, like Gecko) Chrome/100.0.4896.127 Mobile Safari/537.36"
173.252.95.5 - - [22/Apr/2022:10:17:39 +0200] "GET /font-awesome/css/font-awesome.css HTTP/1.1" 200 12346 "https://tentdecoratorsinchandigarh.com/tent-services.html?fbclid=IwAR1cBq5DM8fmfpX5r_zRNkQ4vu1o1_CKLYxcwPWyl_pzYkqsn1MmFyqEL7w" "Mozilla/5.0 (Linux; Android 9; Redmi Note 5 Pro) AppleWebKit/537.36 (KHTML, like Gecko) Chrome/100.0.4896.127 Mobile Safari/537.36"
173.252.95.9 - - [22/Apr/2022:10:17:40 +0200] "GET /font-awesome/css/font-awesome.css HTTP/1.1" 200 12346 "https://tentdecoratorsinchandigarh.com/tent-services.html?fbclid=IwAR3Th2iTO5d7vvE19xtXxZdVIsPNGaOzYm6il6Vd6qi-5Gl6KU3tJHluV3E" "Mozilla/5.0 (Linux; Android 10; M2006C3MII) AppleWebKit/537.36 (KHTML, like Gecko) Chrome/87.0.4280.101 Mobile Safari/537.36"
69.171.251.6 - - [22/Apr/2022:10:17:40 +0200] "GET /css/style.css HTTP/1.1" 200 8092 "https://tentdecoratorsinchandigarh.com/tent-services.html?fbclid=IwAR1UCtKD6K0JwJKJ39tRvKeVR7aSUiwZ4c-i065DGilc6xaSbsHSAx48pbg" "Mozilla/5.0 (iPhone; CPU iPhone OS 14_7_1 like Mac OS X) AppleWebKit/605.1.15 (KHTML, like Gecko) Version/14.1.2 Mobile/15E148 Safari/604.1"
69.171.251.3 - - [22/Apr/2022:10:17:40 +0200] "GET /jquery.nivo.slider.js HTTP/1.1" 200 9784 "https://tentdecoratorsinchandigarh.com/tent-services.html?fbclid=IwAR1UCtKD6K0JwJKJ39tRvKeVR7aSUiwZ4c-i065DGilc6xaSbsHSAx48pbg" "Mozilla/5.0 (iPhone; CPU iPhone OS 14_7_1 like Mac OS X) AppleWebKit/605.1.15 (KHTML, like Gecko) Version/14.1.2 Mobile/15E148 Safari/604.1"
173.252.95.117 - - [22/Apr/2022:10:17:40 +0200] "GET /css/style.css HTTP/1.1" 200 8092 "https://tentdecoratorsinchandigarh.com/tent-services.html?fbclid=IwAR1cBq5DM8fmfpX5r_zRNkQ4vu1o1_CKLYxcwPWyl_pzYkqsn1MmFyqEL7w" "Mozilla/5.0 (Linux; Android 9; Redmi Note 5 Pro) AppleWebKit/537.36 (KHTML, like Gecko) Chrome/100.0.4896.127 Mobile Safari/537.36"
173.252.95.119 - - [22/Apr/2022:10:17:40 +0200] "GET /css/style.css HTTP/1.1" 200 8092 "https://tentdecoratorsinchandigarh.com/tent-services.html?fbclid=IwAR3Th2iTO5d7vvE19xtXxZdVIsPNGaOzYm6il6Vd6qi-5Gl6KU3tJHluV3E" "Mozilla/5.0 (Linux; Android 10; M2006C3MII) AppleWebKit/537.36 (KHTML, like Gecko) Chrome/87.0.4280.101 Mobile Safari/537.36"
69.171.251.6 - - [22/Apr/2022:10:17:40 +0200] "GET /js/animate.js HTTP/1.1" 200 9513 "https://tentdecoratorsinchandigarh.com/tent-services.html?fbclid=IwAR1UCtKD6K0JwJKJ39tRvKeVR7aSUiwZ4c-i065DGilc6xaSbsHSAx48pbg" "Mozilla/5.0 (iPhone; CPU iPhone OS 14_7_1 like Mac OS X) AppleWebKit/605.1.15 (KHTML, like Gecko) Version/14.1.2 Mobile/15E148 Safari/604.1"
69.171.251.19 - - [22/Apr/2022:10:17:40 +0200] "GET /js/bootstrap.min.js HTTP/1.1" 200 14841 "https://tentdecoratorsinchandigarh.com/tent-services.html?fbclid=IwAR1UCtKD6K0JwJKJ39tRvKeVR7aSUiwZ4c-i065DGilc6xaSbsHSAx48pbg" "Mozilla/5.0 (iPhone; CPU iPhone OS 14_7_1 like Mac OS X) AppleWebKit/605.1.15 (KHTML, like Gecko) Version/14.1.2 Mobile/15E148 Safari/604.1"
173.252.95.9 - - [22/Apr/2022:10:17:40 +0200] "GET /jquery.nivo.slider.js HTTP/1.1" 200 9784 "https://tentdecoratorsinchandigarh.com/tent-services.html?fbclid=IwAR3Th2iTO5d7vvE19xtXxZdVIsPNGaOzYm6il6Vd6qi-5Gl6KU3tJHluV3E" "Mozilla/5.0 (Linux; Android 10; M2006C3MII) AppleWebKit/537.36 (KHTML, like Gecko) Chrome/87.0.4280.101 Mobile Safari/537.36"
173.252.95.117 - - [22/Apr/2022:10:17:40 +0200] "GET /jquery.nivo.slider.js HTTP/1.1" 200 9784 "https://tentdecoratorsinchandigarh.com/tent-services.html?fbclid=IwAR1cBq5DM8fmfpX5r_zRNkQ4vu1o1_CKLYxcwPWyl_pzYkqsn1MmFyqEL7w" "Mozilla/5.0 (Linux; Android 9; Redmi Note 5 Pro) AppleWebKit/537.36 (KHTML, like Gecko) Chrome/100.0.4896.127 Mobile Safari/537.36"
69.171.251.3 - - [22/Apr/2022:10:17:40 +0200] "GET /images/logo.png HTTP/1.1" 200 45391 "https://tentdecoratorsinchandigarh.com/tent-services.html?fbclid=IwAR1UCtKD6K0JwJKJ39tRvKeVR7aSUiwZ4c-i065DGilc6xaSbsHSAx48pbg" "Mozilla/5.0 (iPhone; CPU iPhone OS 14_7_1 like Mac OS X) AppleWebKit/605.1.15 (KHTML, like Gecko) Version/14.1.2 Mobile/15E148 Safari/604.1"
173.252.95.117 - - [22/Apr/2022:10:17:40 +0200] "GET /js/animate.js HTTP/1.1" 200 9513 "https://tentdecoratorsinchandigarh.com/tent-services.html?fbclid=IwAR1cBq5DM8fmfpX5r_zRNkQ4vu1o1_CKLYxcwPWyl_pzYkqsn1MmFyqEL7w" "Mozilla/5.0 (Linux; Android 9; Redmi Note 5 Pro) AppleWebKit/537.36 (KHTML, like Gecko) Chrome/100.0.4896.127 Mobile Safari/537.36"
173.252.95.5 - - [22/Apr/2022:10:17:40 +0200] "GET /js/bootstrap.min.js HTTP/1.1" 200 14841 "https://tentdecoratorsinchandigarh.com/tent-services.html?fbclid=IwAR1cBq5DM8fmfpX5r_zRNkQ4vu1o1_CKLYxcwPWyl_pzYkqsn1MmFyqEL7w" "Mozilla/5.0 (Linux; Android 9; Redmi Note 5 Pro) AppleWebKit/537.36 (KHTML, like Gecko) Chrome/100.0.4896.127 Mobile Safari/537.36"
173.252.95.119 - - [22/Apr/2022:10:17:40 +0200] "GET /js/animate.js HTTP/1.1" 200 9513 "https://tentdecoratorsinchandigarh.com/tent-services.html?fbclid=IwAR3Th2iTO5d7vvE19xtXxZdVIsPNGaOzYm6il6Vd6qi-5Gl6KU3tJHluV3E" "Mozilla/5.0 (Linux; Android 10; M2006C3MII) AppleWebKit/537.36 (KHTML, like Gecko) Chrome/87.0.4280.101 Mobile Safari/537.36"
173.252.95.117 - - [22/Apr/2022:10:17:40 +0200] "GET /js/bootstrap.min.js HTTP/1.1" 200 14841 "https://tentdecoratorsinchandigarh.com/tent-services.html?fbclid=IwAR3Th2iTO5d7vvE19xtXxZdVIsPNGaOzYm6il6Vd6qi-5Gl6KU3tJHluV3E" "Mozilla/5.0 (Linux; Android 10; M2006C3MII) AppleWebKit/537.36 (KHTML, like Gecko) Chrome/87.0.4280.101 Mobile Safari/537.36"
69.171.251.19 - - [22/Apr/2022:10:17:40 +0200] "GET /images/about-us.jpg HTTP/1.1" 200 177809 "https://tentdecoratorsinchandigarh.com/tent-services.html?fbclid=IwAR1UCtKD6K0JwJKJ39tRvKeVR7aSUiwZ4c-i065DGilc6xaSbsHSAx48pbg" "Mozilla/5.0 (iPhone; CPU iPhone OS 14_7_1 like Mac OS X) AppleWebKit/605.1.15 (KHTML, like Gecko) Version/14.1.2 Mobile/15E148 Safari/604.1"
69.171.251.6 - - [22/Apr/2022:10:17:40 +0200] "GET /images/sevices-in.jpg HTTP/1.1" 200 283596 "https://tentdecoratorsinchandigarh.com/tent-services.html?fbclid=IwAR1UCtKD6K0JwJKJ39tRvKeVR7aSUiwZ4c-i065DGilc6xaSbsHSAx48pbg" "Mozilla/5.0 (iPhone; CPU iPhone OS 14_7_1 like Mac OS X) AppleWebKit/605.1.15 (KHTML, like Gecko) Version/14.1.2 Mobile/15E148 Safari/604.1"
173.252.95.117 - - [22/Apr/2022:10:17:41 +0200] "GET /images/logo.png HTTP/1.1" 200 45391 "https://tentdecoratorsinchandigarh.com/tent-services.html?fbclid=IwAR1cBq5DM8fmfpX5r_zRNkQ4vu1o1_CKLYxcwPWyl_pzYkqsn1MmFyqEL7w" "Mozilla/5.0 (Linux; Android 9; Redmi Note 5 Pro) AppleWebKit/537.36 (KHTML, like Gecko) Chrome/100.0.4896.127 Mobile Safari/537.36"
173.252.95.9 - - [22/Apr/2022:10:17:41 +0200] "GET /images/logo.png HTTP/1.1" 200 45391 "https://tentdecoratorsinchandigarh.com/tent-services.html?fbclid=IwAR3Th2iTO5d7vvE19xtXxZdVIsPNGaOzYm6il6Vd6qi-5Gl6KU3tJHluV3E" "Mozilla/5.0 (Linux; Android 10; M2006C3MII) AppleWebKit/537.36 (KHTML, like Gecko) Chrome/87.0.4280.101 Mobile Safari/537.36"
69.171.251.3 - - [22/Apr/2022:10:17:41 +0200] "GET /font-awesome/fonts/fontawesome-webfont.woff2?v=4.7.0 HTTP/1.1" 200 82280 "https://tentdecoratorsinchandigarh.com/font-awesome/css/font-awesome.css" "Mozilla/5.0 (iPhone; CPU iPhone OS 14_7_1 like Mac OS X) AppleWebKit/605.1.15 (KHTML, like Gecko) Version/14.1.2 Mobile/15E148 Safari/604.1"
173.252.95.119 - - [22/Apr/2022:10:17:41 +0200] "GET /images/about-us.jpg HTTP/1.1" 200 177809 "https://tentdecoratorsinchandigarh.com/tent-services.html?fbclid=IwAR3Th2iTO5d7vvE19xtXxZdVIsPNGaOzYm6il6Vd6qi-5Gl6KU3tJHluV3E" "Mozilla/5.0 (Linux; Android 10; M2006C3MII) AppleWebKit/537.36 (KHTML, like Gecko) Chrome/87.0.4280.101 Mobile Safari/537.36"
173.252.95.5 - - [22/Apr/2022:10:17:41 +0200] "GET /images/about-us.jpg HTTP/1.1" 200 177809 "https://tentdecoratorsinchandigarh.com/tent-services.html?fbclid=IwAR1cBq5DM8fmfpX5r_zRNkQ4vu1o1_CKLYxcwPWyl_pzYkqsn1MmFyqEL7w" "Mozilla/5.0 (Linux; Android 9; Redmi Note 5 Pro) AppleWebKit/537.36 (KHTML, like Gecko) Chrome/100.0.4896.127 Mobile Safari/537.36"
173.252.95.117 - - [22/Apr/2022:10:17:41 +0200] "GET /images/sevices-in.jpg HTTP/1.1" 200 283596 "https://tentdecoratorsinchandigarh.com/tent-services.html?fbclid=IwAR3Th2iTO5d7vvE19xtXxZdVIsPNGaOzYm6il6Vd6qi-5Gl6KU3tJHluV3E" "Mozilla/5.0 (Linux; Android 10; M2006C3MII) AppleWebKit/537.36 (KHTML, like Gecko) Chrome/87.0.4280.101 Mobile Safari/537.36"
173.252.95.117 - - [22/Apr/2022:10:17:41 +0200] "GET /images/sevices-in.jpg HTTP/1.1" 200 283596 "https://tentdecoratorsinchandigarh.com/tent-services.html?fbclid=IwAR1cBq5DM8fmfpX5r_zRNkQ4vu1o1_CKLYxcwPWyl_pzYkqsn1MmFyqEL7w" "Mozilla/5.0 (Linux; Android 9; Redmi Note 5 Pro) AppleWebKit/537.36 (KHTML, like Gecko) Chrome/100.0.4896.127 Mobile Safari/537.36"
173.252.95.117 - - [22/Apr/2022:10:17:41 +0200] "GET /font-awesome/fonts/fontawesome-webfont.woff2?v=4.7.0 HTTP/1.1" 200 82280 "https://tentdecoratorsinchandigarh.com/font-awesome/css/font-awesome.css" "Mozilla/5.0 (Linux; Android 9; Redmi Note 5 Pro) AppleWebKit/537.36 (KHTML, like Gecko) Chrome/100.0.4896.127 Mobile Safari/537.36"
173.252.95.9 - - [22/Apr/2022:10:17:41 +0200] "GET /font-awesome/fonts/fontawesome-webfont.woff2?v=4.7.0 HTTP/1.1" 200 82280 "https://tentdecoratorsinchandigarh.com/font-awesome/css/font-awesome.css" "Mozilla/5.0 (Linux; Android 10; M2006C3MII) AppleWebKit/537.36 (KHTML, like Gecko) Chrome/87.0.4280.101 Mobile Safari/537.36"
173.252.107.118 - - [22/Apr/2022:10:18:10 +0200] "GET /tent-services.html HTTP/1.1" 200 8766 "-" "Mozilla/5.0 (Linux; Android 6.0.1; Nexus 6P Build/MMB29P) AppleWebKit/537.36 (KHTML, like Gecko) Chrome/47.0.2526.83 Mobile Safari/537.36"
173.252.107.118 - - [22/Apr/2022:10:18:10 +0200] "GET /tent-services.html HTTP/1.1" 206 8813 "-" "facebookexternalhit/1.1 (+http://www.facebook.com/externalhit_uatext.php)"
173.252.107.3 - - [22/Apr/2022:10:18:11 +0200] "GET /js/animate.js HTTP/1.1" 206 9737 "-" "facebookexternalhit/1.1 (+http://www.facebook.com/externalhit_uatext.php)"
173.252.107.120 - - [22/Apr/2022:10:18:11 +0200] "GET /jquery.nivo.slider.js HTTP/1.1" 206 10008 "-" "facebookexternalhit/1.1 (+http://www.facebook.com/externalhit_uatext.php)"
173.252.107.1 - - [22/Apr/2022:10:18:11 +0200] "GET /js/bootstrap.min.js HTTP/1.1" 206 15044 "-" "facebookexternalhit/1.1 (+http://www.facebook.com/externalhit_uatext.php)"
173.252.107.8 - - [22/Apr/2022:10:18:11 +0200] "GET /tent-services.html HTTP/1.1" 200 8766 "-" "Mozilla/5.0 (Linux; Android 6.0.1; Nexus 6P Build/MMB29P) AppleWebKit/537.36 (KHTML, like Gecko) Chrome/47.0.2526.83 Mobile Safari/537.36"
173.252.107.7 - - [22/Apr/2022:10:18:12 +0200] "GET /tent-services.html HTTP/1.1" 206 8813 "-" "facebookexternalhit/1.1 (+http://www.facebook.com/externalhit_uatext.php)"
173.252.107.117 - - [22/Apr/2022:10:18:12 +0200] "GET /tent-services.html HTTP/1.1" 206 8813 "-" "facebookexternalhit/1.1 (+http://www.facebook.com/externalhit_uatext.php)"
173.252.107.13 - - [22/Apr/2022:10:18:12 +0200] "GET /tent-services.html HTTP/1.1" 200 8766 "-" "Mozilla/5.0 (Linux; Android 6.0.1; Nexus 6P Build/MMB29P) AppleWebKit/537.36 (KHTML, like Gecko) Chrome/47.0.2526.83 Mobile Safari/537.36"
31.13.127.118 - - [22/Apr/2022:10:18:14 +0200] "GET /images/logo.png HTTP/1.1" 200 45391 "-" "cortex/1.0"
31.13.127.120 - - [22/Apr/2022:10:18:14 +0200] "GET /images/logo.png HTTP/1.1" 200 45391 "-" "cortex/1.0"
31.13.127.28 - - [22/Apr/2022:10:18:14 +0200] "GET /images/sevices-in.jpg HTTP/1.1" 200 283596 "-" "cortex/1.0"
69.63.184.4 - - [22/Apr/2022:10:18:14 +0200] "GET /images/about-us.jpg HTTP/1.1" 200 177809 "-" "cortex/1.0"
173.252.87.2 - - [22/Apr/2022:10:18:14 +0200] "GET /images/about-us.jpg HTTP/1.1" 200 177809 "-" "cortex/1.0"
173.252.127.8 - - [22/Apr/2022:10:18:14 +0200] "GET /images/logo.png HTTP/1.1" 200 45391 "-" "cortex/1.0"
173.252.127.15 - - [22/Apr/2022:10:18:14 +0200] "GET /images/about-us.jpg HTTP/1.1" 200 177809 "-" "cortex/1.0"
69.63.184.3 - - [22/Apr/2022:10:18:14 +0200] "GET /images/sevices-in.jpg HTTP/1.1" 200 283596 "-" "cortex/1.0"
173.252.87.112 - - [22/Apr/2022:10:18:14 +0200] "GET /images/sevices-in.jpg HTTP/1.1" 200 283596 "-" "cortex/1.0"
173.252.83.8 - - [22/Apr/2022:10:18:15 +0200] "GET /images/about-us.jpg HTTP/1.1" 200 177809 "-" "cortex/1.0"
31.13.127.19 - - [22/Apr/2022:10:18:15 +0200] "GET /images/sevices-in.jpg HTTP/1.1" 200 283596 "-" "cortex/1.0"
173.252.87.15 - - [22/Apr/2022:10:18:15 +0200] "GET /images/logo.png HTTP/1.1" 200 45391 "-" "cortex/1.0"
173.252.83.24 - - [22/Apr/2022:10:18:15 +0200] "GET /images/about-us.jpg HTTP/1.1" 200 177809 "-" "cortex/1.0"
173.252.79.10 - - [22/Apr/2022:10:18:16 +0200] "GET /images/logo.png HTTP/1.1" 200 45391 "-" "cortex/1.0"
66.220.149.6 - - [22/Apr/2022:10:18:16 +0200] "GET /images/about-us.jpg HTTP/1.1" 200 177809 "-" "cortex/1.0"
173.252.127.11 - - [22/Apr/2022:10:18:15 +0200] "GET /images/sevices-in.jpg HTTP/1.1" 200 283596 "-" "cortex/1.0"
31.13.127.5 - - [22/Apr/2022:10:18:16 +0200] "GET /images/logo.png HTTP/1.1" 200 45391 "-" "cortex/1.0"
173.252.127.119 - - [22/Apr/2022:10:18:45 +0200] "GET /images/sevices-in.jpg HTTP/1.1" 200 283596 "-" "cortex/1.0"
173.252.83.20 - - [22/Apr/2022:10:50:18 +0200] "GET /wedding-planner.html HTTP/1.1" 206 8268 "-" "facebookexternalhit/1.1 (+http://www.facebook.com/externalhit_uatext.php)"
173.252.83.18 - - [22/Apr/2022:10:50:18 +0200] "GET /wedding-planner.html HTTP/1.1" 206 8268 "-" "facebookexternalhit/1.1 (+http://www.facebook.com/externalhit_uatext.php)"
92.118.36.208 - - [22/Apr/2022:12:05:48 +0200] "GET /rl4te3/xmlrpc.php HTTP/1.1" 301 616 "-" "Mozilla/5.0 (Windows NT 10.0; Win64; x64) AppleWebKit/537.36 (KHTML, like Gecko) Chrome/100.0.4896.60 Safari/537.36"
92.118.36.208 - - [22/Apr/2022:12:05:48 +0200] "GET /rl4te3/xmlrpc.php HTTP/1.1" 404 5244 "http://tentdecoratorsinchandigarh.com/rl4te3/xmlrpc.php" "Mozilla/5.0 (Windows NT 10.0; Win64; x64) AppleWebKit/537.36 (KHTML, like Gecko) Chrome/100.0.4896.60 Safari/537.36"
122.180.31.120 - - [22/Apr/2022:13:31:43 +0200] "GET / HTTP/1.1" 200 9230 "https://www.google.com/" "Mozilla/5.0 (Windows NT 10.0; Win64; x64) AppleWebKit/537.36 (KHTML, like Gecko) Chrome/100.0.4896.127 Safari/537.36"
122.180.31.120 - - [22/Apr/2022:13:31:43 +0200] "GET /js/animate.js HTTP/1.1" 200 9730 "https://tentdecoratorsinchandigarh.com/" "Mozilla/5.0 (Windows NT 10.0; Win64; x64) AppleWebKit/537.36 (KHTML, like Gecko) Chrome/100.0.4896.127 Safari/537.36"
122.180.31.120 - - [22/Apr/2022:13:31:43 +0200] "GET /jquery.nivo.slider.js HTTP/1.1" 200 5236 "https://tentdecoratorsinchandigarh.com/" "Mozilla/5.0 (Windows NT 10.0; Win64; x64) AppleWebKit/537.36 (KHTML, like Gecko) Chrome/100.0.4896.127 Safari/537.36"
122.180.31.120 - - [22/Apr/2022:13:31:43 +0200] "GET /js/bootstrap.min.js HTTP/1.1" 200 15037 "https://tentdecoratorsinchandigarh.com/" "Mozilla/5.0 (Windows NT 10.0; Win64; x64) AppleWebKit/537.36 (KHTML, like Gecko) Chrome/100.0.4896.127 Safari/537.36"
122.180.31.120 - - [22/Apr/2022:13:31:43 +0200] "GET /font-awesome/fonts/fontawesome-webfont.woff2?v=4.7.0 HTTP/1.1" 200 77669 "https://tentdecoratorsinchandigarh.com/font-awesome/css/font-awesome.css" "Mozilla/5.0 (Windows NT 10.0; Win64; x64) AppleWebKit/537.36 (KHTML, like Gecko) Chrome/100.0.4896.127 Safari/537.36"
122.180.31.120 - - [22/Apr/2022:13:31:43 +0200] "GET /images/border.png HTTP/1.1" 200 1985 "https://tentdecoratorsinchandigarh.com/" "Mozilla/5.0 (Windows NT 10.0; Win64; x64) AppleWebKit/537.36 (KHTML, like Gecko) Chrome/100.0.4896.127 Safari/537.36"
122.180.31.120 - - [22/Apr/2022:13:31:43 +0200] "GET /themes/default/loading.gif HTTP/1.1" 200 2044 "https://tentdecoratorsinchandigarh.com/themes/default/default.css" "Mozilla/5.0 (Windows NT 10.0; Win64; x64) AppleWebKit/537.36 (KHTML, like Gecko) Chrome/100.0.4896.127 Safari/537.36"
122.180.31.120 - - [22/Apr/2022:13:31:43 +0200] "GET /images/catring-service-home-page.jpg HTTP/1.1" 200 198847 "https://tentdecoratorsinchandigarh.com/" "Mozilla/5.0 (Windows NT 10.0; Win64; x64) AppleWebKit/537.36 (KHTML, like Gecko) Chrome/100.0.4896.127 Safari/537.36"
122.180.31.120 - - [22/Apr/2022:13:31:43 +0200] "GET /images/tent-service-home-page.jpg HTTP/1.1" 200 292115 "https://tentdecoratorsinchandigarh.com/" "Mozilla/5.0 (Windows NT 10.0; Win64; x64) AppleWebKit/537.36 (KHTML, like Gecko) Chrome/100.0.4896.127 Safari/537.36"
122.180.31.120 - - [22/Apr/2022:13:31:43 +0200] "GET /images/wedding-planer-home-page.jpg HTTP/1.1" 200 285429 "https://tentdecoratorsinchandigarh.com/" "Mozilla/5.0 (Windows NT 10.0; Win64; x64) AppleWebKit/537.36 (KHTML, like Gecko) Chrome/100.0.4896.127 Safari/537.36"
122.180.31.120 - - [22/Apr/2022:13:31:43 +0200] "GET /images/flower-service-home-page.jpg HTTP/1.1" 200 260758 "https://tentdecoratorsinchandigarh.com/" "Mozilla/5.0 (Windows NT 10.0; Win64; x64) AppleWebKit/537.36 (KHTML, like Gecko) Chrome/100.0.4896.127 Safari/537.36"
122.180.31.120 - - [22/Apr/2022:13:31:45 +0200] "GET /images/logo.png HTTP/1.1" 200 40808 "https://tentdecoratorsinchandigarh.com/" "Mozilla/5.0 (Windows NT 10.0; Win64; x64) AppleWebKit/537.36 (KHTML, like Gecko) Chrome/100.0.4896.127 Safari/537.36"
122.180.31.120 - - [22/Apr/2022:13:31:45 +0200] "GET /images/gall1.jpg HTTP/1.1" 200 90949 "https://tentdecoratorsinchandigarh.com/" "Mozilla/5.0 (Windows NT 10.0; Win64; x64) AppleWebKit/537.36 (KHTML, like Gecko) Chrome/100.0.4896.127 Safari/537.36"
122.180.31.120 - - [22/Apr/2022:13:31:44 +0200] "GET /images/lighting-decoration-home-page.jpg HTTP/1.1" 200 363718 "https://tentdecoratorsinchandigarh.com/" "Mozilla/5.0 (Windows NT 10.0; Win64; x64) AppleWebKit/537.36 (KHTML, like Gecko) Chrome/100.0.4896.127 Safari/537.36"
122.180.31.120 - - [22/Apr/2022:13:31:45 +0200] "GET /images/gall2.jpg HTTP/1.1" 200 88755 "https://tentdecoratorsinchandigarh.com/" "Mozilla/5.0 (Windows NT 10.0; Win64; x64) AppleWebKit/537.36 (KHTML, like Gecko) Chrome/100.0.4896.127 Safari/537.36"
122.180.31.120 - - [22/Apr/2022:13:31:45 +0200] "GET /images/gall3.jpg HTTP/1.1" 200 111268 "https://tentdecoratorsinchandigarh.com/" "Mozilla/5.0 (Windows NT 10.0; Win64; x64) AppleWebKit/537.36 (KHTML, like Gecko) Chrome/100.0.4896.127 Safari/537.36"
122.180.31.120 - - [22/Apr/2022:13:31:43 +0200] "GET /images/corporate-service-home-page.jpg HTTP/1.1" 200 378095 "https://tentdecoratorsinchandigarh.com/" "Mozilla/5.0 (Windows NT 10.0; Win64; x64) AppleWebKit/537.36 (KHTML, like Gecko) Chrome/100.0.4896.127 Safari/537.36"
122.180.31.120 - - [22/Apr/2022:13:31:45 +0200] "GET /images/images/slide1.jpg HTTP/1.1" 200 305852 "https://tentdecoratorsinchandigarh.com/" "Mozilla/5.0 (Windows NT 10.0; Win64; x64) AppleWebKit/537.36 (KHTML, like Gecko) Chrome/100.0.4896.127 Safari/537.36"
122.180.31.120 - - [22/Apr/2022:13:31:46 +0200] "GET /images/gall4.jpg HTTP/1.1" 200 92087 "https://tentdecoratorsinchandigarh.com/" "Mozilla/5.0 (Windows NT 10.0; Win64; x64) AppleWebKit/537.36 (KHTML, like Gecko) Chrome/100.0.4896.127 Safari/537.36"
122.180.31.120 - - [22/Apr/2022:13:31:46 +0200] "GET /images/gall5.jpg HTTP/1.1" 200 117896 "https://tentdecoratorsinchandigarh.com/" "Mozilla/5.0 (Windows NT 10.0; Win64; x64) AppleWebKit/537.36 (KHTML, like Gecko) Chrome/100.0.4896.127 Safari/537.36"
122.180.31.120 - - [22/Apr/2022:13:31:46 +0200] "GET /images/gall6.jpg HTTP/1.1" 200 129303 "https://tentdecoratorsinchandigarh.com/" "Mozilla/5.0 (Windows NT 10.0; Win64; x64) AppleWebKit/537.36 (KHTML, like Gecko) Chrome/100.0.4896.127 Safari/537.36"
122.180.31.120 - - [22/Apr/2022:13:31:46 +0200] "GET /images/gall8.jpg HTTP/1.1" 200 123622 "https://tentdecoratorsinchandigarh.com/" "Mozilla/5.0 (Windows NT 10.0; Win64; x64) AppleWebKit/537.36 (KHTML, like Gecko) Chrome/100.0.4896.127 Safari/537.36"
122.180.31.120 - - [22/Apr/2022:13:31:46 +0200] "GET /images/gall7.jpg HTTP/1.1" 200 115842 "https://tentdecoratorsinchandigarh.com/" "Mozilla/5.0 (Windows NT 10.0; Win64; x64) AppleWebKit/537.36 (KHTML, like Gecko) Chrome/100.0.4896.127 Safari/537.36"
122.180.31.120 - - [22/Apr/2022:13:31:45 +0200] "GET /images/images/slide2.jpg HTTP/1.1" 200 507932 "https://tentdecoratorsinchandigarh.com/" "Mozilla/5.0 (Windows NT 10.0; Win64; x64) AppleWebKit/537.36 (KHTML, like Gecko) Chrome/100.0.4896.127 Safari/537.36"
122.180.31.120 - - [22/Apr/2022:13:31:46 +0200] "GET /images/cont.jpg HTTP/1.1" 200 162520 "https://tentdecoratorsinchandigarh.com/css/style.css" "Mozilla/5.0 (Windows NT 10.0; Win64; x64) AppleWebKit/537.36 (KHTML, like Gecko) Chrome/100.0.4896.127 Safari/537.36"
122.180.31.120 - - [22/Apr/2022:13:31:45 +0200] "GET /images/new-slide.jpg HTTP/1.1" 200 739121 "https://tentdecoratorsinchandigarh.com/" "Mozilla/5.0 (Windows NT 10.0; Win64; x64) AppleWebKit/537.36 (KHTML, like Gecko) Chrome/100.0.4896.127 Safari/537.36"
122.180.31.120 - - [22/Apr/2022:13:31:48 +0200] "GET /favicon.ico HTTP/1.1" 404 531 "https://tentdecoratorsinchandigarh.com/" "Mozilla/5.0 (Windows NT 10.0; Win64; x64) AppleWebKit/537.36 (KHTML, like Gecko) Chrome/100.0.4896.127 Safari/537.36"
122.180.31.120 - - [22/Apr/2022:13:31:53 +0200] "GET /tent-services.html HTTP/1.1" 200 4365 "https://tentdecoratorsinchandigarh.com/" "Mozilla/5.0 (Windows NT 10.0; Win64; x64) AppleWebKit/537.36 (KHTML, like Gecko) Chrome/100.0.4896.127 Safari/537.36"
122.180.31.120 - - [22/Apr/2022:13:31:53 +0200] "GET /images/about-us.jpg HTTP/1.1" 200 173438 "https://tentdecoratorsinchandigarh.com/tent-services.html" "Mozilla/5.0 (Windows NT 10.0; Win64; x64) AppleWebKit/537.36 (KHTML, like Gecko) Chrome/100.0.4896.127 Safari/537.36"
122.180.31.120 - - [22/Apr/2022:13:31:53 +0200] "GET /images/sevices-in.jpg HTTP/1.1" 200 278810 "https://tentdecoratorsinchandigarh.com/tent-services.html" "Mozilla/5.0 (Windows NT 10.0; Win64; x64) AppleWebKit/537.36 (KHTML, like Gecko) Chrome/100.0.4896.127 Safari/537.36"
54.236.1.11 - - [22/Apr/2022:13:46:55 +0200] "GET /tent-services.html HTTP/1.1" 200 8607 "-" "Mozilla/5.0 (compatible; Pinterestbot/1.0; +http://www.pinterest.com/bot.html)"
54.236.1.13 - - [22/Apr/2022:13:46:56 +0200] "GET /tent-services.html HTTP/1.1" 200 8607 "-" "Mozilla/5.0 (compatible; Pinterestbot/1.0; +http://www.pinterest.com/bot.html)"
132.154.180.15 - - [22/Apr/2022:14:06:31 +0200] "GET / HTTP/1.1" 200 9230 "https://www.google.com/" "Mozilla/5.0 (Linux; Android 8.1.0; SM-G610F) AppleWebKit/537.36 (KHTML, like Gecko) Chrome/92.0.4515.131 Mobile Safari/537.36"
132.154.180.15 - - [22/Apr/2022:14:06:31 +0200] "GET /css/animations.css HTTP/1.1" 200 3605 "https://tentdecoratorsinchandigarh.com/" "Mozilla/5.0 (Linux; Android 8.1.0; SM-G610F) AppleWebKit/537.36 (KHTML, like Gecko) Chrome/92.0.4515.131 Mobile Safari/537.36"
132.154.180.15 - - [22/Apr/2022:14:06:32 +0200] "GET /nivo-slider.css HTTP/1.1" 200 1122 "https://tentdecoratorsinchandigarh.com/" "Mozilla/5.0 (Linux; Android 8.1.0; SM-G610F) AppleWebKit/537.36 (KHTML, like Gecko) Chrome/92.0.4515.131 Mobile Safari/537.36"
132.154.180.15 - - [22/Apr/2022:14:06:32 +0200] "GET /css/nivo.css HTTP/1.1" 200 1570 "https://tentdecoratorsinchandigarh.com/" "Mozilla/5.0 (Linux; Android 8.1.0; SM-G610F) AppleWebKit/537.36 (KHTML, like Gecko) Chrome/92.0.4515.131 Mobile Safari/537.36"
132.154.180.15 - - [22/Apr/2022:14:06:32 +0200] "GET /css/style.css HTTP/1.1" 200 8309 "https://tentdecoratorsinchandigarh.com/" "Mozilla/5.0 (Linux; Android 8.1.0; SM-G610F) AppleWebKit/537.36 (KHTML, like Gecko) Chrome/92.0.4515.131 Mobile Safari/537.36"
132.154.180.15 - - [22/Apr/2022:14:06:32 +0200] "GET /jquery.nivo.slider.js HTTP/1.1" 200 10001 "https://tentdecoratorsinchandigarh.com/" "Mozilla/5.0 (Linux; Android 8.1.0; SM-G610F) AppleWebKit/537.36 (KHTML, like Gecko) Chrome/92.0.4515.131 Mobile Safari/537.36"
132.154.180.15 - - [22/Apr/2022:14:06:32 +0200] "GET /font-awesome/css/font-awesome.css HTTP/1.1" 200 7798 "https://tentdecoratorsinchandigarh.com/" "Mozilla/5.0 (Linux; Android 8.1.0; SM-G610F) AppleWebKit/537.36 (KHTML, like Gecko) Chrome/92.0.4515.131 Mobile Safari/537.36"
132.154.180.15 - - [22/Apr/2022:14:06:32 +0200] "GET /themes/default/default.css HTTP/1.1" 200 1368 "https://tentdecoratorsinchandigarh.com/" "Mozilla/5.0 (Linux; Android 8.1.0; SM-G610F) AppleWebKit/537.36 (KHTML, like Gecko) Chrome/92.0.4515.131 Mobile Safari/537.36"
132.154.180.15 - - [22/Apr/2022:14:06:32 +0200] "GET /css/bootstrap.min.css HTTP/1.1" 200 24958 "https://tentdecoratorsinchandigarh.com/" "Mozilla/5.0 (Linux; Android 8.1.0; SM-G610F) AppleWebKit/537.36 (KHTML, like Gecko) Chrome/92.0.4515.131 Mobile Safari/537.36"
